--
-- Host: localhost    Database: lookvacations
-- ------------------------------------------------------


--
-- Table structure for table `admin_analytics_usage_version_log`
--

CREATE TABLE `admin_analytics_usage_version_log` (
  `id` int unsigned NOT NULL AUTO_INCREMENT COMMENT 'Log ID',
  `last_viewed_in_version` varchar(50) NOT NULL COMMENT 'Viewer last viewed on product version',
  PRIMARY KEY (`id`),
  UNIQUE KEY `ADMIN_ANALYTICS_USAGE_VERSION_LOG_LAST_VIEWED_IN_VERSION` (`last_viewed_in_version`)
) ENGINE=InnoDB AUTO_INCREMENT=2 DEFAULT CHARSET=utf8mb3 COMMENT='Admin Notification Viewer Log Table';

--
-- Dumping data for table `admin_analytics_usage_version_log`
--

INSERT INTO `admin_analytics_usage_version_log` VALUES (1,'2.3.4');

--
-- Table structure for table `admin_passwords`
--

CREATE TABLE `admin_passwords` (
  `password_id` int unsigned NOT NULL AUTO_INCREMENT COMMENT 'Password ID',
  `user_id` int unsigned NOT NULL DEFAULT '0' COMMENT 'User ID',
  `password_hash` varchar(100) DEFAULT NULL COMMENT 'Password Hash',
  `expires` int unsigned NOT NULL DEFAULT '0' COMMENT 'Deprecated',
  `last_updated` int unsigned NOT NULL DEFAULT '0' COMMENT 'Last Updated',
  PRIMARY KEY (`password_id`),
  KEY `ADMIN_PASSWORDS_USER_ID` (`user_id`),
  CONSTRAINT `ADMIN_PASSWORDS_USER_ID_ADMIN_USER_USER_ID` FOREIGN KEY (`user_id`) REFERENCES `admin_user` (`user_id`) ON DELETE CASCADE
) ENGINE=InnoDB AUTO_INCREMENT=29 DEFAULT CHARSET=utf8mb3 COMMENT='Admin Passwords';

--
-- Dumping data for table `admin_passwords`
--

INSERT INTO `admin_passwords` VALUES (4,2,'cbc08ba4082df4c4e7ebe99bc191c0c654e1967a476eff4a9af136d7747a84e8:S13BKNcNtyqbttY7eifiDeYH8R1q6Dok:1',0,1542212155),(5,2,'cbc08ba4082df4c4e7ebe99bc191c0c654e1967a476eff4a9af136d7747a84e8:S13BKNcNtyqbttY7eifiDeYH8R1q6Dok:1',0,1542212294),(6,2,'a1f8e33d7ff0d7b0042d8def4c9aac34ba2b0c293a123d10b2c16db80373165a:PStDrPYpnfx3QhPvweek204ZymPu1KHB:1',0,1550485430),(7,2,'bbbd0649045c8c02b8bbf09cb419998f655830beca0e9f3d1192fbec3955e24d:fYgqxSS3QUfelQGxr0AOEeWrqnpFwOpD:1',0,1558703425),(8,3,'c5d0e6057c5a789672ab9f40cb1abba46791536a932b2644ab6f3f0c01179bb9:Jxo2pGvitBhP9tfknUnmhrYgZax8ZUAj:1',0,1558706295),(10,4,'eba1a62d865c93a9ac27e105caeedf510ad46af6d5d03e06af43bda5f8ac1e7e:UhZc2VPgtGyPQiJzLc9ZwFSzqL4wrSi5:1',0,1566932458),(11,2,'e81c2ae87d2176fb40a18a8e2cf881b018efa8368b77cd945184eab332a1cfe5:4IXOJQ628wtgLztPp79DBrDeLyUWXzWE:1',0,1566944316),(12,3,'b54a12061f9f66587e222021ed5154ec8fa3fe4e39c4cd33dc75eb678fb0933f:yLtnBT9K9RiIXxWekTKwFs1KlnYHrfIM:1',0,1568061189),(13,4,'eba1a62d865c93a9ac27e105caeedf510ad46af6d5d03e06af43bda5f8ac1e7e:UhZc2VPgtGyPQiJzLc9ZwFSzqL4wrSi5:1',0,1568068465),(14,4,'b1b2c2bb23ea43792aaa96332f88fcfe3abd433e79dcfcddf7a4e650cfe60e8a:l0bhQtx4fugcL3YtQpukVWBBPOnnPnbJ:1',0,1568540976),(15,5,'5323a39dcc0aa4c33d810b49b7c388801207b29c7aa95797c744b9d87375a35d:7TvGpfPnQ4a0moi7hWhw8Lmw5Gpq6hHD:1',0,1568723035),(16,6,'2f2e743beee26172f4fde63a38e0541c873454896be19dd59a68a72593ae6184:WrDIUUk6NWF5xgV3kA0kocyLTwMVeJ9N:1',0,1579018777),(17,7,'b6142a8bff91709050356b353033e96642b17112ad57daa3dedd65be17ae64a8:n5KI1PjYYu3ajMRCYMzbfm2VJfZvDYlh:1',0,1579725879),(18,4,'f0dbde9ab6d260469c17491a849cd79c183bcb63e96469fc25bee19a5c69dbd2:SiqdhYppawOFvBee0LTVodcdl1kmd41D:1',0,1580399935),(19,4,'ad59927dabc330f5f53babb9e33347f13deb01dd079ffb7dc057bfc0379ebd29:rjchVZmSzCfqbBq1c0ahFYHZRcHhFcRv:1',0,1580687247),(20,8,'f212f5b3572f8ecd58a70775d84b74b926ac9dee3d21053332d425abbbd71820:7j5hiSjtun3oZlipwiJNBInV5QdLb0an:1',0,1580687632),(21,9,'6b00efc4f0881c02eac15fa589c0274d1265d8e9d9b8cb4f60aa8c8565b32bba:Uxdd4l3uD2skWjel:2',0,1583234338),(22,9,'82f7df99064e98efb008af1c5fa2b325cde7d1deb2491d36058d0c15c1a41bb3:g1bOJsJoa0RKOmFu:2',0,1583234515),(23,10,'a936a9185fb83a2895cbf345a3fd7347bef3acbf89fb8066ae42d3d5d55c276b:hzrsYFGuMJRko37a:2',0,1583771173),(24,11,'d9d35bd53c6db56a3f3d60e47aaeeb6a44db749e73b289f74a014adb5b04f80e:a1NBBjTkjRrndYST:2',0,1586371280),(25,7,'806c2daa55092c68ea7e3320c11c42360a2c62da0de9afc8783a6638f53dd1ab:fT6KEoclEHzqJ26S:2',0,1588452714),(26,8,'4c97ff96625e0a16990658a904d310143f451d73a97179328757375c00a95a8a:BopI0KtXGtQnvv8C:2',0,1588528466),(27,12,'1feb4d91e934a2c18b0ce2c0d6b8b9d99a721054ffdc8cb7d5a12e81d37c92f2:uzMK1ZGvINcCNXNv:2',0,1591284249),(28,10,'735fe4eab4aafe8b8a822702959a512c6519d11bfd91affbc138153fb33ab748:by5XcWDOMyE0nf1h:2',0,1655917102);

--
-- Table structure for table `admin_system_messages`
--

CREATE TABLE `admin_system_messages` (
  `identity` varchar(100) NOT NULL COMMENT 'Message ID',
  `severity` smallint unsigned NOT NULL DEFAULT '0' COMMENT 'Problem type',
  `created_at` timestamp NOT NULL DEFAULT CURRENT_TIMESTAMP COMMENT 'Create date',
  PRIMARY KEY (`identity`)
) ENGINE=InnoDB DEFAULT CHARSET=utf8mb3 COMMENT='Admin System Messages';

--
-- Dumping data for table `admin_system_messages`
--

INSERT INTO `admin_system_messages` VALUES ('da332d712f3215b9b94bfa268c398323',2,'2019-08-22 13:10:53');

--
-- Table structure for table `admin_user`
--

CREATE TABLE `admin_user` (
  `user_id` int unsigned NOT NULL AUTO_INCREMENT COMMENT 'User ID',
  `firstname` varchar(32) DEFAULT NULL COMMENT 'User First Name',
  `lastname` varchar(32) DEFAULT NULL COMMENT 'User Last Name',
  `email` varchar(128) DEFAULT NULL COMMENT 'User Email',
  `username` varchar(40) DEFAULT NULL COMMENT 'User Login',
  `password` varchar(255) NOT NULL COMMENT 'User Password',
  `created` timestamp NOT NULL DEFAULT CURRENT_TIMESTAMP COMMENT 'User Created Time',
  `modified` timestamp NOT NULL DEFAULT CURRENT_TIMESTAMP ON UPDATE CURRENT_TIMESTAMP COMMENT 'User Modified Time',
  `logdate` timestamp NULL DEFAULT NULL COMMENT 'User Last Login Time',
  `lognum` smallint unsigned NOT NULL DEFAULT '0' COMMENT 'User Login Number',
  `reload_acl_flag` smallint NOT NULL DEFAULT '0' COMMENT 'Reload ACL',
  `is_active` smallint NOT NULL DEFAULT '1' COMMENT 'User Is Active',
  `extra` text COMMENT 'User Extra Data',
  `rp_token` text COMMENT 'Reset Password Link Token',
  `rp_token_created_at` timestamp NULL DEFAULT NULL COMMENT 'Reset Password Link Token Creation Date',
  `interface_locale` varchar(16) NOT NULL DEFAULT 'en_US' COMMENT 'Backend interface locale',
  `failures_num` smallint DEFAULT '0' COMMENT 'Failure Number',
  `first_failure` timestamp NULL DEFAULT NULL COMMENT 'First Failure',
  `lock_expires` timestamp NULL DEFAULT NULL COMMENT 'Expiration Lock Dates',
  `refresh_token` text COMMENT 'Email connector refresh token',
  PRIMARY KEY (`user_id`),
  UNIQUE KEY `ADMIN_USER_USERNAME` (`username`)
) ENGINE=InnoDB AUTO_INCREMENT=13 DEFAULT CHARSET=utf8mb3 COMMENT='Admin User Table';

--
-- Dumping data for table `admin_user`
--

INSERT INTO `admin_user` VALUES (2,'shpresim','ndrukaj','shpresim@shpresim.com','shpresim','e81c2ae87d2176fb40a18a8e2cf881b018efa8368b77cd945184eab332a1cfe5:4IXOJQ628wtgLztPp79DBrDeLyUWXzWE:1','2018-11-14 16:15:55','2019-11-13 12:03:04','2019-08-27 22:19:26',182,0,1,'{\"configState\":{\"porto_settings_header\":\"0\",\"porto_settings_general\":\"0\",\"porto_settings_optimization\":\"0\",\"porto_settings_footer\":\"0\",\"porto_settings_category\":\"0\",\"porto_settings_category_grid\":\"0\",\"porto_settings_product\":\"1\",\"porto_settings_richsnippets\":\"0\",\"porto_settings_product_label\":\"0\",\"porto_settings_newsletter\":\"0\",\"porto_settings_contacts\":\"0\",\"porto_settings_custom_settings\":\"0\",\"porto_settings_install\":\"0\",\"checkout_cart\":\"1\",\"checkout_options\":\"1\",\"checkout_cart_link\":\"1\",\"checkout_sidebar\":\"1\",\"web_seo\":\"0\",\"web_url\":\"1\",\"dev_template\":\"1\",\"dev_debug\":\"1\",\"dev_front_end_development_workflow\":\"0\",\"dev_restrict\":\"0\",\"dev_translate_inline\":\"1\",\"dev_js\":\"0\",\"dev_css\":\"0\",\"dev_image\":\"0\",\"dev_static\":\"0\",\"dev_grid\":\"0\",\"dev_syslog\":\"0\",\"marketplace_general_settings\":\"1\",\"marketplace_layout_settings\":\"1\",\"marketplace_product_settings\":\"1\",\"marketplace_order_settings\":\"0\",\"marketplace_inventory_settings\":\"0\",\"marketplace_profile_settings\":\"0\",\"marketplace_review_settings\":\"0\",\"marketplace_landingpage_settings\":\"0\",\"marketplace_producthint_settings\":\"0\",\"marketplace_profilehint_settings\":\"0\",\"marketplace_email\":\"0\",\"settings_sections\":\"1\",\"customer_captcha\":\"1\",\"customer_account_share\":\"0\",\"customer_online_customers\":\"0\",\"customer_create_account\":\"0\",\"customer_password\":\"0\",\"customer_account_information\":\"0\",\"customer_address\":\"0\",\"customer_startup\":\"0\",\"customer_address_templates\":\"0\",\"currency_options\":\"0\",\"currency_fixerio\":\"0\",\"currency_currencyconverterapi\":\"1\",\"currency_import\":\"1\",\"sales_totals_sort\":\"0\",\"sales_general\":\"0\",\"sales_identity\":\"1\",\"sales_instant_purchase\":\"1\",\"web_unsecure\":\"1\",\"web_secure\":\"1\",\"web_default_layouts\":\"0\",\"web_default\":\"0\",\"web_cookie\":\"0\",\"web_session\":\"1\",\"web_browser_capabilities\":\"1\",\"general_locale\":\"1\",\"general_store_information\":\"1\",\"general_single_store_mode\":\"1\",\"msp_devtools_general\":\"1\",\"msp_devtools_phpstorm\":\"0\",\"sw_socialfeeds_facebook_fanbox\":\"1\",\"sw_socialfeeds_flickr_photos\":\"1\",\"sw_socialfeeds_instagram_photos\":\"1\",\"payment_us_account\":\"0\",\"payment_us_recommended_solutions\":\"1\",\"payment_us_other_paypal_payment_solutions\":\"0\",\"payment_us_paypal_group_all_in_one\":\"1\",\"payment_us_paypal_payment_gateways\":\"1\",\"payment_us_other_payment_methods\":\"1\",\"payment_us_stripe_section\":\"1\",\"payment_us_klarna_section\":\"0\",\"payment_us_amazon_payment\":\"0\",\"payment_us_free\":\"0\",\"payment_us_banktransfer\":\"0\",\"payment_us_checkmo\":\"0\",\"payment_us_cashondelivery\":\"0\",\"payment_us_purchaseorder\":\"0\",\"payment_us_authorizenet_directpost\":\"0\",\"cataloginventory_options\":\"1\",\"cataloginventory_item_options\":\"1\",\"catalog_fields_masks\":\"0\",\"catalog_frontend\":\"1\",\"catalog_review\":\"1\",\"catalog_productalert_cron\":\"1\",\"catalog_productalert\":\"1\",\"catalog_price\":\"1\"}}',NULL,NULL,'en_US',3,'2019-09-17 09:13:59',NULL,NULL),(3,'Recep','Celik','recelik@hotmail.com','recep','b54a12061f9f66587e222021ed5154ec8fa3fe4e39c4cd33dc75eb678fb0933f:yLtnBT9K9RiIXxWekTKwFs1KlnYHrfIM:1','2019-05-24 13:58:15','2019-11-13 12:03:18','2019-09-09 20:32:42',11,0,1,'null',NULL,NULL,'en_US',6,'2019-09-15 09:45:56','2019-11-13 12:33:18',NULL),(4,'Lookist','Lookist','qtn@lookvacations.com','lookist','be5a4766c6b7133c571d7e5c1d288764b477c5fbc5cd019f51ac983f4d546465:dH3C8njMIkpWnXAT:2','2019-05-24 14:09:30','2020-06-04 15:21:54','2020-06-04 15:21:54',64,0,1,'null','FbsrUdXu9j2nFxVYUY3yA1inifAoqKNp','2019-09-09 22:34:25','en_US',0,NULL,NULL,NULL),(5,'Rsr','User','rsr@lookvacations.com','rsruser','5323a39dcc0aa4c33d810b49b7c388801207b29c7aa95797c744b9d87375a35d:7TvGpfPnQ4a0moi7hWhw8Lmw5Gpq6hHD:1','2019-09-17 12:23:55','2019-09-29 08:44:35','2019-09-29 08:44:35',5,0,1,NULL,NULL,NULL,'en_US',0,NULL,NULL,NULL),(6,'Admin','Admin11','admin@ad.com','admin11','2f2e743beee26172f4fde63a38e0541c873454896be19dd59a68a72593ae6184:WrDIUUk6NWF5xgV3kA0kocyLTwMVeJ9N:1','2020-01-14 16:19:37','2020-01-14 16:19:54','2020-01-14 16:19:54',1,0,1,NULL,NULL,NULL,'en_US',0,NULL,NULL,NULL),(7,'Shpresim','Ndrukaj','info@domain.com','shpersim-new','806c2daa55092c68ea7e3320c11c42360a2c62da0de9afc8783a6638f53dd1ab:fT6KEoclEHzqJ26S:2','2020-01-22 20:44:39','2020-05-08 13:17:35','2020-05-02 20:51:27',8,0,1,'{\"configState\":{\"marketplace_general_settings\":\"1\",\"marketplace_layout_settings\":\"1\",\"marketplace_product_settings\":\"1\",\"marketplace_order_settings\":\"1\",\"marketplace_inventory_settings\":\"1\",\"marketplace_profile_settings\":\"1\",\"marketplace_review_settings\":\"1\",\"marketplace_landingpage_settings\":\"1\",\"marketplace_producthint_settings\":\"0\",\"marketplace_profilehint_settings\":\"0\",\"marketplace_email\":\"0\"}}',NULL,NULL,'en_US',3,'2020-05-08 13:16:32',NULL,NULL),(8,'Recep','Celik','celik@lookvacations.com','celik','4c97ff96625e0a16990658a904d310143f451d73a97179328757375c00a95a8a:BopI0KtXGtQnvv8C:2','2020-02-02 23:53:52','2020-06-19 15:41:11','2020-06-19 15:41:11',38,0,1,'{\"configState\":{\"mfblog_general\":\"1\",\"mfblog_index_page\":\"0\",\"mfblog_post_view\":\"0\",\"mfblog_post_list\":\"0\",\"mfblog_sidebar\":\"0\",\"mfblog_product_page\":\"0\",\"mfblog_author\":\"0\",\"mfblog_tag\":\"0\",\"mfblog_search\":\"0\",\"mfblog_permalink\":\"0\",\"mfblog_seo\":\"0\",\"mfblog_social\":\"0\",\"mfblog_top_menu\":\"0\",\"dev_translate_inline\":\"1\",\"dev_front_end_development_workflow\":\"0\",\"dev_restrict\":\"0\",\"dev_debug\":\"0\",\"dev_template\":\"0\",\"dev_js\":\"0\",\"dev_css\":\"0\",\"dev_image\":\"0\",\"dev_caching\":\"0\",\"dev_static\":\"0\",\"dev_grid\":\"0\",\"porto_settings_product\":\"0\",\"porto_design_main\":\"1\",\"porto_design_page\":\"1\",\"porto_design_header\":\"1\",\"porto_design_colors\":\"1\",\"porto_settings_custom_settings\":\"1\",\"porto_settings_general\":\"0\",\"porto_settings_optimization\":\"0\",\"porto_settings_header\":\"0\",\"porto_settings_footer\":\"0\",\"porto_settings_category\":\"0\",\"porto_settings_category_grid\":\"0\",\"porto_settings_richsnippets\":\"0\",\"porto_settings_product_label\":\"0\",\"porto_settings_newsletter\":\"0\",\"porto_settings_contacts\":\"0\",\"porto_settings_install\":\"0\"}}',NULL,NULL,'en_US',0,NULL,NULL,NULL),(9,'Blog','Agency','b@ag.com','blog','82f7df99064e98efb008af1c5fa2b325cde7d1deb2491d36058d0c15c1a41bb3:g1bOJsJoa0RKOmFu:2','2020-03-03 11:18:58','2020-03-17 19:24:07','2020-03-17 19:24:07',2,0,1,'null',NULL,NULL,'en_US',0,NULL,NULL,NULL),(10,'Mehmet','Demirbilek','mdemirbilek@gmail.com','mehmet','735fe4eab4aafe8b8a822702959a512c6519d11bfd91affbc138153fb33ab748:by5XcWDOMyE0nf1h:2','2020-03-09 16:26:13','2022-06-22 16:58:22','2022-06-22 16:57:41',5,0,1,'{\"configState\":{\"porto_settings_category\":\"1\",\"porto_settings_general\":\"0\",\"porto_settings_optimization\":\"0\",\"porto_settings_header\":\"0\",\"porto_settings_footer\":\"0\",\"porto_settings_category_grid\":\"1\",\"porto_settings_product\":\"0\",\"porto_settings_richsnippets\":\"0\",\"porto_settings_product_label\":\"0\",\"porto_settings_newsletter\":\"0\",\"porto_settings_contacts\":\"0\",\"porto_settings_custom_settings\":\"0\",\"porto_settings_install\":\"0\",\"payment_us_other_payment_methods\":\"0\",\"payment_us_recommended_solutions\":\"0\",\"payment_us_other_paypal_payment_solutions\":\"0\"}}',NULL,NULL,'en_US',0,NULL,NULL,NULL),(11,'Uygar','Aras','uygararas@hotmail.com','uygar','d9d35bd53c6db56a3f3d60e47aaeeb6a44db749e73b289f74a014adb5b04f80e:a1NBBjTkjRrndYST:2','2020-04-08 18:41:20','2020-04-08 18:43:41','2020-04-08 18:43:41',1,0,1,'null',NULL,NULL,'en_US',0,NULL,NULL,NULL),(12,'Shpresim1','Sh','hi@mageplaza.com','shpresim1','1feb4d91e934a2c18b0ce2c0d6b8b9d99a721054ffdc8cb7d5a12e81d37c92f2:uzMK1ZGvINcCNXNv:2','2020-06-04 15:24:09','2020-06-15 17:27:46','2020-06-15 17:20:24',2,0,1,'{\"configState\":{\"payment_us_account\":\"1\",\"payment_us_recommended_solutions\":\"1\",\"payment_us_other_paypal_payment_solutions\":\"0\",\"payment_us_paypal_group_all_in_one\":\"1\",\"payment_us_paypal_payment_gateways\":\"1\",\"payment_us_other_payment_methods\":\"1\",\"payment_us_stripe_section\":\"1\",\"payment_us_klarna_section\":\"0\",\"payment_us_amazon_payment\":\"0\",\"payment_us_checkmo\":\"0\",\"payment_us_cashondelivery\":\"0\",\"payment_us_banktransfer\":\"0\",\"payment_us_free\":\"0\",\"payment_us_purchaseorder\":\"0\",\"payment_us_authorizenet_acceptjs\":\"0\",\"payment_us_authorizenet_directpost\":\"0\"}}',NULL,NULL,'en_US',0,NULL,NULL,NULL);

--
-- Table structure for table `admin_user_session`
--

CREATE TABLE `admin_user_session` (
  `id` int unsigned NOT NULL AUTO_INCREMENT COMMENT 'Entity ID',
  `session_id` varchar(128) NOT NULL COMMENT 'Session ID value',
  `user_id` int unsigned DEFAULT NULL COMMENT 'Admin User ID',
  `status` smallint unsigned NOT NULL DEFAULT '1' COMMENT 'Current Session status',
  `created_at` timestamp NOT NULL DEFAULT CURRENT_TIMESTAMP COMMENT 'Created Time',
  `updated_at` timestamp NOT NULL DEFAULT CURRENT_TIMESTAMP ON UPDATE CURRENT_TIMESTAMP COMMENT 'Update Time',
  `ip` varchar(15) NOT NULL COMMENT 'Remote user IP',
  PRIMARY KEY (`id`),
  KEY `ADMIN_USER_SESSION_SESSION_ID` (`session_id`),
  KEY `ADMIN_USER_SESSION_USER_ID` (`user_id`),
  CONSTRAINT `ADMIN_USER_SESSION_USER_ID_ADMIN_USER_USER_ID` FOREIGN KEY (`user_id`) REFERENCES `admin_user` (`user_id`) ON DELETE CASCADE
) ENGINE=InnoDB AUTO_INCREMENT=362 DEFAULT CHARSET=utf8mb3 COMMENT='Admin User sessions table';

--
-- Dumping data for table `admin_user_session`
--

INSERT INTO `admin_user_session` VALUES (53,'kk466aj2msohmc7flhc9sdi3h2',2,0,'2018-11-14 16:17:00','2018-11-14 16:17:35','127.0.0.1'),(54,'42berom54v21o5chnn91mkonfd',2,0,'2018-11-14 16:17:41','2018-11-14 16:18:20','127.0.0.1'),(55,'gfqerkgie00ir4ccjtvngr8p3a',2,0,'2018-11-15 09:52:56','2018-11-15 10:00:25','127.0.0.1'),(56,'2vh74ac5b71hpqsrujsrpt96qu',2,2,'2018-11-15 10:00:36','2018-11-16 09:24:16','127.0.0.1'),(57,'gflb0u0ob2q53d2hs0gmsdt9bt',2,2,'2018-11-16 09:24:16','2018-11-16 11:48:41','127.0.0.1'),(58,'9gfricvpp8ngh4ip5luvrmqkdk',2,2,'2018-11-16 11:48:41','2018-11-17 16:43:04','127.0.0.1'),(59,'vf35nkpv20in805co2udgakqa3',2,2,'2018-11-17 16:43:04','2018-11-17 19:27:51','127.0.0.1'),(60,'0q00sktekbrffnhh4rqillcj79',2,2,'2018-11-17 19:27:51','2018-11-18 00:50:05','127.0.0.1'),(61,'j6seqiuqh2lq6jo276brfujck7',2,2,'2018-11-18 00:50:05','2018-11-19 11:40:18','127.0.0.1'),(62,'h2eh21qmdjcstl0op0br1pmjen',2,2,'2018-11-19 11:40:18','2018-11-20 11:53:43','127.0.0.1'),(63,'74f446tk293rvu3e8ssi1aqifp',2,2,'2018-11-20 11:53:43','2018-11-20 13:22:24','127.0.0.1'),(64,'ncjgttn0iq8pokljjmf6cisfkd',2,2,'2018-11-20 13:22:24','2018-11-20 14:22:30','127.0.0.1'),(65,'qkld1d4iocaoug2iti94jdt7no',2,2,'2018-11-20 14:22:30','2018-11-20 16:13:04','127.0.0.1'),(66,'9nl5i55elu44seeg4avr662lsn',2,2,'2018-11-20 16:13:04','2018-11-20 18:50:43','127.0.0.1'),(67,'v6mtg4qss854kv7g3j093ubgb3',2,2,'2018-11-20 18:50:43','2018-11-20 22:34:38','127.0.0.1'),(68,'4dhg6vkddldsba1r0d1p5nktnr',2,2,'2018-11-20 22:34:38','2018-11-20 22:34:41','127.0.0.1'),(69,'8vmlqjrd6bomu7br4ldb48vrsp',2,2,'2018-11-20 22:34:41','2018-11-21 12:32:59','127.0.0.1'),(70,'q6sbtm4n3r7110i5u439nreu56',2,2,'2018-11-21 12:32:59','2018-11-21 15:58:09','127.0.0.1'),(71,'d3pieg15molu5f7ue2gjuh3e8n',2,2,'2018-11-21 15:58:09','2018-11-21 16:59:01','127.0.0.1'),(72,'p8pej4pngpfl09df2ekalkqthu',2,2,'2018-11-21 16:59:01','2018-11-21 19:08:05','127.0.0.1'),(73,'pvs6nl9uuutc95n5cmgk9ot7u2',2,2,'2018-11-21 19:08:05','2018-11-21 23:56:36','127.0.0.1'),(74,'p9t5bs8bskmmv3bl4843uahu1i',2,2,'2018-11-21 23:56:36','2018-11-24 15:31:32','127.0.0.1'),(75,'b7nah626ocfj3a8ch257ocil21',2,2,'2018-11-24 15:31:32','2018-11-24 15:31:38','127.0.0.1'),(76,'ag6uo5vkmb5scl582e1gjdv75g',2,2,'2018-11-24 15:31:38','2018-11-25 21:31:44','127.0.0.1'),(77,'21svha6ckd207i0ncnomoi7jm8',2,2,'2018-11-25 21:31:44','2018-11-26 15:18:12','127.0.0.1'),(78,'riqmens2mq5ll1tvdji613misa',2,2,'2018-11-26 15:18:12','2018-11-27 19:00:42','127.0.0.1'),(79,'foprbkm3r1r4m0nia12f248frg',2,2,'2018-11-27 19:00:42','2018-11-27 20:57:10','127.0.0.1'),(80,'74s9hd4utup745hto282shp671',2,2,'2018-11-27 20:57:10','2018-11-29 08:12:43','127.0.0.1'),(81,'poqoel6vq94e2e2nuffhdlreh0',2,2,'2018-11-29 08:12:43','2018-12-01 19:54:06','127.0.0.1'),(82,'moru4rqgnm2e7sgoducsi6tlth',2,2,'2018-12-01 19:54:06','2018-12-01 20:40:49','127.0.0.1'),(83,'aqgqni879lgep9jjnh2h7c1u3a',2,2,'2018-12-01 20:40:49','2018-12-03 21:33:04','127.0.0.1'),(84,'4q88gfsupkr1isqm0g5vajb8pn',2,2,'2018-12-03 21:33:04','2018-12-04 10:11:10','127.0.0.1'),(85,'nqnqm6ms8o1641684logcc1c9v',2,2,'2018-12-04 10:11:10','2018-12-04 12:23:38','127.0.0.1'),(86,'mp3177a6du8uqbcs7atcvk9430',2,2,'2018-12-04 12:23:38','2018-12-04 14:33:11','127.0.0.1'),(87,'vnqjec3qdfjgeqivcgqdmppahi',2,2,'2018-12-04 14:33:11','2018-12-05 10:35:06','127.0.0.1'),(88,'34v829g0naesklcd3ks8d55p2a',2,2,'2018-12-05 10:35:06','2018-12-05 11:43:52','127.0.0.1'),(89,'lig106e0brgpr2edka6jsp19do',2,2,'2018-12-05 11:43:52','2018-12-05 13:37:12','127.0.0.1'),(90,'s45ni61igrrimmp1hrusljj0f5',2,2,'2018-12-05 13:37:12','2018-12-05 16:51:19','127.0.0.1'),(91,'cm5c4qo8mlafa70n4aj2q6pgh1',2,2,'2018-12-05 16:51:19','2018-12-06 10:09:39','127.0.0.1'),(92,'vbvgngn0paln06cd65miq2njub',2,2,'2018-12-06 10:09:38','2018-12-07 08:46:47','127.0.0.1'),(93,'k396vkn49pdbocdhrtgm9lmv7e',2,2,'2018-12-07 08:46:47','2018-12-07 12:05:25','127.0.0.1'),(94,'3ahoroku1s2fdfol3jb9asok81',2,2,'2018-12-07 12:05:24','2018-12-07 22:29:46','127.0.0.1'),(95,'fl08fv4akd9idclg3ms3qli22q',2,2,'2018-12-07 22:29:46','2018-12-10 08:02:01','127.0.0.1'),(96,'emt3ufci0vokchotsq296l8t7b',2,2,'2018-12-10 08:02:01','2018-12-10 12:20:00','127.0.0.1'),(97,'1vqorascije875tbmp6g44fjtg',2,2,'2018-12-10 12:20:00','2018-12-10 21:36:38','127.0.0.1'),(98,'h2alesdrgq4aq5nd2o5i99o2fh',2,2,'2018-12-10 21:36:38','2018-12-11 00:53:47','127.0.0.1'),(99,'9qtd654bjh92jgg5iufl8cotkd',2,2,'2018-12-11 00:53:47','2018-12-11 09:35:23','127.0.0.1'),(100,'6qmniripv4e5ds91f2j172l3og',2,2,'2018-12-11 09:35:23','2018-12-11 15:11:46','127.0.0.1'),(101,'rko88m0r8p9b00s82pfd0lhl2a',2,2,'2018-12-11 15:11:46','2018-12-13 09:18:02','127.0.0.1'),(102,'lujpnmdpocll7f1p8acrd5d60q',2,2,'2018-12-13 09:18:02','2018-12-15 22:49:35','127.0.0.1'),(103,'3t9cvdtur2fgggqsj0hanomqbv',2,1,'2018-12-15 22:49:35','2018-12-15 23:11:50','127.0.0.1'),(104,'p5b6bp4lgvl4fm04eemfl0euuc',2,2,'2019-01-01 18:43:04','2019-01-03 11:22:17','127.0.0.1'),(105,'28el1j96dmdo6h0d7rglalhlnd',2,2,'2019-01-03 11:22:17','2019-01-03 13:02:06','127.0.0.1'),(106,'1cg1ih20b9pagovgd1vsht2nd7',2,2,'2019-01-03 13:02:06','2019-01-11 19:18:56','127.0.0.1'),(107,'pi3blq37r7tl1f5fa2u4fobk3u',2,1,'2019-01-11 19:18:56','2019-01-11 19:21:48','127.0.0.1'),(108,'h7d2qor0ln7auajtvem1hefcrl',2,1,'2019-02-18 10:22:57','2019-02-18 10:37:17','127.0.0.1'),(109,'udonpj5edenophfaa553rv9b62',2,2,'2019-03-05 11:58:56','2019-03-05 13:31:29','127.0.0.1'),(110,'8bf332eog8i0ittlrei3v3b4ku',2,2,'2019-03-05 13:31:29','2019-03-05 14:18:24','127.0.0.1'),(111,'rh9nedun00ihj8nuf375a9nfhf',2,2,'2019-03-05 14:18:24','2019-03-05 18:25:42','127.0.0.1'),(112,'pem7aj9vihedqcm7bsqrpabpat',2,2,'2019-03-05 18:25:42','2019-03-05 20:02:25','127.0.0.1'),(113,'kqrk6tkphvgq32r93t8msms01l',2,2,'2019-03-05 20:02:25','2019-03-05 20:56:40','127.0.0.1'),(114,'3mv61l9ivmogarkv0aispaptji',2,2,'2019-03-05 20:56:40','2019-03-06 19:26:46','127.0.0.1'),(115,'5u1nl11lff0giitvuusvl81m2s',2,2,'2019-03-06 19:26:46','2019-03-06 20:29:04','127.0.0.1'),(116,'nbuvk3tt8jp7dsj2kjqupi5s3v',2,2,'2019-03-06 20:29:04','2019-03-07 08:40:17','127.0.0.1'),(117,'5a8ahm0g8sufgotm7tatvgf9h5',2,2,'2019-03-07 08:40:17','2019-03-08 20:11:44','127.0.0.1'),(118,'0dst197eiu2m1bq89p33sv5a3u',2,2,'2019-03-08 20:11:44','2019-03-08 21:38:41','127.0.0.1'),(119,'o88d1cr7ooaq9i43bdss5lpaqc',2,2,'2019-03-08 21:38:41','2019-03-08 21:38:48','127.0.0.1'),(120,'1l9vb8inljebcgqmiilvek3v5k',2,2,'2019-03-08 21:38:48','2019-03-09 08:40:05','127.0.0.1'),(121,'6jc7orl8gab0k9djfmsk57e9nl',2,2,'2019-03-09 08:40:05','2019-03-09 10:27:11','127.0.0.1'),(122,'0ivo9bbmj62ar2n2leje646dq8',2,2,'2019-03-09 10:27:11','2019-03-09 10:42:05','127.0.0.1'),(123,'mg8qu0u6c5sa0722sk2mmtqn02',2,2,'2019-03-09 10:42:05','2019-03-09 15:25:48','127.0.0.1'),(124,'21ep0h8c9dtvonat83v3kc1da3',2,2,'2019-03-09 15:25:48','2019-03-09 16:53:10','127.0.0.1'),(125,'lv1n164d4q2ksfd0bp9pc55m1c',2,2,'2019-03-09 16:53:10','2019-03-09 19:47:23','127.0.0.1'),(126,'uj00oa0bitevfe8jlcq4g2i73k',2,2,'2019-03-09 19:47:23','2019-03-13 09:26:43','127.0.0.1'),(127,'eg8578922psrhejcdedj8gt85s',2,2,'2019-03-13 09:26:43','2019-03-13 09:44:04','127.0.0.1'),(128,'28hufkcvq1thp998akqfes1j8q',2,2,'2019-03-13 09:44:04','2019-03-13 11:01:46','127.0.0.1'),(129,'dcae2o6t0271bu153c06c59r5g',2,2,'2019-03-13 11:01:46','2019-03-13 11:32:21','127.0.0.1'),(130,'rrg65l6agpgln4q2jdtkjld6b3',2,2,'2019-03-13 11:32:21','2019-03-13 12:58:08','127.0.0.1'),(131,'dbcfgitkpc6vkm3prvkqo976f4',2,2,'2019-03-13 12:58:08','2019-03-14 18:37:35','127.0.0.1'),(132,'5bvpeskq6k4eu9r8us3j5gejmi',2,2,'2019-03-14 18:37:35','2019-03-14 20:26:57','127.0.0.1'),(133,'q4m89cm7j4hpinhr2i20dmednm',2,2,'2019-03-14 20:26:57','2019-03-14 20:40:22','127.0.0.1'),(134,'p3eujdr11c6bp4vfsq638uo4r7',2,2,'2019-03-14 20:40:22','2019-03-15 10:56:00','127.0.0.1'),(135,'9bvlhrhlg898v0c9jhj98f1apa',2,2,'2019-03-15 10:56:00','2019-03-15 11:57:07','127.0.0.1'),(136,'ufens33q1dlbo15evvndpq2l9j',2,2,'2019-03-15 11:57:07','2019-03-15 15:30:38','127.0.0.1'),(137,'ss7i2smaufl7jsd2oq2hdvqb3m',2,2,'2019-03-15 15:30:38','2019-03-15 16:36:31','127.0.0.1'),(138,'72m3jki67b46001iqleej6v7el',2,2,'2019-03-15 16:36:31','2019-03-15 17:14:52','127.0.0.1'),(139,'huonoq88sal7vecj62vctbr495',2,2,'2019-03-15 17:14:52','2019-03-15 18:36:44','127.0.0.1'),(140,'8s0mhb3rvkmpodaan2peca59gu',2,2,'2019-03-15 18:36:44','2019-03-15 19:55:17','127.0.0.1'),(141,'i7flfjg2a4augprfu38hse74t3',2,2,'2019-03-15 19:55:17','2019-03-15 21:39:48','127.0.0.1'),(142,'9i8551ihi7blug1qbn1jg9too0',2,2,'2019-03-15 21:39:48','2019-03-16 12:06:14','127.0.0.1'),(143,'339a1c4cmuc5uhjg3vaqdp9n9f',2,2,'2019-03-16 12:06:14','2019-03-16 14:00:15','127.0.0.1'),(144,'gsdc5mdu866mjee30kspqi9kfk',2,2,'2019-03-16 14:00:15','2019-03-16 16:48:01','127.0.0.1'),(145,'09a9b92j86lr42alh5k4uum9gc',2,2,'2019-03-16 16:48:01','2019-03-16 18:05:59','127.0.0.1'),(146,'n9k1cofo9d95l1p2ms1h38r7st',2,2,'2019-03-16 18:05:59','2019-03-16 18:29:01','127.0.0.1'),(147,'q8jor6svuian3611b404qa867u',2,2,'2019-03-16 18:29:01','2019-03-16 19:47:20','127.0.0.1'),(148,'ckrgsrk28ckc7nbh6ko0a8ug8s',2,2,'2019-03-16 19:47:20','2019-03-16 23:17:12','127.0.0.1'),(149,'14mq4ri8b75m3ap9phnu9l7rhq',2,2,'2019-03-16 23:17:12','2019-03-17 22:54:24','127.0.0.1'),(150,'k5sq34qcip2b2ml7a3h36lfgd0',2,2,'2019-03-17 22:54:24','2019-03-17 23:18:21','127.0.0.1'),(151,'ep6n3lmco6n8j26hetegi84ueg',2,2,'2019-03-17 23:18:21','2019-03-18 10:03:56','127.0.0.1'),(152,'ab0qt073u3v3ojb7htombk8cu8',2,2,'2019-03-18 10:03:56','2019-03-18 16:31:14','127.0.0.1'),(153,'ljf4nainc0hpbgjsauceuteoni',2,2,'2019-03-18 16:31:14','2019-03-18 19:23:26','127.0.0.1'),(154,'s413edrur6v2vnp962tk55h20t',2,2,'2019-03-18 19:23:26','2019-03-18 21:57:22','127.0.0.1'),(155,'u4bck445gu44kbd24gpi89cgt9',2,2,'2019-03-18 21:57:22','2019-03-19 10:31:18','127.0.0.1'),(156,'p82jib3qobh9ao7j95k932r7cd',2,2,'2019-03-19 10:31:18','2019-03-19 11:32:19','127.0.0.1'),(157,'ghu9c363uv78cs91j85uleak1i',2,2,'2019-03-19 11:32:19','2019-03-19 17:00:18','127.0.0.1'),(158,'sm1dabdoojjqtbvr1oeplsimch',2,2,'2019-03-19 17:00:18','2019-03-19 17:48:36','127.0.0.1'),(159,'3ehoh52c5os9cjtiii7ac5pt2a',2,2,'2019-03-19 17:48:36','2019-03-19 22:01:07','127.0.0.1'),(160,'4eq2upuusll1u0ogs92jln65kk',2,2,'2019-03-19 22:01:07','2019-03-21 11:07:09','127.0.0.1'),(161,'4l7eru3l0iqvd89t4b7s3qgn37',2,2,'2019-03-21 11:07:09','2019-03-21 12:46:16','127.0.0.1'),(162,'u27shtnrau79i8uk6g8f6ff70l',2,2,'2019-03-21 12:46:16','2019-03-22 14:08:29','127.0.0.1'),(163,'pifqlnu45v5e40jiebkftl3k2k',2,2,'2019-03-22 14:08:29','2019-03-22 22:02:04','127.0.0.1'),(164,'d8v3ik32oa8b2p9bn34dcepc0r',2,2,'2019-03-22 22:02:04','2019-03-23 17:20:15','127.0.0.1'),(165,'dach9lmv1uei4gbbkic0r8jar4',2,2,'2019-03-23 17:20:15','2019-03-23 18:33:14','127.0.0.1'),(166,'61r3ba18sikoussnac2kols1mg',2,2,'2019-03-23 18:33:14','2019-03-24 10:51:03','127.0.0.1'),(167,'71j5bkssbqcpnbfbkael5eej8d',2,2,'2019-03-24 10:51:03','2019-03-24 17:06:50','127.0.0.1'),(168,'og1datu21bpmpesd73m7h3jf58',2,2,'2019-03-24 17:06:50','2019-03-24 19:55:29','127.0.0.1'),(169,'f7at50b1kdrpv12vj6ocefqbsu',2,2,'2019-03-24 19:55:29','2019-03-24 22:11:17','127.0.0.1'),(170,'ijp895nm9vp2kt7mklq3k19alm',2,0,'2019-03-24 22:11:17','2019-03-24 22:36:19','127.0.0.1'),(171,'v9gs19lua49mo16sqrmpqmvc25',2,2,'2019-03-24 22:39:57','2019-03-25 11:04:29','127.0.0.1'),(172,'ngl9rnrl3vba5vmsesdgv34q2f',2,2,'2019-03-25 11:04:29','2019-03-25 13:00:23','127.0.0.1'),(173,'5v971vquv0ggksalre4besfs7o',2,2,'2019-03-25 13:00:23','2019-03-25 15:38:20','127.0.0.1'),(174,'vgjohspokl2qali70s7ffj85r4',2,2,'2019-03-25 15:38:20','2019-03-25 16:08:51','127.0.0.1'),(175,'1tj1i5gabvgd5jgl8mmomj6gsb',2,2,'2019-03-25 16:08:51','2019-03-25 17:11:18','127.0.0.1'),(176,'2rhb2u73ld07a80trrjhp60hqq',2,2,'2019-03-25 17:11:18','2019-03-25 20:11:02','127.0.0.1'),(177,'d7bhqvfbr5p06o9b373hl9hvc0',2,2,'2019-03-25 20:11:02','2019-03-26 12:08:42','127.0.0.1'),(178,'pe039l7bhqgasfkuu5lvcp4dkk',2,2,'2019-03-26 12:08:42','2019-03-27 15:57:37','127.0.0.1'),(179,'7ff97m2dujs8ptf2korushhsdm',2,2,'2019-03-27 15:57:37','2019-03-27 16:57:42','127.0.0.1'),(180,'rh22sirr0i3bl4rr9m082f69el',2,2,'2019-03-27 16:57:42','2019-03-28 19:24:59','127.0.0.1'),(181,'8gt62da6liro8tda8inq3hf4aq',2,2,'2019-03-28 19:24:59','2019-03-29 17:09:38','127.0.0.1'),(182,'hpag9u907g00vp0cvjok7i6u7p',2,2,'2019-03-29 17:09:38','2019-04-01 16:19:14','127.0.0.1'),(183,'h08v0rl3chbn1s2bea4mdo426s',2,2,'2019-04-01 16:19:14','2019-04-01 17:27:12','127.0.0.1'),(184,'djpskf1duqpn31etree33q888r',2,2,'2019-04-01 17:27:12','2019-04-02 08:58:20','127.0.0.1'),(185,'gae7pbl0892h05rr0n6a23k7rd',2,2,'2019-04-02 08:58:20','2019-04-02 16:12:14','127.0.0.1'),(186,'ne6gpaj0sotl4p5dhoh6enrifh',2,2,'2019-04-02 16:12:14','2019-04-02 16:12:18','127.0.0.1'),(187,'j3a9gpsi9eqsek2kh3mjgprq5h',2,2,'2019-04-02 16:12:18','2019-04-04 09:28:53','127.0.0.1'),(188,'ndgbtrgr431d7g7iie7e3lqvmg',2,2,'2019-04-04 09:28:53','2019-04-04 10:48:03','127.0.0.1'),(189,'0hmttm7oo0eer9np3jot6sjfjs',2,2,'2019-04-04 10:48:03','2019-04-08 10:43:09','127.0.0.1'),(190,'sopfgqhkvhjbm08vma73d19kku',2,2,'2019-04-08 10:43:09','2019-04-08 13:04:07','127.0.0.1'),(191,'bdi3gbncei338sgfm2vo3votes',2,2,'2019-04-08 13:04:07','2019-04-09 11:20:16','127.0.0.1'),(192,'m72duvjd52e8sdgvcf2qpu8din',2,2,'2019-04-09 11:20:16','2019-04-09 12:42:27','127.0.0.1'),(193,'pdcdcksae07a3q4a9dtq197son',2,2,'2019-04-09 12:42:27','2019-04-09 14:15:32','127.0.0.1'),(194,'2hfbnm2pe4mcoak73h1pcd14cr',2,2,'2019-04-09 14:15:32','2019-04-10 18:11:17','127.0.0.1'),(195,'bgl8di4d5r9vtg5c1mejbgrifb',2,2,'2019-04-10 18:11:17','2019-04-15 13:16:38','80.90.81.144'),(196,'d1815nr7g08uil02lcqa3h79i1',2,2,'2019-04-15 13:16:38','2019-04-17 18:10:28','185.62.174.32'),(197,'eunpdso5rutnv37mt5f2fevo9e',2,2,'2019-04-17 18:10:28','2019-04-24 17:44:50','188.172.111.239'),(198,'omb3e5fd296q02s2erl3no8ref',2,2,'2019-04-24 17:44:50','2019-04-25 08:57:34','217.73.139.1'),(199,'ulvmobh8rd2he2fidbeidok7v3',2,2,'2019-04-25 08:57:34','2019-04-25 10:28:49','217.73.139.1'),(200,'vmuu38r8or10nmho29trr6rrf0',2,2,'2019-04-25 10:28:49','2019-04-25 12:48:33','217.73.139.1'),(201,'fd9qdecelk7r5elvd7nsa64q5k',2,2,'2019-04-25 12:48:33','2019-04-26 08:17:57','217.73.139.1'),(202,'m58amn25rlb3nru11c531bkg1a',2,2,'2019-04-26 08:17:57','2019-04-26 10:25:58','217.73.139.1'),(203,'s1pqnafv7kpuqjjslq01e2g9ih',2,2,'2019-04-26 10:25:58','2019-04-29 08:35:28','217.73.139.1'),(204,'7n51848t14pdb6d0uqma5ua9e9',2,2,'2019-04-29 08:35:28','2019-04-29 10:34:32','217.73.139.1'),(205,'l0fv04g3kf68thidcgopn6l8dt',2,2,'2019-04-29 10:34:32','2019-04-29 16:22:18','185.212.190.226'),(206,'t1jupkerd9g33ohairja0phndh',2,2,'2019-04-29 16:22:18','2019-04-30 10:29:38','77.242.24.142'),(207,'3bnast3nail7jit78veuumojem',2,2,'2019-04-30 10:29:38','2019-04-30 11:21:51','217.73.139.1'),(208,'eddeqv6jec4b5at3v5poql36j7',2,2,'2019-04-30 11:21:51','2019-04-30 13:25:31','217.73.139.1'),(209,'15tj2lfs7i7g681npfh83ngmlc',2,2,'2019-04-30 13:25:31','2019-05-02 12:09:27','217.73.139.1'),(210,'4eqo68m8rqgfdh2uih2e6v34th',2,2,'2019-05-02 12:09:27','2019-05-07 10:20:38','217.73.139.1'),(211,'koqse0kkd6ncqat4ga72m2e653',2,1,'2019-05-07 10:20:38','2019-05-07 11:00:10','77.242.24.196'),(212,'7atlm17mchvg0qu5r7hibbokhv',2,0,'2019-05-24 13:09:23','2019-05-24 13:10:39','217.73.139.1'),(213,'8o99mnedro87173bnu07m3k1j4',2,2,'2019-05-24 13:10:46','2019-05-24 14:07:37','217.73.139.1'),(214,'qmnj83q7al5mddlc8a2773d449',3,0,'2019-05-24 13:58:43','2019-05-24 14:07:23','217.73.139.1'),(215,'0bhvu6vsvf1hma22dljf7ruevf',2,2,'2019-05-24 14:07:37','2019-05-24 16:02:07','217.73.139.1'),(216,'i5o6f7sedfrdoggiaqjs26in5i',3,1,'2019-05-24 14:10:11','2019-05-24 14:14:18','46.217.188.90'),(217,'njg861q9h591vmfj0egdoer12j',2,2,'2019-05-24 16:02:07','2019-05-27 13:33:06','217.73.139.1'),(218,'9qfm9vtma9u7oge0m3qab0vmbf',2,2,'2019-05-27 13:33:06','2019-05-29 12:35:06','77.242.24.142'),(219,'0b7esp728vh7rflg8lf3dgrr2o',2,1,'2019-05-29 12:35:06','2019-05-29 12:38:27','79.106.126.48'),(220,'1em48ef39fscr11dj5m9qmubbr',2,1,'2019-06-18 13:17:47','2019-06-18 13:56:10','79.106.126.180'),(221,'p3tv89kphrs7rsunnlha64kn4t',3,0,'2019-06-19 20:46:07','2019-06-19 20:53:16','46.217.189.43'),(222,'amlnpejnhkovvd6a4o84i3g1nh',2,2,'2019-07-04 09:24:16','2019-07-08 09:47:56','77.242.24.142'),(223,'5rd07k48u7qav4qaiq4du2ag2a',3,0,'2019-07-07 20:33:27','2019-07-07 21:23:39','46.217.189.64'),(224,'iko3adili43el6tue1s8th8ep9',2,1,'2019-07-08 09:47:56','2019-07-08 10:40:03','185.62.174.32'),(225,'pip6ejvj5md9pls53nlje1ljr4',3,1,'2019-07-08 10:04:53','2019-07-08 10:40:43','77.29.19.62'),(226,'crbdif9g2i71426sofsoft7ggp',3,2,'2019-08-08 16:46:48','2019-08-08 21:17:57','83.50.127.103'),(227,'hbljblv1u7ku45sd899s51eooh',3,2,'2019-08-08 21:17:57','2019-08-09 18:52:12','83.50.127.103'),(228,'j6qc5gem20umgsg4mio2kmp72g',3,2,'2019-08-09 18:52:12','2019-08-22 09:22:37','188.172.110.5'),(229,'1pghn6nq9cq82gbkafjdp7j8n7',3,1,'2019-08-22 09:22:37','2019-08-22 09:41:12','83.50.124.97'),(230,'q7e2n0pgt2tbhndqnqhk3c9i86',2,2,'2019-08-22 12:41:50','2019-08-27 22:17:49','185.62.174.32'),(231,'9r25vdv6tvtn2cbun77ahorvol',4,1,'2019-08-27 18:57:41','2019-08-27 19:22:54','83.50.127.175'),(232,'e56vvdolhrug236bko4rd2o3s9',2,0,'2019-08-27 22:17:49','2019-08-27 22:19:14','185.62.174.32'),(233,'2hg6jpanngd7j67q9c202eq2pq',2,1,'2019-08-27 22:19:26','2019-08-27 22:19:26','185.62.174.32'),(234,'kg4koplb568msgeakhhcd1f32m',3,2,'2019-09-09 20:30:59','2019-09-09 20:32:42','83.50.127.175'),(235,'215gg51njchk6pimq9vsapjc9k',3,1,'2019-09-09 20:32:42','2019-09-09 22:18:44','83.50.127.175'),(236,'bhh9gsdlru6r2t7dd7qpobqu1t',4,2,'2019-09-15 09:50:05','2019-09-16 21:06:15','79.106.126.226'),(237,'vire3og2p2q91k9jt04mb2mah5',4,2,'2019-09-16 21:06:15','2019-09-17 09:14:51','83.50.127.175'),(238,'kg5vg5f6qq0j1prq6vhv8a7h5k',4,2,'2019-09-17 09:14:51','2019-09-27 15:47:14','95.107.198.65'),(239,'tdn8ksb1tema548qp4m7vscovu',5,2,'2019-09-17 12:25:19','2019-09-22 19:58:34','185.212.190.226'),(240,'i72jqt5r639rb32qrk7rjjj7h1',5,2,'2019-09-22 19:58:34','2019-09-22 21:52:16','83.50.127.175'),(241,'p67gd2127cqeeg00ujl9q8pnqr',5,2,'2019-09-22 21:52:16','2019-09-27 15:44:13','83.50.127.175'),(242,'r8qgrq19vml05behk27kmureh1',5,0,'2019-09-27 15:44:13','2019-09-27 17:11:30','83.50.127.175'),(243,'oetaacuh20t1i3nkptvkdqdf5c',4,1,'2019-09-27 15:47:14','2019-09-27 15:49:14','79.106.126.206'),(244,'9ibljchhl941rh71e9tg1da5fs',5,1,'2019-09-29 08:44:35','2019-09-29 09:36:20','83.50.127.175'),(245,'q24tiua292h73sehhn8ligmqdd',4,2,'2019-10-20 20:36:22','2019-10-20 21:47:56','83.55.42.242'),(246,'ues3jq4g2610avh9ku2l4k29gp',4,2,'2019-10-20 21:47:56','2019-10-22 11:22:15','83.55.42.242'),(247,'861r3bi6l06etfta29jl6itnpm',4,1,'2019-10-22 11:22:15','2019-10-22 12:32:56','79.106.126.50'),(248,'l1vl88dnhgjsofkuvakrmoaifu',4,1,'2019-11-13 12:04:04','2019-11-13 12:17:49','79.106.126.246'),(249,'1pedv6ssq4qhfdk5cpk73lrccj',6,1,'2020-01-14 16:19:54','2020-01-14 16:24:47','217.73.139.1'),(250,'mio8nn5hd9urcdn0vhk0tsr07a',7,2,'2020-01-22 20:44:54','2020-01-30 21:11:55','185.212.190.226'),(251,'7100etfiammml5im5dbl8u58cs',4,2,'2020-01-30 15:57:58','2020-02-02 23:49:14','31.4.241.60'),(252,'02sv7a9tn10hsgg8k1a1qcifur',7,2,'2020-01-30 21:11:55','2020-02-02 23:46:19','79.106.126.247'),(253,'6porea6t1upcb8cj2ur9h9vgi0',7,0,'2020-02-02 23:46:19','2020-02-02 23:47:39','79.106.126.119'),(254,'pf1i9l411h6dnuploo0tjv9mmq',4,0,'2020-02-02 23:49:14','2020-02-02 23:50:02','79.106.126.119'),(255,'2adi8k04fsge7pul9vcrobs5v3',4,2,'2020-02-02 23:52:34','2020-02-12 12:57:28','79.106.126.119'),(256,'3odl1c5av67jf0918k377u5g0a',8,1,'2020-02-09 17:22:14','2020-02-09 19:21:05','83.58.164.74'),(257,'pnm4qtm0gc3ifkjpjjmlu6mrn3',4,2,'2020-02-12 12:57:28','2020-02-18 07:05:25','88.234.192.130'),(258,'sspfde9hf0dose25j2vqa13sth',4,2,'2020-02-18 07:05:25','2020-02-25 06:48:12','78.188.3.95'),(259,'msijvmbg0b61i1cpqrg1fr0649',4,2,'2020-02-25 06:48:12','2020-03-03 09:46:04','78.188.3.95'),(260,'jucquk84puce6fiaqt9gng4qbq',8,2,'2020-03-02 12:42:02','2020-03-02 16:13:50','81.26.203.71'),(261,'33occv95614fh1t4t5irhiqb18',8,2,'2020-03-02 16:13:50','2020-03-02 20:22:37','79.106.126.204'),(262,'cputmqo2qp9o4aa6etkkovc1tj',8,2,'2020-03-02 20:22:37','2020-03-03 09:40:48','79.106.126.149'),(263,'aefo89ofk94hnvq8qcouf6991i',8,0,'2020-03-03 09:40:48','2020-03-03 10:06:44','83.53.104.20'),(264,'8vmj9gh629ghj5m8qak1and7ja',4,2,'2020-03-03 09:46:04','2020-03-03 14:54:37','78.188.3.95'),(265,'qvma57njok1tf9frj2u2grmeit',8,0,'2020-03-03 10:21:39','2020-03-03 10:33:28','81.26.203.71'),(266,'bulv0sojdn4ssgg95gifpsh6ij',8,0,'2020-03-03 10:33:32','2020-03-03 11:19:29','81.26.203.71'),(267,'cuscp963re5qbc9mdb0vlfpa8d',8,0,'2020-03-03 11:19:40','2020-03-03 11:22:05','81.26.203.71'),(268,'1l9kjma9u3o61eh0tb3tn5j6ec',9,0,'2020-03-03 11:22:08','2020-03-03 11:22:21','81.26.203.71'),(269,'55aai961628f5fch3m7m6ac313',8,2,'2020-03-03 11:22:33','2020-03-05 14:25:54','81.26.203.71'),(270,'gl5hl98o7eocd23a6i5qfmnka0',4,2,'2020-03-03 14:54:37','2020-03-04 06:51:32','78.188.3.95'),(271,'d500s8gv49dbgn2ucfmj9bm6ak',4,2,'2020-03-04 06:51:32','2020-03-04 13:01:07','78.169.112.233'),(272,'97t26ef5s8c0g45i320g9s8r6m',4,2,'2020-03-04 13:01:07','2020-03-05 06:14:03','78.169.112.233'),(273,'nnrc9mg8gk0gedbtdle91u02d1',4,2,'2020-03-05 06:14:03','2020-03-05 08:30:21','78.188.3.95'),(274,'pogffr8a141elonuildms74fd8',4,2,'2020-03-05 08:30:21','2020-03-05 11:52:19','78.188.3.95'),(275,'tme4at7f3e56pnnl8kcd8tca0b',4,2,'2020-03-05 11:52:19','2020-03-06 08:04:39','78.188.3.95'),(276,'av650507rr3pl8q0pa282ur7rb',8,2,'2020-03-05 14:25:54','2020-03-05 15:55:03','77.242.25.83'),(277,'gc0ubvlpvdtphjess5aeerv987',8,2,'2020-03-05 15:55:03','2020-03-07 17:23:27','77.242.25.83'),(278,'mj8drrgl01pg7kitbdoe9489h2',4,2,'2020-03-06 08:04:39','2020-03-06 11:26:28','78.188.3.95'),(279,'dkmdkbe228463cjtt2svifvu2b',4,2,'2020-03-06 11:26:28','2020-03-06 11:26:33','78.188.3.95'),(280,'s2l8gqcka6vd4r10de04j4a3af',4,2,'2020-03-06 11:26:33','2020-03-09 09:40:55','78.188.3.95'),(281,'am9pos59g8i6idi84jmeemkk78',8,2,'2020-03-07 17:23:27','2020-03-07 17:23:40','88.25.123.48'),(282,'6lvsdtq6lrrvl5ue7bv8mcpi41',8,0,'2020-03-07 17:23:40','2020-03-07 21:17:22','88.25.123.48'),(283,'k54gc06q1ssfuri30falgkvov7',4,2,'2020-03-09 09:40:55','2020-03-13 06:42:01','78.188.3.95'),(284,'qdt4terpoo2b7pif4elnvjk73f',8,2,'2020-03-09 16:14:19','2020-03-09 16:24:27','88.25.123.48'),(285,'pm8cvpp7plal5pbfefhq1golq9',8,2,'2020-03-09 16:24:27','2020-03-09 22:05:15','188.172.108.68'),(286,'slnv7gcj4vn1t03q24e4e5iltn',10,2,'2020-03-09 16:28:42','2020-03-17 17:04:53','91.176.207.116'),(287,'jbuaekdnh8cfh6e50aogun138v',8,0,'2020-03-09 22:05:15','2020-03-09 23:18:05','88.25.123.48'),(288,'gcjuc42a6ghbhbmv7ck6eg2poq',4,2,'2020-03-13 06:42:01','2020-03-18 13:45:10','78.188.3.95'),(289,'bm5k07qcu15gp33fu50vl820g5',10,0,'2020-03-17 17:04:53','2020-03-17 19:23:17','79.106.126.134'),(290,'r8hpbcic42c12igia50tst5kd1',8,0,'2020-03-17 17:12:34','2020-03-17 17:45:10','95.121.49.116'),(291,'uo3ughlp263reqkrvl8417dghv',8,0,'2020-03-17 18:56:34','2020-03-17 19:23:50','95.121.49.116'),(292,'',NULL,0,'2020-03-17 19:23:56','2020-03-17 19:23:56',''),(293,'hd7gf0b3dlurr00jur974i39bm',9,0,'2020-03-17 19:24:07','2020-03-17 19:24:58','95.121.49.116'),(294,'jhrdkjfe47kd6681bq0aosn38a',8,2,'2020-03-18 11:28:03','2020-03-18 19:30:14','95.121.49.116'),(295,'83eq2u0kacq21vanjs2hiu0chr',4,2,'2020-03-18 13:45:10','2020-03-18 17:28:43','78.172.130.53'),(296,'ttofams39h9l1a2t6iejcnodfm',4,2,'2020-03-18 17:28:43','2020-03-18 18:50:09','78.172.130.53'),(297,'p38htuq4jht8hu6jbnfa2q2u1g',4,2,'2020-03-18 18:50:09','2020-03-18 20:10:01','78.172.130.53'),(298,'o9prdu7ft3p523ehk6acm2s5rc',8,0,'2020-03-18 19:30:14','2020-03-18 20:14:57','95.121.49.116'),(299,'fvt1ht4ene982a87ia39vfra2h',4,2,'2020-03-18 20:10:01','2020-03-19 14:28:44','78.172.130.53'),(300,'j2pc534hiuceobig2m04r4r38j',8,0,'2020-03-18 20:23:58','2020-03-18 20:27:31','95.121.49.116'),(301,'0l9ke467n6unkqeehj3ffhhq4m',4,2,'2020-03-19 14:28:44','2020-03-20 08:17:03','78.172.130.53'),(302,'mggek4ov1fe61qa77o9rv5fb5u',8,2,'2020-03-19 16:59:42','2020-03-31 14:46:49','95.121.49.116'),(303,'j0u5e2obbcsngi7d3pm624reao',7,1,'2020-03-19 17:55:33','2020-03-19 18:50:40','79.106.126.70'),(304,'tl7b9vgh3268ks5u333kjv4k7o',4,2,'2020-03-20 08:17:03','2020-03-20 16:50:53','85.102.182.55'),(305,'3kl8m647pp2n3b7vapvksack96',4,2,'2020-03-20 16:50:53','2020-03-22 18:22:03','85.102.182.55'),(306,'ct43s7jq26pm2aajmrtgv3qv6g',4,2,'2020-03-22 18:22:03','2020-03-22 21:09:20','85.102.198.172'),(307,'pu34p87c416oe0i1o680eabkqm',4,2,'2020-03-22 21:09:20','2020-03-24 14:09:30','85.102.198.172'),(308,'klaqb8o24qefoni8jf1gdep3gk',4,2,'2020-03-24 14:09:30','2020-03-25 13:05:26','176.55.59.133'),(309,'5qe601defgil8hkm278q6br7mp',4,2,'2020-03-25 13:05:26','2020-03-28 09:40:57','85.100.108.155'),(310,'h4o1mrr0o546p2cnsolmglkbst',4,2,'2020-03-28 09:40:57','2020-03-31 08:35:42','85.102.171.230'),(311,'jm8lao8ppp12smj3jskp6lapjv',4,2,'2020-03-31 08:35:42','2020-04-01 16:45:06','85.102.171.30'),(312,'ehhn235ip090i2eahkf9e2rcgf',8,2,'2020-03-31 14:46:49','2020-04-01 13:27:55','193.153.74.148'),(313,'52kibfabbtn9103sfkp9ai6f5d',8,0,'2020-04-01 13:27:55','2020-04-02 09:09:49','193.153.74.148'),(314,'8ihphiohbl9pc2be4n9ud1b2ae',4,2,'2020-04-01 16:45:06','2020-04-03 11:30:04','85.96.236.145'),(315,'kq4f6plhtmr40hjvt28ttedtgd',8,2,'2020-04-02 10:02:20','2020-04-03 12:17:54','193.153.74.148'),(316,'c28qu8rqqt99utd1lb9p79qg5o',4,2,'2020-04-03 11:30:04','2020-04-03 14:53:02','85.102.102.208'),(317,'kcc80f9elti4ajgh02m4d0fd17',8,0,'2020-04-03 12:17:54','2020-04-03 12:53:12','193.153.74.148'),(318,'8hef81qq6mmne59ecic200ql3o',8,2,'2020-04-03 12:53:17','2020-04-03 21:44:00','193.153.74.148'),(319,'altevk0uu0l9g7affi1shup37s',4,2,'2020-04-03 14:53:02','2020-04-04 13:08:03','85.102.102.208'),(320,'6bdl22g96vik7mi3ck697mgk26',8,0,'2020-04-03 21:44:00','2020-04-03 22:13:23','193.153.74.148'),(321,'14hmqn5h1nieme6b1spmdpdpfm',4,2,'2020-04-04 13:08:03','2020-04-05 17:38:59','85.102.102.208'),(322,'3n669atltu0gv456v11k1o4b7d',4,2,'2020-04-05 17:38:59','2020-04-06 13:17:13','88.235.210.216'),(323,'ot0hcruqe9f8nd4khi5s5d0afb',4,2,'2020-04-06 13:17:13','2020-04-06 13:17:20','88.235.210.216'),(324,'0b0qvsjfjdhlmt7sd04465dcvr',4,2,'2020-04-06 13:17:20','2020-04-07 09:36:20','88.235.210.216'),(325,'ii832kh44vjcg20hn2gbvd6bg4',4,2,'2020-04-07 09:36:20','2020-04-07 13:10:07','85.102.198.181'),(326,'67fnqhnb3f7b8om6kcbn5nms0v',4,2,'2020-04-07 13:10:07','2020-04-08 07:49:59','85.102.198.181'),(327,'dllkp6g60e8deea1ghib8qnscj',4,2,'2020-04-08 07:49:59','2020-04-08 10:37:23','85.102.198.181'),(328,'ralpmraravrg2gsdt00amsnfcl',4,2,'2020-04-08 10:37:23','2020-04-08 16:59:11','85.102.198.181'),(329,'qpl0h9idlaclrvvnhapmgoic94',8,2,'2020-04-08 12:09:55','2020-04-08 13:18:21','193.153.74.39'),(330,'rd9g4rho2kpbh52vgtj099k9l2',8,0,'2020-04-08 13:18:21','2020-04-08 13:18:38','193.153.74.39'),(331,'lldomoovbn8ncfr5u7h2mjg596',8,0,'2020-04-08 13:31:56','2020-04-08 14:26:00','193.153.74.39'),(332,'j9vqeht5h64taepbs67v6pfrqr',7,2,'2020-04-08 14:44:16','2020-04-08 16:13:31','79.106.126.112'),(333,'vr1rk8h45abokp9h08i2jchsba',7,2,'2020-04-08 16:13:31','2020-04-08 17:45:01','79.106.126.112'),(334,'aoirlfjfvds8rgitc72iio2d21',4,2,'2020-04-08 16:59:11','2020-04-09 08:12:28','85.102.198.181'),(335,'vvtoqsgrp632e6inrdl5a5l46g',7,1,'2020-04-08 17:45:01','2020-04-08 17:57:08','79.106.126.112'),(336,'u4n80ltnhifkruhhvuvfar2hpq',8,0,'2020-04-08 18:37:06','2020-04-08 18:43:32','193.153.74.39'),(337,'7m5a1lh2rn6r9dhgur93pd1mih',11,0,'2020-04-08 18:43:41','2020-04-08 18:49:27','193.153.74.39'),(338,'3np59ahbs7m4hhi445sp169k1d',4,2,'2020-04-09 08:12:28','2020-04-13 10:11:52','85.102.198.181'),(339,'end346ibqd7183u7gqur79b0lv',4,2,'2020-04-13 10:11:52','2020-04-13 12:15:32','85.102.211.212'),(340,'sdomcnmcacnfl43mo32mo29sle',8,1,'2020-04-13 12:11:32','2020-04-13 12:11:32','83.52.75.248'),(341,'a85ja5rc766j1npm7g1c3ciuft',4,2,'2020-04-13 12:15:32','2020-04-17 07:33:35','85.102.211.212'),(342,'vg8ccdb4e8vacp18huo15g6vcb',4,2,'2020-04-17 07:33:35','2020-04-17 11:42:51','85.102.135.111'),(343,'9ndcp82p0jm7l4n7uh87ru6bnr',4,2,'2020-04-17 11:42:51','2020-04-17 15:27:35','85.102.135.111'),(344,'dfupk946tso82qmpactdsdoc0m',4,2,'2020-04-17 15:27:35','2020-04-19 14:58:40','85.102.135.111'),(345,'mo5mnjh2bq0qob78d3mgq52oec',4,2,'2020-04-19 14:58:40','2020-04-19 20:01:38','85.102.128.214'),(346,'i42n9et9aa99tsti2uaacn8fsm',4,2,'2020-04-19 20:01:38','2020-04-21 10:52:58','85.102.128.214'),(347,'nba2p33m435362kehfq2q9aam8',4,1,'2020-04-21 10:52:58','2020-04-21 11:07:56','85.98.23.231'),(348,'9l3vfsheclv90llbo14cdb98nc',7,1,'2020-05-02 20:51:27','2020-05-02 20:53:47','37.26.83.131'),(349,'tdqra3erorsn6v1v88m53fdg70',8,0,'2020-05-03 17:48:59','2020-05-03 19:03:57','83.53.138.138'),(350,'dkuuu1p46cupfg0rt9voj6hfn0',4,0,'2020-05-08 13:17:20','2020-05-08 13:17:29','79.106.126.74'),(351,'ji4apvp80lmnjrc4rvgv8538d4',10,2,'2020-05-08 13:18:14','2020-05-08 21:00:06','79.106.126.74'),(352,'ujglmuldaitqs0s8mg5fc5ro02',4,0,'2020-05-08 20:59:44','2020-05-08 21:00:01','79.106.126.74'),(353,'rdrvg9rs28mjmnp86i0t584gkm',10,1,'2020-05-08 21:00:06','2020-05-08 21:03:50','79.106.126.74'),(354,'2unagv2cocj6684rjtjuh5d8tb',8,2,'2020-06-04 11:14:30','2020-06-04 21:03:55','81.38.157.35'),(355,'fv650jme1a40tkjfeaol9siuht',4,0,'2020-06-04 15:21:54','2020-06-04 15:24:16','79.106.156.217'),(356,'j8aq9op296lkkc1m74brlujj1b',12,2,'2020-06-04 15:25:06','2020-06-15 17:20:24','79.106.156.217'),(357,'ocg1pr57l7n6svstau9ienm624',8,0,'2020-06-04 21:03:55','2020-06-04 21:05:22','81.38.157.35'),(358,'5int7jt5vo3u32kmi9l3a7g9mh',8,2,'2020-06-09 16:07:03','2020-06-19 15:41:11','88.6.244.142'),(359,'ptluj6mec362f0730bkakfhvls',12,1,'2020-06-15 17:20:24','2020-06-15 17:27:45','79.106.156.217'),(360,'nhoajtq4tc1daikbjh4463nkli',8,1,'2020-06-19 15:41:11','2020-06-19 15:45:21','88.25.86.58'),(361,'55dmt6fsn5cgg9rmmhmnu3n5va',10,1,'2022-06-22 16:57:41','2022-06-22 16:57:41','188.172.110.146');

--
-- Table structure for table `adminnotification_inbox`
--

CREATE TABLE `adminnotification_inbox` (
  `notification_id` int unsigned NOT NULL AUTO_INCREMENT COMMENT 'Notification ID',
  `severity` smallint unsigned NOT NULL DEFAULT '0' COMMENT 'Problem type',
  `date_added` timestamp NOT NULL DEFAULT CURRENT_TIMESTAMP COMMENT 'Create date',
  `title` varchar(255) NOT NULL COMMENT 'Title',
  `description` text COMMENT 'Description',
  `url` varchar(255) DEFAULT NULL COMMENT 'Url',
  `is_read` smallint unsigned NOT NULL DEFAULT '0' COMMENT 'Flag if notification read',
  `is_remove` smallint unsigned NOT NULL DEFAULT '0' COMMENT 'Flag if notification might be removed',
  PRIMARY KEY (`notification_id`),
  KEY `ADMINNOTIFICATION_INBOX_SEVERITY` (`severity`),
  KEY `ADMINNOTIFICATION_INBOX_IS_READ` (`is_read`),
  KEY `ADMINNOTIFICATION_INBOX_IS_REMOVE` (`is_remove`)
) ENGINE=InnoDB AUTO_INCREMENT=112 DEFAULT CHARSET=utf8mb3 COMMENT='Adminnotification Inbox';

--
-- Dumping data for table `adminnotification_inbox`
--

INSERT INTO `adminnotification_inbox` VALUES (1,4,'2018-08-06 15:42:38','Join our early access program for Magento Payments. Learn more!','Want to get exclusive access to an upcoming new product before it is released to the public?\n\nWant to help influence new payment features Magento is building?\n\nJoin our Early Adopter Program and play a pivotal role in the validation of one of Magento’s newest products.  You will get access to Magento Payments – the payment solution built for Magento by Magento. Magento Payments enables you to instantly accept payments from your customers, offers the right payment options and allows you to manage financial operations with minimal effort. \n \nWe will be granting access to this program to a select number of merchants - we are looking for active participation and regular feedback.\n\nIf you would like to participate and your business is based in the United States, please send an email to: payments@magento.com','www.magento.com',1,0),(2,3,'2018-07-26 08:00:00','Size Chart v1.0.1 released','Unlimited size charts built based on flexible catalog rules, 6 premade standard size chart. See more.','https://www.mageplaza.com/magento-2-size-chart/?utm_source=notification&amp;utm_medium=rss&amp;utm_campaign=released',1,0),(3,1,'2018-06-27 18:45:34','Magento Open Source 2.2.5 delivers important security updates along with performance and functionality enhancements – 6/27/2018','The latest release of Magento Open Source includes important security enhancements along with performance and functionality improvements. With these important updates we strongly recommend that you upgrade to ensure your sites maintain the highest level of security. You can review the release notes for more information about all of the enhancements. For more information about security updates included in these versions of Magento please see our Security Center: https://magento.com/security/patches/magento-2.2.5-and-2.1.14-security-update','https://devdocs.magento.com/guides/v2.2/release-notes/bk-release-notes.html',1,0),(4,4,'2018-07-17 00:00:20','Survey: Help us improve the Admin Panel usability by taking this 5 minute survey.','We\'d like to invite you to take our online survey on Admin Panel Usability. Your input is valuable to us and will help to inform the user experience direction. The survey should take no more than 5 minutes to complete.\n \nTo get started, go to:\nhttps://www.surveymonkey.com/r/SUS-AdHoc-M2','https://www.surveymonkey.com/r/SUS-AdHoc-M2',1,0),(5,3,'2018-07-20 08:00:00','Blog v2.7.0 released','Feature: Import data from Wordpress, Aheadworks Blog M1, Magefan Blog M2. Bugfixing and performance improvements. See more.','https://www.mageplaza.com/magento-2-blog-extension/?utm_source=notification&amp;utm_medium=rss&amp;utm_campaign=released',1,0),(6,4,'2018-07-10 08:00:00','Mageplaza Is Now A Select Magento Extension Builder ','It’s our honor to announce that Mageplaza has successfully formed a partnership with Magento as a Select Magento extension builder.','https://www.mageplaza.com/blog/mageplaza-select-magento-extension-builder.html?utm_source=notification&amp;utm_medium=rss&amp;utm_campaign=select-partner',1,0),(7,4,'2018-08-29 15:24:11','Sign-up for Magento Shipping today!','Looking to reduce your shipping costs? Want to expand delivery options you offer your customers? Ship internationally?\n\nYou can with Magento Shipping. Magento Shipping lets you:\n\n•	Easily connect with global shipping carriers from within the Magento Admin \n•	Reduce shipping-related costs\n•	Automate order fulfillment and logistics \n•	Drive cart conversion, customer loyalty, and revenue \n\nIt’s time to take advantage of the new Magento Shipping sign-up process. Just enter your details and you’re ready to go.\n\nThe sooner you select your plan and register, the faster you’ll turn shipping into a profit machine for your business. \n\nSign up today!\n','http://account.magento.com/shipping/onboarding/start?utm_medium=microsite&amp;utm_campaign=1808-PR-EM-EMEA-APAC-MSH-Self-Service-Sign-Up&amp;utm_source=rss',1,0),(8,1,'2018-09-18 23:21:46','Magento Open Source 2.2.6 delivers important security updates along with performance and functionality enhancements – 9/18/2018','The latest release of Magento Open Source includes important security enhancements along with performance and functionality improvements. With these important updates we strongly recommend that you upgrade to ensure your sites maintain the highest level of security. You can review the release notes for more information about all of the enhancements. For more information about security updates included in these versions of Magento please see our Security Center: https://magento.com/security/patches/magento-2.2.6-and-2.1.15-security-update','https://devdocs.magento.com/guides/v2.2/release-notes/bk-release-notes.html',1,0),(9,4,'2018-10-30 18:22:42','Help Magento improve our product - take a brief survey ','We want your perspectives on Personalization and Experience Optimization. \n\nYour feedback is 100% confidential.\n\nExperience Optimization refers to A/B/n Testing, Recommendations, and Experience Targeting (dynamic content, emails, promotions, etc.)\n\nThank you!\n\nClick here\nhttps://www.surveymonkey.com/r/M2-Exp-Opt-Oct2018','https://www.surveymonkey.com/r/M2-Exp-Opt-Oct2018',1,0),(10,3,'2018-09-29 08:00:00','September 2018: Mageplaza Extensions Releases','In September 2018, we released 4 brand new extension(s), and update 9 extension(s). Please read the following information to learn what we’ve worked on this month.','https://www.mageplaza.com/blog/releases-2018-09/?utm_source=notification&amp;utm_medium=rss&amp;utm_campaign=released',1,0),(11,3,'2018-10-29 08:00:00','October 2018: Mageplaza Extensions Releases','In October 2018, we released 3 brand new extension(s), and update 10 extension(s). Please read the following information to learn what we’ve worked on this month.','https://www.mageplaza.com/blog/releases-2018-10/?utm_source=notification&amp;utm_medium=rss&amp;utm_campaign=released',1,0),(12,4,'2018-10-30 00:00:00','Creepy Halloween Sales up to 100% off','This party is not for the faint-hearted. Are you brave enough to join us? If you stay, the good news is you have a chance to get from at least 10% to 100% discount on Mageplaza store.','https://www.mageplaza.com/halloween-2018/?utm_source=notification&amp;utm_medium=rss&amp;utm_campaign=halloween',1,0),(13,4,'2018-11-22 00:00:00','Holiday Shopping Season Ultimate Guidelines 2018','The Ultimate Guides for Holiday Shopping Season','https://www.mageplaza.com/blog/holiday-shopping-season/home.html?utm_source=notification&amp;utm_medium=rss&amp;utm_campaign=BFCM',0,0),(14,4,'2018-11-23 00:00:00','BFCM is here, 40% OFF','The biggest sales of the year. 40% off on everything Nov 23-26 EST Time.','https://www.mageplaza.com/magento-2-extensions/?utm_source=notification&amp;utm_medium=rss&amp;utm_campaign=BFCM',0,0),(15,4,'2018-11-27 20:30:21','Benefit from the Magento Ad Channels Early Access Program','Magento Ad Channels will simplify the set up and administration of Google Merchant Center and Google Ads, while also helping maximize Google Ads ROI to help you accelerate your business growth.\n \nAs an Early Access Program participant, you will gain:\n \n• Exclusive pre-release access to Magento Ad Channels\n• Feedback opportunities to impact features and capabilities\n \nIf you’re a Magento Open Source 2.2.2 or later user, please send an email to sales_channels@magento.com to participate.','https://magento.com/google-smart-shopping-campaigns-in-magento',0,0),(16,1,'2018-11-28 21:03:20','Magento Open Source 2.3.0 delivers Powerful New Merchant and Developer Experience Enhancements – 11/28/2018','The latest release of Magento Commerce includes powerful new tools that enhance both merchant and developer experiences like multi-source inventory management to improve operations and PWA Studio to help create engaging mobile shopping experiences. Magento 2.3 also delivers important security enhancements and performance improvements. With these important updates we strongly recommend that you upgrade to ensure your sites maintain the highest level of security. You can review the release notes for more information about all of the enhancements.','https://devdocs.magento.com/guides/v2.3/release-notes/bk-release-notes.html',0,0),(17,4,'2018-12-04 12:23:39','FAQ: How to configure &quot;read more&quot; in your Magento 2 blog post',' If you still don\'t know how to configure read more functionality in your magento 2 blog post, please read this article.\n                Online documentation for Magento 2 blog extension is also available on our website. http://goo.gl/XOEdpy ','http://magefan.com/blog/add-read-more-tag-to-blog-post-content/?from=notification1',0,0),(18,4,'2018-11-30 00:00:00','November Updates &amp; Releases for your Mageplaza Extensions','In November 2018, we released 2 brand new extensions, and update 3 extensions. Please read the following information to learn what we’ve worked on this month.','https://www.mageplaza.com/blog/releases-2018-11/?utm_source=notification&amp;utm_medium=rss&amp;utm_campaign=BFCM',0,0),(19,4,'2018-12-12 00:00:00','December Updates &amp; Releases for your Mageplaza Extensions','In December 2018, we released 5 brand new extensions, and update 4 extensions. Please read the following information to learn what we’ve worked on this month.','https://www.mageplaza.com/blog/releases-2018-12/?utm_source=notification&amp;utm_medium=rss&amp;utm_campaign=BFCM',0,0),(20,4,'2018-12-12 22:08:04','What does 2019 look like for you? Take our Retail Trends survey!','Let us know what\'s important to you and your business in 2019!\n\nWe invite you to take our retail trends survey which should take no more than a few minutes to complete. As always, any individual information you provide will remain strictly confidential.\n\nYou can take the survey at: \nwww.surveymonkey.com/r/GHNQTJ2\n','https://www.surveymonkey.com/r/GHNQTJ2',0,0),(21,4,'2018-12-15 22:49:38','Embed YouTube video with Magento 2 YouTube widget extension by Magefan.','Simple to use, no HTML knowledge required. Includes video lazy load technique for better page speed.','https://magefan.com/magento2-youtube-extension?from=ntf-new',0,0),(22,4,'2018-12-21 00:00:00','Xmas sale 2018 - 30% off on all extensions','A big chance to buy Mageplaza extensions with 30% off which you will definitely use in 2019. Be quick and save money NOW!','https://www.mageplaza.com/magento-2-extensions/?utm_source=notification&amp;utm_medium=rss&amp;utm_campaign=XMAS',0,0),(23,3,'2019-02-18 10:23:01','New version 2.8.7 of Magefan Magento 2 Blog Extension is now available.',' You can download the new version from Magefan Store or update it via composer. Get us in touch if you need our help with an update or you have any questions.\n                                https://magefan.com/magento2-blog-extension?version=2.8.7\n                             ','https://magefan.com/magento2-blog-extension?version=2.8.7',0,0),(24,4,'2018-11-30 00:00:00','November Updates &amp; Releases for your Mageplaza Extensions','In November 2018, we released 2 brand new extensions, and update 3 extensions. Please read the following information to learn what we’ve worked on this month.','https://www.mageplaza.com/blog/releases-2018-11/?utm_source=notification&amp;utm_medium=rss&amp;utm_campaign=released',0,0),(25,4,'2018-12-12 00:00:00','December Updates &amp; Releases for your Mageplaza Extensions','In December 2018, we released 5 brand new extensions, and update 4 extensions. Please read the following information to learn what we’ve worked on this month.','https://www.mageplaza.com/blog/releases-2018-12/?utm_source=notification&amp;utm_medium=rss&amp;utm_campaign=released',0,0),(26,4,'2019-01-31 00:00:00','January Updates &amp; Releases for your Mageplaza Extensions','In January 2019, we released 20 brand new extensions, and update 17 extensions. Please read the following information to learn what we’ve worked on this month.','https://www.mageplaza.com/blog/releases-2019-01/?utm_source=notification&amp;utm_medium=rss&amp;utm_campaign=released',0,0),(27,4,'2019-02-01 00:00:00','A Big Change in Mageplaza Refund Policy from Feb 01 2019','From Feb 01, 2019, Mageplaza officially applies a new refund policy which allows customers to ask for a full refund within 60 days instead of 30 days. Please read the details to learn more','https://www.mageplaza.com//blog/double-extend-to-60-day-money-back-guarantee.html/?utm_source=notification&amp;utm_medium=rss&amp;utm_campaign=refundpolicy',0,0),(28,4,'2019-02-04 00:00:00','Lunar New Year Sale 2019','Don\'t miss a chance to get Mageplaza extensions with 25% off from Feb 04 to Feb 06 (EST timezone). Be quick friends!','https://www.mageplaza.com/magento-2-extensions/?utm_source=notification&amp;utm_medium=rss&amp;utm_campaign=Tetsale2019',0,0),(29,4,'2019-02-14 00:00:00','Couples\' Day Sale 2019','Use code COUPLE25 when you buy 2 extensions to get 25% off. From Feb 14 to 16 (EST timezone). Our message: Great things come in pairs','https://www.mageplaza.com/deals/?utm_source=notification&amp;utm_medium=rss&amp;utm_campaign=valentine2019',0,0),(30,4,'2019-02-12 22:15:58','Take our brief product survey.','Hello Magento Community, \n\nThrough this survey, the product team at Magento wants seek feedback on three different topics i.e. Magento Security,  Sales Channel, and Magento Cloud. Your feedback will help us to make better product decisions in future.\n\n**if you are a partner/non-seller/non-merchant taking this survey, please respond to the survey on behalf of your clients/merchants to whom these questions/topics may apply.\n\nYour feedback is 100% confidential and will not be shared in any way.\n\n\nThanks\nMagento UX\n\nhttps://www.surveymonkey.com/r/M2_Feb2019_ProductUXSurvey\n','https://www.surveymonkey.com/r/M2_Feb2019_ProductUXSurvey',0,0),(31,1,'2019-03-01 20:19:18','Action required: Update Authorize.Net Direct Post from MD5 to SHA-512 – 3/1/2019','Magento\'s implementation of the Authorize.Net Direct Post payment method uses MD5 based hash, and on March 14, 2019 Authorize.net will stop supporting MD5 based hash usage. This will result in Magento merchants not being able to process payments using Authorize.Net Direct Post. To avoid disruption and to continue processing payments, merchants need to apply a patch provided by Magento and add a Signature Key (SHA-512) in the Magento Admin configuration settings. For information on applying this patch please see the Magento Help Center.\n\nhttps://support.magento.com/hc/en-us/articles/360024368392','https://support.magento.com/hc/en-us/articles/360024368392',0,0),(32,4,'2019-02-14 00:00:00','Reward Points Ultimate Released 2 Hot Features','Reward Points extension now supports API and importation function. Check it out','https://www.mageplaza.com/magento-2-reward-points-extension/?utm_source=notification&amp;utm_medium=rss&amp;utm_campaign=released',0,0),(33,4,'2019-03-04 00:00:00','February Updates &amp; Releases for your Mageplaza Extensions','In February 2019, we released 4 brand new extensions, and update 7 extensions. Please read the following information to learn what we’ve worked on this month.','https://www.mageplaza.com/blog/releases-2019-02/?utm_source=notification&amp;utm_medium=rss&amp;utm_campaign=released',0,0),(34,4,'2019-03-05 14:50:47','Deprecation Notice','Catalog Search is currently configured to use the MySQL engine, which has been deprecated. Consider migrating to one of\nthe Elasticsearch engines now to ensure there are no service interruptions during your next upgrade.','',0,0),(35,4,'2019-03-17 00:00:00','St Patrick\'s Day Sale - 20% off','Happy St. Patrick\'s Day! You have 25% discount on every extension on Mageplaza. Don\'t forget to use it before the sale ends. Explore now!!!','https://www.mageplaza.com/magento-2-extensions/?utm_source=notification&amp;utm_medium=rss&amp;utm_campaign=stpatrick',0,0),(36,4,'2019-03-20 03:53:15','Is it time to take your Magento Open Source commerce to the next level? ','We’re here to help! Magento Commerce Cloud gives you access to Page Builder, a powerful drag-and-drop content creation and editing tool that allows you to quickly design, test and launch new content with no coding or developer support required. Check it out with a free demo today.  http://bit.ly/2HwGsBs ','http://bit.ly/2HwGsBs',0,0),(37,4,'2019-03-23 00:00:00','Hot release of the week','Mageplaza Mass Order Action for Magento has been released on our store this week. It cuts down a huge amount of time for admins. Yass!! Give it a try and have more time to enjoy your coffee at work!!!','https://www.mageplaza.com/magento-2-mass-order-actions/?utm_source=notification&amp;utm_medium=rss&amp;utm_campaign=release',0,0),(38,4,'2019-03-25 20:26:07','We’re here to help grow your business and take your commerce strategy to the next level.  ','Is it time to graduate from Magento Open Source and take the next step in your growth? Magento Commerce Cloud gives you out of the box content creation capabilities with our Page Builder tool, mobile responsive layouts, measurement and management tools, and so much more. Get a no obligation demo today. http://bit.ly/2HwGsBs ','http://bit.ly/2HwGsBs ',0,0),(39,1,'2019-03-26 18:05:01','Magento Open Source 2.3.1 delivers Powerful New Merchant and Developer Experience Enhancements – 3/26/2019','The latest release of Magento Open Source empowers merchants to act more quickly, operate more efficiently, and scale their businesses. Magento 2.3.1 also delivers important security enhancements and performance improvements. With these important updates we strongly recommend that you upgrade to ensure your sites maintain the highest level of security. You can review the release notes for more information about all of the enhancements.','https://devdocs.magento.com/guides/v2.3/release-notes/bk-release-notes.html',0,0),(40,4,'2019-03-27 22:47:30','2019: Your Time to Join the Progressive Web App Movement ','Progressive Web App technology is enabling smarter, faster mobile shopping experiences. Forrester presents their latest findings on this next-generation technology, now available on Magento Commerce 2. Read the report and reshape your customers mobile engagement. \nLearn more: http://bit.ly/2W5r4zg ','http://bit.ly/2W5r4zg  ',0,0),(41,4,'2019-04-04 00:00:00','March releases &amp; updates for your Mageplaza extensions','Last month, Mageplaza released 5 brand new extensions and update 1 extension. Check it out and find out your favorite one!','https://www.mageplaza.com/blog/releases-2019-03/?utm_source=notification&amp;utm_medium=rss&amp;utm_campaign=release',0,0),(42,4,'2019-04-10 20:16:37','How low can your commerce Total Cost of Ownership go?','Magento provides multiple eCommerce offerings with unique benefits. The question becomes: Is your free version of Magento Open Source the best option for your business and budget? Properly evaluate the all-in costs of software, development, upkeep and support needs with this free guide: http://bit.ly/2WLcNIz ','http://bit.ly/2WLcNIz',0,0),(43,4,'2019-04-18 14:18:53','Open Source is great, but is it always a better value? Not necessarily.   ','Let’s shed light on the perception that Magento Open Source is always the cheaper option. Spoiler alert – you may be surprised. Learn how Magento Commerce accelerates time to market, simplifies content creation, scales with your business and more in our myth-busting guide: http://bit.ly/2COUs5E ','http://bit.ly/2COUs5E',0,0),(44,4,'2019-04-23 22:53:48','Seamlessly add intelligent, global shipping to your Magento store ','Provide the shipping and pickup options required to compete. Meet customer expectations, drive conversion, increase revenue, and lower abandonment. Learn more: http://bit.ly/2DtWitd','http://bit.ly/2DtWitd',0,0),(45,4,'2019-04-30 22:49:23','Improve customer experience with intelligent, multi-carrier shipping ','Provide the shipping and pickup options required to compete. Meet customer expectations, drive conversion, increase revenue, and lower abandonment. Learn more: http://bit.ly/2DtWitd ','http://bit.ly/2DtWitd ',0,0),(46,4,'2019-05-02 21:41:03','7 Secrets to a Successful Migration: How Beer Hawk Upgraded from Magento Open Source 1 to Magento Commerce 2','Find out how Beer Hawk, a leading online craft beer retailer, experienced explosive growth after upgrading to Magento Commerce 2 in only 3 months. Joined by their solutions partner, Pinpoint, learn about the challenges they faced, the things they wished they would have known in advance, and how this new platform is enabling the rapid expansion of omnichannel bars and subscription models. Attend Magento Imagine 2019. Learn more: http://bit.ly/2vBledY','http://bit.ly/2vBledY',0,0),(47,4,'2019-05-05 21:05:29','Drive cart conversion and revenue with Magento Shipping','Provide the shipping and pickup options required to compete. Meet customer expectations, drive conversion, increase revenue, and lower abandonment. Learn more: http://bit.ly/2DtWitd','http://bit.ly/2DtWitd',0,0),(48,4,'2019-05-13 17:49:35','New Google Shopping Ads Channel Extension Available','Connect with a new, powerful Magento-developed extension for Open Source 2.2.4+ users via the Magento Marketplace: Google Shopping Ads Channel! With Google Shopping Ads Channel you can connect your Magento store with Google Merchant Center and Google Ads seamlessly; and run Smart Shopping campaigns to cost-effectively reach and convert more shoppers. Download the extension for free. ','http://marketplace.magento.com/magento-google-shopping-ads.html',0,0),(49,4,'2019-05-22 18:55:29','New Amazon Sales Channel Extension Available','Connect with a new, powerful Magento-developed extension for Open Source 2.2.4+ users via the Magento Marketplace: Amazon Sales Channel! Merchants around the world can use this extension to sell their products to millions of shoppers on the U.S., Canada, and Mexico Amazon marketplaces. The extension allows for seamless integration of your product catalog, inventory, and order information with Amazon. Download the extension for free. ','http://marketplace.magento.com/magento-module-amazon.html',0,0),(50,3,'2019-05-29 12:35:07','New version 2.8.10 of Magefan Magento 2 Blog Extension is now available.',' You can download the new version from Magefan Store or update it via composer. Get us in touch if you need our help with an update or you have any questions.\n                                https://magefan.com/magento2-blog-extension?version=2.8.10\n                             ','https://magefan.com/magento2-blog-extension?version=2.8.10',0,0),(51,4,'2019-06-17 20:50:39','How low can your commerce Total Cost of Ownership go?  ','Magento provides multiple eCommerce offerings with unique benefits. The question becomes: Is your free version of Magento Open Source the best option for your business and budget? Properly evaluate the all-in costs of software, development, upkeep and support needs with this free guide: http://bit.ly/2XMWGLw','http://bit.ly/2XMWGLw',0,0),(52,1,'2019-06-25 16:09:17','Important Security and Performance Updates Released in Magento 2.3.2','The latest releases of Magento include important security enhancements along with performance and productivity improvements. We strongly recommend that you upgrade to ensure your sites maintain the highest level of security. You can review the release notes for more information about all of the enhancements and information on security updates included in these versions of Magento at our Security Center: https://magento.com/security/','https://devdocs.magento.com/guides/v2.3/release-notes/bk-release-notes.html',0,0),(53,1,'2019-08-08 13:28:15','PSD2 Compliance Deadline: 09/14/2019','On September 14, the new Payment Services Directive (PSD2) will go into effect for all merchants who sell to customers in the EU. For information on compliance, PSD2 Authentication Standards, and actions that need to be taken prior to the deadline, please see the Magento DevBlog. https://community.magento.com/t5/Magento-DevBlog/3D-Secure-2-0-changes/ba-p/136460','https://community.magento.com/t5/Magento-DevBlog/3D-Secure-2-0-changes/ba-p/136460',0,0),(54,3,'2019-08-08 16:46:49','New version 2.9.0 of Magefan Magento 2 Blog Extension is now available.',' You can download the new version from Magefan Store or update it via composer. Get us in touch if you need our help with an update or you have any questions.\n                                https://magefan.com/magento2-blog-extension?version=2.9.0\n                             ','https://magefan.com/magento2-blog-extension?version=2.9.0',0,0),(55,4,'2019-04-04 00:00:00','June releases &amp; updates for your Mageplaza extensions','Last month, Mageplaza released 1 brand new extension and 18 updates. Check it out!','https://www.mageplaza.com/blog/releases-2019-06/?utm_source=notification&amp;utm_medium=rss&amp;utm_campaign=release',0,0),(56,4,'2019-08-23 14:07:14','MagentoLive Europe 2019','Join 2000+ Commerce Innovators for MagentoLive Europe in Amsterdam from 22-23 October. Register Now!','https://live-eu.magento.com/',0,0),(57,4,'2019-08-27 14:06:49','Breaking news! Adobe (Magento) is recognized by Gartner as a Leader based on Magento Commerce in the 2019 Magic Quadrant for Digital Commerce. ','Learn why Magento Commerce is a Leader for a third year in a row and continues to move because of our ability to execute. Read the full report: http://bit.ly/2Zj3CVs','http://bit.ly/2Zj3CVs',0,0),(58,4,'2019-09-02 00:00:00','Big sale on Vietnam Independence Day','20% off on all extensions from Sep 02 - 04. Grab your deals now! Happy Independence Day xxx','https://www.mageplaza.com/magento-2-extensions/?utm_source=notification&amp;utm_medium=rss&amp;utm_campaign=sale',0,0),(59,4,'2019-09-22 19:58:36','Magento 2 Zero Downtime Deployment Script',' Do you hate to see when your store is broken while running Magento 2 deployment commands? In the next 5 minutes, we\'ll help you with this issue. ','https://magefan.com/blog/magento-2-zero-downtime-deployment',0,0),(60,4,'2019-10-01 16:15:34','It’s time to take your operations in a new direction by diversifying your revenue streams. ','We’ve got five ways you can effortlessly boost sales while reaching a wider audience. Download this informative guide and start fast-tracking your revenue growth today. Link: http://bit.ly/2m6svAN','http://bit.ly/2m6svAN',0,0),(61,4,'2019-10-08 18:50:49','It’s time to get your digital business out of the slow lane. ','Accelerate your revenue growth and drive customer satisfaction with these 5 must-have eCommerce features. Download this informative guide: http://bit.ly/2lLFOX6','http://bit.ly/2lLFOX6',0,0),(62,1,'2019-10-09 19:59:13','Magento Open Source 2.3.3 delivers important security updates along with performance and functionality enhancements – 10/9/2019 ','The latest release of Magento Open Source 2.3.3, Magento Open Source 2.2.10 and our new security-only patch 2.3.2-p2 are now available. Magento Open Source 2.3.3 includes important security enhancements along with new features, improved performance, and quality. With these important updates we strongly recommend that you upgrade to ensure your sites maintain the highest level of security. You can review the release notes for more information about all of the enhancements. For more information about security updates included in these versions of Magento please see our Security Center: https://magento.com/security/','https://devdocs.magento.com/guides/v2.3/release-notes/bk-release-notes.html',0,0),(63,1,'2019-10-14 15:58:01','Important hotfix for Magento Open Source 2.3.3','A hotfix for Magento Open Source 2.3.3 has been published to address an issue related to Elasticsearch that may present itself during or after upgrading to our latest 2.3.3 release. We strongly recommend that everyone upgrading to 2.3.3, download and apply this hotfix prior to deployment. For more information please visit our release notes. https://devdocs.magento.com/guides/v2.3/release-notes/bk-release-notes.html ','https://devdocs.magento.com/guides/v2.3/release-notes/bk-release-notes.html',0,0),(64,4,'2019-10-16 13:53:12','You are invited: The True Cost Savings of Magento Commerce Webinar','Join other Magento Open Source customers for a live webinar on October 30th with commerce experts Matthew Boland and John Glasgow from Adobe to learn how upgrading from Open Source to Magento Commerce can trim your costs and deliver major ROI. Register today: http://bit.ly/2BcYK5A','http://bit.ly/2BcYK5A',0,0),(65,4,'2019-10-20 20:36:23','NEW Magento 2 Alternate Hreflang Tags Extension with Better Store Switcher\n',' Do you manage Magento multi-language store without using Hreflang tags? You should definitely enable them. ','https://magefan.com/magento2-alternate-hreflang-extension',0,0),(66,4,'2019-09-30 00:00:00','Flash sale - TODAY only','15% off on all extensions TODAY ONLY (Sep 30). Find your extensions now','https://www.mageplaza.com/magento-2-extensions/?utm_source=notification&amp;utm_medium=rss&amp;utm_campaign=sale',0,0),(67,4,'2019-10-23 12:49:48','eBook: Advanced Strategies for Fast-Tracking Revenue Growth','Take your business in a new direction by selling more to a larger audience. Our guide explains 5 ways you can quickly add new revenue streams to your business. Link here: http://bit.ly/2m6svAN','http://bit.ly/2m6svAN',0,0),(68,4,'2019-11-11 18:31:19','Special Offer for Open Source Customers through November 29th.','Take advantage of a special discount when you move to a Magento Commerce cloud subscription (formerly Enterprise Edition) through November 29th. With exciting new features like Page Builder and Content Staging and Preview, now is the perfect time to contact us. Link here: http://bit.ly/2O4hPNg','http://bit.ly/2O4hPNg',0,0),(69,3,'2019-11-13 12:04:05','New version 2.9.1 of Magefan Magento 2 Blog Extension is now available.',' You can download the new version from Magefan Store or update it via composer. Get us in touch if you need our help with an update or you have any questions.\n                                https://magefan.com/magento2-blog-extension?version=2.9.1\n                             ','https://magefan.com/magento2-blog-extension?version=2.9.1',0,0),(70,4,'2019-12-02 15:09:11','2020: The Year You Reimagine Your Mobile Platform','Smarter, faster mobile shopping experiences are now achievable with Progressive Web App technology. Forrester reveals how to leverage this next-generation technology, now available on Magento Commerce 2. Reimagine your mobile environment with this exclusive report.  Link here: http://bit.ly/2W5r4zg','http://bit.ly/2W5r4zg ',0,0),(71,4,'2019-12-09 18:08:56','Online B2B purchases are set to skyrocket to $9 trillion in the US alone this year. Get in on the action with B2B and B2C selling.','The lines between B2B and B2C commerce are blurring. Here’s 5 reasons to go hybrid with your commerce strategy in 2020. http://bit.ly/2DPgAx0','http://bit.ly/2DPgAx0',0,0),(72,4,'2019-12-16 18:39:06','Did you know? A whopping 89% of B2B businesses now rely on digital content to guide their purchasing process.','Learn how you can integrate compelling content into your B2B sales strategy with our latest eBook. Download Now: http://bit.ly/368QIbu','http://bit.ly/368QIbu',0,0),(73,4,'2020-01-02 18:26:08','Are you set up to achieve your eCommerce goals? Make upgrading your resolution for 2020.','Upgrading to Magento Commerce might cost less than you think. Watch our webinar to learn the true cost savings of upgrading to Magento Commerce 2. Watch Now: http://bit.ly/2BcYK5A','http://bit.ly/2BcYK5A',0,0),(74,4,'2020-01-13 18:02:52','eCommerce is an ocean of opportunity. Take our quiz and find out if you are a pilot fish, octopus, or shark.','Find out if you’re ready to sell with the big fish by taking our brief quiz designed to identify your competitive selling potential. Answer our set of quick questions to see where you stack up and receive personalized resources to give your digital growth strategy some teeth. http://bit.ly/2NkNvhS','http://bit.ly/2NkNvhS',0,0),(75,4,'2019-09-30 00:00:00','BLACK FRIDAY CYBER WEEK SUPER SALES','Up to 30% off on ALL extensions PLUS up to 15% off when buying from 2 modules. Check it out NOW.','https://www.mageplaza.com/magento-2-extensions/?utm_source=notification&amp;utm_medium=rss&amp;utm_campaign=sale',0,0),(76,4,'2019-12-11 00:00:00','Last chance 2019','30% ALL extensions on everything. Check it out NOW.','https://www.mageplaza.com/magento-2-extensions/?utm_source=notification&amp;utm_medium=rss&amp;utm_campaign=sale-12',0,0),(77,4,'2019-12-11 00:00:00','Holiday Announcement &amp; Christmas sale','Some important notes about holiday supports and Christmas sales in 3 days. Read more here','https://www.mageplaza.com/blog/holiday-announcement.html/?utm_source=notification&amp;utm_medium=rss&amp;utm_campaign=sale-12',0,0),(78,4,'2020-01-14 00:00:00','Releases &amp; updates in 2019 December on Mageplaza','15 hot releases and 33 important updates last month. Read more here','https://www.mageplaza.com/blog/releases-2019-12/?utm_source=notification&amp;utm_medium=rss&amp;utm_campaign=sale-12',0,0),(79,4,'2020-01-21 17:05:32','2020 goal: Is your product content keeping up with your customers?','Magento Page Builder gives you fast content updates and even faster growth. Download our eBook to learn more. Link here: http://bit.ly/2NyTuQf','http://bit.ly/2NyTuQf',0,0),(80,4,'2020-01-22 20:44:55','NEW  Magento 2 CMS Display Rules Extension.','Magento 2 CMS Display Rules is the extension for Magento 2 stores that allows online merchants to manage the display of CMS Pages and CMS Block for different customer groups, on different dates, days of the week, the exact time during the day and even conditions based on product attributes and shopping cart items and total.','https://magefan.com/magento-2-cms-display-rules-extension?from=ntf-new',0,0),(81,4,'2020-01-27 16:01:40','Learn The 6 Sweet Features Behind Every Irresistible eCommerce Experience. ','92% percent of online shoppers call it quits before checkout over poor site performance. Discover the six essential features your commerce platform needs to create truly memorable customer moments. Link here: http://bit.ly/2RrcS4d\n','http://bit.ly/2RrcS4d',0,0),(82,1,'2020-01-28 20:09:22','Magento Open Source 2.3.4 delivers important security updates and features to help you build a more engaging customer experience – 1/28/2020','The latest releases of Magento Open Source – 2.3.4, 2.3.3-p1, and 2.2.11 – are now generally available. The latest release of Magento Open Source includes important security enhancements along with new functionality and platform quality improvements. With these important updates we strongly recommend that you upgrade to ensure your sites maintain the highest level of security. You can review the release notes for more information about all of the enhancements. Learn how this release can help you build a more engaging customer experience at Magento.com/blog.','https://devdocs.magento.com/guides/v2.3/release-notes/bk-release-notes.html',0,0),(83,3,'2020-01-30 15:58:00','New version 2.9.2 of Magefan Magento 2 Blog Extension is now available.',' You can download the new version from Magefan Store or update it via composer. Get us in touch if you need our help with an update or you have any questions.\n                                    https://magefan.com/magento2-blog-extension?version=2.9.2\n                                 ','https://magefan.com/magento2-blog-extension?version=2.9.2',0,0),(84,4,'2020-02-03 19:53:41','You are invited: Seize the New Year– 5 Growth Strategies for 2020.','Join us for a live webinar on February 13th with Magento experts Shannon Hane and Matthew Wasley from Adobe to learn the latest eCommerce strategies to accelerate revenue growth in 2020. Register today: http://bit.ly/2GPpb4b','http://bit.ly/2GPpb4b',0,0),(85,4,'2020-02-10 16:41:26','Are you putting off integrating your ERP and eCommerce?','Get started on the journey to a more integrated and profitable eCommerce business. Download our comprehensive guide, eCommerce + ERP: Better Together. http://bit.ly/33XMHVV','http://bit.ly/33XMHVV',0,0),(86,4,'2020-02-12 15:11:23','Join Tomorrow\'s Webinar: Seize the New Year– 5 Growth Strategies for 2020.','Join us for a live webinar tomorrow, February 13th with Magento experts Shannon Hane and Matthew Wasley from Adobe to learn the latest eCommerce strategies to accelerate revenue growth in 2020. Register today: http://bit.ly/2GPpb4b','http://bit.ly/2GPpb4b',0,0),(87,4,'2020-03-03 10:31:04','Disable Notice','To improve performance, collecting statistics for the Magento Report module is disabled by default. \nYou can enable it in System Config.','',0,0),(88,4,'2020-02-12 15:11:23','Join Tomorrow&#039;s Webinar: Seize the New Year– 5 Growth Strategies for 2020.','Join us for a live webinar tomorrow, February 13th with Magento experts Shannon Hane and Matthew Wasley from Adobe to learn the latest eCommerce strategies to accelerate revenue growth in 2020. Register today: http://bit.ly/2GPpb4b','http://bit.ly/2GPpb4b',0,0),(89,1,'2020-03-05 21:25:23','Retrieving data. Wait a few seconds and try to cut or copy again.','&quot;We have discovered an error in Magento 2.3.4 that can prevent a shopper from completing an order when using PayPal Express Checkout. The issue occurs for any country where the region field in the address section is a text field (as opposed to a drop-down menu).\nWe have released a hotfix to resolve this issue and recommend that merchants on Magento version 2.3.4 who are also using PayPal Express Checkout download and apply this hotfix as soon as possible to prevent further errors. Please refer to our help center for instructions and troubleshooting. A fix for this issue will be included in Magento 2.3.5.','https://support.magento.com/hc/en-us/articles/360039451972',0,0),(90,3,'2020-03-17 17:04:55','New version 2.9.3 of Magefan Magento 2 Blog Extension is now available.',' You can download the new version from Magefan Store or update it via composer. Get us in touch if you need our help with an update or you have any questions.\n                                    https://magefan.com/magento2-blog-extension?version=2.9.3\n                                 ','https://magefan.com/magento2-blog-extension?version=2.9.3',0,0),(91,4,'2020-03-16 00:00:00','St. Patrick&#039;s Day Sale Announcement','20% discount on every extension is on NOW. Ends on March 18th, don&#039;t miss out','https://www.mageplaza.com/deals/?utm_source=notification&amp;utm_medium=rss&amp;utm_campaign=sale-12',0,0),(92,4,'2020-03-25 00:00:00','COVID-19 Mageplaza Support Campaign','25% discount on all extensions for young business during the coronavirus pandemic. Check it out','https://www.mageplaza.com/blog/covid-mageplaza-support-young-ebusiness-during-pandemic.html?utm_source=notification&amp;utm_medium=rss&amp;utm_campaign=sale-12',0,0),(93,4,'2020-03-20 15:03:20','Simplify and accelerate your content updates with Page Builder','Content is critical to eCommerce engagement. In fact, 87 percent of shoppers say product content has a high impact on their purchasing decisions. Page Builder delivers a drag-and-drop content creation and management tool which simplifies your website updates from start to finish. Learn how this powerful creative tool can grow your business. Link here: http://bit.ly/2NyTuQf','http://bit.ly/2NyTuQf',0,0),(94,1,'2020-03-24 16:02:43','Important Hot Fix Available for Magento Commerce 2.3','A new Hot Fix is available to close a security issue in Magento Open Source 2.3, all versions. We recommend that users of potentially affected deployments take immediate action by updating your Magento installation with the latest patch. Please review our Security Blog via the included link for more information about the bug and how to apply the Hot Fix.','https://magento.com/security/hot-fix-available-cve-2019-8118',0,0),(95,4,'2020-04-08 16:41:38','Watch On-Demand Webinar: Seize the New Year– 5 Growth Strategies for 2020.','Magento experts Shannon Hane and Matthew Wasley from Adobe will share the latest eCommerce strategies to accelerate revenue growth in 2020. Watch now: http://bit.ly/2GPpb4b','http://bit.ly/2GPpb4b',0,0),(96,4,'2020-04-10 17:14:30','You are invited! Join our live webinar on April 23rd: The True Cost Savings of Magento Commerce 2.','Join us for The True Cost Savings of Magento Commerce 2 webinar on April 23rd. John Glasgow and Matt Boland from Adobe will discuss how your business can reduce operating costs and grow revenue. Leading solution partner Atwix will also share how they are helping customers launch innovative solutions to meet expectations in today’s environment. Register Now: https://bit.ly/2JRgJCX','https://bit.ly/2JRgJCX',0,0),(97,4,'2020-04-14 22:03:09','Upgrade to Magento Commerce with no payments for the first 3 months. ','Adobe is committed to supporting merchants during this challenging time. Upgrade to Magento Commerce 2 quickly and affordably with limited time offers. Pay nothing for the first 3 months, and our Magento Commerce launch package will get you up and running fast. Free Magento U classes will ensure your teams are fully equipped to take their digital operations to the next level. Learn more: https://bit.ly/2RBnk8M','https://bit.ly/2RBnk8M',0,0),(98,4,'2020-04-22 16:52:09','Join Tomorrow&#039;s Webinar: The True Cost Savings of Magento Commerce 2.','Join us for a live webinar tomorrow, April 23rd. John Glasgow and Tricia Lee from Adobe will discuss how your business can reduce operating costs and grow revenue. They will also review special limited time offers. Slava Kravchuk from Atwix, # 1 Contributing Partner, will also share a customer case study leading the way in innovative B2B retail experiences. Register Now: https://bit.ly/2JRgJCX','https://bit.ly/2JRgJCX',0,0),(99,1,'2020-04-28 18:29:06','Magento Open Source 2.3.5-p1 delivers important security updates and features ','The latest releases of Magento Open Source – 2.3.5-p1 and 2.3.4-p2 – are now generally available. The latest release of Magento Open Source includes important security enhancements along with new functionality and platform quality improvements. With these important updates we strongly recommend that you upgrade to ensure your sites maintain the highest level of security. You can review the release notes for more information about all of the enhancements. Learn how this release can help you save time and maximize resources at Magento.com/blog. ','https://devdocs.magento.com/guides/v2.3/release-notes/bk-release-notes.html',0,0),(100,3,'2020-05-02 20:51:30','New version 2.9.4 of Magefan Magento 2 Blog Extension is now available.',' You can download the new version from Magefan Store or update it via composer. Get us in touch if you need our help with an update or you have any questions.\n                                    https://magefan.com/magento2-blog-extension?version=2.9.4\n                                 ','https://magefan.com/magento2-blog-extension?version=2.9.4',0,0),(101,4,'2020-05-04 18:02:10','One Platform to Rule them All','The lines between B2B and B2C commerce are blurring. B2C companies are adding wholesale storefronts while their traditionally B2B counterparts are increasingly selling direct to consumers.','http://bit.ly/2DPgAx0',0,0),(102,1,'2020-05-06 01:15:26','You are invited! Join our live webinar on May 21st: Fast-Track Your Move to Magento Commerce','Join our live webinar on May 21st: Fast-Track Your Move to Magento Commerce. 5x Magento Master, Brent Peterson, will share insider advice on getting your new Magento Commerce site to market in 30 days or less. Also, Tricia Lee from Adobe will cover limited-time offers designed to help merchants upgrade quickly and affordably. Register now: https://bit.ly/2L1lxpW','https://bit.ly/2L1lxpW',0,0),(103,4,'2020-04-10 17:14:30','Watch On-On Demand: The True Cost Savings of Magento Commerce 2.','Join us for The True Cost Savings of Magento Commerce 2 webinar on April 23rd. John Glasgow and Matt Boland from Adobe will discuss how your business can reduce operating costs and grow revenue. Leading solution partner Atwix will also share how they are helping customers launch innovative solutions to meet expectations in today’s environment. Register Now: https://bit.ly/2JRgJCX','https://bit.ly/2JRgJCX',0,0),(104,4,'2020-05-11 23:43:35','5 Ways You Can Deliver Commerce to Your Customers','Now more than ever, eCommerce is helping individuals and communities satisfy their most essential needs. Discover the 5 ways brands are bringing commerce to their customers in our eGuide, The New Everywhere (and Every Device) Commerce. Learn more: https://bit.ly/2YIrL6l','https://bit.ly/2YIrL6l',0,0),(105,4,'2020-05-26 00:00:00','6 days left: COVID-19 Mageplaza Support Campaign','Mageplaza Covid-19 Support Program ends on May 31, if you have not signed up, do it NOW. 25% discount on all extensions for young business during the coronavirus pandemic','https://www.mageplaza.com/blog/covid-mageplaza-support-young-ebusiness-during-pandemic.html?utm_source=notification&amp;utm_medium=rss&amp;utm_campaign=sale-12',0,0),(106,4,'2020-06-08 16:43:12','Find out why Forrester positioned Adobe as a Leader in their latest B2B commerce report.','Read why Adobe was named a Leader in the “Forrester Wave: B2B Commerce Suites, Q2 2020,” and discover how we can support your business with our global partner ecosystem. https://bit.ly/2z845hk','https://bit.ly/2z845hk',0,0),(107,4,'2020-06-11 18:19:15','Ask us your questions during our upcoming webinar, The True Cost Savings of Magento Commerce 2.','Join us on Tuesday, June 23rd, for a new session of The True Cost Savings of Magento Commerce 2 now with extended time for live Q&amp;A. John Glasgow from Adobe will share how your business can reduce operating costs and grow revenue. And Slava Kravchuk from Atwix, # 1 Contributing Partner, will share a customer case study leading the way in innovative B2B retail experiences. Register Now: https://bit.ly/3dLYlsN','https://bit.ly/3dLYlsN',0,0),(108,4,'2020-06-10 00:00:00','8 New deals have been up. All hot extensions','8 high-demand Mageplaza extensions are on sales, up to 25% off. You don&#039;t want to miss them! Check it out NOW','https://www.mageplaza.com/deals/',0,0),(109,4,'2020-06-16 19:19:54','Your input requested: Shipping &amp; Fulfillment','We would like to get your feedback on how you think about and manage your shipping &amp; fulfillment so we can build great features for you! http://selfserve.decipherinc.com/survey/selfserve/9d5/200603','http://selfserve.decipherinc.com/survey/selfserve/9d5/200603',0,0),(110,4,'2022-05-24 15:06:25','Prepared to upgrade to Magento Open Source 2.4.4?','With 2.3 end of support (EOS) in September and 2.4.0-2.4.3 EOS in November, it is critical to have an upgrade plan in place to make sure your site stays secure, performant and PCI-Compliant. Learn more about how Magento Open Source 2.4.4 will future-proof your business.','https://business.adobe.com/blog/perspectives/future-proof-your-business-with-adobe-commerce-2-4-4',0,0),(111,1,'2022-06-22 16:57:43','Attention! Your Blog extension version is extremely outdated. It is strongly recommended to update it to the latest version 2.10.8',' \n                                    https://magefan.com/magento2-blog-extension?ancient=2.9.8                                 ','https://magefan.com/magento2-blog-extension?ancient=2.9.8',0,0);

--
-- Table structure for table `adobe_stock_asset`
--

CREATE TABLE `adobe_stock_asset` (
  `id` int unsigned NOT NULL AUTO_INCREMENT COMMENT 'Entity ID',
  `media_gallery_id` int unsigned DEFAULT NULL COMMENT 'Media gallery ID',
  `category_id` int unsigned DEFAULT NULL COMMENT 'Category ID',
  `creator_id` int unsigned DEFAULT NULL COMMENT 'Creator ID',
  `is_licensed` int unsigned NOT NULL DEFAULT '0' COMMENT 'Is Licensed',
  `creation_date` varchar(255) DEFAULT NULL COMMENT 'Creation Date',
  PRIMARY KEY (`id`),
  KEY `ADOBE_STOCK_ASSET_MEDIA_GALLERY_ID_MEDIA_GALLERY_ASSET_ID` (`media_gallery_id`),
  KEY `ADOBE_STOCK_ASSET_ID` (`id`),
  KEY `ADOBE_STOCK_ASSET_CATEGORY_ID` (`category_id`),
  KEY `ADOBE_STOCK_ASSET_CREATOR_ID` (`creator_id`),
  CONSTRAINT `ADOBE_STOCK_ASSET_CATEGORY_ID_ADOBE_STOCK_CATEGORY_ID` FOREIGN KEY (`category_id`) REFERENCES `adobe_stock_category` (`id`) ON DELETE SET NULL,
  CONSTRAINT `ADOBE_STOCK_ASSET_CREATOR_ID_ADOBE_STOCK_CREATOR_ID` FOREIGN KEY (`creator_id`) REFERENCES `adobe_stock_creator` (`id`) ON DELETE SET NULL,
  CONSTRAINT `ADOBE_STOCK_ASSET_MEDIA_GALLERY_ID_MEDIA_GALLERY_ASSET_ID` FOREIGN KEY (`media_gallery_id`) REFERENCES `media_gallery_asset` (`id`) ON DELETE CASCADE
) ENGINE=InnoDB DEFAULT CHARSET=utf8mb3 COMMENT='Adobe Stock Asset';

--
-- Dumping data for table `adobe_stock_asset`
--


--
-- Table structure for table `adobe_stock_category`
--

CREATE TABLE `adobe_stock_category` (
  `id` int unsigned NOT NULL AUTO_INCREMENT COMMENT 'Entity ID',
  `name` varchar(255) DEFAULT NULL COMMENT 'Name',
  PRIMARY KEY (`id`),
  KEY `ADOBE_STOCK_CATEGORY_ID` (`id`)
) ENGINE=InnoDB DEFAULT CHARSET=utf8mb3 COMMENT='Adobe Stock Category';

--
-- Dumping data for table `adobe_stock_category`
--


--
-- Table structure for table `adobe_stock_creator`
--

CREATE TABLE `adobe_stock_creator` (
  `id` int unsigned NOT NULL AUTO_INCREMENT COMMENT 'ID',
  `name` varchar(255) DEFAULT NULL COMMENT 'Asset creator''s name',
  PRIMARY KEY (`id`),
  KEY `ADOBE_STOCK_CREATOR_ID` (`id`)
) ENGINE=InnoDB DEFAULT CHARSET=utf8mb3 COMMENT='Adobe Stock Creator';

--
-- Dumping data for table `adobe_stock_creator`
--


--
-- Table structure for table `adobe_user_profile`
--

CREATE TABLE `adobe_user_profile` (
  `id` int unsigned NOT NULL AUTO_INCREMENT COMMENT 'Entity ID',
  `admin_user_id` int unsigned NOT NULL DEFAULT '0' COMMENT 'Admin User Id',
  `name` varchar(255) NOT NULL COMMENT 'Display Name',
  `email` varchar(255) NOT NULL COMMENT 'user profile email',
  `image` varchar(255) NOT NULL COMMENT 'user profile avatar',
  `account_type` varchar(255) DEFAULT NULL COMMENT 'Account Type',
  `access_token` text COMMENT 'Access Token',
  `refresh_token` text COMMENT 'Refresh Token',
  `created_at` timestamp NOT NULL DEFAULT CURRENT_TIMESTAMP COMMENT 'Created At',
  `updated_at` timestamp NOT NULL DEFAULT CURRENT_TIMESTAMP ON UPDATE CURRENT_TIMESTAMP COMMENT 'Updated At',
  `access_token_expires_at` timestamp NOT NULL DEFAULT '0000-00-00 00:00:00' COMMENT 'Access Token Expires At',
  PRIMARY KEY (`id`),
  KEY `ADOBE_USER_PROFILE_ADMIN_USER_ID_ADMIN_USER_USER_ID` (`admin_user_id`),
  KEY `ADOBE_USER_PROFILE_ID` (`id`),
  CONSTRAINT `ADOBE_USER_PROFILE_ADMIN_USER_ID_ADMIN_USER_USER_ID` FOREIGN KEY (`admin_user_id`) REFERENCES `admin_user` (`user_id`) ON DELETE CASCADE
) ENGINE=InnoDB DEFAULT CHARSET=utf8mb3 COMMENT='Adobe IMS User Profile';

--
-- Dumping data for table `adobe_user_profile`
--


--
-- Table structure for table `agency_images`
--

CREATE TABLE `agency_images` (
  `entity_id` int unsigned NOT NULL AUTO_INCREMENT COMMENT 'ID',
  `agency_id` int unsigned NOT NULL COMMENT 'Agency ID',
  `image_path` varchar(255) DEFAULT NULL COMMENT 'Image Path',
  `position` varchar(255) NOT NULL COMMENT 'Image Position',
  `label` varchar(255) DEFAULT NULL COMMENT 'Image Label',
  `image_name` varchar(255) DEFAULT NULL COMMENT 'Image Name',
  PRIMARY KEY (`entity_id`),
  KEY `AGENCY_IMAGES_ENTITY_ID` (`entity_id`),
  KEY `AGENCY_IMAGES_AGENCY_ID_MARKETPLACE_USERDATA_ENTITY_ID` (`agency_id`),
  CONSTRAINT `AGENCY_IMAGES_AGENCY_ID_MARKETPLACE_USERDATA_ENTITY_ID` FOREIGN KEY (`agency_id`) REFERENCES `marketplace_userdata` (`entity_id`) ON DELETE CASCADE
) ENGINE=InnoDB AUTO_INCREMENT=7 DEFAULT CHARSET=utf8mb3 COMMENT='Agency Images Table';

--
-- Dumping data for table `agency_images`
--

INSERT INTO `agency_images` VALUES (4,5,'http://lv2018.test/pub/media/tmp/catalog/product/9/_/9.jpg','1',NULL,'9.jpg'),(5,5,'http://lv2018.test/pub/media/tmp/catalog/product/1/_/1.jpg','2',NULL,'1.jpg'),(6,5,'http://lv2018.test/pub/media/tmp/catalog/product/3/_/3.jpg','3',NULL,'3.jpg');

--
-- Table structure for table `agency_section_item`
--

CREATE TABLE `agency_section_item` (
  `entity_id` int unsigned NOT NULL AUTO_INCREMENT COMMENT 'Entity ID',
  `section_id` text COMMENT 'Section ID',
  `agency_id` int unsigned NOT NULL COMMENT 'Agency ID',
  `name` varchar(255) DEFAULT NULL COMMENT 'Name',
  `section_description` text COMMENT 'Section Description',
  PRIMARY KEY (`entity_id`),
  KEY `AGENCY_SECTION_ITEM_ENTITY_ID` (`entity_id`),
  KEY `AGENCY_SECTION_AGENCY_ID_MARKETPLACE_USERDATA_ENTITY_ID` (`agency_id`),
  CONSTRAINT `AGENCY_SECTION_AGENCY_ID_MARKETPLACE_USERDATA_ENTITY_ID` FOREIGN KEY (`agency_id`) REFERENCES `marketplace_userdata` (`entity_id`) ON DELETE CASCADE
) ENGINE=InnoDB DEFAULT CHARSET=utf8mb3 COMMENT='Section Item Table';

--
-- Dumping data for table `agency_section_item`
--


--
-- Table structure for table `amazon_customer`
--

CREATE TABLE `amazon_customer` (
  `entity_id` int unsigned NOT NULL AUTO_INCREMENT COMMENT 'Entity_id',
  `customer_id` int unsigned NOT NULL COMMENT 'Customer_id',
  `amazon_id` varchar(255) NOT NULL COMMENT 'Amazon_id',
  PRIMARY KEY (`entity_id`),
  UNIQUE KEY `AMAZON_CUSTOMER_CUSTOMER_ID_AMAZON_ID` (`customer_id`,`amazon_id`),
  UNIQUE KEY `AMAZON_CUSTOMER_CUSTOMER_ID` (`customer_id`),
  CONSTRAINT `AMAZON_CUSTOMER_CUSTOMER_ID_CUSTOMER_ENTITY_ENTITY_ID` FOREIGN KEY (`customer_id`) REFERENCES `customer_entity` (`entity_id`) ON DELETE CASCADE
) ENGINE=InnoDB DEFAULT CHARSET=utf8mb3 COMMENT='amazon_customer';

--
-- Dumping data for table `amazon_customer`
--


--
-- Table structure for table `amazon_pending_authorization`
--

CREATE TABLE `amazon_pending_authorization` (
  `entity_id` int unsigned NOT NULL AUTO_INCREMENT COMMENT 'Entity_id',
  `order_id` int unsigned NOT NULL COMMENT 'Order_id',
  `payment_id` int unsigned NOT NULL COMMENT 'Payment_id',
  `authorization_id` varchar(255) DEFAULT NULL COMMENT 'Authorization_id',
  `created_at` datetime NOT NULL COMMENT 'Created_at',
  `updated_at` datetime DEFAULT NULL COMMENT 'Updated_at',
  `processed` smallint unsigned DEFAULT '0' COMMENT 'Initial authorization processed',
  `capture` smallint unsigned DEFAULT '0' COMMENT 'Initial authorization has capture',
  `capture_id` varchar(255) DEFAULT NULL COMMENT 'Initial authorization capture id',
  PRIMARY KEY (`entity_id`),
  UNIQUE KEY `UNQ_E6CCA08713FB32BB136A56837009C371` (`order_id`,`payment_id`,`authorization_id`)
) ENGINE=InnoDB DEFAULT CHARSET=utf8mb3 COMMENT='amazon_pending_authorization';

--
-- Dumping data for table `amazon_pending_authorization`
--


--
-- Table structure for table `amazon_pending_capture`
--

CREATE TABLE `amazon_pending_capture` (
  `entity_id` int unsigned NOT NULL AUTO_INCREMENT COMMENT 'Entity_id',
  `capture_id` varchar(255) NOT NULL COMMENT 'Capture_id',
  `created_at` datetime NOT NULL COMMENT 'Created_at',
  `order_id` int unsigned NOT NULL COMMENT 'order id',
  `payment_id` int unsigned NOT NULL COMMENT 'payment id',
  PRIMARY KEY (`entity_id`),
  UNIQUE KEY `AMAZON_PENDING_CAPTURE_ORDER_ID_PAYMENT_ID_CAPTURE_ID` (`order_id`,`payment_id`,`capture_id`)
) ENGINE=InnoDB DEFAULT CHARSET=utf8mb3 COMMENT='amazon_pending_capture';

--
-- Dumping data for table `amazon_pending_capture`
--


--
-- Table structure for table `amazon_pending_refund`
--

CREATE TABLE `amazon_pending_refund` (
  `entity_id` int unsigned NOT NULL AUTO_INCREMENT COMMENT 'Entity_id',
  `refund_id` varchar(255) NOT NULL COMMENT 'Refund_id',
  `created_at` datetime NOT NULL COMMENT 'Created_at',
  `order_id` int unsigned NOT NULL COMMENT 'Order_id',
  `payment_id` int unsigned NOT NULL COMMENT 'Payment_id',
  PRIMARY KEY (`entity_id`),
  UNIQUE KEY `AMAZON_PENDING_REFUND_ORDER_ID_PAYMENT_ID_REFUND_ID` (`order_id`,`payment_id`,`refund_id`)
) ENGINE=InnoDB DEFAULT CHARSET=utf8mb3 COMMENT='amazon_pending_refund';

--
-- Dumping data for table `amazon_pending_refund`
--


--
-- Table structure for table `amazon_quote`
--

CREATE TABLE `amazon_quote` (
  `entity_id` int unsigned NOT NULL AUTO_INCREMENT COMMENT 'Entity ID',
  `quote_id` int unsigned NOT NULL COMMENT 'Quote ID',
  `amazon_order_reference_id` varchar(255) NOT NULL COMMENT 'Amazon Order Reference ID',
  `sandbox_simulation_reference` varchar(255) DEFAULT NULL COMMENT 'Sandbox simulation reference',
  `confirmed` smallint unsigned NOT NULL DEFAULT '0' COMMENT 'Quote confirmed with Amazon',
  PRIMARY KEY (`entity_id`),
  UNIQUE KEY `AMAZON_QUOTE_QUOTE_ID` (`quote_id`),
  CONSTRAINT `AMAZON_QUOTE_QUOTE_ID_QUOTE_ENTITY_ID` FOREIGN KEY (`quote_id`) REFERENCES `quote` (`entity_id`) ON DELETE CASCADE
) ENGINE=InnoDB DEFAULT CHARSET=utf8mb3 COMMENT='amazon_quote';

--
-- Dumping data for table `amazon_quote`
--


--
-- Table structure for table `amazon_sales_order`
--

CREATE TABLE `amazon_sales_order` (
  `entity_id` int unsigned NOT NULL AUTO_INCREMENT COMMENT 'Entity ID',
  `order_id` int unsigned NOT NULL COMMENT 'Order ID',
  `amazon_order_reference_id` varchar(255) NOT NULL COMMENT 'Amazon Order Reference ID',
  PRIMARY KEY (`entity_id`),
  UNIQUE KEY `AMAZON_SALES_ORDER_ORDER_ID` (`order_id`),
  CONSTRAINT `AMAZON_SALES_ORDER_ORDER_ID_SALES_ORDER_ENTITY_ID` FOREIGN KEY (`order_id`) REFERENCES `sales_order` (`entity_id`) ON DELETE CASCADE
) ENGINE=InnoDB DEFAULT CHARSET=utf8mb3 COMMENT='amazon_sales_order';

--
-- Dumping data for table `amazon_sales_order`
--


--
-- Table structure for table `authorization_role`
--

CREATE TABLE `authorization_role` (
  `role_id` int unsigned NOT NULL AUTO_INCREMENT COMMENT 'Role ID',
  `parent_id` int unsigned NOT NULL DEFAULT '0' COMMENT 'Parent Role ID',
  `tree_level` smallint unsigned NOT NULL DEFAULT '0' COMMENT 'Role Tree Level',
  `sort_order` smallint unsigned NOT NULL DEFAULT '0' COMMENT 'Role Sort Order',
  `role_type` varchar(1) NOT NULL DEFAULT '0' COMMENT 'Role Type',
  `user_id` int unsigned NOT NULL DEFAULT '0' COMMENT 'User ID',
  `user_type` varchar(16) DEFAULT NULL COMMENT 'User Type',
  `role_name` varchar(50) DEFAULT NULL COMMENT 'Role Name',
  PRIMARY KEY (`role_id`),
  KEY `AUTHORIZATION_ROLE_PARENT_ID_SORT_ORDER` (`parent_id`,`sort_order`),
  KEY `AUTHORIZATION_ROLE_TREE_LEVEL` (`tree_level`)
) ENGINE=InnoDB AUTO_INCREMENT=28 DEFAULT CHARSET=utf8mb3 COMMENT='Admin Role Table';

--
-- Dumping data for table `authorization_role`
--

INSERT INTO `authorization_role` VALUES (2,0,1,1,'G',0,'2','Administrators'),(14,0,1,0,'U',12,'1','112'),(15,2,2,0,'U',2,'2','shpresim123'),(16,2,2,0,'U',3,'2','recep'),(18,2,2,0,'U',5,'2','rsruser'),(19,2,2,0,'U',6,'2','admin11'),(20,2,2,0,'U',7,'2','shpersim-new'),(21,2,2,0,'U',4,'2','Lookist'),(22,2,2,0,'U',8,'2','Recep'),(23,0,1,0,'G',0,'2','Blog Content Creator'),(24,23,2,0,'U',9,'2','Blog'),(25,2,2,0,'U',10,'2','Mehmet'),(26,23,2,0,'U',11,'2','Uygar'),(27,2,2,0,'U',12,'2','shpresim1');

--
-- Table structure for table `authorization_rule`
--

CREATE TABLE `authorization_rule` (
  `rule_id` int unsigned NOT NULL AUTO_INCREMENT COMMENT 'Rule ID',
  `role_id` int unsigned NOT NULL DEFAULT '0' COMMENT 'Role ID',
  `resource_id` varchar(255) DEFAULT NULL COMMENT 'Resource ID',
  `privileges` varchar(20) DEFAULT NULL COMMENT 'Privileges',
  `permission` varchar(10) DEFAULT NULL COMMENT 'Permission',
  PRIMARY KEY (`rule_id`),
  KEY `AUTHORIZATION_RULE_RESOURCE_ID_ROLE_ID` (`resource_id`,`role_id`),
  KEY `AUTHORIZATION_RULE_ROLE_ID_RESOURCE_ID` (`role_id`,`resource_id`),
  CONSTRAINT `AUTHORIZATION_RULE_ROLE_ID_AUTHORIZATION_ROLE_ROLE_ID` FOREIGN KEY (`role_id`) REFERENCES `authorization_role` (`role_id`) ON DELETE CASCADE
) ENGINE=InnoDB AUTO_INCREMENT=9013 DEFAULT CHARSET=utf8mb3 COMMENT='Admin Rule Table';

--
-- Dumping data for table `authorization_rule`
--

INSERT INTO `authorization_rule` VALUES (461,2,'Magento_Backend::all',NULL,'allow'),(8442,14,'Magento_Backend::all',NULL,'deny'),(8443,14,'Magento_Backend::admin',NULL,'allow'),(8444,14,'Magento_Backend::dashboard',NULL,'deny'),(8445,14,'Magento_Analytics::analytics',NULL,'deny'),(8446,14,'Magento_Analytics::analytics_api',NULL,'deny'),(8447,14,'Webkul_Marketplace::marketplace',NULL,'deny'),(8448,14,'Webkul_Marketplace::menu',NULL,'deny'),(8449,14,'Webkul_Marketplace::product',NULL,'deny'),(8450,14,'Webkul_Marketplace::seller',NULL,'deny'),(8451,14,'Webkul_Marketplace::commission',NULL,'deny'),(8452,14,'Webkul_Marketplace::transaction',NULL,'deny'),(8453,14,'Webkul_Marketplace::feedback',NULL,'deny'),(8454,14,'Magento_Sales::sales',NULL,'deny'),(8455,14,'Magento_Sales::sales_operation',NULL,'deny'),(8456,14,'Magento_Sales::sales_order',NULL,'deny'),(8457,14,'Magento_Sales::actions',NULL,'deny'),(8458,14,'Magento_Sales::create',NULL,'deny'),(8459,14,'Magento_Sales::actions_view',NULL,'deny'),(8460,14,'Magento_Sales::email',NULL,'deny'),(8461,14,'Magento_Sales::reorder',NULL,'deny'),(8462,14,'Magento_Sales::actions_edit',NULL,'deny'),(8463,14,'Magento_Sales::cancel',NULL,'deny'),(8464,14,'Magento_Sales::review_payment',NULL,'deny'),(8465,14,'Magento_Sales::capture',NULL,'deny'),(8466,14,'Magento_Sales::invoice',NULL,'deny'),(8467,14,'Magento_Sales::creditmemo',NULL,'deny'),(8468,14,'Magento_Sales::hold',NULL,'deny'),(8469,14,'Magento_Sales::unhold',NULL,'deny'),(8470,14,'Magento_Sales::ship',NULL,'deny'),(8471,14,'Magento_Sales::comment',NULL,'deny'),(8472,14,'Magento_Sales::emails',NULL,'deny'),(8473,14,'Magento_Paypal::authorization',NULL,'deny'),(8474,14,'Magento_Sales::sales_invoice',NULL,'deny'),(8475,14,'Magento_Sales::shipment',NULL,'deny'),(8476,14,'Temando_Shipping::dispatches',NULL,'deny'),(8477,14,'Magento_Sales::sales_creditmemo',NULL,'deny'),(8478,14,'Magento_Paypal::billing_agreement',NULL,'deny'),(8479,14,'Magento_Paypal::billing_agreement_actions',NULL,'deny'),(8480,14,'Magento_Paypal::billing_agreement_actions_view',NULL,'deny'),(8481,14,'Magento_Paypal::actions_manage',NULL,'deny'),(8482,14,'Magento_Paypal::use',NULL,'deny'),(8483,14,'Magento_Sales::transactions',NULL,'deny'),(8484,14,'Magento_Sales::transactions_fetch',NULL,'deny'),(8485,14,'Magento_Catalog::catalog',NULL,'allow'),(8486,14,'Magento_Catalog::catalog_inventory',NULL,'allow'),(8487,14,'Magento_Catalog::products',NULL,'allow'),(8488,14,'Magento_Catalog::categories',NULL,'deny'),(8489,14,'Magento_Customer::customer',NULL,'deny'),(8490,14,'Magento_Customer::manage',NULL,'deny'),(8491,14,'Magento_Customer::online',NULL,'deny'),(8492,14,'Magento_Cart::cart',NULL,'deny'),(8493,14,'Magento_Cart::manage',NULL,'deny'),(8494,14,'Smartwave_Dailydeals::dailydeals',NULL,'deny'),(8495,14,'Smartwave_Dailydeals::dailydeal',NULL,'deny'),(8496,14,'Magento_Backend::myaccount',NULL,'deny'),(8497,14,'Magento_Backend::marketing',NULL,'deny'),(8498,14,'Magento_CatalogRule::promo',NULL,'deny'),(8499,14,'Magento_CatalogRule::promo_catalog',NULL,'deny'),(8500,14,'Magento_SalesRule::quote',NULL,'deny'),(8501,14,'Dotdigitalgroup_Email::automation',NULL,'deny'),(8502,14,'Dotdigitalgroup_Email::automation_studio',NULL,'deny'),(8503,14,'Dotdigitalgroup_Email::exclusion_rules',NULL,'deny'),(8504,14,'Magento_Backend::marketing_communications',NULL,'deny'),(8505,14,'Magento_Email::template',NULL,'deny'),(8506,14,'Magento_Newsletter::template',NULL,'deny'),(8507,14,'Magento_Newsletter::queue',NULL,'deny'),(8508,14,'Magento_Newsletter::subscriber',NULL,'deny'),(8509,14,'Magento_Backend::marketing_seo',NULL,'deny'),(8510,14,'Magento_Search::search',NULL,'deny'),(8511,14,'Magento_Search::synonyms',NULL,'deny'),(8512,14,'Magento_UrlRewrite::urlrewrite',NULL,'deny'),(8513,14,'Magento_Sitemap::sitemap',NULL,'deny'),(8514,14,'Magento_Backend::marketing_user_content',NULL,'deny'),(8515,14,'Magento_Review::reviews_all',NULL,'deny'),(8516,14,'Magento_Review::pending',NULL,'deny'),(8517,14,'Mageplaza_Core::menu',NULL,'deny'),(8518,14,'Mageplaza_Core::documentation',NULL,'deny'),(8519,14,'Mageplaza_Core::userguide',NULL,'deny'),(8520,14,'Mageplaza_Core::activate',NULL,'deny'),(8521,14,'Magento_Backend::content',NULL,'deny'),(8522,14,'Magento_Backend::content_elements',NULL,'deny'),(8523,14,'Magento_Cms::page',NULL,'deny'),(8524,14,'Magento_Cms::save',NULL,'deny'),(8525,14,'Magento_Cms::page_delete',NULL,'deny'),(8526,14,'Magento_Cms::block',NULL,'deny'),(8527,14,'Magento_Widget::widget_instance',NULL,'deny'),(8528,14,'Magento_Cms::media_gallery',NULL,'deny'),(8529,14,'Magento_Backend::design',NULL,'deny'),(8530,14,'Magento_Theme::theme',NULL,'deny'),(8531,14,'Magento_Backend::schedule',NULL,'deny'),(8532,14,'Magento_Backend::content_translation',NULL,'deny'),(8533,14,'Magento_Reports::report',NULL,'deny'),(8534,14,'Dotdigitalgroup_Email::reports',NULL,'deny'),(8535,14,'Dotdigitalgroup_Email::contact',NULL,'deny'),(8536,14,'Dotdigitalgroup_Email::order',NULL,'deny'),(8537,14,'Dotdigitalgroup_Email::review',NULL,'deny'),(8538,14,'Dotdigitalgroup_Email::wishlist',NULL,'deny'),(8539,14,'Dotdigitalgroup_Email::catalog',NULL,'deny'),(8540,14,'Dotdigitalgroup_Email::importer',NULL,'deny'),(8541,14,'Dotdigitalgroup_Email::campaign',NULL,'deny'),(8542,14,'Dotdigitalgroup_Email::cron',NULL,'deny'),(8543,14,'Dotdigitalgroup_Email::dashboard',NULL,'deny'),(8544,14,'Dotdigitalgroup_Email::automation_enrollment',NULL,'deny'),(8545,14,'Dotdigitalgroup_Email::logviewer',NULL,'deny'),(8546,14,'Magento_Reports::report_marketing',NULL,'deny'),(8547,14,'Magento_Reports::shopcart',NULL,'deny'),(8548,14,'Magento_Reports::product',NULL,'deny'),(8549,14,'Magento_Reports::abandoned',NULL,'deny'),(8550,14,'Magento_Reports::report_search',NULL,'deny'),(8551,14,'Magento_Newsletter::problem',NULL,'deny'),(8552,14,'Magento_Reports::review',NULL,'deny'),(8553,14,'Magento_Reports::review_customer',NULL,'deny'),(8554,14,'Magento_Reports::review_product',NULL,'deny'),(8555,14,'Magento_Reports::salesroot',NULL,'deny'),(8556,14,'Magento_Reports::salesroot_sales',NULL,'deny'),(8557,14,'Magento_Reports::tax',NULL,'deny'),(8558,14,'Magento_Reports::invoiced',NULL,'deny'),(8559,14,'Magento_Reports::shipping',NULL,'deny'),(8560,14,'Magento_Reports::refunded',NULL,'deny'),(8561,14,'Magento_Reports::coupons',NULL,'deny'),(8562,14,'Magento_Paypal::paypal_settlement_reports',NULL,'deny'),(8563,14,'Magento_Paypal::paypal_settlement_reports_view',NULL,'deny'),(8564,14,'Magento_Paypal::fetch',NULL,'deny'),(8565,14,'Magento_Braintree::settlement_report',NULL,'deny'),(8566,14,'Magento_Reports::customers',NULL,'deny'),(8567,14,'Magento_Reports::totals',NULL,'deny'),(8568,14,'Magento_Reports::customers_orders',NULL,'deny'),(8569,14,'Magento_Reports::accounts',NULL,'deny'),(8570,14,'Magento_Reports::report_products',NULL,'deny'),(8571,14,'Magento_Reports::viewed',NULL,'deny'),(8572,14,'Magento_Reports::bestsellers',NULL,'deny'),(8573,14,'Magento_Reports::lowstock',NULL,'deny'),(8574,14,'Magento_Reports::sold',NULL,'deny'),(8575,14,'Magento_Reports::downloads',NULL,'deny'),(8576,14,'Magento_Reports::statistics',NULL,'deny'),(8577,14,'Magento_Reports::statistics_refresh',NULL,'deny'),(8578,14,'Magento_Analytics::business_intelligence',NULL,'deny'),(8579,14,'Magento_Analytics::advanced_reporting',NULL,'deny'),(8580,14,'Magento_Analytics::bi_essentials',NULL,'deny'),(8581,14,'Magento_Backend::stores',NULL,'allow'),(8582,14,'Magento_Backend::stores_settings',NULL,'allow'),(8583,14,'Magento_Backend::store',NULL,'allow'),(8584,14,'Magento_Config::config',NULL,'deny'),(8585,14,'Magento_Payment::payment',NULL,'deny'),(8586,14,'Magento_Contact::contact',NULL,'deny'),(8587,14,'Dotdigitalgroup_Email::config',NULL,'deny'),(8588,14,'Magento_Downloadable::downloadable',NULL,'deny'),(8589,14,'Magento_Newsletter::newsletter',NULL,'deny'),(8590,14,'Magento_CatalogInventory::cataloginventory',NULL,'deny'),(8591,14,'Magento_Payment::payment_services',NULL,'deny'),(8592,14,'Magento_Catalog::config_catalog',NULL,'deny'),(8593,14,'Magento_CatalogSearch::config_catalog_search',NULL,'deny'),(8594,14,'Magento_Cms::config_cms',NULL,'deny'),(8595,14,'Mageplaza_LayeredNavigation::configuration',NULL,'deny'),(8596,14,'Mageplaza_Search::configuration',NULL,'deny'),(8597,14,'Magento_GoogleAnalytics::google',NULL,'deny'),(8598,14,'Smartwave_Dailydeals::dailydeals_config',NULL,'deny'),(8599,14,'Smartwave_Porto::theme_settings',NULL,'deny'),(8600,14,'Smartwave_Porto::theme_design',NULL,'deny'),(8601,14,'Smartwave_Porto::activation',NULL,'deny'),(8602,14,'Magento_Sales::fraud_protection',NULL,'deny'),(8603,14,'Magento_Shipping::config_shipping',NULL,'deny'),(8604,14,'Magento_Shipping::carriers',NULL,'deny'),(8605,14,'Magento_Shipping::shipping_policy',NULL,'deny'),(8606,14,'Magento_Multishipping::config_multishipping',NULL,'deny'),(8607,14,'Mageplaza_Core::configuration',NULL,'deny'),(8608,14,'Mageplaza_Core::marketplace',NULL,'deny'),(8609,14,'Magento_Config::config_general',NULL,'deny'),(8610,14,'Magento_Config::web',NULL,'deny'),(8611,14,'Magento_Config::config_design',NULL,'deny'),(8612,14,'Magento_Customer::config_customer',NULL,'deny'),(8613,14,'Magento_Paypal::paypal',NULL,'deny'),(8614,14,'Webkul_Marketplace::config_marketplace',NULL,'deny'),(8615,14,'Magento_Tax::config_tax',NULL,'deny'),(8616,14,'Magento_Checkout::checkout',NULL,'deny'),(8617,14,'Magento_Sales::config_sales',NULL,'deny'),(8618,14,'Magento_Persistent::persistent',NULL,'deny'),(8619,14,'Magento_Sales::sales_email',NULL,'deny'),(8620,14,'Magento_Sales::sales_pdf',NULL,'deny'),(8621,14,'Magento_Sitemap::config_sitemap',NULL,'deny'),(8622,14,'Magento_Reports::reports',NULL,'deny'),(8623,14,'Magento_Wishlist::config_wishlist',NULL,'deny'),(8624,14,'Magento_Config::config_system',NULL,'deny'),(8625,14,'Magento_Config::advanced',NULL,'deny'),(8626,14,'Magento_SalesRule::config_promo',NULL,'deny'),(8627,14,'Magento_Config::trans_email',NULL,'deny'),(8628,14,'Magento_Config::config_admin',NULL,'deny'),(8629,14,'Magento_Config::dev',NULL,'deny'),(8630,14,'Magento_Config::currency',NULL,'deny'),(8631,14,'Magento_Rss::rss',NULL,'deny'),(8632,14,'Magento_Config::sendfriend',NULL,'deny'),(8633,14,'Magento_Analytics::analytics_settings',NULL,'deny'),(8634,14,'Magento_NewRelicReporting::config_newrelicreporting',NULL,'deny'),(8635,14,'Magento_CheckoutAgreements::checkoutagreement',NULL,'deny'),(8636,14,'Magento_Sales::order_statuses',NULL,'deny'),(8637,14,'Temando_Shipping::shipping',NULL,'deny'),(8638,14,'Temando_Shipping::carriers',NULL,'deny'),(8639,14,'Temando_Shipping::locations',NULL,'deny'),(8640,14,'Temando_Shipping::packaging',NULL,'deny'),(8641,14,'Magento_Tax::manage_tax',NULL,'deny'),(8642,14,'Magento_CurrencySymbol::system_currency',NULL,'deny'),(8643,14,'Magento_CurrencySymbol::currency_rates',NULL,'deny'),(8644,14,'Magento_CurrencySymbol::symbols',NULL,'deny'),(8645,14,'Magento_Backend::stores_attributes',NULL,'deny'),(8646,14,'Magento_Catalog::attributes_attributes',NULL,'deny'),(8647,14,'Magento_Catalog::update_attributes',NULL,'deny'),(8648,14,'Magento_Catalog::sets',NULL,'deny'),(8649,14,'Magento_Review::ratings',NULL,'deny'),(8650,14,'Magento_Swatches::iframe',NULL,'deny'),(8651,14,'Magento_Backend::stores_other_settings',NULL,'deny'),(8652,14,'Magento_Customer::group',NULL,'deny'),(8653,14,'Magento_Backend::system',NULL,'deny'),(8654,14,'Magento_Backend::convert',NULL,'deny'),(8655,14,'Magento_ImportExport::import',NULL,'deny'),(8656,14,'Magento_ImportExport::export',NULL,'deny'),(8657,14,'Magento_TaxImportExport::import_export',NULL,'deny'),(8658,14,'Magento_ImportExport::history',NULL,'deny'),(8659,14,'Magento_Backend::extensions',NULL,'deny'),(8660,14,'Magento_Backend::local',NULL,'deny'),(8661,14,'Magento_Backend::custom',NULL,'deny'),(8662,14,'Magento_Integration::extensions',NULL,'deny'),(8663,14,'Magento_Integration::integrations',NULL,'deny'),(8664,14,'Magento_Backend::tools',NULL,'deny'),(8665,14,'Magento_Backend::cache',NULL,'deny'),(8666,14,'Magento_Backend::main_actions',NULL,'deny'),(8667,14,'Magento_Backend::flush_cache_storage',NULL,'deny'),(8668,14,'Magento_Backend::flush_magento_cache',NULL,'deny'),(8669,14,'Magento_Backend::mass_actions',NULL,'deny'),(8670,14,'Magento_Backend::toggling_cache_type',NULL,'deny'),(8671,14,'Magento_Backend::refresh_cache_type',NULL,'deny'),(8672,14,'Magento_Backend::additional_cache_management',NULL,'deny'),(8673,14,'Magento_Backend::flush_catalog_images',NULL,'deny'),(8674,14,'Magento_Backend::flush_js_css',NULL,'deny'),(8675,14,'Magento_Backend::flush_static_files',NULL,'deny'),(8676,14,'Magento_Backend::setup_wizard',NULL,'deny'),(8677,14,'Magento_Indexer::index',NULL,'deny'),(8678,14,'Magento_Backup::backup',NULL,'deny'),(8679,14,'Magento_Backup::rollback',NULL,'deny'),(8680,14,'Magento_Indexer::changeMode',NULL,'deny'),(8681,14,'Magento_User::acl',NULL,'deny'),(8682,14,'Magento_User::acl_users',NULL,'deny'),(8683,14,'Magento_User::locks',NULL,'deny'),(8684,14,'Magento_User::acl_roles',NULL,'deny'),(8685,14,'Magento_Backend::system_other_settings',NULL,'deny'),(8686,14,'Magento_AdminNotification::adminnotification',NULL,'deny'),(8687,14,'Magento_AdminNotification::show_toolbar',NULL,'deny'),(8688,14,'Magento_AdminNotification::show_list',NULL,'deny'),(8689,14,'Magento_AdminNotification::mark_as_read',NULL,'deny'),(8690,14,'Magento_AdminNotification::adminnotification_remove',NULL,'deny'),(8691,14,'Magento_Variable::variable',NULL,'deny'),(8692,14,'Magento_EncryptionKey::crypt_key',NULL,'deny'),(8693,14,'Magento_Backend::global_search',NULL,'deny'),(8694,23,'Magento_Backend::all',NULL,'deny'),(8695,23,'Magento_Backend::admin',NULL,'allow'),(8696,23,'Magento_Backend::dashboard',NULL,'deny'),(8697,23,'Webkul_Marketplace::marketplace',NULL,'deny'),(8698,23,'Webkul_Marketplace::menu',NULL,'deny'),(8699,23,'Webkul_Marketplace::product',NULL,'deny'),(8700,23,'Webkul_Marketplace::seller',NULL,'deny'),(8701,23,'Webkul_Marketplace::commission',NULL,'deny'),(8702,23,'Webkul_Marketplace::transaction',NULL,'deny'),(8703,23,'Webkul_Marketplace::feedback',NULL,'deny'),(8704,23,'Custom_Slider::bannerslider',NULL,'deny'),(8705,23,'Custom_Slider::bannerslider_bannerslider',NULL,'deny'),(8706,23,'Custom_Slider::bannerslider_sliders',NULL,'deny'),(8707,23,'Custom_Slider::bannerslider_banners',NULL,'deny'),(8708,23,'Custom_Slider::bannerslider_coreslider',NULL,'deny'),(8709,23,'Custom_Slider::bannerslider_reports',NULL,'deny'),(8710,23,'Custom_Slider::bannerslider_reports_perslider',NULL,'deny'),(8711,23,'Custom_Slider::bannerslider_reports_allslider',NULL,'deny'),(8712,23,'Custom_Slider::settings',NULL,'deny'),(8713,23,'Magento_Analytics::analytics',NULL,'deny'),(8714,23,'Magento_Analytics::analytics_api',NULL,'deny'),(8715,23,'Magento_Sales::sales',NULL,'deny'),(8716,23,'Magento_Sales::sales_operation',NULL,'deny'),(8717,23,'Magento_Sales::sales_order',NULL,'deny'),(8718,23,'Magento_Sales::actions',NULL,'deny'),(8719,23,'Magento_Sales::create',NULL,'deny'),(8720,23,'Magento_Sales::actions_view',NULL,'deny'),(8721,23,'Magento_Sales::email',NULL,'deny'),(8722,23,'Magento_Sales::reorder',NULL,'deny'),(8723,23,'Magento_Sales::actions_edit',NULL,'deny'),(8724,23,'Magento_Sales::cancel',NULL,'deny'),(8725,23,'Magento_Sales::review_payment',NULL,'deny'),(8726,23,'Magento_Sales::capture',NULL,'deny'),(8727,23,'Magento_Sales::invoice',NULL,'deny'),(8728,23,'Magento_Sales::creditmemo',NULL,'deny'),(8729,23,'Magento_Sales::hold',NULL,'deny'),(8730,23,'Magento_Sales::unhold',NULL,'deny'),(8731,23,'Magento_Sales::ship',NULL,'deny'),(8732,23,'Magento_Sales::comment',NULL,'deny'),(8733,23,'Magento_Sales::emails',NULL,'deny'),(8734,23,'Magento_Paypal::authorization',NULL,'deny'),(8735,23,'Magento_Braintree::get_client_token',NULL,'deny'),(8736,23,'Magento_Sales::sales_invoice',NULL,'deny'),(8737,23,'Magento_Sales::shipment',NULL,'deny'),(8738,23,'Temando_Shipping::dispatches',NULL,'deny'),(8739,23,'Temando_Shipping::pickups',NULL,'deny'),(8740,23,'Temando_Shipping::batches',NULL,'deny'),(8741,23,'Magento_Sales::sales_creditmemo',NULL,'deny'),(8742,23,'Magento_Paypal::billing_agreement',NULL,'deny'),(8743,23,'Magento_Paypal::billing_agreement_actions',NULL,'deny'),(8744,23,'Magento_Paypal::billing_agreement_actions_view',NULL,'deny'),(8745,23,'Magento_Paypal::actions_manage',NULL,'deny'),(8746,23,'Magento_Paypal::use',NULL,'deny'),(8747,23,'Magento_Sales::transactions',NULL,'deny'),(8748,23,'Magento_Sales::transactions_fetch',NULL,'deny'),(8749,23,'Magento_Catalog::catalog',NULL,'deny'),(8750,23,'Magento_Catalog::catalog_inventory',NULL,'deny'),(8751,23,'Magento_Catalog::products',NULL,'deny'),(8752,23,'Magento_Catalog::update_attributes',NULL,'deny'),(8753,23,'Magento_Catalog::edit_product_design',NULL,'deny'),(8754,23,'Magento_Catalog::categories',NULL,'deny'),(8755,23,'Magento_Catalog::edit_category_design',NULL,'deny'),(8756,23,'Seizera_ItineraryObjects::itinerary_obj_config',NULL,'deny'),(8757,23,'Seizera_ItineraryObjects::day_obj',NULL,'deny'),(8758,23,'Seizera_ItineraryObjects::hotel_obj',NULL,'deny'),(8759,23,'Magento_Cart::cart',NULL,'deny'),(8760,23,'Magento_Cart::manage',NULL,'deny'),(8761,23,'Magento_Customer::customer',NULL,'deny'),(8762,23,'Magento_Customer::manage',NULL,'deny'),(8763,23,'Magento_Customer::actions',NULL,'deny'),(8764,23,'Magento_Customer::delete',NULL,'deny'),(8765,23,'Magento_Customer::reset_password',NULL,'deny'),(8766,23,'Magento_Customer::invalidate_tokens',NULL,'deny'),(8767,23,'Magento_Customer::online',NULL,'deny'),(8768,23,'Magento_Customer::group',NULL,'deny'),(8769,23,'Smartwave_Dailydeals::dailydeals',NULL,'deny'),(8770,23,'Smartwave_Dailydeals::dailydeal',NULL,'deny'),(8771,23,'Magento_Backend::marketing',NULL,'deny'),(8772,23,'Magento_CatalogRule::promo',NULL,'deny'),(8773,23,'Magento_CatalogRule::promo_catalog',NULL,'deny'),(8774,23,'Magento_SalesRule::quote',NULL,'deny'),(8775,23,'Dotdigitalgroup_Email::automation',NULL,'deny'),(8776,23,'Dotdigitalgroup_Email::automation_studio',NULL,'deny'),(8777,23,'Dotdigitalgroup_Email::exclusion_rules',NULL,'deny'),(8778,23,'Magento_Backend::marketing_communications',NULL,'deny'),(8779,23,'Magento_Email::template',NULL,'deny'),(8780,23,'Dotdigitalgroup_Chat::iframe',NULL,'deny'),(8781,23,'Magento_Newsletter::template',NULL,'deny'),(8782,23,'Magento_Newsletter::queue',NULL,'deny'),(8783,23,'Magento_Newsletter::subscriber',NULL,'deny'),(8784,23,'Magento_GoogleShoppingAds::scconnector',NULL,'deny'),(8785,23,'Magento_GoogleShoppingAds::scconnector_google',NULL,'deny'),(8786,23,'Magento_Backend::marketing_seo',NULL,'deny'),(8787,23,'Magento_Search::search',NULL,'deny'),(8788,23,'Magento_Search::synonyms',NULL,'deny'),(8789,23,'Magento_UrlRewrite::urlrewrite',NULL,'deny'),(8790,23,'Magento_Sitemap::sitemap',NULL,'deny'),(8791,23,'Magento_Backend::marketing_user_content',NULL,'deny'),(8792,23,'Magento_Review::reviews_all',NULL,'deny'),(8793,23,'Magento_Review::pending',NULL,'deny'),(8794,23,'Yotpo_Yotpo::yotpo_report_reviews',NULL,'deny'),(8795,23,'Magento_Backend::myaccount',NULL,'deny'),(8796,23,'Mageplaza_Core::menu',NULL,'deny'),(8797,23,'Mageplaza_Core::documentation',NULL,'deny'),(8798,23,'Mageplaza_Core::userguide',NULL,'deny'),(8799,23,'Mageplaza_Core::activate',NULL,'deny'),(8800,23,'Magento_Backend::content',NULL,'allow'),(8801,23,'Magento_Backend::content_elements',NULL,'deny'),(8802,23,'Magento_Cms::page',NULL,'deny'),(8803,23,'Magento_Cms::save',NULL,'deny'),(8804,23,'Magento_Cms::save_design',NULL,'deny'),(8805,23,'Magento_Cms::page_delete',NULL,'deny'),(8806,23,'Magento_Cms::block',NULL,'deny'),(8807,23,'Magento_Widget::widget_instance',NULL,'deny'),(8808,23,'Magento_Cms::media_gallery',NULL,'deny'),(8809,23,'Magento_AdobeStockImageAdminUi::media_gallery',NULL,'deny'),(8810,23,'Magento_AdobeStockImageAdminUi::save_preview_images',NULL,'deny'),(8811,23,'Magento_AdobeStockImageAdminUi::license_images',NULL,'deny'),(8812,23,'Magefan_Blog::elements',NULL,'allow'),(8813,23,'Magefan_Blog::post',NULL,'allow'),(8814,23,'Magefan_Blog::post_save',NULL,'allow'),(8815,23,'Magefan_Blog::post_delete',NULL,'allow'),(8816,23,'Magefan_Blog::category',NULL,'allow'),(8817,23,'Magefan_Blog::category_save',NULL,'allow'),(8818,23,'Magefan_Blog::category_delete',NULL,'allow'),(8819,23,'Magefan_Blog::tag',NULL,'allow'),(8820,23,'Magefan_Blog::tag_save',NULL,'allow'),(8821,23,'Magefan_Blog::tag_delete',NULL,'allow'),(8822,23,'Magefan_Blog::comment',NULL,'allow'),(8823,23,'Magefan_Blog::comment_save',NULL,'allow'),(8824,23,'Magefan_Blog::comment_delete',NULL,'allow'),(8825,23,'Magefan_Blog::import',NULL,'allow'),(8826,23,'Magento_Backend::design',NULL,'deny'),(8827,23,'Magento_Theme::theme',NULL,'deny'),(8828,23,'Magento_Backend::schedule',NULL,'deny'),(8829,23,'Magento_Backend::content_translation',NULL,'deny'),(8830,23,'Magento_Reports::report',NULL,'deny'),(8831,23,'Dotdigitalgroup_Email::reports',NULL,'deny'),(8832,23,'Dotdigitalgroup_Email::contact',NULL,'deny'),(8833,23,'Dotdigitalgroup_Email::order',NULL,'deny'),(8834,23,'Dotdigitalgroup_Email::review',NULL,'deny'),(8835,23,'Dotdigitalgroup_Email::wishlist',NULL,'deny'),(8836,23,'Dotdigitalgroup_Email::catalog',NULL,'deny'),(8837,23,'Dotdigitalgroup_Email::importer',NULL,'deny'),(8838,23,'Dotdigitalgroup_Email::campaign',NULL,'deny'),(8839,23,'Dotdigitalgroup_Email::cron',NULL,'deny'),(8840,23,'Dotdigitalgroup_Email::dashboard',NULL,'deny'),(8841,23,'Dotdigitalgroup_Email::automation_enrollment',NULL,'deny'),(8842,23,'Dotdigitalgroup_Email::logviewer',NULL,'deny'),(8843,23,'Dotdigitalgroup_Email::abandoned',NULL,'deny'),(8844,23,'Magento_Reports::report_marketing',NULL,'deny'),(8845,23,'Magento_Reports::shopcart',NULL,'deny'),(8846,23,'Magento_Reports::product',NULL,'deny'),(8847,23,'Magento_Reports::abandoned',NULL,'deny'),(8848,23,'Magento_Reports::report_search',NULL,'deny'),(8849,23,'Magento_Newsletter::problem',NULL,'deny'),(8850,23,'Magento_Reports::review',NULL,'deny'),(8851,23,'Magento_Reports::review_customer',NULL,'deny'),(8852,23,'Magento_Reports::review_product',NULL,'deny'),(8853,23,'Yotpo_Yotpo::yotpo_reviews_external',NULL,'deny'),(8854,23,'Magento_Reports::salesroot',NULL,'deny'),(8855,23,'Magento_Reports::salesroot_sales',NULL,'deny'),(8856,23,'Magento_Reports::tax',NULL,'deny'),(8857,23,'Magento_Reports::invoiced',NULL,'deny'),(8858,23,'Magento_Reports::shipping',NULL,'deny'),(8859,23,'Magento_Reports::refunded',NULL,'deny'),(8860,23,'Magento_Reports::coupons',NULL,'deny'),(8861,23,'Magento_Paypal::paypal_settlement_reports',NULL,'deny'),(8862,23,'Magento_Paypal::paypal_settlement_reports_view',NULL,'deny'),(8863,23,'Magento_Paypal::fetch',NULL,'deny'),(8864,23,'Magento_Braintree::settlement_report',NULL,'deny'),(8865,23,'Magento_Reports::customers',NULL,'deny'),(8866,23,'Magento_Reports::totals',NULL,'deny'),(8867,23,'Magento_Reports::customers_orders',NULL,'deny'),(8868,23,'Magento_Reports::accounts',NULL,'deny'),(8869,23,'Magento_Reports::report_products',NULL,'deny'),(8870,23,'Magento_Reports::viewed',NULL,'deny'),(8871,23,'Magento_Reports::bestsellers',NULL,'deny'),(8872,23,'Magento_Reports::lowstock',NULL,'deny'),(8873,23,'Magento_Reports::sold',NULL,'deny'),(8874,23,'Magento_Reports::downloads',NULL,'deny'),(8875,23,'Magento_Reports::statistics',NULL,'deny'),(8876,23,'Magento_Reports::statistics_refresh',NULL,'deny'),(8877,23,'Magento_Analytics::business_intelligence',NULL,'deny'),(8878,23,'Magento_Analytics::advanced_reporting',NULL,'deny'),(8879,23,'Magento_Analytics::bi_essentials',NULL,'deny'),(8880,23,'Yotpo_Yotpo::yotpo_analytics_external',NULL,'deny'),(8881,23,'Magento_Backend::stores',NULL,'deny'),(8882,23,'Magento_Backend::stores_settings',NULL,'deny'),(8883,23,'Magento_Backend::store',NULL,'deny'),(8884,23,'Magento_Config::config',NULL,'deny'),(8885,23,'Custom_Slider::config_bannerslider',NULL,'deny'),(8886,23,'Magento_Payment::payment',NULL,'deny'),(8887,23,'Magefan_Blog::config_blog',NULL,'deny'),(8888,23,'Magento_Sales::fraud_protection',NULL,'deny'),(8889,23,'Magento_Newsletter::newsletter',NULL,'deny'),(8890,23,'Mageplaza_LayeredNavigation::configuration',NULL,'deny'),(8891,23,'Mageplaza_Search::configuration',NULL,'deny'),(8892,23,'Magento_GoogleAnalytics::google',NULL,'deny'),(8893,23,'Dotdigitalgroup_Email::config',NULL,'deny'),(8894,23,'Magento_Contact::contact',NULL,'deny'),(8895,23,'Magento_Payment::payment_services',NULL,'deny'),(8896,23,'Magento_Downloadable::downloadable',NULL,'deny'),(8897,23,'Magento_CatalogInventory::cataloginventory',NULL,'deny'),(8898,23,'Smartwave_Dailydeals::dailydeals_config',NULL,'deny'),(8899,23,'Magento_Cms::config_cms',NULL,'deny'),(8900,23,'Smartwave_Porto::activation',NULL,'deny'),(8901,23,'Smartwave_Porto::theme_design',NULL,'deny'),(8902,23,'Smartwave_Porto::theme_settings',NULL,'deny'),(8903,23,'Magento_Catalog::config_catalog',NULL,'deny'),(8904,23,'Magento_CatalogSearch::config_catalog_search',NULL,'deny'),(8905,23,'Magento_Shipping::shipping_policy',NULL,'deny'),(8906,23,'Magento_Shipping::config_shipping',NULL,'deny'),(8907,23,'Magento_Shipping::carriers',NULL,'deny'),(8908,23,'Magento_Multishipping::config_multishipping',NULL,'deny'),(8909,23,'Mageplaza_Core::marketplace',NULL,'deny'),(8910,23,'Mageplaza_Core::configuration',NULL,'deny'),(8911,23,'Magento_Config::config_general',NULL,'deny'),(8912,23,'Magento_Config::web',NULL,'deny'),(8913,23,'MSP_SecuritySuite::config',NULL,'deny'),(8914,23,'MSP_ReCaptcha::config',NULL,'deny'),(8915,23,'MSP_TwoFactorAuth::config',NULL,'deny'),(8916,23,'Magento_Config::config_design',NULL,'deny'),(8917,23,'Magento_Customer::config_customer',NULL,'deny'),(8918,23,'Webkul_Marketplace::config_marketplace',NULL,'deny'),(8919,23,'Magento_Paypal::paypal',NULL,'deny'),(8920,23,'Magento_Tax::config_tax',NULL,'deny'),(8921,23,'Magento_Checkout::checkout',NULL,'deny'),(8922,23,'Magento_Persistent::persistent',NULL,'deny'),(8923,23,'Magento_Sales::config_sales',NULL,'deny'),(8924,23,'Magento_Sales::sales_email',NULL,'deny'),(8925,23,'Magento_Sales::sales_pdf',NULL,'deny'),(8926,23,'Magento_Reports::reports',NULL,'deny'),(8927,23,'Magento_Sitemap::config_sitemap',NULL,'deny'),(8928,23,'Yotpo_Core::config',NULL,'deny'),(8929,23,'Yotpo_Yotpo::config',NULL,'deny'),(8930,23,'Magento_Wishlist::config_wishlist',NULL,'deny'),(8931,23,'Magento_Config::config_system',NULL,'deny'),(8932,23,'Magento_SalesRule::config_promo',NULL,'deny'),(8933,23,'Magento_Config::trans_email',NULL,'deny'),(8934,23,'Magento_Config::config_admin',NULL,'deny'),(8935,23,'Magento_Config::dev',NULL,'deny'),(8936,23,'Magento_Config::currency',NULL,'deny'),(8937,23,'Magento_Rss::rss',NULL,'deny'),(8938,23,'Magento_Config::sendfriend',NULL,'deny'),(8939,23,'Magento_Analytics::analytics_settings',NULL,'deny'),(8940,23,'Magento_NewRelicReporting::config_newrelicreporting',NULL,'deny'),(8941,23,'Magento_CheckoutAgreements::checkoutagreement',NULL,'deny'),(8942,23,'Magento_Sales::order_statuses',NULL,'deny'),(8943,23,'Temando_Shipping::shipping',NULL,'deny'),(8944,23,'Temando_Shipping::packaging',NULL,'deny'),(8945,23,'Temando_Shipping::portal',NULL,'deny'),(8946,23,'Temando_Shipping::product',NULL,'deny'),(8947,23,'Magento_Tax::manage_tax',NULL,'deny'),(8948,23,'Magento_CurrencySymbol::system_currency',NULL,'deny'),(8949,23,'Magento_CurrencySymbol::currency_rates',NULL,'deny'),(8950,23,'Magento_CurrencySymbol::symbols',NULL,'deny'),(8951,23,'Magento_Backend::stores_attributes',NULL,'deny'),(8952,23,'Magento_Catalog::attributes_attributes',NULL,'deny'),(8953,23,'Magento_Catalog::sets',NULL,'deny'),(8954,23,'Magento_Review::ratings',NULL,'deny'),(8955,23,'Magento_Swatches::iframe',NULL,'deny'),(8956,23,'Magento_Backend::stores_other_settings',NULL,'deny'),(8957,23,'Magento_Backend::system',NULL,'deny'),(8958,23,'Magento_AdobeStockAsset::adobe_stock_asset',NULL,'deny'),(8959,23,'Magento_AdobeStockAsset::actions',NULL,'deny'),(8960,23,'Magento_AdobeStockAsset::actions_delete',NULL,'deny'),(8961,23,'Magento_AdobeStockAsset::actions_save',NULL,'deny'),(8962,23,'Magento_AdobeStockAsset::actions_view',NULL,'deny'),(8963,23,'Magento_AdobeStockAsset::actions_get',NULL,'deny'),(8964,23,'Magento_AdobeIms::adobe_ims',NULL,'deny'),(8965,23,'Magento_AdobeIms::actions',NULL,'deny'),(8966,23,'Magento_AdobeIms::login',NULL,'deny'),(8967,23,'Magento_AdobeIms::logout',NULL,'deny'),(8968,23,'Magento_AdobeIms::profile',NULL,'deny'),(8969,23,'Magento_Backend::convert',NULL,'deny'),(8970,23,'Magento_ImportExport::import',NULL,'deny'),(8971,23,'Magento_ImportExport::export',NULL,'deny'),(8972,23,'Magento_TaxImportExport::import_export',NULL,'deny'),(8973,23,'Magento_ImportExport::history',NULL,'deny'),(8974,23,'Magento_Backend::extensions',NULL,'deny'),(8975,23,'Magento_Backend::local',NULL,'deny'),(8976,23,'Magento_Backend::custom',NULL,'deny'),(8977,23,'Magento_Integration::extensions',NULL,'deny'),(8978,23,'Magento_Integration::integrations',NULL,'deny'),(8979,23,'Magento_Backend::tools',NULL,'deny'),(8980,23,'Magento_Backend::cache',NULL,'deny'),(8981,23,'Magento_Backend::main_actions',NULL,'deny'),(8982,23,'Magento_Backend::flush_cache_storage',NULL,'deny'),(8983,23,'Magento_Backend::flush_magento_cache',NULL,'deny'),(8984,23,'Magento_Backend::mass_actions',NULL,'deny'),(8985,23,'Magento_Backend::toggling_cache_type',NULL,'deny'),(8986,23,'Magento_Backend::refresh_cache_type',NULL,'deny'),(8987,23,'Magento_Backend::additional_cache_management',NULL,'deny'),(8988,23,'Magento_Backend::flush_catalog_images',NULL,'deny'),(8989,23,'Magento_Backend::flush_js_css',NULL,'deny'),(8990,23,'Magento_Backend::flush_static_files',NULL,'deny'),(8991,23,'Magento_Backend::setup_wizard',NULL,'deny'),(8992,23,'Magento_Backup::backup',NULL,'deny'),(8993,23,'Magento_Backup::rollback',NULL,'deny'),(8994,23,'Magento_Indexer::index',NULL,'deny'),(8995,23,'Magento_Indexer::changeMode',NULL,'deny'),(8996,23,'Magento_User::acl',NULL,'deny'),(8997,23,'Magento_User::acl_users',NULL,'deny'),(8998,23,'MSP_TwoFactorAuth::tfa',NULL,'deny'),(8999,23,'Magento_User::locks',NULL,'deny'),(9000,23,'Magento_User::acl_roles',NULL,'deny'),(9001,23,'Magento_Logging::magento_logging',NULL,'deny'),(9002,23,'Magento_Logging::magento_logging_events',NULL,'deny'),(9003,23,'Magento_Logging::system_magento_logging_bulk_operations',NULL,'deny'),(9004,23,'Magento_Backend::system_other_settings',NULL,'deny'),(9005,23,'Magento_AdminNotification::adminnotification',NULL,'deny'),(9006,23,'Magento_AdminNotification::show_toolbar',NULL,'deny'),(9007,23,'Magento_AdminNotification::show_list',NULL,'deny'),(9008,23,'Magento_AdminNotification::mark_as_read',NULL,'deny'),(9009,23,'Magento_AdminNotification::adminnotification_remove',NULL,'deny'),(9010,23,'Magento_Variable::variable',NULL,'deny'),(9011,23,'Magento_EncryptionKey::crypt_key',NULL,'deny'),(9012,23,'Magento_Backend::global_search',NULL,'deny');

--
-- Table structure for table `cache`
--

CREATE TABLE `cache` (
  `id` varchar(200) NOT NULL COMMENT 'Cache Id',
  `data` mediumblob COMMENT 'Cache Data',
  `create_time` int DEFAULT NULL COMMENT 'Cache Creation Time',
  `update_time` int DEFAULT NULL COMMENT 'Time of Cache Updating',
  `expire_time` int DEFAULT NULL COMMENT 'Cache Expiration Time',
  PRIMARY KEY (`id`),
  KEY `CACHE_EXPIRE_TIME` (`expire_time`)
) ENGINE=InnoDB DEFAULT CHARSET=utf8mb3 COMMENT='Caches';

--
-- Dumping data for table `cache`
--


--
-- Table structure for table `cache_tag`
--

CREATE TABLE `cache_tag` (
  `tag` varchar(100) NOT NULL COMMENT 'Tag',
  `cache_id` varchar(200) NOT NULL COMMENT 'Cache Id',
  PRIMARY KEY (`tag`,`cache_id`),
  KEY `CACHE_TAG_CACHE_ID` (`cache_id`)
) ENGINE=InnoDB DEFAULT CHARSET=utf8mb3 COMMENT='Tag Caches';

--
-- Dumping data for table `cache_tag`
--


--
-- Table structure for table `captcha_log`
--

CREATE TABLE `captcha_log` (
  `type` varchar(32) NOT NULL COMMENT 'Type',
  `value` varchar(255) NOT NULL COMMENT 'Value',
  `count` int unsigned NOT NULL DEFAULT '0' COMMENT 'Count',
  `updated_at` timestamp NULL DEFAULT NULL COMMENT 'Update Time',
  PRIMARY KEY (`type`,`value`)
) ENGINE=InnoDB DEFAULT CHARSET=utf8mb3 COMMENT='Count Login Attempts';

--
-- Dumping data for table `captcha_log`
--

INSERT INTO `captcha_log` VALUES ('1','104.156.251.216',1,'2019-09-14 06:16:01'),('1','128.199.150.215',1,'2019-07-07 04:36:43'),('1','157.245.185.245',2,'2019-10-14 01:14:14'),('1','159.65.74.181',2,'2020-01-19 06:02:54'),('1','162.247.73.192',1,'2020-04-29 16:21:31'),('1','162.247.74.217',1,'2020-06-01 03:18:32'),('1','176.10.99.200',1,'2020-04-29 16:21:45'),('1','178.128.21.66',9,'2019-06-28 01:02:24'),('1','178.128.67.38',2,'2019-07-08 15:44:21'),('1','185.220.101.131',1,'2020-06-01 03:18:48'),('1','185.220.101.211',1,'2020-06-01 03:18:57'),('1','185.220.101.212',1,'2020-05-11 04:37:28'),('1','185.220.101.238',1,'2020-06-01 03:18:44'),('1','185.220.102.4',3,'2020-05-11 04:37:11'),('1','193.70.12.219',1,'2020-06-01 03:18:41'),('1','199.249.230.74',1,'2020-04-29 16:21:19'),('1','212.83.166.62',1,'2020-05-11 04:37:35'),('1','213.87.121.57',6,'2020-05-11 04:36:50'),('1','31.173.149.82',6,'2020-04-29 16:21:14'),('1','45.9.148.220',1,'2020-04-29 16:21:26'),('1','51.15.100.60',1,'2020-05-11 04:36:55'),('1','54.36.108.162',1,'2020-04-29 16:21:49'),('1','62.102.148.69',1,'2020-06-01 03:18:53'),('1','62.210.37.82',1,'2020-04-29 16:21:41'),('1','79.106.126.61',1,'2019-10-18 16:08:10'),('1','80.240.104.226',6,'2020-06-01 03:18:17'),('1','83.49.100.9',5,'2019-11-03 09:41:01'),('1','83.52.75.248',1,'2020-04-13 13:48:10'),('2','2001200',3,'2020-06-01 03:18:57'),('2','20012007',6,'2020-05-11 04:37:35'),('2','admin',14,'2020-06-01 03:18:44'),('2','admin123',1,'2018-11-07 12:03:52'),('2','admin2',1,'2018-10-16 09:12:44'),('2','admin4',1,'2019-08-09 18:50:14'),('2','administrator',6,'2020-06-01 03:18:48'),('2','ce',1,'2020-03-05 14:23:29'),('2','design',2,'2019-07-07 04:36:43'),('2','dlc',1,'2019-06-25 01:17:18'),('2','hydra',1,'2019-06-20 18:45:02'),('2','lookvacations',6,'2020-06-01 03:18:53'),('2','magcom',5,'2019-12-27 16:34:35'),('2','magcontrol',3,'2020-01-19 06:02:54'),('2','mdemirbilek',1,'2020-03-09 16:15:36'),('2','qtn@lookvacatins.com',1,'2019-11-03 09:38:34'),('2','recep',14,'2019-11-13 12:03:18'),('2','rsr',3,'2020-06-01 03:18:08'),('2','rsr@lookvacations.com',6,'2020-06-01 03:18:41'),('2','rsuser',1,'2019-09-22 19:58:00'),('2','sadmin',1,'2019-06-15 20:30:48'),('2','shpersim-new',5,'2020-06-04 15:21:39'),('2','shpersim1',1,'2020-06-04 15:24:28'),('2','shpreim',1,'2018-11-14 16:12:30'),('2','shprersim1',1,'2020-06-04 15:24:49'),('2','shpresim',3,'2019-11-13 12:03:04'),('2','shpresim123',1,'2018-11-14 16:18:45'),('2','shpresim\\',1,'2019-03-14 20:40:20'),('2','steven',1,'2019-06-26 22:02:34'),('2','system_backup',1,'2019-06-10 13:55:23'),('2','test@test.com',2,'2018-08-31 19:27:52'),('2','uSer',1,'2019-07-08 15:44:21');

--
-- Table structure for table `catalog_category_entity`
--

CREATE TABLE `catalog_category_entity` (
  `entity_id` int unsigned NOT NULL AUTO_INCREMENT COMMENT 'Entity ID',
  `attribute_set_id` smallint unsigned NOT NULL DEFAULT '0' COMMENT 'Attribute Set ID',
  `parent_id` int unsigned NOT NULL DEFAULT '0' COMMENT 'Parent Category ID',
  `created_at` timestamp NOT NULL DEFAULT CURRENT_TIMESTAMP COMMENT 'Creation Time',
  `updated_at` timestamp NOT NULL DEFAULT CURRENT_TIMESTAMP ON UPDATE CURRENT_TIMESTAMP COMMENT 'Update Time',
  `path` varchar(255) NOT NULL COMMENT 'Tree Path',
  `position` int NOT NULL COMMENT 'Position',
  `level` int NOT NULL DEFAULT '0' COMMENT 'Tree Level',
  `children_count` int NOT NULL COMMENT 'Child Count',
  PRIMARY KEY (`entity_id`),
  KEY `CATALOG_CATEGORY_ENTITY_LEVEL` (`level`),
  KEY `CATALOG_CATEGORY_ENTITY_PATH` (`path`)
) ENGINE=InnoDB AUTO_INCREMENT=37 DEFAULT CHARSET=utf8mb3 COMMENT='Catalog Category Table';

--
-- Dumping data for table `catalog_category_entity`
--

INSERT INTO `catalog_category_entity` VALUES (1,3,0,'2018-07-10 20:53:50','2020-03-18 11:43:35','1',0,0,22),(2,3,1,'2018-07-10 20:53:50','2020-03-19 18:18:40','1/2',1,1,21),(3,3,2,'2018-08-15 21:47:59','2020-04-03 12:22:31','1/2/3',1,2,0),(4,3,2,'2019-03-05 19:22:59','2020-03-18 11:43:35','1/2/4',2,2,12),(6,3,2,'2019-03-05 19:24:57','2020-04-01 14:36:24','1/2/6',4,2,0),(7,3,2,'2019-03-05 19:25:48','2020-04-01 14:41:02','1/2/7',5,2,0),(8,3,4,'2020-03-07 17:39:58','2020-04-08 14:02:24','1/2/4/8',1,3,0),(9,3,2,'2020-03-07 21:10:32','2020-04-08 14:20:05','1/2/9',6,2,5),(10,3,9,'2020-03-07 21:10:50','2020-03-07 21:12:48','1/2/9/10',1,3,0),(11,3,9,'2020-03-18 11:29:02','2020-04-01 14:07:22','1/2/9/11',2,3,0),(12,3,2,'2020-03-18 11:29:17','2020-04-08 13:49:30','1/2/12',7,2,3),(13,3,12,'2020-03-18 11:30:06','2020-04-08 14:06:19','1/2/12/13',1,3,0),(14,3,12,'2020-03-18 11:30:21','2020-04-08 14:16:17','1/2/12/14',2,3,0),(15,3,4,'2020-03-18 11:30:35','2020-04-08 13:59:15','1/2/4/15',2,3,0),(16,3,4,'2020-03-18 11:30:52','2020-03-18 11:30:52','1/2/4/16',3,3,0),(17,3,4,'2020-03-18 11:31:12','2020-03-18 11:31:12','1/2/4/17',4,3,0),(18,3,4,'2020-03-18 11:31:47','2020-03-18 11:31:47','1/2/4/18',5,3,0),(19,3,9,'2020-03-18 11:32:09','2020-03-18 11:32:09','1/2/9/19',3,3,0),(20,3,9,'2020-03-18 11:32:24','2020-03-18 11:32:24','1/2/9/20',4,3,0),(21,3,9,'2020-03-18 11:32:37','2020-03-18 11:32:37','1/2/9/21',5,3,0),(22,3,2,'2020-03-18 11:33:01','2020-04-08 13:51:03','1/2/22',8,2,2),(23,3,22,'2020-03-18 11:33:14','2020-03-18 11:33:14','1/2/22/23',1,3,0),(24,3,22,'2020-03-18 11:33:41','2020-03-18 11:33:41','1/2/22/24',2,3,0),(25,3,4,'2020-03-18 11:34:06','2020-03-18 11:34:06','1/2/4/25',6,3,0),(26,3,4,'2020-03-18 11:34:21','2020-03-18 11:34:21','1/2/4/26',7,3,0),(27,3,4,'2020-03-18 11:34:34','2020-03-18 11:34:34','1/2/4/27',8,3,0),(28,3,4,'2020-03-18 11:34:53','2020-03-18 11:34:53','1/2/4/28',9,3,0),(29,3,2,'2020-03-18 11:36:23','2020-04-08 13:51:36','1/2/29',9,2,2),(30,3,29,'2020-03-18 11:36:52','2020-03-18 11:36:52','1/2/29/30',1,3,0),(31,3,29,'2020-03-18 11:37:21','2020-03-18 11:37:21','1/2/29/31',2,3,0),(32,3,12,'2020-03-18 11:37:39','2020-03-18 11:37:39','1/2/12/32',3,3,0),(34,3,4,'2020-03-18 11:41:28','2020-03-18 11:41:29','1/2/4/34',10,3,0),(35,3,4,'2020-03-18 11:42:20','2020-03-18 11:42:20','1/2/4/35',11,3,0),(36,3,4,'2020-03-18 11:43:35','2020-03-18 11:43:35','1/2/4/36',12,3,0);

--
-- Table structure for table `catalog_category_entity_datetime`
--

CREATE TABLE `catalog_category_entity_datetime` (
  `value_id` int NOT NULL AUTO_INCREMENT COMMENT 'Value ID',
  `attribute_id` smallint unsigned NOT NULL DEFAULT '0' COMMENT 'Attribute ID',
  `store_id` smallint unsigned NOT NULL DEFAULT '0' COMMENT 'Store ID',
  `entity_id` int unsigned NOT NULL DEFAULT '0' COMMENT 'Entity ID',
  `value` datetime DEFAULT NULL COMMENT 'Value',
  PRIMARY KEY (`value_id`),
  UNIQUE KEY `CATALOG_CATEGORY_ENTITY_DATETIME_ENTITY_ID_ATTRIBUTE_ID_STORE_ID` (`entity_id`,`attribute_id`,`store_id`),
  KEY `CATALOG_CATEGORY_ENTITY_DATETIME_ENTITY_ID` (`entity_id`),
  KEY `CATALOG_CATEGORY_ENTITY_DATETIME_ATTRIBUTE_ID` (`attribute_id`),
  KEY `CATALOG_CATEGORY_ENTITY_DATETIME_STORE_ID` (`store_id`),
  CONSTRAINT `CAT_CTGR_ENTT_DTIME_ATTR_ID_EAV_ATTR_ATTR_ID` FOREIGN KEY (`attribute_id`) REFERENCES `eav_attribute` (`attribute_id`) ON DELETE CASCADE,
  CONSTRAINT `CAT_CTGR_ENTT_DTIME_ENTT_ID_CAT_CTGR_ENTT_ENTT_ID` FOREIGN KEY (`entity_id`) REFERENCES `catalog_category_entity` (`entity_id`) ON DELETE CASCADE,
  CONSTRAINT `CATALOG_CATEGORY_ENTITY_DATETIME_STORE_ID_STORE_STORE_ID` FOREIGN KEY (`store_id`) REFERENCES `store` (`store_id`) ON DELETE CASCADE
) ENGINE=InnoDB AUTO_INCREMENT=41 DEFAULT CHARSET=utf8mb3 COMMENT='Catalog Category Datetime Attribute Backend Table';

--
-- Dumping data for table `catalog_category_entity_datetime`
--

INSERT INTO `catalog_category_entity_datetime` VALUES (19,61,0,6,NULL),(20,62,0,6,NULL),(21,61,0,7,NULL),(22,62,0,7,NULL),(23,61,0,11,NULL),(24,62,0,11,NULL),(25,61,0,9,NULL),(26,62,0,9,NULL),(27,61,0,12,NULL),(28,62,0,12,NULL),(29,61,0,22,NULL),(30,62,0,22,NULL),(31,61,0,29,NULL),(32,62,0,29,NULL),(33,61,0,13,NULL),(34,62,0,13,NULL),(35,61,0,15,NULL),(36,62,0,15,NULL),(37,61,0,8,NULL),(38,62,0,8,NULL),(39,61,0,14,NULL),(40,62,0,14,NULL);

--
-- Table structure for table `catalog_category_entity_decimal`
--

CREATE TABLE `catalog_category_entity_decimal` (
  `value_id` int NOT NULL AUTO_INCREMENT COMMENT 'Value ID',
  `attribute_id` smallint unsigned NOT NULL DEFAULT '0' COMMENT 'Attribute ID',
  `store_id` smallint unsigned NOT NULL DEFAULT '0' COMMENT 'Store ID',
  `entity_id` int unsigned NOT NULL DEFAULT '0' COMMENT 'Entity ID',
  `value` decimal(20,6) DEFAULT NULL COMMENT 'Value',
  PRIMARY KEY (`value_id`),
  UNIQUE KEY `CATALOG_CATEGORY_ENTITY_DECIMAL_ENTITY_ID_ATTRIBUTE_ID_STORE_ID` (`entity_id`,`attribute_id`,`store_id`),
  KEY `CATALOG_CATEGORY_ENTITY_DECIMAL_ENTITY_ID` (`entity_id`),
  KEY `CATALOG_CATEGORY_ENTITY_DECIMAL_ATTRIBUTE_ID` (`attribute_id`),
  KEY `CATALOG_CATEGORY_ENTITY_DECIMAL_STORE_ID` (`store_id`),
  CONSTRAINT `CAT_CTGR_ENTT_DEC_ATTR_ID_EAV_ATTR_ATTR_ID` FOREIGN KEY (`attribute_id`) REFERENCES `eav_attribute` (`attribute_id`) ON DELETE CASCADE,
  CONSTRAINT `CAT_CTGR_ENTT_DEC_ENTT_ID_CAT_CTGR_ENTT_ENTT_ID` FOREIGN KEY (`entity_id`) REFERENCES `catalog_category_entity` (`entity_id`) ON DELETE CASCADE,
  CONSTRAINT `CATALOG_CATEGORY_ENTITY_DECIMAL_STORE_ID_STORE_STORE_ID` FOREIGN KEY (`store_id`) REFERENCES `store` (`store_id`) ON DELETE CASCADE
) ENGINE=InnoDB DEFAULT CHARSET=utf8mb3 COMMENT='Catalog Category Decimal Attribute Backend Table';

--
-- Dumping data for table `catalog_category_entity_decimal`
--


--
-- Table structure for table `catalog_category_entity_int`
--

CREATE TABLE `catalog_category_entity_int` (
  `value_id` int NOT NULL AUTO_INCREMENT COMMENT 'Value ID',
  `attribute_id` smallint unsigned NOT NULL DEFAULT '0' COMMENT 'Attribute ID',
  `store_id` smallint unsigned NOT NULL DEFAULT '0' COMMENT 'Store ID',
  `entity_id` int unsigned NOT NULL DEFAULT '0' COMMENT 'Entity ID',
  `value` int DEFAULT NULL COMMENT 'Value',
  PRIMARY KEY (`value_id`),
  UNIQUE KEY `CATALOG_CATEGORY_ENTITY_INT_ENTITY_ID_ATTRIBUTE_ID_STORE_ID` (`entity_id`,`attribute_id`,`store_id`),
  KEY `CATALOG_CATEGORY_ENTITY_INT_ENTITY_ID` (`entity_id`),
  KEY `CATALOG_CATEGORY_ENTITY_INT_ATTRIBUTE_ID` (`attribute_id`),
  KEY `CATALOG_CATEGORY_ENTITY_INT_STORE_ID` (`store_id`),
  CONSTRAINT `CAT_CTGR_ENTT_INT_ATTR_ID_EAV_ATTR_ATTR_ID` FOREIGN KEY (`attribute_id`) REFERENCES `eav_attribute` (`attribute_id`) ON DELETE CASCADE,
  CONSTRAINT `CAT_CTGR_ENTT_INT_ENTT_ID_CAT_CTGR_ENTT_ENTT_ID` FOREIGN KEY (`entity_id`) REFERENCES `catalog_category_entity` (`entity_id`) ON DELETE CASCADE,
  CONSTRAINT `CATALOG_CATEGORY_ENTITY_INT_STORE_ID_STORE_STORE_ID` FOREIGN KEY (`store_id`) REFERENCES `store` (`store_id`) ON DELETE CASCADE
) ENGINE=InnoDB AUTO_INCREMENT=282 DEFAULT CHARSET=utf8mb3 COMMENT='Catalog Category Integer Attribute Backend Table';

--
-- Dumping data for table `catalog_category_entity_int`
--

INSERT INTO `catalog_category_entity_int` VALUES (1,69,0,1,1),(2,46,0,2,1),(3,69,0,2,1),(4,46,0,3,1),(5,54,0,3,1),(6,69,0,3,1),(7,70,0,3,0),(8,71,0,3,0),(9,140,0,3,0),(10,154,0,3,0),(21,54,0,2,1),(22,70,0,2,0),(23,71,0,2,0),(24,140,0,2,0),(25,154,0,2,0),(26,46,0,4,1),(27,54,0,4,1),(28,69,0,4,1),(29,70,0,4,0),(30,71,0,4,0),(31,140,0,4,0),(32,154,0,4,0),(40,46,0,6,1),(41,54,0,6,1),(42,69,0,6,1),(43,70,0,6,0),(44,71,0,6,0),(45,140,0,6,0),(46,154,0,6,0),(47,46,0,7,1),(48,54,0,7,1),(49,69,0,7,1),(50,70,0,7,0),(51,71,0,7,0),(52,140,0,7,0),(53,154,0,7,0),(144,53,0,6,NULL),(145,53,0,7,NULL),(146,46,0,8,1),(147,54,0,8,1),(148,69,0,8,1),(149,46,0,9,1),(150,54,0,9,1),(151,69,0,9,1),(152,46,0,10,1),(153,54,0,10,1),(154,69,0,10,1),(155,46,0,11,1),(156,54,0,11,1),(157,69,0,11,1),(158,46,0,12,1),(159,54,0,12,1),(160,69,0,12,1),(161,46,0,13,1),(162,54,0,13,1),(163,69,0,13,1),(164,46,0,14,1),(165,54,0,14,1),(166,69,0,14,1),(167,46,0,15,1),(168,54,0,15,1),(169,69,0,15,1),(170,46,0,16,1),(171,54,0,16,1),(172,69,0,16,1),(173,46,0,17,1),(174,54,0,17,1),(175,69,0,17,1),(176,46,0,18,1),(177,54,0,18,1),(178,69,0,18,1),(179,46,0,19,1),(180,54,0,19,1),(181,69,0,19,1),(182,46,0,20,1),(183,54,0,20,1),(184,69,0,20,1),(185,46,0,21,1),(186,54,0,21,1),(187,69,0,21,1),(188,46,0,22,1),(189,54,0,22,1),(190,69,0,22,1),(191,46,0,23,1),(192,54,0,23,1),(193,69,0,23,1),(194,46,0,24,1),(195,54,0,24,1),(196,69,0,24,1),(197,46,0,25,1),(198,54,0,25,1),(199,69,0,25,1),(200,46,0,26,1),(201,54,0,26,1),(202,69,0,26,1),(203,46,0,27,1),(204,54,0,27,1),(205,69,0,27,1),(206,46,0,28,1),(207,54,0,28,1),(208,69,0,28,1),(209,46,0,29,1),(210,54,0,29,1),(211,69,0,29,1),(212,46,0,30,1),(213,54,0,30,1),(214,69,0,30,1),(215,46,0,31,1),(216,54,0,31,1),(217,69,0,31,1),(218,46,0,32,1),(219,54,0,32,1),(220,69,0,32,1),(224,46,0,34,1),(225,54,0,34,1),(226,69,0,34,1),(227,46,0,35,1),(228,54,0,35,1),(229,69,0,35,1),(230,46,0,36,1),(231,54,0,36,1),(232,69,0,36,1),(233,46,1,12,1),(234,69,1,12,1),(235,46,1,13,1),(236,69,1,13,1),(237,53,0,11,NULL),(238,70,0,11,0),(239,71,0,11,0),(240,140,0,11,0),(241,154,0,11,0),(242,53,0,9,NULL),(243,70,0,9,0),(244,71,0,9,0),(245,140,0,9,0),(246,154,0,9,0),(247,53,0,12,NULL),(248,70,0,12,0),(249,71,0,12,0),(250,140,0,12,0),(251,154,0,12,0),(252,53,0,22,NULL),(253,70,0,22,0),(254,71,0,22,0),(255,140,0,22,0),(256,154,0,22,0),(257,53,0,29,NULL),(258,70,0,29,0),(259,71,0,29,0),(260,140,0,29,0),(261,154,0,29,0),(262,53,0,13,NULL),(263,70,0,13,0),(264,71,0,13,0),(265,140,0,13,0),(266,154,0,13,0),(267,53,0,15,NULL),(268,70,0,15,0),(269,71,0,15,0),(270,140,0,15,0),(271,154,0,15,0),(272,53,0,8,NULL),(273,70,0,8,0),(274,71,0,8,0),(275,140,0,8,0),(276,154,0,8,0),(277,53,0,14,NULL),(278,70,0,14,0),(279,71,0,14,0),(280,140,0,14,0),(281,154,0,14,0);

--
-- Table structure for table `catalog_category_entity_text`
--

CREATE TABLE `catalog_category_entity_text` (
  `value_id` int NOT NULL AUTO_INCREMENT COMMENT 'Value ID',
  `attribute_id` smallint unsigned NOT NULL DEFAULT '0' COMMENT 'Attribute ID',
  `store_id` smallint unsigned NOT NULL DEFAULT '0' COMMENT 'Store ID',
  `entity_id` int unsigned NOT NULL DEFAULT '0' COMMENT 'Entity ID',
  `value` text COMMENT 'Value',
  PRIMARY KEY (`value_id`),
  UNIQUE KEY `CATALOG_CATEGORY_ENTITY_TEXT_ENTITY_ID_ATTRIBUTE_ID_STORE_ID` (`entity_id`,`attribute_id`,`store_id`),
  KEY `CATALOG_CATEGORY_ENTITY_TEXT_ENTITY_ID` (`entity_id`),
  KEY `CATALOG_CATEGORY_ENTITY_TEXT_ATTRIBUTE_ID` (`attribute_id`),
  KEY `CATALOG_CATEGORY_ENTITY_TEXT_STORE_ID` (`store_id`),
  CONSTRAINT `CAT_CTGR_ENTT_TEXT_ATTR_ID_EAV_ATTR_ATTR_ID` FOREIGN KEY (`attribute_id`) REFERENCES `eav_attribute` (`attribute_id`) ON DELETE CASCADE,
  CONSTRAINT `CAT_CTGR_ENTT_TEXT_ENTT_ID_CAT_CTGR_ENTT_ENTT_ID` FOREIGN KEY (`entity_id`) REFERENCES `catalog_category_entity` (`entity_id`) ON DELETE CASCADE,
  CONSTRAINT `CATALOG_CATEGORY_ENTITY_TEXT_STORE_ID_STORE_STORE_ID` FOREIGN KEY (`store_id`) REFERENCES `store` (`store_id`) ON DELETE CASCADE
) ENGINE=InnoDB AUTO_INCREMENT=172 DEFAULT CHARSET=utf8mb3 COMMENT='Catalog Category Text Attribute Backend Table';

--
-- Dumping data for table `catalog_category_entity_text`
--

INSERT INTO `catalog_category_entity_text` VALUES (1,47,0,3,'<p><strong>HOME OF ISTANBUL</strong></p>'),(28,47,0,4,'<p>Lorem Ipsum</p>'),(82,47,0,6,NULL),(83,50,0,6,NULL),(84,51,0,6,NULL),(86,148,0,6,NULL),(87,150,0,6,NULL),(88,152,0,6,NULL),(89,153,0,6,NULL),(90,158,0,6,NULL),(91,47,0,7,NULL),(92,50,0,7,NULL),(93,51,0,7,NULL),(95,148,0,7,NULL),(96,150,0,7,NULL),(97,152,0,7,NULL),(98,153,0,7,NULL),(99,158,0,7,NULL),(100,47,0,11,'<p>Cultural Tours , Cairo Tours , Nile River cruises , Sharm-el Sheiq , diving tours</p>'),(101,50,0,11,NULL),(102,51,0,11,NULL),(103,148,0,11,NULL),(104,150,0,11,NULL),(105,152,0,11,NULL),(106,153,0,11,NULL),(107,158,0,11,NULL),(108,47,0,9,'<p>You have many tour alternatives to book from Egypt , MOrocco Tunisa to Kenya , Tanzania , South Africa safari tours</p>'),(109,50,0,9,NULL),(110,51,0,9,NULL),(111,148,0,9,NULL),(112,150,0,9,NULL),(113,152,0,9,NULL),(114,153,0,9,NULL),(115,158,0,9,NULL),(116,47,0,12,'<p>Tours for Dubai , Japan ,Delhi all India , China , Vietnam , Indonesia , Singapore , Malaysia , Korea and more&nbsp;</p>'),(117,50,0,12,NULL),(118,51,0,12,NULL),(119,148,0,12,NULL),(120,150,0,12,NULL),(121,152,0,12,NULL),(122,153,0,12,NULL),(123,158,0,12,NULL),(124,47,0,22,'<p>Jerusalem Tours, Jordan , Lebanon , Hollylands Tours , Palestine&nbsp;</p>'),(125,50,0,22,NULL),(126,51,0,22,NULL),(127,148,0,22,NULL),(128,150,0,22,NULL),(129,152,0,22,NULL),(130,153,0,22,NULL),(131,158,0,22,NULL),(132,47,0,29,'<p>Book Tours online for Australia , New Zealand and all around Ocenia</p>'),(133,50,0,29,NULL),(134,51,0,29,NULL),(135,148,0,29,NULL),(136,150,0,29,NULL),(137,152,0,29,NULL),(138,153,0,29,NULL),(139,158,0,29,NULL),(140,47,0,13,NULL),(141,50,0,13,NULL),(142,51,0,13,NULL),(143,148,0,13,NULL),(144,150,0,13,NULL),(145,152,0,13,NULL),(146,153,0,13,NULL),(147,158,0,13,NULL),(148,47,0,15,NULL),(149,50,0,15,NULL),(150,51,0,15,NULL),(151,148,0,15,NULL),(152,150,0,15,NULL),(153,152,0,15,NULL),(154,153,0,15,NULL),(155,158,0,15,NULL),(156,47,0,8,NULL),(157,50,0,8,NULL),(158,51,0,8,NULL),(159,148,0,8,NULL),(160,150,0,8,NULL),(161,152,0,8,NULL),(162,153,0,8,NULL),(163,158,0,8,NULL),(164,47,0,14,NULL),(165,50,0,14,NULL),(166,51,0,14,NULL),(167,148,0,14,NULL),(168,150,0,14,NULL),(169,152,0,14,NULL),(170,153,0,14,NULL),(171,158,0,14,NULL);

--
-- Table structure for table `catalog_category_entity_varchar`
--

CREATE TABLE `catalog_category_entity_varchar` (
  `value_id` int NOT NULL AUTO_INCREMENT COMMENT 'Value ID',
  `attribute_id` smallint unsigned NOT NULL DEFAULT '0' COMMENT 'Attribute ID',
  `store_id` smallint unsigned NOT NULL DEFAULT '0' COMMENT 'Store ID',
  `entity_id` int unsigned NOT NULL DEFAULT '0' COMMENT 'Entity ID',
  `value` varchar(255) DEFAULT NULL COMMENT 'Value',
  PRIMARY KEY (`value_id`),
  UNIQUE KEY `CATALOG_CATEGORY_ENTITY_VARCHAR_ENTITY_ID_ATTRIBUTE_ID_STORE_ID` (`entity_id`,`attribute_id`,`store_id`),
  KEY `CATALOG_CATEGORY_ENTITY_VARCHAR_ENTITY_ID` (`entity_id`),
  KEY `CATALOG_CATEGORY_ENTITY_VARCHAR_ATTRIBUTE_ID` (`attribute_id`),
  KEY `CATALOG_CATEGORY_ENTITY_VARCHAR_STORE_ID` (`store_id`),
  CONSTRAINT `CAT_CTGR_ENTT_VCHR_ATTR_ID_EAV_ATTR_ATTR_ID` FOREIGN KEY (`attribute_id`) REFERENCES `eav_attribute` (`attribute_id`) ON DELETE CASCADE,
  CONSTRAINT `CAT_CTGR_ENTT_VCHR_ENTT_ID_CAT_CTGR_ENTT_ENTT_ID` FOREIGN KEY (`entity_id`) REFERENCES `catalog_category_entity` (`entity_id`) ON DELETE CASCADE,
  CONSTRAINT `CATALOG_CATEGORY_ENTITY_VARCHAR_STORE_ID_STORE_STORE_ID` FOREIGN KEY (`store_id`) REFERENCES `store` (`store_id`) ON DELETE CASCADE
) ENGINE=InnoDB AUTO_INCREMENT=753 DEFAULT CHARSET=utf8mb3 COMMENT='Catalog Category Varchar Attribute Backend Table';

--
-- Dumping data for table `catalog_category_entity_varchar`
--

INSERT INTO `catalog_category_entity_varchar` VALUES (1,45,0,1,'Root Catalog'),(2,45,0,2,'Default Category'),(3,52,0,2,'PRODUCTS'),(4,45,0,3,'Turkey'),(5,48,0,3,'/pub/media/catalog/category/cat-ballons-tour.jpeg'),(6,52,0,3,'PRODUCTS_AND_PAGE'),(7,124,0,3,'turkey-tours'),(8,125,0,3,'turkey-tours'),(104,124,0,2,'default-category'),(113,149,0,2,'0'),(114,151,0,2,'0'),(119,45,0,4,'Europe'),(120,48,0,4,'2.jpg'),(121,52,0,4,'PRODUCTS_AND_PAGE'),(122,124,0,4,'europe'),(123,125,0,4,'europe'),(124,149,0,4,'0'),(125,151,0,4,'0'),(133,45,0,6,'Balkans'),(134,48,0,6,'/pub/media/catalog/category/cat-crete-girit_1.jpg'),(135,52,0,6,'PRODUCTS'),(136,124,0,6,'singapore'),(137,125,0,6,'singapore'),(138,149,0,6,'0'),(139,151,0,6,'0'),(140,45,0,7,'Morocco'),(141,48,0,7,'/pub/media/catalog/category/marocco.jpg'),(142,52,0,7,'PRODUCTS'),(143,124,0,7,'paris'),(144,125,0,7,'paris'),(145,149,0,7,'0'),(146,151,0,7,'0'),(234,125,0,2,NULL),(253,183,0,4,'bg-banner1-h3.jpg'),(335,49,0,6,NULL),(336,60,0,6,NULL),(337,63,0,6,NULL),(338,141,0,6,NULL),(339,142,0,6,NULL),(340,143,0,6,NULL),(341,144,0,6,NULL),(342,145,0,6,NULL),(343,146,0,6,NULL),(344,147,0,6,NULL),(345,155,0,6,NULL),(346,156,0,6,NULL),(347,157,0,6,NULL),(350,49,0,7,NULL),(351,60,0,7,NULL),(352,63,0,7,NULL),(353,141,0,7,NULL),(354,142,0,7,NULL),(355,143,0,7,NULL),(356,144,0,7,NULL),(357,145,0,7,NULL),(358,146,0,7,NULL),(359,147,0,7,NULL),(360,155,0,7,NULL),(361,156,0,7,NULL),(362,157,0,7,NULL),(448,149,0,3,'0'),(449,151,0,3,'0'),(456,45,0,8,'Greece'),(457,124,0,8,'greece'),(458,125,0,8,'europe/greece'),(459,45,0,9,'AFRICA'),(460,124,0,9,'africa'),(461,125,0,9,'africa'),(462,45,0,10,'Morocco'),(463,124,0,10,'morocco'),(464,125,0,10,'africa/morocco'),(472,183,0,3,'TURKEY_CATHERGORY_BANNER_1.jpg'),(473,45,0,11,'EGYPT'),(474,124,0,11,'egypt'),(475,125,0,11,'africa/egypt'),(476,45,0,12,'ASIA'),(477,124,0,12,'asia'),(478,125,0,12,'asia'),(479,45,0,13,'Dubai'),(480,124,0,13,'dubai'),(481,125,0,13,'asia/dubai'),(482,45,0,14,'UAE'),(483,124,0,14,'uae'),(484,125,0,14,'asia/uae'),(485,45,0,15,'Spain'),(486,124,0,15,'spain'),(487,125,0,15,'europe/spain'),(488,45,0,16,'Italy'),(489,124,0,16,'italy'),(490,125,0,16,'europe/italy'),(491,45,0,17,'Britain'),(492,124,0,17,'britain'),(493,125,0,17,'europe/britain'),(494,45,0,18,'France'),(495,124,0,18,'france'),(496,125,0,18,'europe/france'),(497,45,0,19,'Tunusia'),(498,124,0,19,'tunusia'),(499,125,0,19,'africa/tunusia'),(500,45,0,20,'South Africa'),(501,124,0,20,'south-africa'),(502,125,0,20,'africa/south-africa'),(503,45,0,21,'Kenya'),(504,124,0,21,'kenya'),(505,125,0,21,'africa/kenya'),(506,45,0,22,'Middle East'),(507,124,0,22,'middle-east'),(508,125,0,22,'middle-east'),(509,45,0,23,'Jordan'),(510,124,0,23,'jordan'),(511,125,0,23,'middle-east/jordan'),(512,45,0,24,'Holly Land'),(513,124,0,24,'holly-land'),(514,125,0,24,'middle-east/holly-land'),(515,45,0,25,'Balkans'),(516,124,0,25,'balkans'),(517,125,0,25,'europe/balkans'),(518,45,0,26,'Nedherlands'),(519,124,0,26,'nedherlands'),(520,125,0,26,'europe/nedherlands'),(521,45,0,27,'Germany'),(522,124,0,27,'germany'),(523,125,0,27,'europe/germany'),(524,45,0,28,'Austria'),(525,124,0,28,'austria'),(526,125,0,28,'europe/austria'),(527,45,0,29,'Oceania'),(528,124,0,29,'oceania'),(529,125,0,29,'oceania'),(530,45,0,30,'Australia'),(531,124,0,30,'australia'),(532,125,0,30,'oceania/australia'),(533,45,0,31,'New Zealand'),(534,124,0,31,'new-zealand'),(535,125,0,31,'oceania/new-zealand'),(536,45,0,32,'Thailand'),(537,124,0,32,'thailand'),(538,125,0,32,'asia/thailand'),(542,45,0,34,'Baltics'),(543,124,0,34,'baltics'),(544,125,0,34,'europe/baltics'),(545,45,0,35,'Benelux'),(546,124,0,35,'benelux'),(547,125,0,35,'europe/benelux'),(548,45,0,36,'Scandinavian'),(549,124,0,36,'scandinavian'),(550,125,0,36,'europe/scandinavian'),(552,125,1,12,'asia'),(553,45,1,12,'ASIA'),(554,124,1,12,'asia'),(555,125,1,13,'asia/dubai'),(556,45,1,13,'Dubai'),(557,124,1,13,'dubai'),(561,48,0,11,'/pub/media/catalog/tmp/category/NILE_CRUISES.jpg'),(562,49,0,11,NULL),(563,52,0,11,'PRODUCTS'),(564,60,0,11,NULL),(565,63,0,11,NULL),(566,141,0,11,NULL),(567,142,0,11,NULL),(568,143,0,11,NULL),(569,144,0,11,NULL),(570,145,0,11,NULL),(571,146,0,11,NULL),(572,147,0,11,NULL),(573,149,0,11,'0'),(574,151,0,11,'0'),(575,155,0,11,NULL),(576,156,0,11,NULL),(577,157,0,11,NULL),(578,183,0,11,'EGYPT_CATHERGORY_BANNER.jpg'),(580,48,0,9,'/pub/media/catalog/tmp/category/AFRICACONTENTPICTURE_1.jpg'),(581,49,0,9,NULL),(582,52,0,9,'PRODUCTS'),(583,60,0,9,NULL),(584,63,0,9,NULL),(585,141,0,9,NULL),(586,142,0,9,NULL),(587,143,0,9,NULL),(588,144,0,9,NULL),(589,145,0,9,NULL),(590,146,0,9,NULL),(591,147,0,9,NULL),(592,149,0,9,'0'),(593,151,0,9,'0'),(594,155,0,9,NULL),(595,156,0,9,NULL),(596,157,0,9,NULL),(599,183,0,6,'BALKANSCATEGORY.jpg'),(601,183,0,7,'MOROCCOCAT.jpg'),(603,48,0,12,'/pub/media/catalog/tmp/category/DUBAI-BURJ_1.jpg'),(604,49,0,12,NULL),(605,52,0,12,'PRODUCTS'),(606,60,0,12,NULL),(607,63,0,12,NULL),(608,141,0,12,NULL),(609,142,0,12,NULL),(610,143,0,12,NULL),(611,144,0,12,NULL),(612,145,0,12,NULL),(613,146,0,12,NULL),(614,147,0,12,NULL),(615,149,0,12,'0'),(616,151,0,12,'0'),(617,155,0,12,NULL),(618,156,0,12,NULL),(619,157,0,12,NULL),(625,48,0,22,'/pub/media/catalog/tmp/category/AKSA.jpg'),(626,49,0,22,NULL),(627,52,0,22,'PRODUCTS'),(628,60,0,22,NULL),(629,63,0,22,NULL),(630,141,0,22,NULL),(631,142,0,22,NULL),(632,143,0,22,NULL),(633,144,0,22,NULL),(634,145,0,22,NULL),(635,146,0,22,NULL),(636,147,0,22,NULL),(637,149,0,22,'0'),(638,151,0,22,'0'),(639,155,0,22,NULL),(640,156,0,22,NULL),(641,157,0,22,NULL),(644,48,0,29,'/pub/media/catalog/tmp/category/oceaniahobbits_1.jpg'),(645,49,0,29,NULL),(646,52,0,29,'PRODUCTS'),(647,60,0,29,NULL),(648,63,0,29,NULL),(649,141,0,29,NULL),(650,142,0,29,NULL),(651,143,0,29,NULL),(652,144,0,29,NULL),(653,145,0,29,NULL),(654,146,0,29,NULL),(655,147,0,29,NULL),(656,149,0,29,'0'),(657,151,0,29,'0'),(658,155,0,29,NULL),(659,156,0,29,NULL),(660,157,0,29,NULL),(669,183,0,9,'AFRICACATEGORY_4.jpg'),(671,183,0,12,'ASIATAJMAHAL_2.jpg'),(673,48,0,13,'/pub/media/catalog/tmp/category/DUBAI-BURJ_2.jpg'),(674,49,0,13,NULL),(675,52,0,13,'PRODUCTS'),(676,60,0,13,NULL),(677,63,0,13,NULL),(678,141,0,13,NULL),(679,142,0,13,NULL),(680,143,0,13,NULL),(681,144,0,13,NULL),(682,145,0,13,NULL),(683,146,0,13,NULL),(684,147,0,13,NULL),(685,149,0,13,'0'),(686,151,0,13,'0'),(687,155,0,13,NULL),(688,156,0,13,NULL),(689,157,0,13,NULL),(691,183,0,22,'middleeastcat_1.jpg'),(693,183,0,29,'oceniacat_1.jpg'),(695,48,0,15,NULL),(696,49,0,15,NULL),(697,52,0,15,'PRODUCTS'),(698,60,0,15,NULL),(699,63,0,15,NULL),(700,141,0,15,NULL),(701,142,0,15,NULL),(702,143,0,15,NULL),(703,144,0,15,NULL),(704,145,0,15,NULL),(705,146,0,15,NULL),(706,147,0,15,NULL),(707,149,0,15,'0'),(708,151,0,15,'0'),(709,155,0,15,NULL),(710,156,0,15,NULL),(711,157,0,15,NULL),(712,183,0,15,'alhambraspaincat.jpg'),(714,48,0,8,NULL),(715,49,0,8,NULL),(716,52,0,8,'PRODUCTS'),(717,60,0,8,NULL),(718,63,0,8,NULL),(719,141,0,8,NULL),(720,142,0,8,NULL),(721,143,0,8,NULL),(722,144,0,8,NULL),(723,145,0,8,NULL),(724,146,0,8,NULL),(725,147,0,8,NULL),(726,149,0,8,'0'),(727,151,0,8,'0'),(728,155,0,8,NULL),(729,156,0,8,NULL),(730,157,0,8,NULL),(731,183,0,8,'greececategory.jpg'),(733,183,0,13,'dubaicategory.jpg'),(735,48,0,14,'/pub/media/catalog/tmp/category/DUBAI-BURJ_3.jpg'),(736,49,0,14,NULL),(737,52,0,14,'PRODUCTS'),(738,60,0,14,NULL),(739,63,0,14,NULL),(740,141,0,14,NULL),(741,142,0,14,NULL),(742,143,0,14,NULL),(743,144,0,14,NULL),(744,145,0,14,NULL),(745,146,0,14,NULL),(746,147,0,14,NULL),(747,149,0,14,'0'),(748,151,0,14,'0'),(749,155,0,14,NULL),(750,156,0,14,NULL),(751,157,0,14,NULL),(752,183,0,14,'abudabicategory_2.jpg');

--
-- Table structure for table `catalog_category_product`
--

CREATE TABLE `catalog_category_product` (
  `entity_id` int NOT NULL AUTO_INCREMENT COMMENT 'Entity ID',
  `category_id` int unsigned NOT NULL DEFAULT '0' COMMENT 'Category ID',
  `product_id` int unsigned NOT NULL DEFAULT '0' COMMENT 'Product ID',
  `position` int NOT NULL DEFAULT '0' COMMENT 'Position',
  PRIMARY KEY (`entity_id`,`category_id`,`product_id`),
  UNIQUE KEY `CATALOG_CATEGORY_PRODUCT_CATEGORY_ID_PRODUCT_ID` (`category_id`,`product_id`),
  KEY `CATALOG_CATEGORY_PRODUCT_PRODUCT_ID` (`product_id`),
  CONSTRAINT `CAT_CTGR_PRD_CTGR_ID_CAT_CTGR_ENTT_ENTT_ID` FOREIGN KEY (`category_id`) REFERENCES `catalog_category_entity` (`entity_id`) ON DELETE CASCADE,
  CONSTRAINT `CAT_CTGR_PRD_PRD_ID_CAT_PRD_ENTT_ENTT_ID` FOREIGN KEY (`product_id`) REFERENCES `catalog_product_entity` (`entity_id`) ON DELETE CASCADE
) ENGINE=InnoDB AUTO_INCREMENT=171 DEFAULT CHARSET=utf8mb3 COMMENT='Catalog Product To Category Linkage Table';

--
-- Dumping data for table `catalog_category_product`
--

INSERT INTO `catalog_category_product` VALUES (42,3,62,0),(43,3,63,0),(44,3,64,0),(46,3,66,0),(47,3,67,0),(48,3,68,0),(49,3,69,0),(50,4,70,0),(51,4,71,0),(52,3,72,0),(54,3,74,0),(55,3,75,0),(56,3,76,0),(57,3,77,0),(58,3,78,0),(59,3,79,0),(60,3,80,0),(61,3,81,0),(62,3,82,0),(63,3,83,0),(64,3,84,0),(65,3,85,0),(66,8,86,0),(67,8,87,0),(68,8,88,0),(71,7,73,0),(72,6,89,0),(73,6,90,0),(74,6,91,0),(75,3,92,0),(76,15,93,0),(77,3,94,0),(80,13,96,0),(82,12,98,0),(83,14,98,0),(84,12,99,0),(85,14,99,0),(86,12,100,0),(87,14,100,0),(91,14,103,0),(93,12,105,0),(94,14,105,0),(96,2,107,0),(97,12,108,0),(98,14,108,0),(99,12,109,0),(100,14,109,0),(101,2,110,0),(102,2,111,0),(103,11,112,0),(105,2,114,0),(108,2,116,0),(109,2,117,0),(112,11,120,0),(113,3,121,0),(114,13,113,0),(116,13,98,0),(117,13,99,0),(118,13,100,0),(119,13,101,0),(120,13,102,0),(121,13,103,0),(122,13,104,0),(123,13,105,0),(124,14,106,0),(125,11,122,0),(126,2,97,0),(127,11,123,0),(128,11,124,0),(129,11,125,0),(130,11,126,0),(131,3,127,0),(132,11,128,0),(133,11,129,0),(134,3,130,0),(135,3,131,0),(136,3,132,0),(137,3,133,0),(138,3,134,0),(140,4,136,0),(141,4,137,0),(142,4,138,0),(143,4,139,0),(145,4,135,0),(146,4,140,0),(147,15,140,0),(148,15,138,0),(149,15,137,0),(150,15,136,0),(151,15,135,0),(152,8,141,0),(153,9,142,0),(154,10,142,0),(155,9,143,0),(156,10,143,0),(157,7,144,0),(158,7,145,0),(159,9,145,0),(160,7,146,0),(161,9,146,0),(162,7,147,0),(163,9,147,0),(164,9,149,0),(165,9,151,0),(166,7,150,0),(167,7,151,0),(168,7,149,0),(169,7,148,0),(170,8,152,0);

--
-- Table structure for table `catalog_category_product_index`
--

CREATE TABLE `catalog_category_product_index` (
  `category_id` int unsigned NOT NULL DEFAULT '0' COMMENT 'Category ID',
  `product_id` int unsigned NOT NULL DEFAULT '0' COMMENT 'Product ID',
  `position` int DEFAULT NULL COMMENT 'Position',
  `is_parent` smallint unsigned NOT NULL DEFAULT '0' COMMENT 'Is Parent',
  `store_id` smallint unsigned NOT NULL DEFAULT '0' COMMENT 'Store ID',
  `visibility` smallint unsigned NOT NULL COMMENT 'Visibility',
  PRIMARY KEY (`category_id`,`product_id`,`store_id`),
  KEY `CAT_CTGR_PRD_IDX_PRD_ID_STORE_ID_CTGR_ID_VISIBILITY` (`product_id`,`store_id`,`category_id`,`visibility`),
  KEY `CAT_CTGR_PRD_IDX_STORE_ID_CTGR_ID_VISIBILITY_IS_PARENT_POSITION` (`store_id`,`category_id`,`visibility`,`is_parent`,`position`)
) ENGINE=InnoDB DEFAULT CHARSET=utf8mb3 COMMENT='Catalog Category Product Index';

--
-- Dumping data for table `catalog_category_product_index`
--


--
-- Table structure for table `catalog_category_product_index_replica`
--

CREATE TABLE `catalog_category_product_index_replica` (
  `category_id` int unsigned NOT NULL DEFAULT '0' COMMENT 'Category ID',
  `product_id` int unsigned NOT NULL DEFAULT '0' COMMENT 'Product ID',
  `position` int DEFAULT NULL COMMENT 'Position',
  `is_parent` smallint unsigned NOT NULL DEFAULT '0' COMMENT 'Is Parent',
  `store_id` smallint unsigned NOT NULL DEFAULT '0' COMMENT 'Store ID',
  `visibility` smallint unsigned NOT NULL COMMENT 'Visibility',
  PRIMARY KEY (`category_id`,`product_id`,`store_id`),
  KEY `CAT_CTGR_PRD_IDX_PRD_ID_STORE_ID_CTGR_ID_VISIBILITY` (`product_id`,`store_id`,`category_id`,`visibility`),
  KEY `CAT_CTGR_PRD_IDX_STORE_ID_CTGR_ID_VISIBILITY_IS_PARENT_POSITION` (`store_id`,`category_id`,`visibility`,`is_parent`,`position`)
) ENGINE=InnoDB DEFAULT CHARSET=utf8mb3 COMMENT='Catalog Category Product Index';

--
-- Dumping data for table `catalog_category_product_index_replica`
--


--
-- Table structure for table `catalog_category_product_index_store1`
--

CREATE TABLE `catalog_category_product_index_store1` (
  `category_id` int unsigned NOT NULL DEFAULT '0' COMMENT 'Category Id',
  `product_id` int unsigned NOT NULL DEFAULT '0' COMMENT 'Product Id',
  `position` int DEFAULT NULL COMMENT 'Position',
  `is_parent` smallint unsigned NOT NULL DEFAULT '0' COMMENT 'Is Parent',
  `store_id` smallint unsigned NOT NULL DEFAULT '0' COMMENT 'Store Id',
  `visibility` smallint unsigned NOT NULL COMMENT 'Visibility',
  PRIMARY KEY (`category_id`,`product_id`,`store_id`),
  KEY `CAT_CTGR_PRD_IDX_STORE1_PRD_ID_STORE_ID_CTGR_ID_VISIBILITY` (`product_id`,`store_id`,`category_id`,`visibility`),
  KEY `IDX_216E521C8AD125E066D2B0BAB4A08412` (`store_id`,`category_id`,`visibility`,`is_parent`,`position`)
) ENGINE=InnoDB DEFAULT CHARSET=utf8mb3 COMMENT='Catalog Category Product Index Store1';

--
-- Dumping data for table `catalog_category_product_index_store1`
--

INSERT INTO `catalog_category_product_index_store1` VALUES (2,62,10000,0,1,4),(2,63,10000,0,1,4),(2,64,10000,0,1,4),(2,66,10000,0,1,4),(2,67,10000,0,1,4),(2,68,10000,0,1,4),(2,69,10000,0,1,4),(2,70,10000,0,1,4),(2,71,10000,0,1,4),(2,72,10000,0,1,4),(2,73,10000,0,1,4),(2,74,10000,0,1,4),(2,75,10000,0,1,4),(2,76,10000,0,1,4),(2,77,10000,0,1,4),(2,78,10000,0,1,4),(2,79,10000,0,1,4),(2,80,10000,0,1,4),(2,81,10000,0,1,4),(2,82,10000,0,1,4),(2,83,10000,0,1,4),(2,84,10000,0,1,4),(2,85,10000,0,1,4),(2,86,10000,0,1,4),(2,87,10000,0,1,4),(2,88,10000,0,1,4),(2,89,10000,0,1,4),(2,90,10000,0,1,4),(2,91,10000,0,1,4),(2,92,10000,0,1,4),(2,93,10000,0,1,4),(2,94,10000,0,1,4),(2,98,10000,0,1,4),(2,99,10000,0,1,4),(2,100,10000,0,1,4),(2,101,10000,0,1,4),(2,102,10000,0,1,4),(2,103,10000,0,1,4),(2,104,10000,0,1,4),(2,105,10000,0,1,4),(2,106,10000,0,1,4),(2,108,10000,0,1,4),(2,112,10000,0,1,4),(2,120,10000,0,1,4),(2,121,10000,0,1,4),(2,122,10000,0,1,4),(2,123,10000,0,1,4),(2,127,10000,0,1,4),(2,129,10000,0,1,4),(2,130,10000,0,1,4),(2,131,10000,0,1,4),(2,132,10000,0,1,4),(2,133,10000,0,1,4),(2,134,10000,0,1,4),(2,136,10000,0,1,4),(2,137,10000,0,1,4),(2,138,10000,0,1,4),(2,139,10000,0,1,4),(2,140,10000,0,1,4),(2,141,10000,0,1,4),(2,142,10000,0,1,4),(2,143,10000,0,1,4),(2,144,10000,0,1,4),(2,145,10000,0,1,4),(2,146,10000,0,1,4),(2,147,10000,0,1,4),(2,148,10000,0,1,4),(2,149,10000,0,1,4),(2,150,10000,0,1,4),(2,151,10000,0,1,4),(2,152,10000,0,1,4),(2,97,0,1,1,4),(3,62,0,1,1,4),(3,63,0,1,1,4),(3,64,0,1,1,4),(3,66,0,1,1,4),(3,67,0,1,1,4),(3,68,0,1,1,4),(3,69,0,1,1,4),(3,72,0,1,1,4),(3,74,0,1,1,4),(3,75,0,1,1,4),(3,76,0,1,1,4),(3,77,0,1,1,4),(3,78,0,1,1,4),(3,79,0,1,1,4),(3,80,0,1,1,4),(3,81,0,1,1,4),(3,82,0,1,1,4),(3,83,0,1,1,4),(3,84,0,1,1,4),(3,85,0,1,1,4),(3,92,0,1,1,4),(3,94,0,1,1,4),(3,121,0,1,1,4),(3,127,0,1,1,4),(3,130,0,1,1,4),(3,131,0,1,1,4),(3,132,0,1,1,4),(3,133,0,1,1,4),(3,134,0,1,1,4),(4,86,10000,0,1,4),(4,87,10000,0,1,4),(4,88,10000,0,1,4),(4,93,10000,0,1,4),(4,141,10000,0,1,4),(4,152,10000,0,1,4),(4,70,0,1,1,4),(4,71,0,1,1,4),(4,136,0,1,1,4),(4,137,0,1,1,4),(4,138,0,1,1,4),(4,139,0,1,1,4),(4,140,0,1,1,4),(6,89,0,1,1,4),(6,90,0,1,1,4),(6,91,0,1,1,4),(7,73,0,1,1,4),(7,144,0,1,1,4),(7,145,0,1,1,4),(7,146,0,1,1,4),(7,147,0,1,1,4),(7,148,0,1,1,4),(7,149,0,1,1,4),(7,150,0,1,1,4),(7,151,0,1,1,4),(8,86,0,1,1,4),(8,87,0,1,1,4),(8,88,0,1,1,4),(8,141,0,1,1,4),(8,152,0,1,1,4),(9,112,10000,0,1,4),(9,120,10000,0,1,4),(9,122,10000,0,1,4),(9,123,10000,0,1,4),(9,129,10000,0,1,4),(9,142,0,1,1,4),(9,143,0,1,1,4),(9,145,0,1,1,4),(9,146,0,1,1,4),(9,147,0,1,1,4),(9,149,0,1,1,4),(9,151,0,1,1,4),(10,142,0,1,1,4),(10,143,0,1,1,4),(11,112,0,1,1,4),(11,120,0,1,1,4),(11,122,0,1,1,4),(11,123,0,1,1,4),(11,129,0,1,1,4),(12,101,10000,0,1,4),(12,102,10000,0,1,4),(12,103,10000,0,1,4),(12,104,10000,0,1,4),(12,106,10000,0,1,4),(12,98,0,1,1,4),(12,99,0,1,1,4),(12,100,0,1,1,4),(12,105,0,1,1,4),(12,108,0,1,1,4),(13,98,0,1,1,4),(13,99,0,1,1,4),(13,100,0,1,1,4),(13,101,0,1,1,4),(13,102,0,1,1,4),(13,103,0,1,1,4),(13,104,0,1,1,4),(13,105,0,1,1,4),(14,98,0,1,1,4),(14,99,0,1,1,4),(14,100,0,1,1,4),(14,103,0,1,1,4),(14,105,0,1,1,4),(14,106,0,1,1,4),(14,108,0,1,1,4),(15,93,0,1,1,4),(15,136,0,1,1,4),(15,137,0,1,1,4),(15,138,0,1,1,4),(15,140,0,1,1,4);

--
-- Table structure for table `catalog_category_product_index_store1_replica`
--

CREATE TABLE `catalog_category_product_index_store1_replica` (
  `category_id` int unsigned NOT NULL DEFAULT '0' COMMENT 'Category Id',
  `product_id` int unsigned NOT NULL DEFAULT '0' COMMENT 'Product Id',
  `position` int DEFAULT NULL COMMENT 'Position',
  `is_parent` smallint unsigned NOT NULL DEFAULT '0' COMMENT 'Is Parent',
  `store_id` smallint unsigned NOT NULL DEFAULT '0' COMMENT 'Store Id',
  `visibility` smallint unsigned NOT NULL COMMENT 'Visibility',
  PRIMARY KEY (`category_id`,`product_id`,`store_id`),
  KEY `IDX_4B965DC45C352D6E4C9DC0FF50B1FCF5` (`product_id`,`store_id`,`category_id`,`visibility`),
  KEY `IDX_47AB760CD6A893ACEA69A9C2E0112C60` (`store_id`,`category_id`,`visibility`,`is_parent`,`position`)
) ENGINE=InnoDB DEFAULT CHARSET=utf8mb3 COMMENT='Catalog Category Product Index Store1 Replica';

--
-- Dumping data for table `catalog_category_product_index_store1_replica`
--

INSERT INTO `catalog_category_product_index_store1_replica` VALUES (2,22,10000,0,1,4),(2,40,10000,0,1,4),(2,42,10000,0,1,4),(2,43,10000,0,1,4),(2,57,10000,0,1,4),(2,58,10000,0,1,4),(2,59,10000,0,1,4),(2,60,10000,0,1,4),(2,61,10000,0,1,4),(2,62,10000,0,1,4),(2,63,10000,0,1,4),(2,64,10000,0,1,4),(3,22,0,1,1,4),(3,40,0,1,1,4),(3,42,0,1,1,4),(3,43,0,1,1,4),(3,57,0,1,1,4),(3,60,0,1,1,4),(3,61,0,1,1,4),(3,62,0,1,1,4),(3,63,0,1,1,4),(3,64,0,1,1,4),(4,57,0,1,1,4),(4,58,0,1,1,4),(4,59,0,1,1,4),(5,61,0,1,1,4),(6,60,0,1,1,4),(7,57,0,1,1,4),(7,58,0,1,1,4),(8,57,0,1,1,4),(12,59,0,1,1,4),(13,57,0,1,1,4);

--
-- Table structure for table `catalog_category_product_index_store2`
--

CREATE TABLE `catalog_category_product_index_store2` (
  `category_id` int unsigned NOT NULL DEFAULT '0' COMMENT 'Category Id',
  `product_id` int unsigned NOT NULL DEFAULT '0' COMMENT 'Product Id',
  `position` int DEFAULT NULL COMMENT 'Position',
  `is_parent` smallint unsigned NOT NULL DEFAULT '0' COMMENT 'Is Parent',
  `store_id` smallint unsigned NOT NULL DEFAULT '0' COMMENT 'Store Id',
  `visibility` smallint unsigned NOT NULL COMMENT 'Visibility',
  PRIMARY KEY (`category_id`,`product_id`,`store_id`),
  KEY `CAT_CTGR_PRD_IDX_STORE2_PRD_ID_STORE_ID_CTGR_ID_VISIBILITY` (`product_id`,`store_id`,`category_id`,`visibility`),
  KEY `IDX_2AB6FE58F086547FA7E4590837296849` (`store_id`,`category_id`,`visibility`,`is_parent`,`position`)
) ENGINE=InnoDB DEFAULT CHARSET=utf8mb3 COMMENT='Catalog Category Product Index Store2';

--
-- Dumping data for table `catalog_category_product_index_store2`
--

INSERT INTO `catalog_category_product_index_store2` VALUES (2,62,10000,0,2,4),(2,63,10000,0,2,4),(2,64,10000,0,2,4),(2,66,10000,0,2,4),(2,67,10000,0,2,4),(2,68,10000,0,2,4),(2,69,10000,0,2,4),(2,70,10000,0,2,4),(2,71,10000,0,2,4),(2,72,10000,0,2,4),(2,73,10000,0,2,4),(2,74,10000,0,2,4),(2,75,10000,0,2,4),(2,76,10000,0,2,4),(2,77,10000,0,2,4),(2,78,10000,0,2,4),(2,79,10000,0,2,4),(2,80,10000,0,2,4),(2,81,10000,0,2,4),(2,82,10000,0,2,4),(2,83,10000,0,2,4),(2,84,10000,0,2,4),(2,85,10000,0,2,4),(2,86,10000,0,2,4),(2,87,10000,0,2,4),(2,88,10000,0,2,4),(2,89,10000,0,2,4),(2,90,10000,0,2,4),(2,91,10000,0,2,4),(2,92,10000,0,2,4),(2,93,10000,0,2,4),(2,94,10000,0,2,4),(2,98,10000,0,2,4),(2,99,10000,0,2,4),(2,100,10000,0,2,4),(2,101,10000,0,2,4),(2,102,10000,0,2,4),(2,103,10000,0,2,4),(2,104,10000,0,2,4),(2,105,10000,0,2,4),(2,106,10000,0,2,4),(2,108,10000,0,2,4),(2,121,10000,0,2,4),(2,127,10000,0,2,4),(2,130,10000,0,2,4),(2,131,10000,0,2,4),(2,132,10000,0,2,4),(2,133,10000,0,2,4),(2,134,10000,0,2,4),(2,136,10000,0,2,4),(2,137,10000,0,2,4),(2,138,10000,0,2,4),(2,139,10000,0,2,4),(2,140,10000,0,2,4),(2,141,10000,0,2,4),(2,142,10000,0,2,4),(2,143,10000,0,2,4),(2,144,10000,0,2,4),(2,145,10000,0,2,4),(2,146,10000,0,2,4),(2,147,10000,0,2,4),(2,148,10000,0,2,4),(2,149,10000,0,2,4),(2,150,10000,0,2,4),(2,151,10000,0,2,4),(2,152,10000,0,2,4),(2,97,0,1,2,4),(3,62,0,1,2,4),(3,63,0,1,2,4),(3,64,0,1,2,4),(3,66,0,1,2,4),(3,67,0,1,2,4),(3,68,0,1,2,4),(3,69,0,1,2,4),(3,72,0,1,2,4),(3,74,0,1,2,4),(3,75,0,1,2,4),(3,76,0,1,2,4),(3,77,0,1,2,4),(3,78,0,1,2,4),(3,79,0,1,2,4),(3,80,0,1,2,4),(3,81,0,1,2,4),(3,82,0,1,2,4),(3,83,0,1,2,4),(3,84,0,1,2,4),(3,85,0,1,2,4),(3,92,0,1,2,4),(3,94,0,1,2,4),(3,121,0,1,2,4),(3,127,0,1,2,4),(3,130,0,1,2,4),(3,131,0,1,2,4),(3,132,0,1,2,4),(3,133,0,1,2,4),(3,134,0,1,2,4),(4,86,10000,0,2,4),(4,87,10000,0,2,4),(4,88,10000,0,2,4),(4,93,10000,0,2,4),(4,141,10000,0,2,4),(4,152,10000,0,2,4),(4,70,0,1,2,4),(4,71,0,1,2,4),(4,136,0,1,2,4),(4,137,0,1,2,4),(4,138,0,1,2,4),(4,139,0,1,2,4),(4,140,0,1,2,4),(6,89,0,1,2,4),(6,90,0,1,2,4),(6,91,0,1,2,4),(7,73,0,1,2,4),(7,144,0,1,2,4),(7,145,0,1,2,4),(7,146,0,1,2,4),(7,147,0,1,2,4),(7,148,0,1,2,4),(7,149,0,1,2,4),(7,150,0,1,2,4),(7,151,0,1,2,4),(8,86,0,1,2,4),(8,87,0,1,2,4),(8,88,0,1,2,4),(8,141,0,1,2,4),(8,152,0,1,2,4),(9,142,0,1,2,4),(9,143,0,1,2,4),(9,145,0,1,2,4),(9,146,0,1,2,4),(9,147,0,1,2,4),(9,149,0,1,2,4),(9,151,0,1,2,4),(10,142,0,1,2,4),(10,143,0,1,2,4),(12,101,10000,0,2,4),(12,102,10000,0,2,4),(12,103,10000,0,2,4),(12,104,10000,0,2,4),(12,106,10000,0,2,4),(12,98,0,1,2,4),(12,99,0,1,2,4),(12,100,0,1,2,4),(12,105,0,1,2,4),(12,108,0,1,2,4),(13,98,0,1,2,4),(13,99,0,1,2,4),(13,100,0,1,2,4),(13,101,0,1,2,4),(13,102,0,1,2,4),(13,103,0,1,2,4),(13,104,0,1,2,4),(13,105,0,1,2,4),(14,98,0,1,2,4),(14,99,0,1,2,4),(14,100,0,1,2,4),(14,103,0,1,2,4),(14,105,0,1,2,4),(14,106,0,1,2,4),(14,108,0,1,2,4),(15,93,0,1,2,4),(15,136,0,1,2,4),(15,137,0,1,2,4),(15,138,0,1,2,4),(15,140,0,1,2,4);

--
-- Table structure for table `catalog_category_product_index_store2_replica`
--

CREATE TABLE `catalog_category_product_index_store2_replica` (
  `category_id` int unsigned NOT NULL DEFAULT '0' COMMENT 'Category Id',
  `product_id` int unsigned NOT NULL DEFAULT '0' COMMENT 'Product Id',
  `position` int DEFAULT NULL COMMENT 'Position',
  `is_parent` smallint unsigned NOT NULL DEFAULT '0' COMMENT 'Is Parent',
  `store_id` smallint unsigned NOT NULL DEFAULT '0' COMMENT 'Store Id',
  `visibility` smallint unsigned NOT NULL COMMENT 'Visibility',
  PRIMARY KEY (`category_id`,`product_id`,`store_id`),
  KEY `IDX_87FCED52F67C72BB6992C79EB4DCFA8A` (`product_id`,`store_id`,`category_id`,`visibility`),
  KEY `IDX_15B841C92B67D986A980051DF109F9D1` (`store_id`,`category_id`,`visibility`,`is_parent`,`position`)
) ENGINE=InnoDB DEFAULT CHARSET=utf8mb3 COMMENT='Catalog Category Product Index Store2 Replica';

--
-- Dumping data for table `catalog_category_product_index_store2_replica`
--

INSERT INTO `catalog_category_product_index_store2_replica` VALUES (2,22,10000,0,2,4),(2,40,10000,0,2,4),(2,42,10000,0,2,4),(2,43,10000,0,2,4),(2,57,10000,0,2,4),(2,58,10000,0,2,4),(2,59,10000,0,2,4),(2,60,10000,0,2,4),(2,61,10000,0,2,4),(2,62,10000,0,2,4),(2,63,10000,0,2,4),(2,64,10000,0,2,4),(3,22,0,1,2,4),(3,40,0,1,2,4),(3,42,0,1,2,4),(3,43,0,1,2,4),(3,57,0,1,2,4),(3,60,0,1,2,4),(3,61,0,1,2,4),(3,62,0,1,2,4),(3,63,0,1,2,4),(3,64,0,1,2,4),(4,57,0,1,2,4),(4,58,0,1,2,4),(4,59,0,1,2,4),(5,61,0,1,2,4),(6,60,0,1,2,4),(7,57,0,1,2,4),(7,58,0,1,2,4),(8,57,0,1,2,4),(12,59,0,1,2,4),(13,57,0,1,2,4);

--
-- Table structure for table `catalog_category_product_index_store3`
--

CREATE TABLE `catalog_category_product_index_store3` (
  `category_id` int unsigned NOT NULL DEFAULT '0' COMMENT 'Category Id',
  `product_id` int unsigned NOT NULL DEFAULT '0' COMMENT 'Product Id',
  `position` int DEFAULT NULL COMMENT 'Position',
  `is_parent` smallint unsigned NOT NULL DEFAULT '0' COMMENT 'Is Parent',
  `store_id` smallint unsigned NOT NULL DEFAULT '0' COMMENT 'Store Id',
  `visibility` smallint unsigned NOT NULL COMMENT 'Visibility',
  PRIMARY KEY (`category_id`,`product_id`,`store_id`),
  KEY `CAT_CTGR_PRD_IDX_STORE3_PRD_ID_STORE_ID_CTGR_ID_VISIBILITY` (`product_id`,`store_id`,`category_id`,`visibility`),
  KEY `IDX_E9342558FA31C65508E1FE75E6242607` (`store_id`,`category_id`,`visibility`,`is_parent`,`position`)
) ENGINE=InnoDB DEFAULT CHARSET=utf8mb3 COMMENT='Catalog Category Product Index Store3';

--
-- Dumping data for table `catalog_category_product_index_store3`
--

INSERT INTO `catalog_category_product_index_store3` VALUES (2,62,10000,0,3,4),(2,63,10000,0,3,4),(2,64,10000,0,3,4),(2,66,10000,0,3,4),(2,67,10000,0,3,4),(2,68,10000,0,3,4),(2,69,10000,0,3,4),(2,70,10000,0,3,4),(2,71,10000,0,3,4),(2,72,10000,0,3,4),(2,73,10000,0,3,4),(2,74,10000,0,3,4),(2,75,10000,0,3,4),(2,76,10000,0,3,4),(2,77,10000,0,3,4),(2,78,10000,0,3,4),(2,79,10000,0,3,4),(2,80,10000,0,3,4),(2,81,10000,0,3,4),(2,82,10000,0,3,4),(2,83,10000,0,3,4),(2,84,10000,0,3,4),(2,85,10000,0,3,4),(2,86,10000,0,3,4),(2,87,10000,0,3,4),(2,88,10000,0,3,4),(2,89,10000,0,3,4),(2,90,10000,0,3,4),(2,91,10000,0,3,4),(2,92,10000,0,3,4),(2,93,10000,0,3,4),(2,94,10000,0,3,4),(2,98,10000,0,3,4),(2,99,10000,0,3,4),(2,100,10000,0,3,4),(2,101,10000,0,3,4),(2,102,10000,0,3,4),(2,103,10000,0,3,4),(2,104,10000,0,3,4),(2,105,10000,0,3,4),(2,106,10000,0,3,4),(2,108,10000,0,3,4),(2,121,10000,0,3,4),(2,127,10000,0,3,4),(2,130,10000,0,3,4),(2,131,10000,0,3,4),(2,132,10000,0,3,4),(2,133,10000,0,3,4),(2,134,10000,0,3,4),(2,136,10000,0,3,4),(2,137,10000,0,3,4),(2,138,10000,0,3,4),(2,139,10000,0,3,4),(2,140,10000,0,3,4),(2,141,10000,0,3,4),(2,142,10000,0,3,4),(2,143,10000,0,3,4),(2,144,10000,0,3,4),(2,145,10000,0,3,4),(2,146,10000,0,3,4),(2,147,10000,0,3,4),(2,148,10000,0,3,4),(2,149,10000,0,3,4),(2,150,10000,0,3,4),(2,151,10000,0,3,4),(2,152,10000,0,3,4),(2,97,0,1,3,4),(3,62,0,1,3,4),(3,63,0,1,3,4),(3,64,0,1,3,4),(3,66,0,1,3,4),(3,67,0,1,3,4),(3,68,0,1,3,4),(3,69,0,1,3,4),(3,72,0,1,3,4),(3,74,0,1,3,4),(3,75,0,1,3,4),(3,76,0,1,3,4),(3,77,0,1,3,4),(3,78,0,1,3,4),(3,79,0,1,3,4),(3,80,0,1,3,4),(3,81,0,1,3,4),(3,82,0,1,3,4),(3,83,0,1,3,4),(3,84,0,1,3,4),(3,85,0,1,3,4),(3,92,0,1,3,4),(3,94,0,1,3,4),(3,121,0,1,3,4),(3,127,0,1,3,4),(3,130,0,1,3,4),(3,131,0,1,3,4),(3,132,0,1,3,4),(3,133,0,1,3,4),(3,134,0,1,3,4),(4,86,10000,0,3,4),(4,87,10000,0,3,4),(4,88,10000,0,3,4),(4,93,10000,0,3,4),(4,141,10000,0,3,4),(4,152,10000,0,3,4),(4,70,0,1,3,4),(4,71,0,1,3,4),(4,136,0,1,3,4),(4,137,0,1,3,4),(4,138,0,1,3,4),(4,139,0,1,3,4),(4,140,0,1,3,4),(6,89,0,1,3,4),(6,90,0,1,3,4),(6,91,0,1,3,4),(7,73,0,1,3,4),(7,144,0,1,3,4),(7,145,0,1,3,4),(7,146,0,1,3,4),(7,147,0,1,3,4),(7,148,0,1,3,4),(7,149,0,1,3,4),(7,150,0,1,3,4),(7,151,0,1,3,4),(8,86,0,1,3,4),(8,87,0,1,3,4),(8,88,0,1,3,4),(8,141,0,1,3,4),(8,152,0,1,3,4),(9,142,0,1,3,4),(9,143,0,1,3,4),(9,145,0,1,3,4),(9,146,0,1,3,4),(9,147,0,1,3,4),(9,149,0,1,3,4),(9,151,0,1,3,4),(10,142,0,1,3,4),(10,143,0,1,3,4),(12,101,10000,0,3,4),(12,102,10000,0,3,4),(12,103,10000,0,3,4),(12,104,10000,0,3,4),(12,106,10000,0,3,4),(12,98,0,1,3,4),(12,99,0,1,3,4),(12,100,0,1,3,4),(12,105,0,1,3,4),(12,108,0,1,3,4),(13,98,0,1,3,4),(13,99,0,1,3,4),(13,100,0,1,3,4),(13,101,0,1,3,4),(13,102,0,1,3,4),(13,103,0,1,3,4),(13,104,0,1,3,4),(13,105,0,1,3,4),(14,98,0,1,3,4),(14,99,0,1,3,4),(14,100,0,1,3,4),(14,103,0,1,3,4),(14,105,0,1,3,4),(14,106,0,1,3,4),(14,108,0,1,3,4),(15,93,0,1,3,4),(15,136,0,1,3,4),(15,137,0,1,3,4),(15,138,0,1,3,4),(15,140,0,1,3,4);

--
-- Table structure for table `catalog_category_product_index_store3_replica`
--

CREATE TABLE `catalog_category_product_index_store3_replica` (
  `category_id` int unsigned NOT NULL DEFAULT '0' COMMENT 'Category Id',
  `product_id` int unsigned NOT NULL DEFAULT '0' COMMENT 'Product Id',
  `position` int DEFAULT NULL COMMENT 'Position',
  `is_parent` smallint unsigned NOT NULL DEFAULT '0' COMMENT 'Is Parent',
  `store_id` smallint unsigned NOT NULL DEFAULT '0' COMMENT 'Store Id',
  `visibility` smallint unsigned NOT NULL COMMENT 'Visibility',
  PRIMARY KEY (`category_id`,`product_id`,`store_id`),
  KEY `IDX_43726D149468373EB56B59700A89860C` (`product_id`,`store_id`,`category_id`,`visibility`),
  KEY `IDX_3A62575144A54728FACD3A0D6309E61D` (`store_id`,`category_id`,`visibility`,`is_parent`,`position`)
) ENGINE=InnoDB DEFAULT CHARSET=utf8mb3 COMMENT='Catalog Category Product Index Store3 Replica';

--
-- Dumping data for table `catalog_category_product_index_store3_replica`
--

INSERT INTO `catalog_category_product_index_store3_replica` VALUES (2,22,10000,0,3,4),(2,40,10000,0,3,4),(2,42,10000,0,3,4),(2,43,10000,0,3,4),(2,57,10000,0,3,4),(2,58,10000,0,3,4),(2,59,10000,0,3,4),(2,60,10000,0,3,4),(2,61,10000,0,3,4),(2,62,10000,0,3,4),(2,63,10000,0,3,4),(2,64,10000,0,3,4),(3,22,0,1,3,4),(3,40,0,1,3,4),(3,42,0,1,3,4),(3,43,0,1,3,4),(3,57,0,1,3,4),(3,60,0,1,3,4),(3,61,0,1,3,4),(3,62,0,1,3,4),(3,63,0,1,3,4),(3,64,0,1,3,4),(4,57,0,1,3,4),(4,58,0,1,3,4),(4,59,0,1,3,4),(5,61,0,1,3,4),(6,60,0,1,3,4),(7,57,0,1,3,4),(7,58,0,1,3,4),(8,57,0,1,3,4),(12,59,0,1,3,4),(13,57,0,1,3,4);

--
-- Table structure for table `catalog_category_product_index_store4`
--

CREATE TABLE `catalog_category_product_index_store4` (
  `category_id` int unsigned NOT NULL DEFAULT '0' COMMENT 'Category Id',
  `product_id` int unsigned NOT NULL DEFAULT '0' COMMENT 'Product Id',
  `position` int DEFAULT NULL COMMENT 'Position',
  `is_parent` smallint unsigned NOT NULL DEFAULT '0' COMMENT 'Is Parent',
  `store_id` smallint unsigned NOT NULL DEFAULT '0' COMMENT 'Store Id',
  `visibility` smallint unsigned NOT NULL COMMENT 'Visibility',
  PRIMARY KEY (`category_id`,`product_id`,`store_id`),
  KEY `CAT_CTGR_PRD_IDX_STORE4_PRD_ID_STORE_ID_CTGR_ID_VISIBILITY` (`product_id`,`store_id`,`category_id`,`visibility`),
  KEY `IDX_ABB606D1CB36CD160DB880F39838BC3F` (`store_id`,`category_id`,`visibility`,`is_parent`,`position`)
) ENGINE=InnoDB DEFAULT CHARSET=utf8mb3 COMMENT='Catalog Category Product Index Store4';

--
-- Dumping data for table `catalog_category_product_index_store4`
--

INSERT INTO `catalog_category_product_index_store4` VALUES (2,62,10000,0,4,4),(2,63,10000,0,4,4),(2,64,10000,0,4,4),(2,66,10000,0,4,4),(2,67,10000,0,4,4),(2,68,10000,0,4,4),(2,69,10000,0,4,4),(2,70,10000,0,4,4),(2,71,10000,0,4,4),(2,72,10000,0,4,4),(2,73,10000,0,4,4),(2,74,10000,0,4,4),(2,75,10000,0,4,4),(2,76,10000,0,4,4),(2,77,10000,0,4,4),(2,78,10000,0,4,4),(2,79,10000,0,4,4),(2,80,10000,0,4,4),(2,81,10000,0,4,4),(2,82,10000,0,4,4),(2,83,10000,0,4,4),(2,84,10000,0,4,4),(2,85,10000,0,4,4),(2,86,10000,0,4,4),(2,87,10000,0,4,4),(2,88,10000,0,4,4),(2,89,10000,0,4,4),(2,90,10000,0,4,4),(2,91,10000,0,4,4),(2,92,10000,0,4,4),(2,93,10000,0,4,4),(2,94,10000,0,4,4),(2,98,10000,0,4,4),(2,99,10000,0,4,4),(2,100,10000,0,4,4),(2,101,10000,0,4,4),(2,102,10000,0,4,4),(2,103,10000,0,4,4),(2,104,10000,0,4,4),(2,105,10000,0,4,4),(2,106,10000,0,4,4),(2,108,10000,0,4,4),(2,121,10000,0,4,4),(2,127,10000,0,4,4),(2,130,10000,0,4,4),(2,131,10000,0,4,4),(2,132,10000,0,4,4),(2,133,10000,0,4,4),(2,134,10000,0,4,4),(2,136,10000,0,4,4),(2,137,10000,0,4,4),(2,138,10000,0,4,4),(2,139,10000,0,4,4),(2,140,10000,0,4,4),(2,141,10000,0,4,4),(2,142,10000,0,4,4),(2,143,10000,0,4,4),(2,144,10000,0,4,4),(2,145,10000,0,4,4),(2,146,10000,0,4,4),(2,147,10000,0,4,4),(2,148,10000,0,4,4),(2,149,10000,0,4,4),(2,150,10000,0,4,4),(2,151,10000,0,4,4),(2,152,10000,0,4,4),(2,97,0,1,4,4),(3,62,0,1,4,4),(3,63,0,1,4,4),(3,64,0,1,4,4),(3,66,0,1,4,4),(3,67,0,1,4,4),(3,68,0,1,4,4),(3,69,0,1,4,4),(3,72,0,1,4,4),(3,74,0,1,4,4),(3,75,0,1,4,4),(3,76,0,1,4,4),(3,77,0,1,4,4),(3,78,0,1,4,4),(3,79,0,1,4,4),(3,80,0,1,4,4),(3,81,0,1,4,4),(3,82,0,1,4,4),(3,83,0,1,4,4),(3,84,0,1,4,4),(3,85,0,1,4,4),(3,92,0,1,4,4),(3,94,0,1,4,4),(3,121,0,1,4,4),(3,127,0,1,4,4),(3,130,0,1,4,4),(3,131,0,1,4,4),(3,132,0,1,4,4),(3,133,0,1,4,4),(3,134,0,1,4,4),(4,86,10000,0,4,4),(4,87,10000,0,4,4),(4,88,10000,0,4,4),(4,93,10000,0,4,4),(4,141,10000,0,4,4),(4,152,10000,0,4,4),(4,70,0,1,4,4),(4,71,0,1,4,4),(4,136,0,1,4,4),(4,137,0,1,4,4),(4,138,0,1,4,4),(4,139,0,1,4,4),(4,140,0,1,4,4),(6,89,0,1,4,4),(6,90,0,1,4,4),(6,91,0,1,4,4),(7,73,0,1,4,4),(7,144,0,1,4,4),(7,145,0,1,4,4),(7,146,0,1,4,4),(7,147,0,1,4,4),(7,148,0,1,4,4),(7,149,0,1,4,4),(7,150,0,1,4,4),(7,151,0,1,4,4),(8,86,0,1,4,4),(8,87,0,1,4,4),(8,88,0,1,4,4),(8,141,0,1,4,4),(8,152,0,1,4,4),(9,142,0,1,4,4),(9,143,0,1,4,4),(9,145,0,1,4,4),(9,146,0,1,4,4),(9,147,0,1,4,4),(9,149,0,1,4,4),(9,151,0,1,4,4),(10,142,0,1,4,4),(10,143,0,1,4,4),(12,101,10000,0,4,4),(12,102,10000,0,4,4),(12,103,10000,0,4,4),(12,104,10000,0,4,4),(12,106,10000,0,4,4),(12,98,0,1,4,4),(12,99,0,1,4,4),(12,100,0,1,4,4),(12,105,0,1,4,4),(12,108,0,1,4,4),(13,98,0,1,4,4),(13,99,0,1,4,4),(13,100,0,1,4,4),(13,101,0,1,4,4),(13,102,0,1,4,4),(13,103,0,1,4,4),(13,104,0,1,4,4),(13,105,0,1,4,4),(14,98,0,1,4,4),(14,99,0,1,4,4),(14,100,0,1,4,4),(14,103,0,1,4,4),(14,105,0,1,4,4),(14,106,0,1,4,4),(14,108,0,1,4,4),(15,93,0,1,4,4),(15,136,0,1,4,4),(15,137,0,1,4,4),(15,138,0,1,4,4),(15,140,0,1,4,4);

--
-- Table structure for table `catalog_category_product_index_store4_replica`
--

CREATE TABLE `catalog_category_product_index_store4_replica` (
  `category_id` int unsigned NOT NULL DEFAULT '0' COMMENT 'Category Id',
  `product_id` int unsigned NOT NULL DEFAULT '0' COMMENT 'Product Id',
  `position` int DEFAULT NULL COMMENT 'Position',
  `is_parent` smallint unsigned NOT NULL DEFAULT '0' COMMENT 'Is Parent',
  `store_id` smallint unsigned NOT NULL DEFAULT '0' COMMENT 'Store Id',
  `visibility` smallint unsigned NOT NULL COMMENT 'Visibility',
  PRIMARY KEY (`category_id`,`product_id`,`store_id`),
  KEY `IDX_966AADF0F2BFAFFC1235C826759845CC` (`product_id`,`store_id`,`category_id`,`visibility`),
  KEY `IDX_F43ABBF162395BE3A1D5B1AE17C24FE2` (`store_id`,`category_id`,`visibility`,`is_parent`,`position`)
) ENGINE=InnoDB DEFAULT CHARSET=utf8mb3 COMMENT='Catalog Category Product Index Store4 Replica';

--
-- Dumping data for table `catalog_category_product_index_store4_replica`
--

INSERT INTO `catalog_category_product_index_store4_replica` VALUES (2,22,10000,0,4,4),(2,40,10000,0,4,4),(2,42,10000,0,4,4),(2,43,10000,0,4,4),(2,57,10000,0,4,4),(2,58,10000,0,4,4),(2,59,10000,0,4,4),(2,60,10000,0,4,4),(2,61,10000,0,4,4),(2,62,10000,0,4,4),(2,63,10000,0,4,4),(2,64,10000,0,4,4),(3,22,0,1,4,4),(3,40,0,1,4,4),(3,42,0,1,4,4),(3,43,0,1,4,4),(3,57,0,1,4,4),(3,60,0,1,4,4),(3,61,0,1,4,4),(3,62,0,1,4,4),(3,63,0,1,4,4),(3,64,0,1,4,4),(4,57,0,1,4,4),(4,58,0,1,4,4),(4,59,0,1,4,4),(5,61,0,1,4,4),(6,60,0,1,4,4),(7,57,0,1,4,4),(7,58,0,1,4,4),(8,57,0,1,4,4),(12,59,0,1,4,4),(13,57,0,1,4,4);

--
-- Table structure for table `catalog_category_product_index_store5`
--

CREATE TABLE `catalog_category_product_index_store5` (
  `category_id` int unsigned NOT NULL DEFAULT '0' COMMENT 'Category Id',
  `product_id` int unsigned NOT NULL DEFAULT '0' COMMENT 'Product Id',
  `position` int DEFAULT NULL COMMENT 'Position',
  `is_parent` smallint unsigned NOT NULL DEFAULT '0' COMMENT 'Is Parent',
  `store_id` smallint unsigned NOT NULL DEFAULT '0' COMMENT 'Store Id',
  `visibility` smallint unsigned NOT NULL COMMENT 'Visibility',
  PRIMARY KEY (`category_id`,`product_id`,`store_id`),
  KEY `CAT_CTGR_PRD_IDX_STORE5_PRD_ID_STORE_ID_CTGR_ID_VISIBILITY` (`product_id`,`store_id`,`category_id`,`visibility`),
  KEY `IDX_D66B6557126C2DE627A049511C72BE10` (`store_id`,`category_id`,`visibility`,`is_parent`,`position`)
) ENGINE=InnoDB DEFAULT CHARSET=utf8mb3 COMMENT='Catalog Category Product Index Store5';

--
-- Dumping data for table `catalog_category_product_index_store5`
--

INSERT INTO `catalog_category_product_index_store5` VALUES (2,62,10000,0,5,4),(2,63,10000,0,5,4),(2,64,10000,0,5,4),(2,66,10000,0,5,4),(2,67,10000,0,5,4),(2,68,10000,0,5,4),(2,69,10000,0,5,4),(2,70,10000,0,5,4),(2,71,10000,0,5,4),(2,72,10000,0,5,4),(2,73,10000,0,5,4),(2,74,10000,0,5,4),(2,75,10000,0,5,4),(2,76,10000,0,5,4),(2,77,10000,0,5,4),(2,78,10000,0,5,4),(2,79,10000,0,5,4),(2,80,10000,0,5,4),(2,81,10000,0,5,4),(2,82,10000,0,5,4),(2,83,10000,0,5,4),(2,84,10000,0,5,4),(2,85,10000,0,5,4),(2,86,10000,0,5,4),(2,87,10000,0,5,4),(2,88,10000,0,5,4),(2,89,10000,0,5,4),(2,90,10000,0,5,4),(2,91,10000,0,5,4),(2,92,10000,0,5,4),(2,93,10000,0,5,4),(2,94,10000,0,5,4),(2,98,10000,0,5,4),(2,99,10000,0,5,4),(2,100,10000,0,5,4),(2,101,10000,0,5,4),(2,102,10000,0,5,4),(2,103,10000,0,5,4),(2,104,10000,0,5,4),(2,105,10000,0,5,4),(2,106,10000,0,5,4),(2,108,10000,0,5,4),(2,121,10000,0,5,4),(2,127,10000,0,5,4),(2,130,10000,0,5,4),(2,131,10000,0,5,4),(2,132,10000,0,5,4),(2,133,10000,0,5,4),(2,134,10000,0,5,4),(2,136,10000,0,5,4),(2,137,10000,0,5,4),(2,138,10000,0,5,4),(2,139,10000,0,5,4),(2,140,10000,0,5,4),(2,141,10000,0,5,4),(2,142,10000,0,5,4),(2,143,10000,0,5,4),(2,144,10000,0,5,4),(2,145,10000,0,5,4),(2,146,10000,0,5,4),(2,147,10000,0,5,4),(2,148,10000,0,5,4),(2,149,10000,0,5,4),(2,150,10000,0,5,4),(2,151,10000,0,5,4),(2,152,10000,0,5,4),(2,97,0,1,5,4),(3,62,0,1,5,4),(3,63,0,1,5,4),(3,64,0,1,5,4),(3,66,0,1,5,4),(3,67,0,1,5,4),(3,68,0,1,5,4),(3,69,0,1,5,4),(3,72,0,1,5,4),(3,74,0,1,5,4),(3,75,0,1,5,4),(3,76,0,1,5,4),(3,77,0,1,5,4),(3,78,0,1,5,4),(3,79,0,1,5,4),(3,80,0,1,5,4),(3,81,0,1,5,4),(3,82,0,1,5,4),(3,83,0,1,5,4),(3,84,0,1,5,4),(3,85,0,1,5,4),(3,92,0,1,5,4),(3,94,0,1,5,4),(3,121,0,1,5,4),(3,127,0,1,5,4),(3,130,0,1,5,4),(3,131,0,1,5,4),(3,132,0,1,5,4),(3,133,0,1,5,4),(3,134,0,1,5,4),(4,86,10000,0,5,4),(4,87,10000,0,5,4),(4,88,10000,0,5,4),(4,93,10000,0,5,4),(4,141,10000,0,5,4),(4,152,10000,0,5,4),(4,70,0,1,5,4),(4,71,0,1,5,4),(4,136,0,1,5,4),(4,137,0,1,5,4),(4,138,0,1,5,4),(4,139,0,1,5,4),(4,140,0,1,5,4),(6,89,0,1,5,4),(6,90,0,1,5,4),(6,91,0,1,5,4),(7,73,0,1,5,4),(7,144,0,1,5,4),(7,145,0,1,5,4),(7,146,0,1,5,4),(7,147,0,1,5,4),(7,148,0,1,5,4),(7,149,0,1,5,4),(7,150,0,1,5,4),(7,151,0,1,5,4),(8,86,0,1,5,4),(8,87,0,1,5,4),(8,88,0,1,5,4),(8,141,0,1,5,4),(8,152,0,1,5,4),(9,142,0,1,5,4),(9,143,0,1,5,4),(9,145,0,1,5,4),(9,146,0,1,5,4),(9,147,0,1,5,4),(9,149,0,1,5,4),(9,151,0,1,5,4),(10,142,0,1,5,4),(10,143,0,1,5,4),(12,101,10000,0,5,4),(12,102,10000,0,5,4),(12,103,10000,0,5,4),(12,104,10000,0,5,4),(12,106,10000,0,5,4),(12,98,0,1,5,4),(12,99,0,1,5,4),(12,100,0,1,5,4),(12,105,0,1,5,4),(12,108,0,1,5,4),(13,98,0,1,5,4),(13,99,0,1,5,4),(13,100,0,1,5,4),(13,101,0,1,5,4),(13,102,0,1,5,4),(13,103,0,1,5,4),(13,104,0,1,5,4),(13,105,0,1,5,4),(14,98,0,1,5,4),(14,99,0,1,5,4),(14,100,0,1,5,4),(14,103,0,1,5,4),(14,105,0,1,5,4),(14,106,0,1,5,4),(14,108,0,1,5,4),(15,93,0,1,5,4),(15,136,0,1,5,4),(15,137,0,1,5,4),(15,138,0,1,5,4),(15,140,0,1,5,4);

--
-- Table structure for table `catalog_category_product_index_store5_replica`
--

CREATE TABLE `catalog_category_product_index_store5_replica` (
  `category_id` int unsigned NOT NULL DEFAULT '0' COMMENT 'Category Id',
  `product_id` int unsigned NOT NULL DEFAULT '0' COMMENT 'Product Id',
  `position` int DEFAULT NULL COMMENT 'Position',
  `is_parent` smallint unsigned NOT NULL DEFAULT '0' COMMENT 'Is Parent',
  `store_id` smallint unsigned NOT NULL DEFAULT '0' COMMENT 'Store Id',
  `visibility` smallint unsigned NOT NULL COMMENT 'Visibility',
  PRIMARY KEY (`category_id`,`product_id`,`store_id`),
  KEY `IDX_78288F76D618C4C378D1DE1DB362C05F` (`product_id`,`store_id`,`category_id`,`visibility`),
  KEY `IDX_04B1890D19F381013371F9182F62C602` (`store_id`,`category_id`,`visibility`,`is_parent`,`position`)
) ENGINE=InnoDB DEFAULT CHARSET=utf8mb3 COMMENT='Catalog Category Product Index Store5 Replica';

--
-- Dumping data for table `catalog_category_product_index_store5_replica`
--

INSERT INTO `catalog_category_product_index_store5_replica` VALUES (2,22,10000,0,5,4),(2,40,10000,0,5,4),(2,42,10000,0,5,4),(2,43,10000,0,5,4),(2,57,10000,0,5,4),(2,58,10000,0,5,4),(2,59,10000,0,5,4),(2,60,10000,0,5,4),(2,61,10000,0,5,4),(2,62,10000,0,5,4),(2,63,10000,0,5,4),(2,64,10000,0,5,4),(3,22,0,1,5,4),(3,40,0,1,5,4),(3,42,0,1,5,4),(3,43,0,1,5,4),(3,57,0,1,5,4),(3,60,0,1,5,4),(3,61,0,1,5,4),(3,62,0,1,5,4),(3,63,0,1,5,4),(3,64,0,1,5,4),(4,57,0,1,5,4),(4,58,0,1,5,4),(4,59,0,1,5,4),(5,61,0,1,5,4),(6,60,0,1,5,4),(7,57,0,1,5,4),(7,58,0,1,5,4),(8,57,0,1,5,4),(12,59,0,1,5,4),(13,57,0,1,5,4);

--
-- Table structure for table `catalog_category_product_index_store6`
--

CREATE TABLE `catalog_category_product_index_store6` (
  `category_id` int unsigned NOT NULL DEFAULT '0' COMMENT 'Category Id',
  `product_id` int unsigned NOT NULL DEFAULT '0' COMMENT 'Product Id',
  `position` int DEFAULT NULL COMMENT 'Position',
  `is_parent` smallint unsigned NOT NULL DEFAULT '0' COMMENT 'Is Parent',
  `store_id` smallint unsigned NOT NULL DEFAULT '0' COMMENT 'Store Id',
  `visibility` smallint unsigned NOT NULL COMMENT 'Visibility',
  PRIMARY KEY (`category_id`,`product_id`,`store_id`),
  KEY `CAT_CTGR_PRD_IDX_STORE6_PRD_ID_STORE_ID_CTGR_ID_VISIBILITY` (`product_id`,`store_id`,`category_id`,`visibility`),
  KEY `IDX_715799A609D876BA8BC3889F4D0D2350` (`store_id`,`category_id`,`visibility`,`is_parent`,`position`)
) ENGINE=InnoDB DEFAULT CHARSET=utf8mb3 COMMENT='Catalog Category Product Index Store6';

--
-- Dumping data for table `catalog_category_product_index_store6`
--

INSERT INTO `catalog_category_product_index_store6` VALUES (2,62,10000,0,6,4),(2,63,10000,0,6,4),(2,64,10000,0,6,4),(2,66,10000,0,6,4),(2,67,10000,0,6,4),(2,68,10000,0,6,4),(2,69,10000,0,6,4),(2,70,10000,0,6,4),(2,71,10000,0,6,4),(2,72,10000,0,6,4),(2,73,10000,0,6,4),(2,74,10000,0,6,4),(2,75,10000,0,6,4),(2,76,10000,0,6,4),(2,77,10000,0,6,4),(2,78,10000,0,6,4),(2,79,10000,0,6,4),(2,80,10000,0,6,4),(2,81,10000,0,6,4),(2,82,10000,0,6,4),(2,83,10000,0,6,4),(2,84,10000,0,6,4),(2,85,10000,0,6,4),(2,86,10000,0,6,4),(2,87,10000,0,6,4),(2,88,10000,0,6,4),(2,89,10000,0,6,4),(2,90,10000,0,6,4),(2,91,10000,0,6,4),(2,92,10000,0,6,4),(2,93,10000,0,6,4),(2,94,10000,0,6,4),(2,98,10000,0,6,4),(2,99,10000,0,6,4),(2,100,10000,0,6,4),(2,101,10000,0,6,4),(2,102,10000,0,6,4),(2,103,10000,0,6,4),(2,104,10000,0,6,4),(2,105,10000,0,6,4),(2,106,10000,0,6,4),(2,108,10000,0,6,4),(2,121,10000,0,6,4),(2,127,10000,0,6,4),(2,130,10000,0,6,4),(2,131,10000,0,6,4),(2,132,10000,0,6,4),(2,133,10000,0,6,4),(2,134,10000,0,6,4),(2,136,10000,0,6,4),(2,137,10000,0,6,4),(2,138,10000,0,6,4),(2,139,10000,0,6,4),(2,140,10000,0,6,4),(2,141,10000,0,6,4),(2,142,10000,0,6,4),(2,143,10000,0,6,4),(2,144,10000,0,6,4),(2,145,10000,0,6,4),(2,146,10000,0,6,4),(2,147,10000,0,6,4),(2,148,10000,0,6,4),(2,149,10000,0,6,4),(2,150,10000,0,6,4),(2,151,10000,0,6,4),(2,152,10000,0,6,4),(2,97,0,1,6,4),(3,62,0,1,6,4),(3,63,0,1,6,4),(3,64,0,1,6,4),(3,66,0,1,6,4),(3,67,0,1,6,4),(3,68,0,1,6,4),(3,69,0,1,6,4),(3,72,0,1,6,4),(3,74,0,1,6,4),(3,75,0,1,6,4),(3,76,0,1,6,4),(3,77,0,1,6,4),(3,78,0,1,6,4),(3,79,0,1,6,4),(3,80,0,1,6,4),(3,81,0,1,6,4),(3,82,0,1,6,4),(3,83,0,1,6,4),(3,84,0,1,6,4),(3,85,0,1,6,4),(3,92,0,1,6,4),(3,94,0,1,6,4),(3,121,0,1,6,4),(3,127,0,1,6,4),(3,130,0,1,6,4),(3,131,0,1,6,4),(3,132,0,1,6,4),(3,133,0,1,6,4),(3,134,0,1,6,4),(4,86,10000,0,6,4),(4,87,10000,0,6,4),(4,88,10000,0,6,4),(4,93,10000,0,6,4),(4,141,10000,0,6,4),(4,152,10000,0,6,4),(4,70,0,1,6,4),(4,71,0,1,6,4),(4,136,0,1,6,4),(4,137,0,1,6,4),(4,138,0,1,6,4),(4,139,0,1,6,4),(4,140,0,1,6,4),(6,89,0,1,6,4),(6,90,0,1,6,4),(6,91,0,1,6,4),(7,73,0,1,6,4),(7,144,0,1,6,4),(7,145,0,1,6,4),(7,146,0,1,6,4),(7,147,0,1,6,4),(7,148,0,1,6,4),(7,149,0,1,6,4),(7,150,0,1,6,4),(7,151,0,1,6,4),(8,86,0,1,6,4),(8,87,0,1,6,4),(8,88,0,1,6,4),(8,141,0,1,6,4),(8,152,0,1,6,4),(9,142,0,1,6,4),(9,143,0,1,6,4),(9,145,0,1,6,4),(9,146,0,1,6,4),(9,147,0,1,6,4),(9,149,0,1,6,4),(9,151,0,1,6,4),(10,142,0,1,6,4),(10,143,0,1,6,4),(12,101,10000,0,6,4),(12,102,10000,0,6,4),(12,103,10000,0,6,4),(12,104,10000,0,6,4),(12,106,10000,0,6,4),(12,98,0,1,6,4),(12,99,0,1,6,4),(12,100,0,1,6,4),(12,105,0,1,6,4),(12,108,0,1,6,4),(13,98,0,1,6,4),(13,99,0,1,6,4),(13,100,0,1,6,4),(13,101,0,1,6,4),(13,102,0,1,6,4),(13,103,0,1,6,4),(13,104,0,1,6,4),(13,105,0,1,6,4),(14,98,0,1,6,4),(14,99,0,1,6,4),(14,100,0,1,6,4),(14,103,0,1,6,4),(14,105,0,1,6,4),(14,106,0,1,6,4),(14,108,0,1,6,4),(15,93,0,1,6,4),(15,136,0,1,6,4),(15,137,0,1,6,4),(15,138,0,1,6,4),(15,140,0,1,6,4);

--
-- Table structure for table `catalog_category_product_index_store6_replica`
--

CREATE TABLE `catalog_category_product_index_store6_replica` (
  `category_id` int unsigned NOT NULL DEFAULT '0' COMMENT 'Category Id',
  `product_id` int unsigned NOT NULL DEFAULT '0' COMMENT 'Product Id',
  `position` int DEFAULT NULL COMMENT 'Position',
  `is_parent` smallint unsigned NOT NULL DEFAULT '0' COMMENT 'Is Parent',
  `store_id` smallint unsigned NOT NULL DEFAULT '0' COMMENT 'Store Id',
  `visibility` smallint unsigned NOT NULL COMMENT 'Visibility',
  PRIMARY KEY (`category_id`,`product_id`,`store_id`),
  KEY `IDX_60907034DE58E5F1696F31290F80B9B6` (`product_id`,`store_id`,`category_id`,`visibility`),
  KEY `IDX_65189DCB54C58237E1298BDD7727D150` (`store_id`,`category_id`,`visibility`,`is_parent`,`position`)
) ENGINE=InnoDB DEFAULT CHARSET=utf8mb3 COMMENT='Catalog Category Product Index Store6 Replica';

--
-- Dumping data for table `catalog_category_product_index_store6_replica`
--

INSERT INTO `catalog_category_product_index_store6_replica` VALUES (2,22,10000,0,6,4),(2,40,10000,0,6,4),(2,42,10000,0,6,4),(2,43,10000,0,6,4),(2,57,10000,0,6,4),(2,58,10000,0,6,4),(2,59,10000,0,6,4),(2,60,10000,0,6,4),(2,61,10000,0,6,4),(2,62,10000,0,6,4),(2,63,10000,0,6,4),(2,64,10000,0,6,4),(3,22,0,1,6,4),(3,40,0,1,6,4),(3,42,0,1,6,4),(3,43,0,1,6,4),(3,57,0,1,6,4),(3,60,0,1,6,4),(3,61,0,1,6,4),(3,62,0,1,6,4),(3,63,0,1,6,4),(3,64,0,1,6,4),(4,57,0,1,6,4),(4,58,0,1,6,4),(4,59,0,1,6,4),(5,61,0,1,6,4),(6,60,0,1,6,4),(7,57,0,1,6,4),(7,58,0,1,6,4),(8,57,0,1,6,4),(12,59,0,1,6,4),(13,57,0,1,6,4);

--
-- Table structure for table `catalog_category_product_index_store7`
--

CREATE TABLE `catalog_category_product_index_store7` (
  `category_id` int unsigned NOT NULL DEFAULT '0' COMMENT 'Category Id',
  `product_id` int unsigned NOT NULL DEFAULT '0' COMMENT 'Product Id',
  `position` int DEFAULT NULL COMMENT 'Position',
  `is_parent` smallint unsigned NOT NULL DEFAULT '0' COMMENT 'Is Parent',
  `store_id` smallint unsigned NOT NULL DEFAULT '0' COMMENT 'Store Id',
  `visibility` smallint unsigned NOT NULL COMMENT 'Visibility',
  PRIMARY KEY (`category_id`,`product_id`,`store_id`),
  KEY `CAT_CTGR_PRD_IDX_STORE7_PRD_ID_STORE_ID_CTGR_ID_VISIBILITY` (`product_id`,`store_id`,`category_id`,`visibility`),
  KEY `IDX_FC3C465EAA213CB948AAD83C52813CCF` (`store_id`,`category_id`,`visibility`,`is_parent`,`position`)
) ENGINE=InnoDB DEFAULT CHARSET=utf8mb3 COMMENT='Catalog Category Product Index Store7';

--
-- Dumping data for table `catalog_category_product_index_store7`
--

INSERT INTO `catalog_category_product_index_store7` VALUES (2,62,10000,0,7,4),(2,63,10000,0,7,4),(2,64,10000,0,7,4),(2,66,10000,0,7,4),(2,67,10000,0,7,4),(2,68,10000,0,7,4),(2,69,10000,0,7,4),(2,70,10000,0,7,4),(2,71,10000,0,7,4),(2,72,10000,0,7,4),(2,73,10000,0,7,4),(2,74,10000,0,7,4),(2,75,10000,0,7,4),(2,76,10000,0,7,4),(2,77,10000,0,7,4),(2,78,10000,0,7,4),(2,79,10000,0,7,4),(2,80,10000,0,7,4),(2,81,10000,0,7,4),(2,82,10000,0,7,4),(2,83,10000,0,7,4),(2,84,10000,0,7,4),(2,85,10000,0,7,4),(2,86,10000,0,7,4),(2,87,10000,0,7,4),(2,88,10000,0,7,4),(2,89,10000,0,7,4),(2,90,10000,0,7,4),(2,91,10000,0,7,4),(2,92,10000,0,7,4),(2,93,10000,0,7,4),(2,94,10000,0,7,4),(2,98,10000,0,7,4),(2,99,10000,0,7,4),(2,100,10000,0,7,4),(2,101,10000,0,7,4),(2,102,10000,0,7,4),(2,103,10000,0,7,4),(2,104,10000,0,7,4),(2,105,10000,0,7,4),(2,106,10000,0,7,4),(2,108,10000,0,7,4),(2,121,10000,0,7,4),(2,127,10000,0,7,4),(2,130,10000,0,7,4),(2,131,10000,0,7,4),(2,132,10000,0,7,4),(2,133,10000,0,7,4),(2,134,10000,0,7,4),(2,136,10000,0,7,4),(2,137,10000,0,7,4),(2,138,10000,0,7,4),(2,139,10000,0,7,4),(2,140,10000,0,7,4),(2,141,10000,0,7,4),(2,142,10000,0,7,4),(2,143,10000,0,7,4),(2,144,10000,0,7,4),(2,145,10000,0,7,4),(2,146,10000,0,7,4),(2,147,10000,0,7,4),(2,148,10000,0,7,4),(2,149,10000,0,7,4),(2,150,10000,0,7,4),(2,151,10000,0,7,4),(2,152,10000,0,7,4),(2,97,0,1,7,4),(3,62,0,1,7,4),(3,63,0,1,7,4),(3,64,0,1,7,4),(3,66,0,1,7,4),(3,67,0,1,7,4),(3,68,0,1,7,4),(3,69,0,1,7,4),(3,72,0,1,7,4),(3,74,0,1,7,4),(3,75,0,1,7,4),(3,76,0,1,7,4),(3,77,0,1,7,4),(3,78,0,1,7,4),(3,79,0,1,7,4),(3,80,0,1,7,4),(3,81,0,1,7,4),(3,82,0,1,7,4),(3,83,0,1,7,4),(3,84,0,1,7,4),(3,85,0,1,7,4),(3,92,0,1,7,4),(3,94,0,1,7,4),(3,121,0,1,7,4),(3,127,0,1,7,4),(3,130,0,1,7,4),(3,131,0,1,7,4),(3,132,0,1,7,4),(3,133,0,1,7,4),(3,134,0,1,7,4),(4,86,10000,0,7,4),(4,87,10000,0,7,4),(4,88,10000,0,7,4),(4,93,10000,0,7,4),(4,141,10000,0,7,4),(4,152,10000,0,7,4),(4,70,0,1,7,4),(4,71,0,1,7,4),(4,136,0,1,7,4),(4,137,0,1,7,4),(4,138,0,1,7,4),(4,139,0,1,7,4),(4,140,0,1,7,4),(6,89,0,1,7,4),(6,90,0,1,7,4),(6,91,0,1,7,4),(7,73,0,1,7,4),(7,144,0,1,7,4),(7,145,0,1,7,4),(7,146,0,1,7,4),(7,147,0,1,7,4),(7,148,0,1,7,4),(7,149,0,1,7,4),(7,150,0,1,7,4),(7,151,0,1,7,4),(8,86,0,1,7,4),(8,87,0,1,7,4),(8,88,0,1,7,4),(8,141,0,1,7,4),(8,152,0,1,7,4),(9,142,0,1,7,4),(9,143,0,1,7,4),(9,145,0,1,7,4),(9,146,0,1,7,4),(9,147,0,1,7,4),(9,149,0,1,7,4),(9,151,0,1,7,4),(10,142,0,1,7,4),(10,143,0,1,7,4),(12,101,10000,0,7,4),(12,102,10000,0,7,4),(12,103,10000,0,7,4),(12,104,10000,0,7,4),(12,106,10000,0,7,4),(12,98,0,1,7,4),(12,99,0,1,7,4),(12,100,0,1,7,4),(12,105,0,1,7,4),(12,108,0,1,7,4),(13,98,0,1,7,4),(13,99,0,1,7,4),(13,100,0,1,7,4),(13,101,0,1,7,4),(13,102,0,1,7,4),(13,103,0,1,7,4),(13,104,0,1,7,4),(13,105,0,1,7,4),(14,98,0,1,7,4),(14,99,0,1,7,4),(14,100,0,1,7,4),(14,103,0,1,7,4),(14,105,0,1,7,4),(14,106,0,1,7,4),(14,108,0,1,7,4),(15,93,0,1,7,4),(15,136,0,1,7,4),(15,137,0,1,7,4),(15,138,0,1,7,4),(15,140,0,1,7,4);

--
-- Table structure for table `catalog_category_product_index_store7_replica`
--

CREATE TABLE `catalog_category_product_index_store7_replica` (
  `category_id` int unsigned NOT NULL DEFAULT '0' COMMENT 'Category Id',
  `product_id` int unsigned NOT NULL DEFAULT '0' COMMENT 'Product Id',
  `position` int DEFAULT NULL COMMENT 'Position',
  `is_parent` smallint unsigned NOT NULL DEFAULT '0' COMMENT 'Is Parent',
  `store_id` smallint unsigned NOT NULL DEFAULT '0' COMMENT 'Store Id',
  `visibility` smallint unsigned NOT NULL COMMENT 'Visibility',
  PRIMARY KEY (`category_id`,`product_id`,`store_id`),
  KEY `IDX_E9F919EC2BB507793EE19DA7C71D1C68` (`product_id`,`store_id`,`category_id`,`visibility`),
  KEY `IDX_429013479D97EE179DF15355662AC756` (`store_id`,`category_id`,`visibility`,`is_parent`,`position`)
) ENGINE=InnoDB DEFAULT CHARSET=utf8mb3 COMMENT='Catalog Category Product Index Store7 Replica';

--
-- Dumping data for table `catalog_category_product_index_store7_replica`
--

INSERT INTO `catalog_category_product_index_store7_replica` VALUES (2,22,10000,0,7,4),(2,40,10000,0,7,4),(2,42,10000,0,7,4),(2,43,10000,0,7,4),(2,57,10000,0,7,4),(2,58,10000,0,7,4),(2,59,10000,0,7,4),(2,60,10000,0,7,4),(2,61,10000,0,7,4),(2,62,10000,0,7,4),(2,63,10000,0,7,4),(2,64,10000,0,7,4),(3,22,0,1,7,4),(3,40,0,1,7,4),(3,42,0,1,7,4),(3,43,0,1,7,4),(3,57,0,1,7,4),(3,60,0,1,7,4),(3,61,0,1,7,4),(3,62,0,1,7,4),(3,63,0,1,7,4),(3,64,0,1,7,4),(4,57,0,1,7,4),(4,58,0,1,7,4),(4,59,0,1,7,4),(5,61,0,1,7,4),(6,60,0,1,7,4),(7,57,0,1,7,4),(7,58,0,1,7,4),(8,57,0,1,7,4),(12,59,0,1,7,4),(13,57,0,1,7,4);

--
-- Table structure for table `catalog_category_product_index_store8`
--

CREATE TABLE `catalog_category_product_index_store8` (
  `category_id` int unsigned NOT NULL DEFAULT '0' COMMENT 'Category Id',
  `product_id` int unsigned NOT NULL DEFAULT '0' COMMENT 'Product Id',
  `position` int DEFAULT NULL COMMENT 'Position',
  `is_parent` smallint unsigned NOT NULL DEFAULT '0' COMMENT 'Is Parent',
  `store_id` smallint unsigned NOT NULL DEFAULT '0' COMMENT 'Store Id',
  `visibility` smallint unsigned NOT NULL COMMENT 'Visibility',
  PRIMARY KEY (`category_id`,`product_id`,`store_id`),
  KEY `CAT_CTGR_PRD_IDX_STORE8_PRD_ID_STORE_ID_CTGR_ID_VISIBILITY` (`product_id`,`store_id`,`category_id`,`visibility`),
  KEY `IDX_4D42D0D334EFF63D3E99C6D90D3F3E39` (`store_id`,`category_id`,`visibility`,`is_parent`,`position`)
) ENGINE=InnoDB DEFAULT CHARSET=utf8mb3 COMMENT='Catalog Category Product Index Store8';

--
-- Dumping data for table `catalog_category_product_index_store8`
--

INSERT INTO `catalog_category_product_index_store8` VALUES (2,62,10000,0,8,4),(2,63,10000,0,8,4),(2,64,10000,0,8,4),(2,66,10000,0,8,4),(2,67,10000,0,8,4),(2,68,10000,0,8,4),(2,69,10000,0,8,4),(2,70,10000,0,8,4),(2,71,10000,0,8,4),(2,72,10000,0,8,4),(2,73,10000,0,8,4),(2,74,10000,0,8,4),(2,75,10000,0,8,4),(2,76,10000,0,8,4),(2,77,10000,0,8,4),(2,78,10000,0,8,4),(2,79,10000,0,8,4),(2,80,10000,0,8,4),(2,81,10000,0,8,4),(2,82,10000,0,8,4),(2,83,10000,0,8,4),(2,84,10000,0,8,4),(2,85,10000,0,8,4),(2,86,10000,0,8,4),(2,87,10000,0,8,4),(2,88,10000,0,8,4),(2,89,10000,0,8,4),(2,90,10000,0,8,4),(2,91,10000,0,8,4),(2,92,10000,0,8,4),(2,93,10000,0,8,4),(2,94,10000,0,8,4),(2,98,10000,0,8,4),(2,99,10000,0,8,4),(2,100,10000,0,8,4),(2,101,10000,0,8,4),(2,102,10000,0,8,4),(2,103,10000,0,8,4),(2,104,10000,0,8,4),(2,105,10000,0,8,4),(2,106,10000,0,8,4),(2,108,10000,0,8,4),(2,121,10000,0,8,4),(2,127,10000,0,8,4),(2,130,10000,0,8,4),(2,131,10000,0,8,4),(2,132,10000,0,8,4),(2,133,10000,0,8,4),(2,134,10000,0,8,4),(2,136,10000,0,8,4),(2,137,10000,0,8,4),(2,138,10000,0,8,4),(2,139,10000,0,8,4),(2,140,10000,0,8,4),(2,141,10000,0,8,4),(2,142,10000,0,8,4),(2,143,10000,0,8,4),(2,144,10000,0,8,4),(2,145,10000,0,8,4),(2,146,10000,0,8,4),(2,147,10000,0,8,4),(2,148,10000,0,8,4),(2,149,10000,0,8,4),(2,150,10000,0,8,4),(2,151,10000,0,8,4),(2,152,10000,0,8,4),(2,97,0,1,8,4),(3,62,0,1,8,4),(3,63,0,1,8,4),(3,64,0,1,8,4),(3,66,0,1,8,4),(3,67,0,1,8,4),(3,68,0,1,8,4),(3,69,0,1,8,4),(3,72,0,1,8,4),(3,74,0,1,8,4),(3,75,0,1,8,4),(3,76,0,1,8,4),(3,77,0,1,8,4),(3,78,0,1,8,4),(3,79,0,1,8,4),(3,80,0,1,8,4),(3,81,0,1,8,4),(3,82,0,1,8,4),(3,83,0,1,8,4),(3,84,0,1,8,4),(3,85,0,1,8,4),(3,92,0,1,8,4),(3,94,0,1,8,4),(3,121,0,1,8,4),(3,127,0,1,8,4),(3,130,0,1,8,4),(3,131,0,1,8,4),(3,132,0,1,8,4),(3,133,0,1,8,4),(3,134,0,1,8,4),(4,86,10000,0,8,4),(4,87,10000,0,8,4),(4,88,10000,0,8,4),(4,93,10000,0,8,4),(4,141,10000,0,8,4),(4,152,10000,0,8,4),(4,70,0,1,8,4),(4,71,0,1,8,4),(4,136,0,1,8,4),(4,137,0,1,8,4),(4,138,0,1,8,4),(4,139,0,1,8,4),(4,140,0,1,8,4),(6,89,0,1,8,4),(6,90,0,1,8,4),(6,91,0,1,8,4),(7,73,0,1,8,4),(7,144,0,1,8,4),(7,145,0,1,8,4),(7,146,0,1,8,4),(7,147,0,1,8,4),(7,148,0,1,8,4),(7,149,0,1,8,4),(7,150,0,1,8,4),(7,151,0,1,8,4),(8,86,0,1,8,4),(8,87,0,1,8,4),(8,88,0,1,8,4),(8,141,0,1,8,4),(8,152,0,1,8,4),(9,142,0,1,8,4),(9,143,0,1,8,4),(9,145,0,1,8,4),(9,146,0,1,8,4),(9,147,0,1,8,4),(9,149,0,1,8,4),(9,151,0,1,8,4),(10,142,0,1,8,4),(10,143,0,1,8,4),(12,101,10000,0,8,4),(12,102,10000,0,8,4),(12,103,10000,0,8,4),(12,104,10000,0,8,4),(12,106,10000,0,8,4),(12,98,0,1,8,4),(12,99,0,1,8,4),(12,100,0,1,8,4),(12,105,0,1,8,4),(12,108,0,1,8,4),(13,98,0,1,8,4),(13,99,0,1,8,4),(13,100,0,1,8,4),(13,101,0,1,8,4),(13,102,0,1,8,4),(13,103,0,1,8,4),(13,104,0,1,8,4),(13,105,0,1,8,4),(14,98,0,1,8,4),(14,99,0,1,8,4),(14,100,0,1,8,4),(14,103,0,1,8,4),(14,105,0,1,8,4),(14,106,0,1,8,4),(14,108,0,1,8,4),(15,93,0,1,8,4),(15,136,0,1,8,4),(15,137,0,1,8,4),(15,138,0,1,8,4),(15,140,0,1,8,4);

--
-- Table structure for table `catalog_category_product_index_store8_replica`
--

CREATE TABLE `catalog_category_product_index_store8_replica` (
  `category_id` int unsigned NOT NULL DEFAULT '0' COMMENT 'Category Id',
  `product_id` int unsigned NOT NULL DEFAULT '0' COMMENT 'Product Id',
  `position` int DEFAULT NULL COMMENT 'Position',
  `is_parent` smallint unsigned NOT NULL DEFAULT '0' COMMENT 'Is Parent',
  `store_id` smallint unsigned NOT NULL DEFAULT '0' COMMENT 'Store Id',
  `visibility` smallint unsigned NOT NULL COMMENT 'Visibility',
  PRIMARY KEY (`category_id`,`product_id`,`store_id`),
  KEY `IDX_57B5E46D5E5C9F39BB7CE63D46A21EF5` (`product_id`,`store_id`,`category_id`,`visibility`),
  KEY `IDX_72A17E5BDF6BE100A92393EED4942631` (`store_id`,`category_id`,`visibility`,`is_parent`,`position`)
) ENGINE=InnoDB DEFAULT CHARSET=utf8mb3 COMMENT='Catalog Category Product Index Store8 Replica';

--
-- Dumping data for table `catalog_category_product_index_store8_replica`
--

INSERT INTO `catalog_category_product_index_store8_replica` VALUES (2,22,10000,0,8,4),(2,40,10000,0,8,4),(2,42,10000,0,8,4),(2,43,10000,0,8,4),(2,57,10000,0,8,4),(2,58,10000,0,8,4),(2,59,10000,0,8,4),(2,60,10000,0,8,4),(2,61,10000,0,8,4),(2,62,10000,0,8,4),(2,63,10000,0,8,4),(2,64,10000,0,8,4),(3,22,0,1,8,4),(3,40,0,1,8,4),(3,42,0,1,8,4),(3,43,0,1,8,4),(3,57,0,1,8,4),(3,60,0,1,8,4),(3,61,0,1,8,4),(3,62,0,1,8,4),(3,63,0,1,8,4),(3,64,0,1,8,4),(4,57,0,1,8,4),(4,58,0,1,8,4),(4,59,0,1,8,4),(5,61,0,1,8,4),(6,60,0,1,8,4),(7,57,0,1,8,4),(7,58,0,1,8,4),(8,57,0,1,8,4),(12,59,0,1,8,4),(13,57,0,1,8,4);

--
-- Table structure for table `catalog_category_product_index_tmp`
--

CREATE TABLE `catalog_category_product_index_tmp` (
  `category_id` int unsigned NOT NULL DEFAULT '0' COMMENT 'Category ID',
  `product_id` int unsigned NOT NULL DEFAULT '0' COMMENT 'Product ID',
  `position` int NOT NULL DEFAULT '0' COMMENT 'Position',
  `is_parent` smallint unsigned NOT NULL DEFAULT '0' COMMENT 'Is Parent',
  `store_id` smallint unsigned NOT NULL DEFAULT '0' COMMENT 'Store ID',
  `visibility` smallint unsigned NOT NULL COMMENT 'Visibility',
  PRIMARY KEY (`category_id`,`product_id`,`store_id`),
  KEY `CAT_CTGR_PRD_IDX_TMP_PRD_ID_CTGR_ID_STORE_ID` (`product_id`,`category_id`,`store_id`)
) ENGINE=InnoDB DEFAULT CHARSET=utf8mb3 COMMENT='Catalog Category Product Indexer temporary table';

--
-- Dumping data for table `catalog_category_product_index_tmp`
--


--
-- Table structure for table `catalog_compare_item`
--

CREATE TABLE `catalog_compare_item` (
  `catalog_compare_item_id` int unsigned NOT NULL AUTO_INCREMENT COMMENT 'Compare Item ID',
  `visitor_id` int unsigned NOT NULL DEFAULT '0' COMMENT 'Visitor ID',
  `customer_id` int unsigned DEFAULT NULL COMMENT 'Customer ID',
  `product_id` int unsigned NOT NULL DEFAULT '0' COMMENT 'Product ID',
  `store_id` smallint unsigned DEFAULT NULL COMMENT 'Store ID',
  PRIMARY KEY (`catalog_compare_item_id`),
  KEY `CATALOG_COMPARE_ITEM_PRODUCT_ID` (`product_id`),
  KEY `CATALOG_COMPARE_ITEM_VISITOR_ID_PRODUCT_ID` (`visitor_id`,`product_id`),
  KEY `CATALOG_COMPARE_ITEM_CUSTOMER_ID_PRODUCT_ID` (`customer_id`,`product_id`),
  KEY `CATALOG_COMPARE_ITEM_STORE_ID` (`store_id`),
  CONSTRAINT `CATALOG_COMPARE_ITEM_CUSTOMER_ID_CUSTOMER_ENTITY_ENTITY_ID` FOREIGN KEY (`customer_id`) REFERENCES `customer_entity` (`entity_id`) ON DELETE CASCADE,
  CONSTRAINT `CATALOG_COMPARE_ITEM_PRODUCT_ID_CATALOG_PRODUCT_ENTITY_ENTITY_ID` FOREIGN KEY (`product_id`) REFERENCES `catalog_product_entity` (`entity_id`) ON DELETE CASCADE,
  CONSTRAINT `CATALOG_COMPARE_ITEM_STORE_ID_STORE_STORE_ID` FOREIGN KEY (`store_id`) REFERENCES `store` (`store_id`) ON DELETE SET NULL
) ENGINE=InnoDB DEFAULT CHARSET=utf8mb3 COMMENT='Catalog Compare Table';

--
-- Dumping data for table `catalog_compare_item`
--


--
-- Table structure for table `catalog_eav_attribute`
--

CREATE TABLE `catalog_eav_attribute` (
  `attribute_id` smallint unsigned NOT NULL COMMENT 'Attribute ID',
  `frontend_input_renderer` varchar(255) DEFAULT NULL COMMENT 'Frontend Input Renderer',
  `is_global` smallint unsigned NOT NULL DEFAULT '1' COMMENT 'Is Global',
  `is_visible` smallint unsigned NOT NULL DEFAULT '1' COMMENT 'Is Visible',
  `is_searchable` smallint unsigned NOT NULL DEFAULT '0' COMMENT 'Is Searchable',
  `is_filterable` smallint unsigned NOT NULL DEFAULT '0' COMMENT 'Is Filterable',
  `is_comparable` smallint unsigned NOT NULL DEFAULT '0' COMMENT 'Is Comparable',
  `is_visible_on_front` smallint unsigned NOT NULL DEFAULT '0' COMMENT 'Is Visible On Front',
  `is_html_allowed_on_front` smallint unsigned NOT NULL DEFAULT '0' COMMENT 'Is HTML Allowed On Front',
  `is_used_for_price_rules` smallint unsigned NOT NULL DEFAULT '0' COMMENT 'Is Used For Price Rules',
  `is_filterable_in_search` smallint unsigned NOT NULL DEFAULT '0' COMMENT 'Is Filterable In Search',
  `used_in_product_listing` smallint unsigned NOT NULL DEFAULT '0' COMMENT 'Is Used In Product Listing',
  `used_for_sort_by` smallint unsigned NOT NULL DEFAULT '0' COMMENT 'Is Used For Sorting',
  `apply_to` varchar(255) DEFAULT NULL COMMENT 'Apply To',
  `is_visible_in_advanced_search` smallint unsigned NOT NULL DEFAULT '0' COMMENT 'Is Visible In Advanced Search',
  `position` int NOT NULL DEFAULT '0' COMMENT 'Position',
  `is_wysiwyg_enabled` smallint unsigned NOT NULL DEFAULT '0' COMMENT 'Is WYSIWYG Enabled',
  `is_used_for_promo_rules` smallint unsigned NOT NULL DEFAULT '0' COMMENT 'Is Used For Promo Rules',
  `is_required_in_admin_store` smallint unsigned NOT NULL DEFAULT '0' COMMENT 'Is Required In Admin Store',
  `is_used_in_grid` smallint unsigned NOT NULL DEFAULT '0' COMMENT 'Is Used in Grid',
  `is_visible_in_grid` smallint unsigned NOT NULL DEFAULT '0' COMMENT 'Is Visible in Grid',
  `is_filterable_in_grid` smallint unsigned NOT NULL DEFAULT '0' COMMENT 'Is Filterable in Grid',
  `search_weight` float NOT NULL DEFAULT '1' COMMENT 'Search Weight',
  `additional_data` text COMMENT 'Additional swatch attributes data',
  PRIMARY KEY (`attribute_id`),
  KEY `CATALOG_EAV_ATTRIBUTE_USED_FOR_SORT_BY` (`used_for_sort_by`),
  KEY `CATALOG_EAV_ATTRIBUTE_USED_IN_PRODUCT_LISTING` (`used_in_product_listing`),
  CONSTRAINT `CATALOG_EAV_ATTRIBUTE_ATTRIBUTE_ID_EAV_ATTRIBUTE_ATTRIBUTE_ID` FOREIGN KEY (`attribute_id`) REFERENCES `eav_attribute` (`attribute_id`) ON DELETE CASCADE
) ENGINE=InnoDB DEFAULT CHARSET=utf8mb3 COMMENT='Catalog EAV Attribute Table';

--
-- Dumping data for table `catalog_eav_attribute`
--

INSERT INTO `catalog_eav_attribute` VALUES (45,NULL,0,1,0,0,0,0,0,0,0,0,0,NULL,0,0,0,0,0,0,0,0,1,NULL),(46,NULL,0,1,0,0,0,0,0,0,0,0,0,NULL,0,0,0,0,0,0,0,0,1,NULL),(47,NULL,0,1,0,0,0,0,1,0,0,0,0,NULL,0,0,1,0,0,0,0,0,1,NULL),(48,NULL,0,1,0,0,0,0,0,0,0,0,0,NULL,0,0,0,0,0,0,0,0,1,NULL),(49,NULL,0,1,0,0,0,0,0,0,0,0,0,NULL,0,0,0,0,0,0,0,0,1,NULL),(50,NULL,0,1,0,0,0,0,0,0,0,0,0,NULL,0,0,0,0,0,0,0,0,1,NULL),(51,NULL,0,1,0,0,0,0,0,0,0,0,0,NULL,0,0,0,0,0,0,0,0,1,NULL),(52,NULL,0,1,0,0,0,0,0,0,0,0,0,NULL,0,0,0,0,0,0,0,0,1,NULL),(53,NULL,0,1,0,0,0,0,0,0,0,0,0,NULL,0,0,0,0,0,0,0,0,1,NULL),(54,NULL,1,1,0,0,0,0,0,0,0,0,0,NULL,0,0,0,0,0,0,0,0,1,NULL),(55,NULL,1,0,0,0,0,0,0,0,0,0,0,NULL,0,0,0,0,0,0,0,0,1,NULL),(56,NULL,1,0,0,0,0,0,0,0,0,0,0,NULL,0,0,0,0,0,0,0,0,1,NULL),(57,NULL,1,0,0,0,0,0,0,0,0,0,0,NULL,0,0,0,0,0,0,0,0,1,NULL),(58,NULL,1,0,0,0,0,0,0,0,0,0,0,NULL,0,0,0,0,0,0,0,0,1,NULL),(59,NULL,1,0,0,0,0,0,0,0,0,0,0,NULL,0,0,0,0,0,0,0,0,1,NULL),(60,NULL,0,1,0,0,0,0,0,0,0,0,0,NULL,0,0,0,0,0,0,0,0,1,NULL),(61,NULL,0,1,0,0,0,0,0,0,0,0,0,NULL,0,0,0,0,0,0,0,0,1,NULL),(62,NULL,0,1,0,0,0,0,0,0,0,0,0,NULL,0,0,0,0,0,0,0,0,1,NULL),(63,NULL,0,1,0,0,0,0,0,0,0,0,0,NULL,0,0,0,0,0,0,0,0,1,NULL),(64,NULL,0,0,0,0,0,0,0,0,0,0,0,NULL,0,0,0,0,0,0,0,0,1,NULL),(65,NULL,1,0,0,0,0,0,0,0,0,0,0,NULL,0,0,0,0,0,0,0,0,1,NULL),(66,NULL,1,0,0,0,0,0,0,0,0,0,0,NULL,0,0,0,0,0,0,0,0,1,NULL),(67,'Magento\\Catalog\\Block\\Adminhtml\\Category\\Helper\\Sortby\\Available',0,1,0,0,0,0,0,0,0,0,0,NULL,0,0,0,0,0,0,0,0,1,NULL),(68,'Magento\\Catalog\\Block\\Adminhtml\\Category\\Helper\\Sortby\\DefaultSortby',0,1,0,0,0,0,0,0,0,0,0,NULL,0,0,0,0,0,0,0,0,1,NULL),(69,NULL,0,1,0,0,0,0,0,0,0,0,0,NULL,0,0,0,0,0,0,0,0,1,NULL),(70,NULL,0,1,0,0,0,0,0,0,0,0,0,NULL,0,0,0,0,0,0,0,0,1,NULL),(71,NULL,0,1,0,0,0,0,0,0,0,0,0,NULL,0,0,0,0,0,0,0,0,1,NULL),(72,'Magento\\Catalog\\Block\\Adminhtml\\Category\\Helper\\Pricestep',0,1,0,0,0,0,0,0,0,0,0,NULL,0,0,0,0,0,0,0,0,1,NULL),(73,NULL,0,1,1,0,0,0,0,0,0,1,1,NULL,1,0,0,0,0,0,0,0,5,NULL),(74,NULL,1,1,1,0,1,0,0,0,0,0,0,NULL,1,0,0,0,0,0,0,0,6,NULL),(75,NULL,0,1,1,0,1,0,1,0,0,0,0,NULL,1,0,1,0,0,0,0,0,1,NULL),(76,NULL,0,1,1,0,1,0,1,0,0,1,0,NULL,1,0,1,0,0,1,0,0,1,NULL),(77,NULL,1,1,1,1,0,0,0,0,0,1,1,'simple,virtual,bundle,configurable,downloadable',1,0,0,0,0,0,0,0,1,NULL),(78,NULL,1,1,0,0,0,0,0,0,0,1,0,'simple,virtual,bundle,configurable,downloadable',0,0,0,0,0,1,0,1,1,NULL),(79,NULL,2,1,0,0,0,0,0,0,0,1,0,'simple,virtual,bundle,configurable,downloadable',0,0,0,0,0,1,0,0,1,NULL),(80,NULL,2,1,0,0,0,0,0,0,0,1,0,'simple,virtual,bundle,configurable,downloadable',0,0,0,0,0,1,0,0,1,NULL),(81,NULL,1,1,0,0,0,0,0,0,0,0,0,'simple,virtual,downloadable',0,0,0,0,0,1,0,1,1,NULL),(82,'Magento\\Catalog\\Block\\Adminhtml\\Product\\Helper\\Form\\Weight',1,1,0,0,0,0,0,0,0,0,0,'simple,virtual,bundle,configurable,downloadable',0,0,0,0,0,1,0,1,1,NULL),(83,NULL,1,1,1,1,1,0,0,0,0,0,0,'simple,configurable',1,0,0,0,0,1,0,1,1,NULL),(84,NULL,0,1,0,0,0,0,0,0,0,0,0,NULL,0,0,0,0,0,1,0,1,1,NULL),(85,NULL,0,1,0,0,0,0,0,0,0,0,0,NULL,0,0,0,0,0,1,0,1,1,NULL),(86,NULL,0,1,0,0,0,0,0,0,0,0,0,NULL,0,0,0,0,0,1,0,1,1,NULL),(87,NULL,0,1,0,0,0,0,0,0,0,1,0,NULL,0,0,0,0,0,0,0,0,1,NULL),(88,NULL,0,1,0,0,0,0,0,0,0,1,0,NULL,0,0,0,0,0,0,0,0,1,NULL),(89,NULL,0,1,0,0,0,0,0,0,0,1,0,NULL,0,0,0,0,0,0,0,0,1,NULL),(90,NULL,1,1,0,0,0,0,0,0,0,0,0,NULL,0,0,0,0,0,0,0,0,1,NULL),(91,NULL,1,0,0,0,0,0,0,0,0,0,0,NULL,0,0,0,0,0,0,0,0,1,NULL),(92,NULL,2,1,0,0,0,0,0,0,0,0,0,'simple,virtual,bundle,downloadable',0,0,0,0,0,0,0,0,1,NULL),(93,NULL,1,1,1,1,1,0,0,0,0,0,0,'simple,virtual,configurable',1,0,0,0,0,1,0,1,1,NULL),(94,NULL,2,1,0,0,0,0,0,0,0,1,0,NULL,0,0,0,0,0,1,0,0,1,NULL),(95,NULL,2,1,0,0,0,0,0,0,0,1,0,NULL,0,0,0,0,0,1,0,0,1,NULL),(96,NULL,1,1,0,0,0,0,0,0,0,0,0,NULL,0,0,0,0,0,0,0,0,1,NULL),(97,'Magento\\Framework\\Data\\Form\\Element\\Hidden',2,1,1,0,0,0,0,0,0,1,0,NULL,0,0,0,0,1,0,0,0,1,NULL),(98,NULL,0,0,0,0,0,0,0,0,0,0,0,'simple,virtual,bundle,configurable,downloadable',0,0,0,0,0,0,0,0,1,NULL),(99,NULL,0,1,0,0,0,0,0,0,0,0,0,NULL,0,0,0,0,1,0,0,0,1,NULL),(100,NULL,0,1,0,0,0,0,0,0,0,0,0,NULL,0,0,0,0,0,1,0,1,1,NULL),(101,NULL,0,1,0,0,0,0,0,0,0,0,0,NULL,0,0,0,0,0,1,0,0,1,NULL),(102,NULL,0,1,0,0,0,0,0,0,0,0,0,NULL,0,0,0,0,0,1,0,0,1,NULL),(103,NULL,0,0,0,0,0,0,0,0,0,0,0,NULL,0,0,0,0,0,0,0,0,1,NULL),(104,NULL,0,1,0,0,0,0,0,0,0,0,0,NULL,0,0,0,0,0,1,0,0,1,NULL),(105,'Magento\\Catalog\\Block\\Adminhtml\\Product\\Helper\\Form\\Category',1,1,0,0,0,0,0,0,0,0,0,NULL,0,0,0,0,0,0,0,0,1,NULL),(106,NULL,0,1,0,0,0,0,0,0,0,0,0,NULL,0,0,0,0,0,0,0,0,1,NULL),(107,NULL,1,0,0,0,0,0,0,0,0,1,0,NULL,0,0,0,0,0,0,0,0,1,NULL),(108,NULL,1,0,0,0,0,0,0,0,0,0,0,NULL,0,0,0,0,0,0,0,0,1,NULL),(109,NULL,0,0,0,0,0,0,0,0,0,1,0,NULL,0,0,0,0,0,0,0,0,1,NULL),(110,NULL,0,0,0,0,0,0,0,0,0,1,0,NULL,0,0,0,0,0,0,0,0,1,NULL),(111,NULL,0,0,0,0,0,0,0,0,0,1,0,NULL,0,0,0,0,0,0,0,0,1,NULL),(112,NULL,1,0,0,0,0,0,0,0,0,0,0,NULL,0,0,0,0,0,0,0,0,1,NULL),(113,NULL,1,0,0,0,0,0,0,0,0,0,0,NULL,0,0,0,0,0,0,0,0,1,NULL),(114,NULL,2,1,0,0,0,0,0,0,0,0,0,'simple,bundle,configurable,grouped',0,0,0,0,0,1,0,1,1,NULL),(115,'Magento\\CatalogInventory\\Block\\Adminhtml\\Form\\Field\\Stock',1,1,0,0,0,0,0,0,0,0,0,NULL,0,0,0,0,0,0,0,0,1,NULL),(116,NULL,0,1,0,0,0,0,0,0,0,0,0,NULL,0,0,0,0,0,1,0,0,1,NULL),(117,NULL,1,1,0,0,0,0,0,0,0,1,0,'bundle',0,0,0,0,0,0,0,0,1,NULL),(118,NULL,1,1,0,0,0,0,0,0,0,0,0,'bundle',0,0,0,0,0,0,0,0,1,NULL),(119,NULL,1,1,0,0,0,0,0,0,0,1,0,'bundle',0,0,0,0,0,0,0,0,1,NULL),(120,NULL,1,1,0,0,0,0,0,0,0,1,0,'bundle',0,0,0,0,0,0,0,0,1,NULL),(121,NULL,1,1,0,0,0,0,0,0,0,1,0,'bundle',0,0,0,0,0,0,0,0,1,NULL),(122,'Magento\\Msrp\\Block\\Adminhtml\\Product\\Helper\\Form\\Type',1,1,0,0,0,0,0,0,0,1,0,'simple,virtual,downloadable,bundle,configurable',0,0,0,0,0,1,0,1,1,NULL),(123,'Magento\\Msrp\\Block\\Adminhtml\\Product\\Helper\\Form\\Type\\Price',2,1,0,0,0,0,0,0,0,1,0,'simple,virtual,downloadable,bundle,configurable',0,0,0,0,0,0,0,0,1,NULL),(124,NULL,0,1,1,0,0,0,0,0,0,0,0,NULL,0,0,0,0,0,0,0,0,1,NULL),(125,NULL,0,0,0,0,0,0,0,0,0,0,0,NULL,0,0,0,0,0,0,0,0,1,NULL),(126,NULL,0,1,1,0,0,0,0,0,0,1,0,NULL,0,0,0,0,0,1,0,1,1,NULL),(127,NULL,0,0,0,0,0,0,0,0,0,0,0,NULL,0,0,0,0,0,0,0,0,1,NULL),(128,NULL,1,0,0,0,0,0,0,0,0,1,0,'downloadable',0,0,0,0,0,0,0,0,1,NULL),(129,NULL,0,0,0,0,0,0,0,0,0,0,0,'downloadable',0,0,0,0,0,0,0,0,1,NULL),(130,NULL,0,0,0,0,0,0,0,0,0,0,0,'downloadable',0,0,0,0,0,0,0,0,1,NULL),(131,NULL,1,0,0,0,0,0,0,0,0,1,0,'downloadable',0,0,0,0,0,0,0,0,1,NULL),(132,'Magento\\GiftMessage\\Block\\Adminhtml\\Product\\Helper\\Form\\Config',1,1,0,0,0,0,0,0,0,0,0,NULL,0,0,0,0,0,1,0,0,1,NULL),(133,NULL,0,1,0,0,0,0,0,0,0,1,0,NULL,0,0,0,0,0,0,0,0,1,NULL),(134,NULL,2,1,1,0,0,0,0,0,0,1,0,'simple,virtual,bundle,configurable,downloadable',0,0,0,0,0,1,0,1,1,NULL),(135,NULL,0,1,0,0,0,0,0,0,0,0,0,'simple,bundle,configurable',0,0,0,0,0,0,0,0,1,NULL),(136,NULL,0,1,0,0,0,0,0,0,0,0,0,'simple,bundle,configurable',0,0,0,0,0,0,0,0,1,NULL),(137,NULL,0,1,0,0,0,0,0,0,0,0,0,'simple,bundle,configurable',0,0,0,0,0,0,0,0,1,NULL),(138,NULL,0,1,0,0,0,0,0,0,0,0,0,'simple,configurable,bundle',0,0,0,0,0,0,0,0,1,NULL),(139,NULL,1,1,0,0,0,0,0,0,0,1,0,'simple,configurable,virtual,bundle,downloadable',0,0,0,0,0,0,0,0,1,NULL),(140,NULL,0,1,0,0,0,0,0,0,0,0,0,NULL,0,0,0,0,0,0,0,0,1,NULL),(141,NULL,0,1,0,0,0,0,0,0,0,0,0,NULL,0,0,0,0,0,0,0,0,1,NULL),(142,NULL,0,1,0,0,0,0,0,0,0,0,0,NULL,0,0,0,0,0,0,0,0,1,NULL),(143,NULL,0,1,0,0,0,0,0,0,0,0,0,NULL,0,0,0,0,0,0,0,0,1,NULL),(144,NULL,0,1,0,0,0,0,0,0,0,0,0,NULL,0,0,0,0,0,0,0,0,1,NULL),(145,NULL,0,1,0,0,0,0,0,0,0,0,0,NULL,0,0,0,0,0,0,0,0,1,NULL),(146,NULL,0,1,0,0,0,0,0,0,0,0,0,NULL,0,0,0,0,0,0,0,0,1,NULL),(147,NULL,0,1,0,0,0,0,0,0,0,0,0,NULL,0,0,0,0,0,0,0,0,1,NULL),(148,NULL,0,1,0,0,0,0,1,0,0,0,0,NULL,0,0,1,0,0,0,0,0,1,NULL),(149,NULL,0,1,0,0,0,0,0,0,0,0,0,NULL,0,0,0,0,0,0,0,0,1,NULL),(150,NULL,0,1,0,0,0,0,1,0,0,0,0,NULL,0,0,1,0,0,0,0,0,1,NULL),(151,NULL,0,1,0,0,0,0,0,0,0,0,0,NULL,0,0,0,0,0,0,0,0,1,NULL),(152,NULL,0,1,0,0,0,0,1,0,0,0,0,NULL,0,0,1,0,0,0,0,0,1,NULL),(153,NULL,0,1,0,0,0,0,1,0,0,0,0,NULL,0,0,1,0,0,0,0,0,1,NULL),(154,NULL,0,1,0,0,0,0,0,0,0,0,0,NULL,0,0,0,0,0,0,0,0,1,NULL),(155,NULL,0,1,0,0,0,0,0,0,0,0,0,NULL,0,0,0,0,0,0,0,0,1,NULL),(156,NULL,0,1,0,0,0,0,0,0,0,0,0,NULL,0,0,0,0,0,0,0,0,1,NULL),(157,NULL,0,1,0,0,0,0,0,0,0,0,0,NULL,0,0,0,0,0,0,0,0,1,NULL),(158,NULL,0,1,0,0,0,0,1,0,0,0,0,NULL,0,0,1,0,0,0,0,0,1,NULL),(159,NULL,1,1,0,0,0,0,0,0,0,0,0,'simple,configurable,virtual,bundle,downloadable',0,0,0,0,0,0,0,0,1,NULL),(160,NULL,1,1,0,0,0,0,0,0,0,0,0,'simple,configurable,virtual,bundle,downloadable',0,0,0,0,0,0,0,0,1,NULL),(161,NULL,1,1,0,0,0,0,0,0,0,0,0,'simple,configurable,virtual,bundle,downloadable',0,0,1,0,0,0,0,0,1,NULL),(162,NULL,1,1,0,0,0,0,0,0,0,0,0,'simple,configurable,virtual,bundle,downloadable',0,0,1,0,0,0,0,0,1,NULL),(163,NULL,1,1,1,0,0,1,1,0,0,0,0,NULL,1,0,0,0,0,1,1,1,1,NULL),(164,NULL,1,1,1,0,0,1,1,0,0,1,1,NULL,1,0,0,0,0,1,1,1,1,NULL),(165,NULL,0,1,1,1,0,1,1,0,0,1,0,NULL,1,0,0,0,0,1,1,1,1,NULL),(166,NULL,1,1,0,0,0,0,1,0,0,1,0,NULL,0,0,1,0,0,0,1,1,1,NULL),(167,NULL,1,1,0,0,0,0,1,0,0,1,0,NULL,0,0,1,0,0,0,1,0,1,NULL),(168,NULL,0,1,0,0,0,0,1,0,0,1,0,NULL,0,0,1,0,0,0,1,0,1,NULL),(169,NULL,1,1,0,0,0,0,1,0,0,1,0,NULL,0,0,1,0,0,0,1,0,1,NULL),(170,NULL,1,1,0,0,0,1,1,0,0,0,0,NULL,0,0,1,0,0,0,1,0,1,NULL),(171,NULL,1,1,0,0,0,0,1,0,0,1,0,NULL,0,0,1,0,0,0,1,0,1,NULL),(172,NULL,0,1,0,0,0,0,1,0,0,0,0,NULL,0,0,0,0,0,1,1,1,1,NULL),(175,NULL,1,1,0,0,0,0,1,0,0,0,0,NULL,0,0,0,0,0,1,1,1,1,NULL),(177,NULL,0,1,0,0,0,0,1,0,0,0,0,NULL,0,0,0,0,0,1,1,1,1,NULL),(178,NULL,1,1,0,0,0,0,1,0,0,0,0,NULL,0,0,0,0,0,1,1,1,1,NULL),(181,NULL,0,1,0,0,0,0,1,0,0,0,0,NULL,0,0,0,0,0,0,1,0,1,NULL),(182,NULL,0,1,0,0,0,1,1,0,0,1,0,NULL,0,1,0,0,0,0,1,0,1,NULL),(183,NULL,0,1,0,0,0,0,0,0,0,0,0,NULL,0,0,0,0,0,0,0,0,1,NULL),(185,NULL,0,1,0,1,0,0,1,0,0,1,0,NULL,0,0,0,0,0,1,1,1,1,NULL),(187,NULL,2,1,0,0,0,0,1,0,0,0,0,NULL,0,0,0,0,0,1,1,1,1,NULL),(188,NULL,2,1,0,0,0,0,1,0,0,0,0,NULL,0,0,0,0,0,1,1,1,1,NULL),(189,NULL,2,1,0,0,0,1,1,0,0,0,0,NULL,0,0,0,0,0,0,1,0,1,NULL),(190,NULL,2,1,0,0,0,0,1,0,0,0,0,NULL,0,0,0,0,0,1,1,1,1,NULL),(191,NULL,0,1,0,0,0,0,0,0,0,0,0,NULL,0,0,0,0,0,0,0,0,1,NULL),(192,NULL,0,1,0,0,0,0,0,0,0,0,0,NULL,0,0,0,0,0,0,0,0,1,NULL),(193,NULL,1,0,0,0,0,0,0,0,0,0,0,'simple,downloadable,virtual,bundle,configurable',0,0,0,0,0,0,0,0,1,NULL),(194,NULL,1,1,0,0,0,0,0,0,0,0,0,'simple,bundle,configurable',0,0,0,0,0,0,0,0,1,NULL),(195,NULL,1,1,0,0,0,0,0,0,0,0,0,'simple,bundle,configurable',0,0,0,0,0,0,0,0,1,NULL),(196,NULL,1,1,0,0,0,0,0,0,0,0,0,'simple,bundle,configurable',0,0,0,0,0,0,0,0,1,NULL),(197,NULL,1,1,0,0,0,0,0,0,0,0,0,'simple,bundle,configurable',0,0,0,0,0,0,0,0,1,NULL);

--
-- Table structure for table `catalog_product_bundle_option`
--

CREATE TABLE `catalog_product_bundle_option` (
  `option_id` int unsigned NOT NULL AUTO_INCREMENT COMMENT 'Option ID',
  `parent_id` int unsigned NOT NULL COMMENT 'Parent ID',
  `required` smallint unsigned NOT NULL DEFAULT '0' COMMENT 'Required',
  `position` int unsigned NOT NULL DEFAULT '0' COMMENT 'Position',
  `type` varchar(255) DEFAULT NULL COMMENT 'Type',
  PRIMARY KEY (`option_id`),
  KEY `CATALOG_PRODUCT_BUNDLE_OPTION_PARENT_ID` (`parent_id`),
  CONSTRAINT `CAT_PRD_BNDL_OPT_PARENT_ID_CAT_PRD_ENTT_ENTT_ID` FOREIGN KEY (`parent_id`) REFERENCES `catalog_product_entity` (`entity_id`) ON DELETE CASCADE
) ENGINE=InnoDB DEFAULT CHARSET=utf8mb3 COMMENT='Catalog Product Bundle Option';

--
-- Dumping data for table `catalog_product_bundle_option`
--


--
-- Table structure for table `catalog_product_bundle_option_value`
--

CREATE TABLE `catalog_product_bundle_option_value` (
  `value_id` int unsigned NOT NULL AUTO_INCREMENT COMMENT 'Value ID',
  `option_id` int unsigned NOT NULL COMMENT 'Option ID',
  `parent_product_id` int unsigned NOT NULL COMMENT 'Parent Product ID',
  `store_id` smallint unsigned NOT NULL COMMENT 'Store ID',
  `title` varchar(255) DEFAULT NULL COMMENT 'Title',
  PRIMARY KEY (`value_id`),
  UNIQUE KEY `CAT_PRD_BNDL_OPT_VAL_OPT_ID_PARENT_PRD_ID_STORE_ID` (`option_id`,`parent_product_id`,`store_id`),
  CONSTRAINT `CAT_PRD_BNDL_OPT_VAL_OPT_ID_CAT_PRD_BNDL_OPT_OPT_ID` FOREIGN KEY (`option_id`) REFERENCES `catalog_product_bundle_option` (`option_id`) ON DELETE CASCADE
) ENGINE=InnoDB DEFAULT CHARSET=utf8mb3 COMMENT='Catalog Product Bundle Option Value';

--
-- Dumping data for table `catalog_product_bundle_option_value`
--


--
-- Table structure for table `catalog_product_bundle_price_index`
--

CREATE TABLE `catalog_product_bundle_price_index` (
  `entity_id` int unsigned NOT NULL COMMENT 'Entity ID',
  `website_id` smallint unsigned NOT NULL COMMENT 'Website ID',
  `customer_group_id` int unsigned NOT NULL COMMENT 'Customer Group ID',
  `min_price` decimal(20,6) NOT NULL COMMENT 'Min Price',
  `max_price` decimal(20,6) NOT NULL COMMENT 'Max Price',
  PRIMARY KEY (`entity_id`,`website_id`,`customer_group_id`),
  KEY `CATALOG_PRODUCT_BUNDLE_PRICE_INDEX_WEBSITE_ID` (`website_id`),
  KEY `CATALOG_PRODUCT_BUNDLE_PRICE_INDEX_CUSTOMER_GROUP_ID` (`customer_group_id`),
  CONSTRAINT `CAT_PRD_BNDL_PRICE_IDX_CSTR_GROUP_ID_CSTR_GROUP_CSTR_GROUP_ID` FOREIGN KEY (`customer_group_id`) REFERENCES `customer_group` (`customer_group_id`) ON DELETE CASCADE,
  CONSTRAINT `CAT_PRD_BNDL_PRICE_IDX_ENTT_ID_CAT_PRD_ENTT_ENTT_ID` FOREIGN KEY (`entity_id`) REFERENCES `catalog_product_entity` (`entity_id`) ON DELETE CASCADE,
  CONSTRAINT `CAT_PRD_BNDL_PRICE_IDX_WS_ID_STORE_WS_WS_ID` FOREIGN KEY (`website_id`) REFERENCES `store_website` (`website_id`) ON DELETE CASCADE
) ENGINE=InnoDB DEFAULT CHARSET=utf8mb3 COMMENT='Catalog Product Bundle Price Index';

--
-- Dumping data for table `catalog_product_bundle_price_index`
--


--
-- Table structure for table `catalog_product_bundle_selection`
--

CREATE TABLE `catalog_product_bundle_selection` (
  `selection_id` int unsigned NOT NULL AUTO_INCREMENT COMMENT 'Selection ID',
  `option_id` int unsigned NOT NULL COMMENT 'Option ID',
  `parent_product_id` int unsigned NOT NULL COMMENT 'Parent Product ID',
  `product_id` int unsigned NOT NULL COMMENT 'Product ID',
  `position` int unsigned NOT NULL DEFAULT '0' COMMENT 'Position',
  `is_default` smallint unsigned NOT NULL DEFAULT '0' COMMENT 'Is Default',
  `selection_price_type` smallint unsigned NOT NULL DEFAULT '0' COMMENT 'Selection Price Type',
  `selection_price_value` decimal(12,4) NOT NULL DEFAULT '0.0000' COMMENT 'Selection Price Value',
  `selection_qty` decimal(12,4) DEFAULT NULL COMMENT 'Selection Qty',
  `selection_can_change_qty` smallint NOT NULL DEFAULT '0' COMMENT 'Selection Can Change Qty',
  PRIMARY KEY (`selection_id`),
  KEY `CATALOG_PRODUCT_BUNDLE_SELECTION_OPTION_ID` (`option_id`),
  KEY `CATALOG_PRODUCT_BUNDLE_SELECTION_PRODUCT_ID` (`product_id`),
  CONSTRAINT `CAT_PRD_BNDL_SELECTION_OPT_ID_CAT_PRD_BNDL_OPT_OPT_ID` FOREIGN KEY (`option_id`) REFERENCES `catalog_product_bundle_option` (`option_id`) ON DELETE CASCADE,
  CONSTRAINT `CAT_PRD_BNDL_SELECTION_PRD_ID_CAT_PRD_ENTT_ENTT_ID` FOREIGN KEY (`product_id`) REFERENCES `catalog_product_entity` (`entity_id`) ON DELETE CASCADE
) ENGINE=InnoDB DEFAULT CHARSET=utf8mb3 COMMENT='Catalog Product Bundle Selection';

--
-- Dumping data for table `catalog_product_bundle_selection`
--


--
-- Table structure for table `catalog_product_bundle_selection_price`
--

CREATE TABLE `catalog_product_bundle_selection_price` (
  `selection_id` int unsigned NOT NULL COMMENT 'Selection ID',
  `parent_product_id` int unsigned NOT NULL COMMENT 'Parent Product ID',
  `website_id` smallint unsigned NOT NULL COMMENT 'Website ID',
  `selection_price_type` smallint unsigned NOT NULL DEFAULT '0' COMMENT 'Selection Price Type',
  `selection_price_value` decimal(20,6) NOT NULL DEFAULT '0.000000' COMMENT 'Selection Price Value',
  PRIMARY KEY (`selection_id`,`parent_product_id`,`website_id`),
  KEY `CATALOG_PRODUCT_BUNDLE_SELECTION_PRICE_WEBSITE_ID` (`website_id`),
  CONSTRAINT `CAT_PRD_BNDL_SELECTION_PRICE_WS_ID_STORE_WS_WS_ID` FOREIGN KEY (`website_id`) REFERENCES `store_website` (`website_id`) ON DELETE CASCADE,
  CONSTRAINT `FK_DCF37523AA05D770A70AA4ED7C2616E4` FOREIGN KEY (`selection_id`) REFERENCES `catalog_product_bundle_selection` (`selection_id`) ON DELETE CASCADE
) ENGINE=InnoDB DEFAULT CHARSET=utf8mb3 COMMENT='Catalog Product Bundle Selection Price';

--
-- Dumping data for table `catalog_product_bundle_selection_price`
--


--
-- Table structure for table `catalog_product_bundle_stock_index`
--

CREATE TABLE `catalog_product_bundle_stock_index` (
  `entity_id` int unsigned NOT NULL COMMENT 'Entity ID',
  `website_id` smallint unsigned NOT NULL COMMENT 'Website ID',
  `stock_id` smallint unsigned NOT NULL COMMENT 'Stock ID',
  `option_id` int unsigned NOT NULL DEFAULT '0' COMMENT 'Option ID',
  `stock_status` smallint DEFAULT '0' COMMENT 'Stock Status',
  PRIMARY KEY (`entity_id`,`website_id`,`stock_id`,`option_id`)
) ENGINE=InnoDB DEFAULT CHARSET=utf8mb3 COMMENT='Catalog Product Bundle Stock Index';

--
-- Dumping data for table `catalog_product_bundle_stock_index`
--


--
