(5659,4007,0,'Home & Garden > Lawn & Garden > Watering & Irrigation > Watering Globes & Spikes'),(5660,4008,0,'Home & Garden > Lighting'),(5661,4009,0,'Home & Garden > Lighting > Emergency Lighting'),(5662,4010,0,'Home & Garden > Lighting > Floating & Submersible Lights'),(5663,4011,0,'Home & Garden > Lighting > Flood & Spot Lights'),(5664,4012,0,'Home & Garden > Lighting > In-Ground Lights'),(5665,4013,0,'Home & Garden > Lighting > Lamps'),(5666,4014,0,'Home & Garden > Lighting > Landscape Pathway Lighting'),(5667,4015,0,'Home & Garden > Lighting > Light Bulbs'),(5668,4016,0,'Home & Garden > Lighting > Light Bulbs > Compact Fluorescent Lamps'),(5669,4017,0,'Home & Garden > Lighting > Light Bulbs > Fluorescent Tubes'),(5670,4018,0,'Home & Garden > Lighting > Light Bulbs > Incandescent Light Bulbs'),(5671,4019,0,'Home & Garden > Lighting > Light Bulbs > LED Light Bulbs'),(5672,4020,0,'Home & Garden > Lighting > Light Ropes & Strings'),(5673,4021,0,'Home & Garden > Lighting > Lighting Fixtures'),(5674,4022,0,'Home & Garden > Lighting > Lighting Fixtures > Cabinet Light Fixtures'),(5675,4023,0,'Home & Garden > Lighting > Lighting Fixtures > Ceiling Light Fixtures'),(5676,4024,0,'Home & Garden > Lighting > Lighting Fixtures > Chandeliers'),(5677,4025,0,'Home & Garden > Lighting > Lighting Fixtures > Wall Light Fixtures'),(5678,4026,0,'Home & Garden > Lighting > Night Lights & Ambient Lighting'),(5679,4027,0,'Home & Garden > Lighting > Picture Lights'),(5680,4028,0,'Home & Garden > Lighting > Tiki Torches & Oil Lamps'),(5681,4029,0,'Home & Garden > Lighting > Track Lighting'),(5682,4030,0,'Home & Garden > Lighting > Track Lighting > Track Lighting Accessories'),(5683,4031,0,'Home & Garden > Lighting > Track Lighting > Track Lighting Fixtures'),(5684,4032,0,'Home & Garden > Lighting > Track Lighting > Track Lighting Rails'),(5685,4033,0,'Home & Garden > Lighting Accessories'),(5686,4034,0,'Home & Garden > Lighting Accessories > Lamp Post Bases'),(5687,4035,0,'Home & Garden > Lighting Accessories > Lamp Post Mounts'),(5688,4036,0,'Home & Garden > Lighting Accessories > Lamp Shades'),(5689,4037,0,'Home & Garden > Lighting Accessories > Lighting Timers'),(5690,4038,0,'Home & Garden > Lighting Accessories > Oil Lamp Fuel'),(5691,4039,0,'Home & Garden > Linens & Bedding'),(5692,4040,0,'Home & Garden > Linens & Bedding > Bedding'),(5693,4041,0,'Home & Garden > Linens & Bedding > Bedding > Bed Canopies'),(5694,4042,0,'Home & Garden > Linens & Bedding > Bedding > Bed Sheets'),(5695,4043,0,'Home & Garden > Linens & Bedding > Bedding > Bedskirts'),(5696,4044,0,'Home & Garden > Linens & Bedding > Bedding > Blankets'),(5697,4045,0,'Home & Garden > Linens & Bedding > Bedding > Duvet Covers'),(5698,4046,0,'Home & Garden > Linens & Bedding > Bedding > Mattress Protectors'),(5699,4047,0,'Home & Garden > Linens & Bedding > Bedding > Mattress Protectors > Mattress Encasements'),(5700,4048,0,'Home & Garden > Linens & Bedding > Bedding > Mattress Protectors > Mattress Pads'),(5701,4049,0,'Home & Garden > Linens & Bedding > Bedding > Nap Mats'),(5702,4050,0,'Home & Garden > Linens & Bedding > Bedding > Pillowcases & Shams'),(5703,4051,0,'Home & Garden > Linens & Bedding > Bedding > Pillows'),(5704,4052,0,'Home & Garden > Linens & Bedding > Bedding > Quilts & Comforters'),(5705,4053,0,'Home & Garden > Linens & Bedding > Kitchen Linens Sets'),(5706,4054,0,'Home & Garden > Linens & Bedding > Table Linens'),(5707,4055,0,'Home & Garden > Linens & Bedding > Table Linens > Cloth Napkins'),(5708,4056,0,'Home & Garden > Linens & Bedding > Table Linens > Doilies'),(5709,4057,0,'Home & Garden > Linens & Bedding > Table Linens > Placemats'),(5710,4058,0,'Home & Garden > Linens & Bedding > Table Linens > Table Runners'),(5711,4059,0,'Home & Garden > Linens & Bedding > Table Linens > Table Skirts'),(5712,4060,0,'Home & Garden > Linens & Bedding > Table Linens > Tablecloths'),(5713,4061,0,'Home & Garden > Linens & Bedding > Towels'),(5714,4062,0,'Home & Garden > Linens & Bedding > Towels > Bath Towels & Washcloths'),(5715,4063,0,'Home & Garden > Linens & Bedding > Towels > Beach Towels'),(5716,4064,0,'Home & Garden > Linens & Bedding > Towels > Kitchen Towels'),(5717,4065,0,'Home & Garden > Parasols & Rain Umbrellas'),(5718,4066,0,'Home & Garden > Plants'),(5719,4067,0,'Home & Garden > Plants > Aquatic Plants'),(5720,4068,0,'Home & Garden > Plants > Flowers'),(5721,4069,0,'Home & Garden > Plants > Indoor & Outdoor Plants'),(5722,4070,0,'Home & Garden > Plants > Plant & Herb Growing Kits'),(5723,4071,0,'Home & Garden > Plants > Seeds'),(5724,4072,0,'Home & Garden > Plants > Trees'),(5725,4073,0,'Home & Garden > Pool & Spa'),(5726,4074,0,'Home & Garden > Pool & Spa > Pool & Spa Accessories'),(5727,4075,0,'Home & Garden > Pool & Spa > Pool & Spa Accessories > Diving Boards'),(5728,4076,0,'Home & Garden > Pool & Spa > Pool & Spa Accessories > Pool & Spa Chlorine Generators'),(5729,4077,0,'Home & Garden > Pool & Spa > Pool & Spa Accessories > Pool & Spa Filters'),(5730,4078,0,'Home & Garden > Pool & Spa > Pool & Spa Accessories > Pool & Spa Maintenance Kits'),(5731,4079,0,'Home & Garden > Pool & Spa > Pool & Spa Accessories > Pool Brushes & Brooms'),(5732,4080,0,'Home & Garden > Pool & Spa > Pool & Spa Accessories > Pool Cleaner Hoses'),(5733,4081,0,'Home & Garden > Pool & Spa > Pool & Spa Accessories > Pool Cleaners & Chemicals'),(5734,4082,0,'Home & Garden > Pool & Spa > Pool & Spa Accessories > Pool Cover Accessories'),(5735,4083,0,'Home & Garden > Pool & Spa > Pool & Spa Accessories > Pool Covers & Ground Cloths'),(5736,4084,0,'Home & Garden > Pool & Spa > Pool & Spa Accessories > Pool Deck Kits'),(5737,4085,0,'Home & Garden > Pool & Spa > Pool & Spa Accessories > Pool Floats & Loungers'),(5738,4086,0,'Home & Garden > Pool & Spa > Pool & Spa Accessories > Pool Heaters'),(5739,4087,0,'Home & Garden > Pool & Spa > Pool & Spa Accessories > Pool Ladders, Steps & Ramps'),(5740,4088,0,'Home & Garden > Pool & Spa > Pool & Spa Accessories > Pool Liners'),(5741,4089,0,'Home & Garden > Pool & Spa > Pool & Spa Accessories > Pool Skimmers'),(5742,4090,0,'Home & Garden > Pool & Spa > Pool & Spa Accessories > Pool Sweeps & Vacuums'),(5743,4091,0,'Home & Garden > Pool & Spa > Pool & Spa Accessories > Pool Toys'),(5744,4092,0,'Home & Garden > Pool & Spa > Pool & Spa Accessories > Pool Water Slides'),(5745,4093,0,'Home & Garden > Pool & Spa > Saunas'),(5746,4094,0,'Home & Garden > Pool & Spa > Spas'),(5747,4095,0,'Home & Garden > Pool & Spa > Swimming Pools'),(5748,4096,0,'Home & Garden > Smoking Accessories'),(5749,4097,0,'Home & Garden > Smoking Accessories > Ashtrays'),(5750,4098,0,'Home & Garden > Smoking Accessories > Cigar Cases'),(5751,4099,0,'Home & Garden > Smoking Accessories > Cigar Cutters & Punches'),(5752,4100,0,'Home & Garden > Smoking Accessories > Cigarette Cases'),(5753,4101,0,'Home & Garden > Smoking Accessories > Cigarette Holders'),(5754,4102,0,'Home & Garden > Smoking Accessories > Humidor Accessories'),(5755,4103,0,'Home & Garden > Smoking Accessories > Humidors'),(5756,4104,0,'Home & Garden > Umbrella Sleeves & Cases'),(5757,4105,0,'Home & Garden > Wood Stoves'),(5758,4106,0,'Luggage & Bags'),(5759,4107,0,'Luggage & Bags > Backpacks'),(5760,4108,0,'Luggage & Bags > Briefcases'),(5761,4109,0,'Luggage & Bags > Cosmetic & Toiletry Bags'),(5762,4110,0,'Luggage & Bags > Diaper Bags'),(5763,4111,0,'Luggage & Bags > Dry Boxes'),(5764,4112,0,'Luggage & Bags > Duffel Bags'),(5765,4113,0,'Luggage & Bags > Fanny Packs'),(5766,4114,0,'Luggage & Bags > Garment Bags'),(5767,4115,0,'Luggage & Bags > Luggage Accessories'),(5768,4116,0,'Luggage & Bags > Luggage Accessories > Dry Box Liners & Inserts'),(5769,4117,0,'Luggage & Bags > Luggage Accessories > Luggage Covers'),(5770,4118,0,'Luggage & Bags > Luggage Accessories > Luggage Racks & Stands'),(5771,4119,0,'Luggage & Bags > Luggage Accessories > Luggage Straps'),(5772,4120,0,'Luggage & Bags > Luggage Accessories > Luggage Tags'),(5773,4121,0,'Luggage & Bags > Luggage Accessories > Packing Organizers'),(5774,4122,0,'Luggage & Bags > Luggage Accessories > Travel Bottles & Containers'),(5775,4123,0,'Luggage & Bags > Luggage Accessories > Travel Pouches'),(5776,4124,0,'Luggage & Bags > Messenger Bags'),(5777,4125,0,'Luggage & Bags > Shopping Totes'),(5778,4126,0,'Luggage & Bags > Suitcases'),(5779,4127,0,'Luggage & Bags > Train Cases'),(5780,4128,0,'Mature'),(5781,4129,0,'Mature > Erotic'),(5782,4130,0,'Mature > Erotic > Erotic Books'),(5783,4131,0,'Mature > Erotic > Erotic Clothing'),(5784,4132,0,'Mature > Erotic > Erotic DVDs & Videos'),(5785,4133,0,'Mature > Erotic > Erotic Food & Edibles'),(5786,4134,0,'Mature > Erotic > Erotic Games'),(5787,4135,0,'Mature > Erotic > Erotic Magazines'),(5788,4136,0,'Mature > Erotic > Pole Dancing Kits'),(5789,4137,0,'Mature > Erotic > Sex Toys'),(5790,4138,0,'Mature > Weapons'),(5791,4139,0,'Mature > Weapons > Brass Knuckles'),(5792,4140,0,'Mature > Weapons > Clubs & Batons'),(5793,4141,0,'Mature > Weapons > Combat Knives'),(5794,4142,0,'Mature > Weapons > Gun Care & Accessories'),(5795,4143,0,'Mature > Weapons > Gun Care & Accessories > Ammunition'),(5796,4144,0,'Mature > Weapons > Gun Care & Accessories > Ammunition Cases & Holders'),(5797,4145,0,'Mature > Weapons > Gun Care & Accessories > Gun Cases & Range Bags'),(5798,4146,0,'Mature > Weapons > Gun Care & Accessories > Gun Cleaning'),(5799,4147,0,'Mature > Weapons > Gun Care & Accessories > Gun Cleaning > Gun Cleaning Cloths & Swabs'),(5800,4148,0,'Mature > Weapons > Gun Care & Accessories > Gun Cleaning > Gun Cleaning Patches'),(5801,4149,0,'Mature > Weapons > Gun Care & Accessories > Gun Cleaning > Gun Cleaning Solvents'),(5802,4150,0,'Mature > Weapons > Gun Care & Accessories > Gun Grips'),(5803,4151,0,'Mature > Weapons > Gun Care & Accessories > Gun Holsters'),(5804,4152,0,'Mature > Weapons > Gun Care & Accessories > Gun Lights'),(5805,4153,0,'Mature > Weapons > Gun Care & Accessories > Gun Rails'),(5806,4154,0,'Mature > Weapons > Gun Care & Accessories > Gun Slings'),(5807,4155,0,'Mature > Weapons > Gun Care & Accessories > Reloading Supplies & Equipment'),(5808,4156,0,'Mature > Weapons > Gun Care & Accessories > Reloading Supplies & Equipment > Ammunition Reloading Presses'),(5809,4157,0,'Mature > Weapons > Guns'),(5810,4158,0,'Mature > Weapons > Mace & Pepper Spray'),(5811,4159,0,'Mature > Weapons > Nunchucks'),(5812,4160,0,'Mature > Weapons > Spears'),(5813,4161,0,'Mature > Weapons > Staff & Stick Weapons'),(5814,4162,0,'Mature > Weapons > Stun Guns & Tasers'),(5815,4163,0,'Mature > Weapons > Swords'),(5816,4164,0,'Mature > Weapons > Throwing Stars'),(5817,4165,0,'Mature > Weapons > Whips'),(5818,4166,0,'Media'),(5819,4167,0,'Media > Books'),(5820,4168,0,'Media > Carpentry & Woodworking Project Plans'),(5821,4169,0,'Media > DVDs & Videos'),(5822,4170,0,'Media > Magazines & Newspapers'),(5823,4171,0,'Media > Music & Sound Recordings'),(5824,4172,0,'Media > Product Manuals'),(5825,4173,0,'Media > Product Manuals > Camera & Optics Manuals'),(5826,4174,0,'Media > Product Manuals > Electronics Manuals'),(5827,4175,0,'Media > Product Manuals > Exercise & Fitness Equipment Manuals'),(5828,4176,0,'Media > Product Manuals > Household Appliance Manuals'),(5829,4177,0,'Media > Product Manuals > Kitchen Appliance Manuals'),(5830,4178,0,'Media > Product Manuals > Model & Toys Manuals'),(5831,4179,0,'Media > Product Manuals > Office Supply Manuals'),(5832,4180,0,'Media > Product Manuals > Power Tool & Equipment Manuals'),(5833,4181,0,'Media > Product Manuals > Vehicle Service Manuals'),(5834,4182,0,'Media > Sheet Music'),(5835,4183,0,'Office Supplies'),(5836,4184,0,'Office Supplies > Book Accessories'),(5837,4185,0,'Office Supplies > Book Accessories > Book Covers'),(5838,4186,0,'Office Supplies > Book Accessories > Book Lights'),(5839,4187,0,'Office Supplies > Book Accessories > Book Stands & Rests'),(5840,4188,0,'Office Supplies > Book Accessories > Bookmarks'),(5841,4189,0,'Office Supplies > Desk Pads & Blotters'),(5842,4190,0,'Office Supplies > Filing & Organization'),(5843,4191,0,'Office Supplies > Filing & Organization > Address Books'),(5844,4192,0,'Office Supplies > Filing & Organization > Binding Supplies'),(5845,4193,0,'Office Supplies > Filing & Organization > Binding Supplies > Binder Accessories'),(5846,4194,0,'Office Supplies > Filing & Organization > Binding Supplies > Binder Accessories > Binder Rings'),(5847,4195,0,'Office Supplies > Filing & Organization > Binding Supplies > Binder Accessories > Index Dividers'),(5848,4196,0,'Office Supplies > Filing & Organization > Binding Supplies > Binder Accessories > Sheet Protectors'),(5849,4197,0,'Office Supplies > Filing & Organization > Binding Supplies > Binders'),(5850,4198,0,'Office Supplies > Filing & Organization > Binding Supplies > Binding Combs & Spines'),(5851,4199,0,'Office Supplies > Filing & Organization > Binding Supplies > Binding Machines'),(5852,4200,0,'Office Supplies > Filing & Organization > Business Card Books'),(5853,4201,0,'Office Supplies > Filing & Organization > Business Card Stands'),(5854,4202,0,'Office Supplies > Filing & Organization > CD/DVD Cases & Organizers'),(5855,4203,0,'Office Supplies > Filing & Organization > Calendars, Organizers & Planners'),(5856,4204,0,'Office Supplies > Filing & Organization > Card Files'),(5857,4205,0,'Office Supplies > Filing & Organization > Card Sleeves'),(5858,4206,0,'Office Supplies > Filing & Organization > Cash Boxes'),(5859,4207,0,'Office Supplies > Filing & Organization > Desk Organizers'),(5860,4208,0,'Office Supplies > Filing & Organization > File Boxes'),(5861,4209,0,'Office Supplies > Filing & Organization > File Folders'),(5862,4210,0,'Office Supplies > Filing & Organization > Folders & Report Covers'),(5863,4211,0,'Office Supplies > Filing & Organization > Greeting Card Organizers'),(5864,4212,0,'Office Supplies > Filing & Organization > Mail Sorters'),(5865,4213,0,'Office Supplies > Filing & Organization > Pen & Pencil Cases'),(5866,4214,0,'Office Supplies > Filing & Organization > Portfolios & Padfolios'),(5867,4215,0,'Office Supplies > Filing & Organization > Recipe Card Boxes'),(5868,4216,0,'Office Supplies > General Office Supplies'),(5869,4217,0,'Office Supplies > General Office Supplies > Brass Fasteners'),(5870,4218,0,'Office Supplies > General Office Supplies > Correction Fluids, Pens & Tapes'),(5871,4219,0,'Office Supplies > General Office Supplies > Erasers'),(5872,4220,0,'Office Supplies > General Office Supplies > Labels & Tags'),(5873,4221,0,'Office Supplies > General Office Supplies > Labels & Tags > Address Labels'),(5874,4222,0,'Office Supplies > General Office Supplies > Labels & Tags > Folder Tabs'),(5875,4223,0,'Office Supplies > General Office Supplies > Labels & Tags > Label Clips'),(5876,4224,0,'Office Supplies > General Office Supplies > Labels & Tags > Label Tapes & Refill Rolls'),(5877,4225,0,'Office Supplies > General Office Supplies > Labels & Tags > Shipping Labels'),(5878,4226,0,'Office Supplies > General Office Supplies > Labels & Tags > Shipping Tags'),(5879,4227,0,'Office Supplies > General Office Supplies > Laminating Film, Pouches & Sheets'),(5880,4228,0,'Office Supplies > General Office Supplies > Mounting Putty'),(5881,4229,0,'Office Supplies > General Office Supplies > Office Tape'),(5882,4230,0,'Office Supplies > General Office Supplies > Paper Clips & Clamps'),(5883,4231,0,'Office Supplies > General Office Supplies > Paper Products'),(5884,4232,0,'Office Supplies > General Office Supplies > Paper Products > Binder Paper'),(5885,4233,0,'Office Supplies > General Office Supplies > Paper Products > Blank ID Cards'),(5886,4234,0,'Office Supplies > General Office Supplies > Paper Products > Business Cards'),(5887,4235,0,'Office Supplies > General Office Supplies > Paper Products > Business Forms & Receipts'),(5888,4236,0,'Office Supplies > General Office Supplies > Paper Products > Checks'),(5889,4237,0,'Office Supplies > General Office Supplies > Paper Products > Cover Paper'),(5890,4238,0,'Office Supplies > General Office Supplies > Paper Products > Envelopes'),(5891,4239,0,'Office Supplies > General Office Supplies > Paper Products > Index Cards'),(5892,4240,0,'Office Supplies > General Office Supplies > Paper Products > Notebooks & Notepads'),(5893,4241,0,'Office Supplies > General Office Supplies > Paper Products > Post Cards'),(5894,4242,0,'Office Supplies > General Office Supplies > Paper Products > Printer & Copier Paper'),(5895,4243,0,'Office Supplies > General Office Supplies > Paper Products > Receipt & Adding Machine Paper Rolls'),(5896,4244,0,'Office Supplies > General Office Supplies > Paper Products > Stationery'),(5897,4245,0,'Office Supplies > General Office Supplies > Paper Products > Sticky Notes'),(5898,4246,0,'Office Supplies > General Office Supplies > Rubber Bands'),(5899,4247,0,'Office Supplies > General Office Supplies > Staples'),(5900,4248,0,'Office Supplies > General Office Supplies > Tacks & Pushpins'),(5901,4249,0,'Office Supplies > Impulse Sealers'),(5902,4250,0,'Office Supplies > Lap Desks'),(5903,4251,0,'Office Supplies > Name Plates'),(5904,4252,0,'Office Supplies > Office & Chair Mats'),(5905,4253,0,'Office Supplies > Office & Chair Mats > Anti-Fatigue Mats'),(5906,4254,0,'Office Supplies > Office & Chair Mats > Chair Mats'),(5907,4255,0,'Office Supplies > Office & Chair Mats > Office Mats'),(5908,4256,0,'Office Supplies > Office Carts'),(5909,4257,0,'Office Supplies > Office Carts > AV Carts'),(5910,4258,0,'Office Supplies > Office Carts > Book Carts'),(5911,4259,0,'Office Supplies > Office Carts > File Carts'),(5912,4260,0,'Office Supplies > Office Carts > Mail Carts'),(5913,4261,0,'Office Supplies > Office Carts > Utility Carts'),(5914,4262,0,'Office Supplies > Office Equipment'),(5915,4263,0,'Office Supplies > Office Equipment > Calculator Accessories'),(5916,4264,0,'Office Supplies > Office Equipment > Calculators'),(5917,4265,0,'Office Supplies > Office Equipment > Electronic Dictionaries & Translators'),(5918,4266,0,'Office Supplies > Office Equipment > Label Makers'),(5919,4267,0,'Office Supplies > Office Equipment > Laminators'),(5920,4268,0,'Office Supplies > Office Equipment > Office Shredders'),(5921,4269,0,'Office Supplies > Office Equipment > Postage Meters'),(5922,4270,0,'Office Supplies > Office Equipment > Time & Attendance Clocks'),(5923,4271,0,'Office Supplies > Office Equipment > Transcribers & Dictation Systems'),(5924,4272,0,'Office Supplies > Office Equipment > Typewriters'),(5925,4273,0,'Office Supplies > Office Instruments'),(5926,4274,0,'Office Supplies > Office Instruments > Call Bells'),(5927,4275,0,'Office Supplies > Office Instruments > Clipboards'),(5928,4276,0,'Office Supplies > Office Instruments > Letter Openers'),(5929,4277,0,'Office Supplies > Office Instruments > Magnifiers'),(5930,4278,0,'Office Supplies > Office Instruments > Office Rubber Stamps'),(5931,4279,0,'Office Supplies > Office Instruments > Pencil Sharpeners'),(5932,4280,0,'Office Supplies > Office Instruments > Staple Removers'),(5933,4281,0,'Office Supplies > Office Instruments > Staplers'),(5934,4282,0,'Office Supplies > Office Instruments > Tape Dispensers'),(5935,4283,0,'Office Supplies > Office Instruments > Writing & Drawing Instrument Accessories'),(5936,4284,0,'Office Supplies > Office Instruments > Writing & Drawing Instrument Accessories > Marker & Highlighter Ink Refills'),(5937,4285,0,'Office Supplies > Office Instruments > Writing & Drawing Instrument Accessories > Pen Ink & Refills'),(5938,4286,0,'Office Supplies > Office Instruments > Writing & Drawing Instrument Accessories > Pencil Lead & Refills'),(5939,4287,0,'Office Supplies > Office Instruments > Writing & Drawing Instruments'),(5940,4288,0,'Office Supplies > Office Instruments > Writing & Drawing Instruments > Art Charcoals'),(5941,4289,0,'Office Supplies > Office Instruments > Writing & Drawing Instruments > Chalk'),(5942,4290,0,'Office Supplies > Office Instruments > Writing & Drawing Instruments > Crayons'),(5943,4291,0,'Office Supplies > Office Instruments > Writing & Drawing Instruments > Markers & Highlighters'),(5944,4292,0,'Office Supplies > Office Instruments > Writing & Drawing Instruments > Multifunction Writing Instruments'),(5945,4293,0,'Office Supplies > Office Instruments > Writing & Drawing Instruments > Pastels'),(5946,4294,0,'Office Supplies > Office Instruments > Writing & Drawing Instruments > Pens & Pencils'),(5947,4295,0,'Office Supplies > Office Instruments > Writing & Drawing Instruments > Pens & Pencils > Pen & Pencil Sets'),(5948,4296,0,'Office Supplies > Office Instruments > Writing & Drawing Instruments > Pens & Pencils > Pencils'),(5949,4297,0,'Office Supplies > Office Instruments > Writing & Drawing Instruments > Pens & Pencils > Pencils > Art Pencils'),(5950,4298,0,'Office Supplies > Office Instruments > Writing & Drawing Instruments > Pens & Pencils > Pencils > Writing Pencils'),(5951,4299,0,'Office Supplies > Office Instruments > Writing & Drawing Instruments > Pens & Pencils > Pens'),(5952,4300,0,'Office Supplies > Paper Handling'),(5953,4301,0,'Office Supplies > Paper Handling > Fingertip Grips'),(5954,4302,0,'Office Supplies > Paper Handling > Hole Punches'),(5955,4303,0,'Office Supplies > Paper Handling > Paper Folding Machines'),(5956,4304,0,'Office Supplies > Paper Handling > Paper Joggers'),(5957,4305,0,'Office Supplies > Paper Handling > Paperweights'),(5958,4306,0,'Office Supplies > Paper Handling > Pencil Boards'),(5959,4307,0,'Office Supplies > Presentation Supplies'),(5960,4308,0,'Office Supplies > Presentation Supplies > Chalkboards'),(5961,4309,0,'Office Supplies > Presentation Supplies > Display Boards'),(5962,4310,0,'Office Supplies > Presentation Supplies > Display Boards > Bulletin Board Accessories'),(5963,4311,0,'Office Supplies > Presentation Supplies > Display Boards > Bulletin Board Accessories > Bulletin Board Trim'),(5964,4312,0,'Office Supplies > Presentation Supplies > Display Boards > Bulletin Boards'),(5965,4313,0,'Office Supplies > Presentation Supplies > Display Boards > Foam Boards'),(5966,4314,0,'Office Supplies > Presentation Supplies > Display Boards > Mounting Boards'),(5967,4315,0,'Office Supplies > Presentation Supplies > Display Boards > Poster Boards'),(5968,4316,0,'Office Supplies > Presentation Supplies > Document Cameras'),(5969,4317,0,'Office Supplies > Presentation Supplies > Dry-Erase Boards'),(5970,4318,0,'Office Supplies > Presentation Supplies > Easel Pads'),(5971,4319,0,'Office Supplies > Presentation Supplies > Easels'),(5972,4320,0,'Office Supplies > Presentation Supplies > Laser Pointers'),(5973,4321,0,'Office Supplies > Presentation Supplies > Lecterns'),(5974,4322,0,'Office Supplies > Presentation Supplies > Transparencies'),(5975,4323,0,'Office Supplies > Presentation Supplies > Wireless Presenters'),(5976,4324,0,'Office Supplies > Shipping Supplies'),(5977,4325,0,'Office Supplies > Shipping Supplies > Moving & Shipping Boxes'),(5978,4326,0,'Office Supplies > Shipping Supplies > Packing Materials'),(5979,4327,0,'Office Supplies > Shipping Supplies > Packing Tape'),(5980,4328,0,'Religious & Ceremonial'),(5981,4329,0,'Religious & Ceremonial > Memorial Ceremony Supplies'),(5982,4330,0,'Religious & Ceremonial > Memorial Ceremony Supplies > Memorial Urns'),(5983,4331,0,'Religious & Ceremonial > Religious Items'),(5984,4332,0,'Religious & Ceremonial > Religious Items > Prayer Beads'),(5985,4333,0,'Religious & Ceremonial > Religious Items > Prayer Cards'),(5986,4334,0,'Religious & Ceremonial > Religious Items > Religious Altars'),(5987,4335,0,'Religious & Ceremonial > Religious Items > Religious Veils'),(5988,4336,0,'Religious & Ceremonial > Religious Items > Tarot Cards'),(5989,4337,0,'Religious & Ceremonial > Wedding Ceremony Supplies'),(5990,4338,0,'Religious & Ceremonial > Wedding Ceremony Supplies > Aisle Runners'),(5991,4339,0,'Religious & Ceremonial > Wedding Ceremony Supplies > Flower Girl Baskets'),(5992,4340,0,'Religious & Ceremonial > Wedding Ceremony Supplies > Ring Pillows & Holders'),(5993,4341,0,'Software'),(5994,4342,0,'Software > Computer Software'),(5995,4343,0,'Software > Computer Software > Antivirus & Security Software'),(5996,4344,0,'Software > Computer Software > Business & Productivity Software'),(5997,4345,0,'Software > Computer Software > Compilers & Programming Tools'),(5998,4346,0,'Software > Computer Software > Computer Utilities & Maintenance Software'),(5999,4347,0,'Software > Computer Software > Dictionary & Translation Software'),(6000,4348,0,'Software > Computer Software > Educational Software'),(6001,4349,0,'Software > Computer Software > Financial, Tax & Accounting Software'),(6002,4350,0,'Software > Computer Software > GPS Map Data & Software'),(6003,4351,0,'Software > Computer Software > Handheld & PDA Software'),(6004,4352,0,'Software > Computer Software > Multimedia & Design Software'),(6005,4353,0,'Software > Computer Software > Multimedia & Design Software > 3D Modeling Software'),(6006,4354,0,'Software > Computer Software > Multimedia & Design Software > Animation Editing Software'),(6007,4355,0,'Software > Computer Software > Multimedia & Design Software > Graphic Design & Illustration Software'),(6008,4356,0,'Software > Computer Software > Multimedia & Design Software > Home & Interior Design Software'),(6009,4357,0,'Software > Computer Software > Multimedia & Design Software > Home Publishing Software'),(6010,4358,0,'Software > Computer Software > Multimedia & Design Software > Media Viewing Software'),(6011,4359,0,'Software > Computer Software > Multimedia & Design Software > Music Composition Software'),(6012,4360,0,'Software > Computer Software > Multimedia & Design Software > Sound Editing Software'),(6013,4361,0,'Software > Computer Software > Multimedia & Design Software > Video Editing Software'),(6014,4362,0,'Software > Computer Software > Multimedia & Design Software > Web Design Software'),(6015,4363,0,'Software > Computer Software > Network Software'),(6016,4364,0,'Software > Computer Software > Office Application Software'),(6017,4365,0,'Software > Computer Software > Operating Systems'),(6018,4366,0,'Software > Computer Software > Restore Disks'),(6019,4367,0,'Software > Digital Goods & Currency'),(6020,4368,0,'Software > Digital Goods & Currency > Computer Icons'),(6021,4369,0,'Software > Digital Goods & Currency > Desktop Wallpaper'),(6022,4370,0,'Software > Digital Goods & Currency > Digital Artwork'),(6023,4371,0,'Software > Digital Goods & Currency > Document Templates'),(6024,4372,0,'Software > Digital Goods & Currency > Fonts'),(6025,4373,0,'Software > Digital Goods & Currency > Stock Photographs & Video Footage'),(6026,4374,0,'Software > Digital Goods & Currency > Virtual Currency'),(6027,4375,0,'Software > Video Game Software'),(6028,4376,0,'Sporting Goods'),(6029,4377,0,'Sporting Goods > Athletics'),(6030,4378,0,'Sporting Goods > Athletics > Baseball & Softball'),(6031,4379,0,'Sporting Goods > Athletics > Baseball & Softball > Baseball & Softball Bases & Plates'),(6032,4380,0,'Sporting Goods > Athletics > Baseball & Softball > Baseball & Softball Batting Gloves'),(6033,4381,0,'Sporting Goods > Athletics > Baseball & Softball > Baseball & Softball Gloves & Mitts'),(6034,4382,0,'Sporting Goods > Athletics > Baseball & Softball > Baseball & Softball Pitching Mats'),(6035,4383,0,'Sporting Goods > Athletics > Baseball & Softball > Baseball & Softball Pitching Mounds'),(6036,4384,0,'Sporting Goods > Athletics > Baseball & Softball > Baseball & Softball Protective Gear'),(6037,4385,0,'Sporting Goods > Athletics > Baseball & Softball > Baseball & Softball Protective Gear > Baseball & Softball Batting Helmets'),(6038,4386,0,'Sporting Goods > Athletics > Baseball & Softball > Baseball & Softball Protective Gear > Baseball & Softball Chest Protectors'),(6039,4387,0,'Sporting Goods > Athletics > Baseball & Softball > Baseball & Softball Protective Gear > Baseball & Softball Leg Guards'),(6040,4388,0,'Sporting Goods > Athletics > Baseball & Softball > Baseball & Softball Protective Gear > Catchers Equipment Sets'),(6041,4389,0,'Sporting Goods > Athletics > Baseball & Softball > Baseball & Softball Protective Gear > Catchers Helmets & Masks'),(6042,4390,0,'Sporting Goods > Athletics > Baseball & Softball > Baseball Bats'),(6043,4391,0,'Sporting Goods > Athletics > Baseball & Softball > Baseballs'),(6044,4392,0,'Sporting Goods > Athletics > Baseball & Softball > Pitching Machines'),(6045,4393,0,'Sporting Goods > Athletics > Baseball & Softball > Softball Bats'),(6046,4394,0,'Sporting Goods > Athletics > Baseball & Softball > Softballs'),(6047,4395,0,'Sporting Goods > Athletics > Basketball'),(6048,4396,0,'Sporting Goods > Athletics > Basketball > Basketball Hoop Parts & Accessories'),(6049,4397,0,'Sporting Goods > Athletics > Basketball > Basketball Hoop Parts & Accessories > Basketball Backboards'),(6050,4398,0,'Sporting Goods > Athletics > Basketball > Basketball Hoop Parts & Accessories > Basketball Hoop Padding'),(6051,4399,0,'Sporting Goods > Athletics > Basketball > Basketball Hoop Parts & Accessories > Basketball Hoop Posts'),(6052,4400,0,'Sporting Goods > Athletics > Basketball > Basketball Hoop Parts & Accessories > Basketball Nets'),(6053,4401,0,'Sporting Goods > Athletics > Basketball > Basketball Hoop Parts & Accessories > Basketball Rims'),(6054,4402,0,'Sporting Goods > Athletics > Basketball > Basketball Hoops'),(6055,4403,0,'Sporting Goods > Athletics > Basketball > Basketball Training Aids'),(6056,4404,0,'Sporting Goods > Athletics > Basketball > Basketballs'),(6057,4405,0,'Sporting Goods > Athletics > Boxing & Martial Arts'),(6058,4406,0,'Sporting Goods > Athletics > Boxing & Martial Arts > Boxing & Martial Arts Protective Gear'),(6059,4407,0,'Sporting Goods > Athletics > Boxing & Martial Arts > Boxing & Martial Arts Protective Gear > Boxing & MMA Hand Wraps'),(6060,4408,0,'Sporting Goods > Athletics > Boxing & Martial Arts > Boxing & Martial Arts Protective Gear > Boxing & Martial Arts Arm Guards'),(6061,4409,0,'Sporting Goods > Athletics > Boxing & Martial Arts > Boxing & Martial Arts Protective Gear > Boxing & Martial Arts Body Protectors'),(6062,4410,0,'Sporting Goods > Athletics > Boxing & Martial Arts > Boxing & Martial Arts Protective Gear > Boxing & Martial Arts Headgear'),(6063,4411,0,'Sporting Goods > Athletics > Boxing & Martial Arts > Boxing & Martial Arts Protective Gear > Boxing Gloves & Mitts'),(6064,4412,0,'Sporting Goods > Athletics > Boxing & Martial Arts > Boxing & Martial Arts Protective Gear > MMA Shin Guards'),(6065,4413,0,'Sporting Goods > Athletics > Boxing & Martial Arts > Boxing & Martial Arts Training Equipment'),(6066,4414,0,'Sporting Goods > Athletics > Boxing & Martial Arts > Boxing & Martial Arts Training Equipment > Boxing & MMA Punch Mitts'),(6067,4415,0,'Sporting Goods > Athletics > Boxing & Martial Arts > Boxing & Martial Arts Training Equipment > Grappling Dummies'),(6068,4416,0,'Sporting Goods > Athletics > Boxing & Martial Arts > Boxing & Martial Arts Training Equipment > Punching & Training Bag Accessories'),(6069,4417,0,'Sporting Goods > Athletics > Boxing & Martial Arts > Boxing & Martial Arts Training Equipment > Punching & Training Bags'),(6070,4418,0,'Sporting Goods > Athletics > Boxing & Martial Arts > Boxing & Martial Arts Training Equipment > Strike Shields'),(6071,4419,0,'Sporting Goods > Athletics > Boxing & Martial Arts > Boxing Ring Parts'),(6072,4420,0,'Sporting Goods > Athletics > Boxing & Martial Arts > Boxing Rings'),(6073,4421,0,'Sporting Goods > Athletics > Boxing & Martial Arts > Martial Arts Belts'),(6074,4422,0,'Sporting Goods > Athletics > Boxing & Martial Arts > Martial Arts Weapons'),(6075,4423,0,'Sporting Goods > Athletics > Broomball Equipment'),(6076,4424,0,'Sporting Goods > Athletics > Cheerleading'),(6077,4425,0,'Sporting Goods > Athletics > Cheerleading > Cheerleading Pom Poms'),(6078,4426,0,'Sporting Goods > Athletics > Coaching & Officiating'),(6079,4427,0,'Sporting Goods > Athletics > Coaching & Officiating > Captains Armbands'),(6080,4428,0,'Sporting Goods > Athletics > Coaching & Officiating > Field & Court Boundary Markers'),(6081,4429,0,'Sporting Goods > Athletics > Coaching & Officiating > Flip Coins & Discs'),(6082,4430,0,'Sporting Goods > Athletics > Coaching & Officiating > Linesman Flags'),(6083,4431,0,'Sporting Goods > Athletics > Coaching & Officiating > Penalty Cards & Flags'),(6084,4432,0,'Sporting Goods > Athletics > Coaching & Officiating > Pitch Counters'),(6085,4433,0,'Sporting Goods > Athletics > Coaching & Officiating > Referee Stands & Chairs'),(6086,4434,0,'Sporting Goods > Athletics > Coaching & Officiating > Referee Wallets'),(6087,4435,0,'Sporting Goods > Athletics > Coaching & Officiating > Scoreboards'),(6088,4436,0,'Sporting Goods > Athletics > Coaching & Officiating > Sport & Safety Whistles'),(6089,4437,0,'Sporting Goods > Athletics > Coaching & Officiating > Umpire Indicators'),(6090,4438,0,'Sporting Goods > Athletics > Cricket'),(6091,4439,0,'Sporting Goods > Athletics > Cricket > Cricket Balls'),(6092,4440,0,'Sporting Goods > Athletics > Cricket > Cricket Bat Accessories'),(6093,4441,0,'Sporting Goods > Athletics > Cricket > Cricket Bat Accessories > Cricket Bat Grips'),(6094,4442,0,'Sporting Goods > Athletics > Cricket > Cricket Bats'),(6095,4443,0,'Sporting Goods > Athletics > Cricket > Cricket Equipment Sets'),(6096,4444,0,'Sporting Goods > Athletics > Cricket > Cricket Protective Gear'),(6097,4445,0,'Sporting Goods > Athletics > Cricket > Cricket Protective Gear > Cricket Gloves'),(6098,4446,0,'Sporting Goods > Athletics > Cricket > Cricket Protective Gear > Cricket Helmets'),(6099,4447,0,'Sporting Goods > Athletics > Cricket > Cricket Protective Gear > Cricket Leg Guards'),(6100,4448,0,'Sporting Goods > Athletics > Cricket > Cricket Stumps'),(6101,4449,0,'Sporting Goods > Athletics > Dancing'),(6102,4450,0,'Sporting Goods > Athletics > Dancing > Ballet Barres'),(6103,4451,0,'Sporting Goods > Athletics > Fencing'),(6104,4452,0,'Sporting Goods > Athletics > Fencing > Fencing Protective Gear'),(6105,4453,0,'Sporting Goods > Athletics > Fencing > Fencing Protective Gear > Fencing Gloves & Cuffs'),(6106,4454,0,'Sporting Goods > Athletics > Fencing > Fencing Protective Gear > Fencing Jackets & LamÃ©s'),(6107,4455,0,'Sporting Goods > Athletics > Fencing > Fencing Protective Gear > Fencing Masks'),(6108,4456,0,'Sporting Goods > Athletics > Fencing > Fencing Weapons'),(6109,4457,0,'Sporting Goods > Athletics > Field Hockey & Lacrosse'),(6110,4458,0,'Sporting Goods > Athletics > Field Hockey & Lacrosse > Field Hockey & Lacrosse Protective Gear'),(6111,4459,0,'Sporting Goods > Athletics > Field Hockey & Lacrosse > Field Hockey & Lacrosse Protective Gear > Field Hockey & Lacrosse Gloves'),(6112,4460,0,'Sporting Goods > Athletics > Field Hockey & Lacrosse > Field Hockey & Lacrosse Protective Gear > Field Hockey & Lacrosse Helmets'),(6113,4461,0,'Sporting Goods > Athletics > Field Hockey & Lacrosse > Field Hockey & Lacrosse Protective Gear > Field Hockey & Lacrosse Masks & Goggles'),(6114,4462,0,'Sporting Goods > Athletics > Field Hockey & Lacrosse > Field Hockey & Lacrosse Protective Gear > Field Hockey & Lacrosse Pads'),(6115,4463,0,'Sporting Goods > Athletics > Field Hockey & Lacrosse > Field Hockey Balls'),(6116,4464,0,'Sporting Goods > Athletics > Field Hockey & Lacrosse > Field Hockey Goals'),(6117,4465,0,'Sporting Goods > Athletics > Field Hockey & Lacrosse > Field Hockey Sticks'),(6118,4466,0,'Sporting Goods > Athletics > Field Hockey & Lacrosse > Lacrosse Balls'),(6119,4467,0,'Sporting Goods > Athletics > Field Hockey & Lacrosse > Lacrosse Equipment Sets'),(6120,4468,0,'Sporting Goods > Athletics > Field Hockey & Lacrosse > Lacrosse Goals'),(6121,4469,0,'Sporting Goods > Athletics > Field Hockey & Lacrosse > Lacrosse Stick Parts'),(6122,4470,0,'Sporting Goods > Athletics > Field Hockey & Lacrosse > Lacrosse Stick Parts > Lacrosse Mesh & String'),(6123,4471,0,'Sporting Goods > Athletics > Field Hockey & Lacrosse > Lacrosse Stick Parts > Lacrosse Stick Heads'),(6124,4472,0,'Sporting Goods > Athletics > Field Hockey & Lacrosse > Lacrosse Stick Parts > Lacrosse Stick Shafts'),(6125,4473,0,'Sporting Goods > Athletics > Field Hockey & Lacrosse > Lacrosse Sticks'),(6126,4474,0,'Sporting Goods > Athletics > Field Hockey & Lacrosse > Lacrosse Training Aids'),(6127,4475,0,'Sporting Goods > Athletics > Figure Skating & Hockey'),(6128,4476,0,'Sporting Goods > Athletics > Figure Skating & Hockey > Hockey Balls & Pucks'),(6129,4477,0,'Sporting Goods > Athletics > Figure Skating & Hockey > Hockey Goals'),(6130,4478,0,'Sporting Goods > Athletics > Figure Skating & Hockey > Hockey Protective Gear'),(6131,4479,0,'Sporting Goods > Athletics > Figure Skating & Hockey > Hockey Protective Gear > Hockey Elbow Pads'),(6132,4480,0,'Sporting Goods > Athletics > Figure Skating & Hockey > Hockey Protective Gear > Hockey Gloves'),(6133,4481,0,'Sporting Goods > Athletics > Figure Skating & Hockey > Hockey Protective Gear > Hockey Goalie Equipment Sets'),(6134,4482,0,'Sporting Goods > Athletics > Figure Skating & Hockey > Hockey Protective Gear > Hockey Helmets'),(6135,4483,0,'Sporting Goods > Athletics > Figure Skating & Hockey > Hockey Protective Gear > Hockey Pants'),(6136,4484,0,'Sporting Goods > Athletics > Figure Skating & Hockey > Hockey Protective Gear > Hockey Shin Guards & Leg Pads'),(6137,4485,0,'Sporting Goods > Athletics > Figure Skating & Hockey > Hockey Protective Gear > Hockey Shoulder Pads & Chest Protectors'),(6138,4486,0,'Sporting Goods > Athletics > Figure Skating & Hockey > Hockey Protective Gear > Hockey Suspenders & Belts'),(6139,4487,0,'Sporting Goods > Athletics > Figure Skating & Hockey > Hockey Sledges'),(6140,4488,0,'Sporting Goods > Athletics > Figure Skating & Hockey > Hockey Stick Care'),(6141,4489,0,'Sporting Goods > Athletics > Figure Skating & Hockey > Hockey Stick Parts'),(6142,4490,0,'Sporting Goods > Athletics > Figure Skating & Hockey > Hockey Stick Parts > Hockey Stick Blades'),(6143,4491,0,'Sporting Goods > Athletics > Figure Skating & Hockey > Hockey Stick Parts > Hockey Stick Shafts'),(6144,4492,0,'Sporting Goods > Athletics > Figure Skating & Hockey > Hockey Sticks'),(6145,4493,0,'Sporting Goods > Athletics > Figure Skating & Hockey > Ice Skate Parts & Accessories'),(6146,4494,0,'Sporting Goods > Athletics > Figure Skating & Hockey > Ice Skate Parts & Accessories > Figure Skate Boots'),(6147,4495,0,'Sporting Goods > Athletics > Figure Skating & Hockey > Ice Skate Parts & Accessories > Ice Skate Blades'),(6148,4496,0,'Sporting Goods > Athletics > Figure Skating & Hockey > Ice Skate Parts & Accessories > Ice Skate Sharpeners'),(6149,4497,0,'Sporting Goods > Athletics > Figure Skating & Hockey > Ice Skate Parts & Accessories > Skate Blade Guards'),(6150,4498,0,'Sporting Goods > Athletics > Figure Skating & Hockey > Ice Skate Parts & Accessories > Skate Lace Tighteners'),(6151,4499,0,'Sporting Goods > Athletics > Figure Skating & Hockey > Ice Skates'),(6152,4500,0,'Sporting Goods > Athletics > Football'),(6153,4501,0,'Sporting Goods > Athletics > Football > Football Gloves'),(6154,4502,0,'Sporting Goods > Athletics > Football > Football Goal Posts'),(6155,4503,0,'Sporting Goods > Athletics > Football > Football Kicking Tees & Holders'),(6156,4504,0,'Sporting Goods > Athletics > Football > Football Protective Gear'),(6157,4505,0,'Sporting Goods > Athletics > Football > Football Protective Gear > Football Girdles'),(6158,4506,0,'Sporting Goods > Athletics > Football > Football Protective Gear > Football Helmet Accessories'),(6159,4507,0,'Sporting Goods > Athletics > Football > Football Protective Gear > Football Helmet Accessories > Football Chin Straps'),(6160,4508,0,'Sporting Goods > Athletics > Football > Football Protective Gear > Football Helmet Accessories > Football Face Masks'),(6161,4509,0,'Sporting Goods > Athletics > Football > Football Protective Gear > Football Helmet Accessories > Football Helmet Padding'),(6162,4510,0,'Sporting Goods > Athletics > Football > Football Protective Gear > Football Helmet Accessories > Football Helmet Visors'),(6163,4511,0,'Sporting Goods > Athletics > Football > Football Protective Gear > Football Helmets'),(6164,4512,0,'Sporting Goods > Athletics > Football > Football Protective Gear > Football Neck Rolls'),(6165,4513,0,'Sporting Goods > Athletics > Football > Football Protective Gear > Football Rib Protection Shirts & Vests'),(6166,4514,0,'Sporting Goods > Athletics > Football > Football Protective Gear > Football Shoulder Pads'),(6167,4515,0,'Sporting Goods > Athletics > Football > Football Training Equipment'),(6168,4516,0,'Sporting Goods > Athletics > Football > Football Training Equipment > Football Dummies & Sleds'),(6169,4517,0,'Sporting Goods > Athletics > Football > Footballs'),(6170,4518,0,'Sporting Goods > Athletics > General Purpose Athletic Equipment'),(6171,4519,0,'Sporting Goods > Athletics > General Purpose Athletic Equipment > Altitude Training Masks'),(6172,4520,0,'Sporting Goods > Athletics > General Purpose Athletic Equipment > Athletic Cups'),(6173,4521,0,'Sporting Goods > Athletics > General Purpose Athletic Equipment > Ball Carrying Bags & Carts'),(6174,4522,0,'Sporting Goods > Athletics > General Purpose Athletic Equipment > Ball Pump Accessories'),(6175,4523,0,'Sporting Goods > Athletics > General Purpose Athletic Equipment > Ball Pump Accessories > Ball Pump Needles'),(6176,4524,0,'Sporting Goods > Athletics > General Purpose Athletic Equipment > Ball Pumps'),(6177,4525,0,'Sporting Goods > Athletics > General Purpose Athletic Equipment > Exercise & Gym Mat Storage Racks & Carts'),(6178,4526,0,'Sporting Goods > Athletics > General Purpose Athletic Equipment > Grip Spray & Chalk'),(6179,4527,0,'Sporting Goods > Athletics > General Purpose Athletic Equipment > Gym Mats'),(6180,4528,0,'Sporting Goods > Athletics > General Purpose Athletic Equipment > Practice Nets & Screens'),(6181,4529,0,'Sporting Goods > Athletics > General Purpose Athletic Equipment > Speed & Agility Ladders & Hurdles'),(6182,4530,0,'Sporting Goods > Athletics > General Purpose Athletic Equipment > Sports & Agility Cones'),(6183,4531,0,'Sporting Goods > Athletics > General Purpose Athletic Equipment > Sports Megaphones'),(6184,4532,0,'Sporting Goods > Athletics > General Purpose Athletic Equipment > Sports Mouthguards'),(6185,4533,0,'Sporting Goods > Athletics > General Purpose Athletic Equipment > Stadium Seats & Cushions'),(6186,4534,0,'Sporting Goods > Athletics > Gymnastics'),(6187,4535,0,'Sporting Goods > Athletics > Gymnastics > Gymnastics Bars & Balance Beams'),(6188,4536,0,'Sporting Goods > Athletics > Gymnastics > Gymnastics Protective Gear'),(6189,4537,0,'Sporting Goods > Athletics > Gymnastics > Gymnastics Protective Gear > Gymnastics Grips'),(6190,4538,0,'Sporting Goods > Athletics > Gymnastics > Gymnastics Rings'),(6191,4539,0,'Sporting Goods > Athletics > Gymnastics > Gymnastics Springboards'),(6192,4540,0,'Sporting Goods > Athletics > Gymnastics > Pommel Horses'),(6193,4541,0,'Sporting Goods > Athletics > Gymnastics > Vaulting Horses'),(6194,4542,0,'Sporting Goods > Athletics > Racquetball & Squash'),(6195,4543,0,'Sporting Goods > Athletics > Racquetball & Squash > Racquetball & Squash Balls'),(6196,4544,0,'Sporting Goods > Athletics > Racquetball & Squash > Racquetball & Squash Eyewear'),(6197,4545,0,'Sporting Goods > Athletics > Racquetball & Squash > Racquetball & Squash Gloves'),(6198,4546,0,'Sporting Goods > Athletics > Racquetball & Squash > Racquetball Racquets'),(6199,4547,0,'Sporting Goods > Athletics > Racquetball & Squash > Squash Racquets'),(6200,4548,0,'Sporting Goods > Athletics > Rounders'),(6201,4549,0,'Sporting Goods > Athletics > Rounders > Rounders Bats'),(6202,4550,0,'Sporting Goods > Athletics > Rounders > Rounders Gloves'),(6203,4551,0,'Sporting Goods > Athletics > Rugby'),(6204,4552,0,'Sporting Goods > Athletics > Rugby > Rugby Balls'),(6205,4553,0,'Sporting Goods > Athletics > Rugby > Rugby Gloves'),(6206,4554,0,'Sporting Goods > Athletics > Rugby > Rugby Posts'),(6207,4555,0,'Sporting Goods > Athletics > Rugby > Rugby Protective Gear'),(6208,4556,0,'Sporting Goods > Athletics > Rugby > Rugby Protective Gear > Rugby Headgear'),(6209,4557,0,'Sporting Goods > Athletics > Rugby > Rugby Training Aids'),(6210,4558,0,'Sporting Goods > Athletics > Soccer'),(6211,4559,0,'Sporting Goods > Athletics > Soccer > Soccer Balls'),(6212,4560,0,'Sporting Goods > Athletics > Soccer > Soccer Corner Flags'),(6213,4561,0,'Sporting Goods > Athletics > Soccer > Soccer Gloves'),(6214,4562,0,'Sporting Goods > Athletics > Soccer > Soccer Goal Accessories'),(6215,4563,0,'Sporting Goods > Athletics > Soccer > Soccer Goals'),(6216,4564,0,'Sporting Goods > Athletics > Soccer > Soccer Protective Gear'),(6217,4565,0,'Sporting Goods > Athletics > Soccer > Soccer Protective Gear > Soccer Shin Guards'),(6218,4566,0,'Sporting Goods > Athletics > Team Handball'),(6219,4567,0,'Sporting Goods > Athletics > Team Handball > Handballs'),(6220,4568,0,'Sporting Goods > Athletics > Tennis'),(6221,4569,0,'Sporting Goods > Athletics > Tennis > Tennis Ball Hoppers & Carts'),(6222,4570,0,'Sporting Goods > Athletics > Tennis > Tennis Ball Machines'),(6223,4571,0,'Sporting Goods > Athletics > Tennis > Tennis Ball Savers'),(6224,4572,0,'Sporting Goods > Athletics > Tennis > Tennis Balls'),(6225,4573,0,'Sporting Goods > Athletics > Tennis > Tennis Nets'),(6226,4574,0,'Sporting Goods > Athletics > Tennis > Tennis Racquet Accessories'),(6227,4575,0,'Sporting Goods > Athletics > Tennis > Tennis Racquet Accessories > Racquet Vibration Dampeners'),(6228,4576,0,'Sporting Goods > Athletics > Tennis > Tennis Racquet Accessories > Tennis Racquet Bags'),(6229,4577,0,'Sporting Goods > Athletics > Tennis > Tennis Racquet Accessories > Tennis Racquet Grips & Tape'),(6230,4578,0,'Sporting Goods > Athletics > Tennis > Tennis Racquet Accessories > Tennis Racquet Grommets'),(6231,4579,0,'Sporting Goods > Athletics > Tennis > Tennis Racquet Accessories > Tennis Racquet String'),(6232,4580,0,'Sporting Goods > Athletics > Tennis > Tennis Racquets'),(6233,4581,0,'Sporting Goods > Athletics > Track & Field'),(6234,4582,0,'Sporting Goods > Athletics > Track & Field > Discus'),(6235,4583,0,'Sporting Goods > Athletics > Track & Field > High Jump Crossbars'),(6236,4584,0,'Sporting Goods > Athletics > Track & Field > High Jump Pits'),(6237,4585,0,'Sporting Goods > Athletics > Track & Field > Javelins'),(6238,4586,0,'Sporting Goods > Athletics > Track & Field > Pole Vault Pits'),(6239,4587,0,'Sporting Goods > Athletics > Track & Field > Relay Batons'),(6240,4588,0,'Sporting Goods > Athletics > Track & Field > Shot Puts'),(6241,4589,0,'Sporting Goods > Athletics > Track & Field > Starter Pistols'),(6242,4590,0,'Sporting Goods > Athletics > Track & Field > Throwing Hammers'),(6243,4591,0,'Sporting Goods > Athletics > Track & Field > Track Hurdles'),(6244,4592,0,'Sporting Goods > Athletics > Track & Field > Track Starting Blocks'),(6245,4593,0,'Sporting Goods > Athletics > Track & Field > Vaulting Poles'),(6246,4594,0,'Sporting Goods > Athletics > Volleyball'),(6247,4595,0,'Sporting Goods > Athletics > Volleyball > Volleyball Nets'),(6248,4596,0,'Sporting Goods > Athletics > Volleyball > Volleyball Protective Gear'),(6249,4597,0,'Sporting Goods > Athletics > Volleyball > Volleyball Protective Gear > Volleyball Knee Pads'),(6250,4598,0,'Sporting Goods > Athletics > Volleyball > Volleyball Training Aids'),(6251,4599,0,'Sporting Goods > Athletics > Volleyball > Volleyballs'),(6252,4600,0,'Sporting Goods > Athletics > Wallyball Equipment'),(6253,4601,0,'Sporting Goods > Athletics > Water Polo'),(6254,4602,0,'Sporting Goods > Athletics > Water Polo > Water Polo Balls'),(6255,4603,0,'Sporting Goods > Athletics > Water Polo > Water Polo Caps'),(6256,4604,0,'Sporting Goods > Athletics > Water Polo > Water Polo Goals'),(6257,4605,0,'Sporting Goods > Athletics > Wrestling'),(6258,4606,0,'Sporting Goods > Athletics > Wrestling > Wrestling Protective Gear'),(6259,4607,0,'Sporting Goods > Athletics > Wrestling > Wrestling Protective Gear > Wrestling Headgear'),(6260,4608,0,'Sporting Goods > Athletics > Wrestling > Wrestling Protective Gear > Wrestling Knee Pads'),(6261,4609,0,'Sporting Goods > Exercise & Fitness'),(6262,4610,0,'Sporting Goods > Exercise & Fitness > Ab Wheels & Rollers'),(6263,4611,0,'Sporting Goods > Exercise & Fitness > Aerobic Steps'),(6264,4612,0,'Sporting Goods > Exercise & Fitness > Balance Trainers'),(6265,4613,0,'Sporting Goods > Exercise & Fitness > Cardio'),(6266,4614,0,'Sporting Goods > Exercise & Fitness > Cardio > Cardio Machine Accessories'),(6267,4615,0,'Sporting Goods > Exercise & Fitness > Cardio > Cardio Machine Accessories > Elliptical Trainer Accessories'),(6268,4616,0,'Sporting Goods > Exercise & Fitness > Cardio > Cardio Machine Accessories > Exercise Bike Accessories'),(6269,4617,0,'Sporting Goods > Exercise & Fitness > Cardio > Cardio Machine Accessories > Rowing Machine Accessories'),(6270,4618,0,'Sporting Goods > Exercise & Fitness > Cardio > Cardio Machine Accessories > Stair Climber & Stepper Accessories'),(6271,4619,0,'Sporting Goods > Exercise & Fitness > Cardio > Cardio Machine Accessories > Treadmill Accessories'),(6272,4620,0,'Sporting Goods > Exercise & Fitness > Cardio > Cardio Machines'),(6273,4621,0,'Sporting Goods > Exercise & Fitness > Cardio > Cardio Machines > Elliptical Trainers'),(6274,4622,0,'Sporting Goods > Exercise & Fitness > Cardio > Cardio Machines > Exercise Bikes'),(6275,4623,0,'Sporting Goods > Exercise & Fitness > Cardio > Cardio Machines > Rowing Machines'),(6276,4624,0,'Sporting Goods > Exercise & Fitness > Cardio > Cardio Machines > Stair Climbers & Steppers'),(6277,4625,0,'Sporting Goods > Exercise & Fitness > Cardio > Cardio Machines > Treadmills'),(6278,4626,0,'Sporting Goods > Exercise & Fitness > Cardio > Jump Ropes'),(6279,4627,0,'Sporting Goods > Exercise & Fitness > Exercise Balls'),(6280,4628,0,'Sporting Goods > Exercise & Fitness > Exercise Bands'),(6281,4629,0,'Sporting Goods > Exercise & Fitness > Exercise Benches'),(6282,4630,0,'Sporting Goods > Exercise & Fitness > Exercise Equipment Mats'),(6283,4631,0,'Sporting Goods > Exercise & Fitness > Exercise Machine & Equipment Sets'),(6284,4632,0,'Sporting Goods > Exercise & Fitness > Exercise Wedges'),(6285,4633,0,'Sporting Goods > Exercise & Fitness > Foam Roller Accessories'),(6286,4634,0,'Sporting Goods > Exercise & Fitness > Foam Roller Accessories > Foam Roller Storage Bags'),(6287,4635,0,'Sporting Goods > Exercise & Fitness > Foam Rollers'),(6288,4636,0,'Sporting Goods > Exercise & Fitness > Hand Exercisers'),(6289,4637,0,'Sporting Goods > Exercise & Fitness > Inversion Tables & Systems'),(6290,4638,0,'Sporting Goods > Exercise & Fitness > Medicine Balls'),(6291,4639,0,'Sporting Goods > Exercise & Fitness > Power Towers'),(6292,4640,0,'Sporting Goods > Exercise & Fitness > Push Up & Pull Up Bars'),(6293,4641,0,'Sporting Goods > Exercise & Fitness > Reaction Balls'),(6294,4642,0,'Sporting Goods > Exercise & Fitness > Speed & Resistance Parachutes'),(6295,4643,0,'Sporting Goods > Exercise & Fitness > Sport Safety Lights & Reflectors'),(6296,4644,0,'Sporting Goods > Exercise & Fitness > Stopwatches'),(6297,4645,0,'Sporting Goods > Exercise & Fitness > Suspension Trainers'),(6298,4646,0,'Sporting Goods > Exercise & Fitness > Vibration Exercise Machines'),(6299,4647,0,'Sporting Goods > Exercise & Fitness > Weight Lifting'),(6300,4648,0,'Sporting Goods > Exercise & Fitness > Weight Lifting > Free Weight Accessories'),(6301,4649,0,'Sporting Goods > Exercise & Fitness > Weight Lifting > Free Weight Accessories > Free Weight Storage Racks'),(6302,4650,0,'Sporting Goods > Exercise & Fitness > Weight Lifting > Free Weight Accessories > Weight Bar Collars'),(6303,4651,0,'Sporting Goods > Exercise & Fitness > Weight Lifting > Free Weight Accessories > Weight Bars'),(6304,4652,0,'Sporting Goods > Exercise & Fitness > Weight Lifting > Free Weights'),(6305,4653,0,'Sporting Goods > Exercise & Fitness > Weight Lifting > Weight Lifting Belts'),(6306,4654,0,'Sporting Goods > Exercise & Fitness > Weight Lifting > Weight Lifting Gloves & Hand Supports'),(6307,4655,0,'Sporting Goods > Exercise & Fitness > Weight Lifting > Weight Lifting Machine & Exercise Bench Accessories'),(6308,4656,0,'Sporting Goods > Exercise & Fitness > Weight Lifting > Weight Lifting Machines & Racks'),(6309,4657,0,'Sporting Goods > Exercise & Fitness > Weighted Clothing'),(6310,4658,0,'Sporting Goods > Exercise & Fitness > Yoga & Pilates'),(6311,4659,0,'Sporting Goods > Exercise & Fitness > Yoga & Pilates > Pilates Machines'),(6312,4660,0,'Sporting Goods > Exercise & Fitness > Yoga & Pilates > Yoga & Pilates Blocks'),(6313,4661,0,'Sporting Goods > Exercise & Fitness > Yoga & Pilates > Yoga & Pilates Mats'),(6314,4662,0,'Sporting Goods > Exercise & Fitness > Yoga & Pilates > Yoga & Pilates Towels'),(6315,4663,0,'Sporting Goods > Exercise & Fitness > Yoga & Pilates > Yoga Mat Bags & Straps'),(6316,4664,0,'Sporting Goods > Indoor Games'),(6317,4665,0,'Sporting Goods > Indoor Games > Air Hockey'),(6318,4666,0,'Sporting Goods > Indoor Games > Air Hockey > Air Hockey Equipment'),(6319,4667,0,'Sporting Goods > Indoor Games > Air Hockey > Air Hockey Table Parts'),(6320,4668,0,'Sporting Goods > Indoor Games > Air Hockey > Air Hockey Tables'),(6321,4669,0,'Sporting Goods > Indoor Games > Billiards'),(6322,4670,0,'Sporting Goods > Indoor Games > Billiards > Billiard Ball Racks'),(6323,4671,0,'Sporting Goods > Indoor Games > Billiards > Billiard Balls'),(6324,4672,0,'Sporting Goods > Indoor Games > Billiards > Billiard Cue Accessories'),(6325,4673,0,'Sporting Goods > Indoor Games > Billiards > Billiard Cue Accessories > Billiard Cue Cases'),(6326,4674,0,'Sporting Goods > Indoor Games > Billiards > Billiard Cue Accessories > Billiard Cue Chalk'),(6327,4675,0,'Sporting Goods > Indoor Games > Billiards > Billiard Cue Accessories > Billiard Cue Racks'),(6328,4676,0,'Sporting Goods > Indoor Games > Billiards > Billiard Cues & Bridges'),(6329,4677,0,'Sporting Goods > Indoor Games > Billiards > Billiard Gloves'),(6330,4678,0,'Sporting Goods > Indoor Games > Billiards > Billiard Table Lights'),(6331,4679,0,'Sporting Goods > Indoor Games > Billiards > Billiard Table Parts & Accessories'),(6332,4680,0,'Sporting Goods > Indoor Games > Billiards > Billiard Table Parts & Accessories > Billiard Pockets'),(6333,4681,0,'Sporting Goods > Indoor Games > Billiards > Billiard Table Parts & Accessories > Billiard Table Brushes'),(6334,4682,0,'Sporting Goods > Indoor Games > Billiards > Billiard Table Parts & Accessories > Billiard Table Cloth'),(6335,4683,0,'Sporting Goods > Indoor Games > Billiards > Billiard Table Parts & Accessories > Billiard Table Covers'),(6336,4684,0,'Sporting Goods > Indoor Games > Billiards > Billiard Tables'),(6337,4685,0,'Sporting Goods > Indoor Games > Bowling'),(6338,4686,0,'Sporting Goods > Indoor Games > Bowling > Bowling Ball Bags'),(6339,4687,0,'Sporting Goods > Indoor Games > Bowling > Bowling Balls'),(6340,4688,0,'Sporting Goods > Indoor Games > Bowling > Bowling Gloves'),(6341,4689,0,'Sporting Goods > Indoor Games > Bowling > Bowling Pins'),(6342,4690,0,'Sporting Goods > Indoor Games > Bowling > Bowling Wrist Supports'),(6343,4691,0,'Sporting Goods > Indoor Games > Foosball'),(6344,4692,0,'Sporting Goods > Indoor Games > Foosball > Foosball Balls'),(6345,4693,0,'Sporting Goods > Indoor Games > Foosball > Foosball Table Parts & Accessories'),(6346,4694,0,'Sporting Goods > Indoor Games > Foosball > Foosball Tables'),(6347,4695,0,'Sporting Goods > Indoor Games > Multi-Game Tables'),(6348,4696,0,'Sporting Goods > Indoor Games > Ping Pong'),(6349,4697,0,'Sporting Goods > Indoor Games > Ping Pong > Ping Pong Balls'),(6350,4698,0,'Sporting Goods > Indoor Games > Ping Pong > Ping Pong Nets & Posts'),(6351,4699,0,'Sporting Goods > Indoor Games > Ping Pong > Ping Pong Paddle Accessories'),(6352,4700,0,'Sporting Goods > Indoor Games > Ping Pong > Ping Pong Paddles & Sets'),(6353,4701,0,'Sporting Goods > Indoor Games > Ping Pong > Ping Pong Robot Accessories'),(6354,4702,0,'Sporting Goods > Indoor Games > Ping Pong > Ping Pong Robots'),(6355,4703,0,'Sporting Goods > Indoor Games > Ping Pong > Ping Pong Tables'),(6356,4704,0,'Sporting Goods > Indoor Games > Table Shuffleboard'),(6357,4705,0,'Sporting Goods > Indoor Games > Table Shuffleboard > Shuffleboard Tables'),(6358,4706,0,'Sporting Goods > Indoor Games > Table Shuffleboard > Table Shuffleboard Powder'),(6359,4707,0,'Sporting Goods > Indoor Games > Table Shuffleboard > Table Shuffleboard Pucks'),(6360,4708,0,'Sporting Goods > Indoor Games > Throwing Darts'),(6361,4709,0,'Sporting Goods > Indoor Games > Throwing Darts > Dart Backboards'),(6362,4710,0,'Sporting Goods > Indoor Games > Throwing Darts > Dart Parts'),(6363,4711,0,'Sporting Goods > Indoor Games > Throwing Darts > Dart Parts > Dart Flights'),(6364,4712,0,'Sporting Goods > Indoor Games > Throwing Darts > Dart Parts > Dart Shafts'),(6365,4713,0,'Sporting Goods > Indoor Games > Throwing Darts > Dart Parts > Dart Tips'),(6366,4714,0,'Sporting Goods > Indoor Games > Throwing Darts > Dartboards'),(6367,4715,0,'Sporting Goods > Indoor Games > Throwing Darts > Darts'),(6368,4716,0,'Sporting Goods > Outdoor Recreation'),(6369,4717,0,'Sporting Goods > Outdoor Recreation > Boating & Water Sports'),(6370,4718,0,'Sporting Goods > Outdoor Recreation > Boating & Water Sports > Boating & Rafting'),(6371,4719,0,'Sporting Goods > Outdoor Recreation > Boating & Water Sports > Boating & Rafting > Boating Gloves'),(6372,4720,0,'Sporting Goods > Outdoor Recreation > Boating & Water Sports > Boating & Rafting > Canoe Accessories'),(6373,4721,0,'Sporting Goods > Outdoor Recreation > Boating & Water Sports > Boating & Rafting > Canoes'),(6374,4722,0,'Sporting Goods > Outdoor Recreation > Boating & Water Sports > Boating & Rafting > Kayak Accessories'),(6375,4723,0,'Sporting Goods > Outdoor Recreation > Boating & Water Sports > Boating & Rafting > Kayaks'),(6376,4724,0,'Sporting Goods > Outdoor Recreation > Boating & Water Sports > Boating & Rafting > Paddle Leashes'),(6377,4725,0,'Sporting Goods > Outdoor Recreation > Boating & Water Sports > Boating & Rafting > Paddles & Oars'),(6378,4726,0,'Sporting Goods > Outdoor Recreation > Boating & Water Sports > Boating & Rafting > Pedal Boats'),(6379,4727,0,'Sporting Goods > Outdoor Recreation > Boating & Water Sports > Boating & Rafting > Row Boats'),(6380,4728,0,'Sporting Goods > Outdoor Recreation > Boating & Water Sports > Boating & Rafting > Whitewater Rafts'),(6381,4729,0,'Sporting Goods > Outdoor Recreation > Boating & Water Sports > Boating & Water Sport Apparel'),(6382,4730,0,'Sporting Goods > Outdoor Recreation > Boating & Water Sports > Boating & Water Sport Apparel > Drysuits'),(6383,4731,0,'Sporting Goods > Outdoor Recreation > Boating & Water Sports > Boating & Water Sport Apparel > Life Jacket Accessories'),(6384,4732,0,'Sporting Goods > Outdoor Recreation > Boating & Water Sports > Boating & Water Sport Apparel > Life Jackets'),(6385,4733,0,'Sporting Goods > Outdoor Recreation > Boating & Water Sports > Boating & Water Sport Apparel > Rash Guards & Swim Shirts'),(6386,4734,0,'Sporting Goods > Outdoor Recreation > Boating & Water Sports > Boating & Water Sport Apparel > Water Sport Helmets'),(6387,4735,0,'Sporting Goods > Outdoor Recreation > Boating & Water Sports > Boating & Water Sport Apparel > Wetsuit Pieces'),(6388,4736,0,'Sporting Goods > Outdoor Recreation > Boating & Water Sports > Boating & Water Sport Apparel > Wetsuit Pieces > Wetsuit Bottoms'),(6389,4737,0,'Sporting Goods > Outdoor Recreation > Boating & Water Sports > Boating & Water Sport Apparel > Wetsuit Pieces > Wetsuit Hoods, Gloves & Boots'),(6390,4738,0,'Sporting Goods > Outdoor Recreation > Boating & Water Sports > Boating & Water Sport Apparel > Wetsuit Pieces > Wetsuit Tops'),(6391,4739,0,'Sporting Goods > Outdoor Recreation > Boating & Water Sports > Boating & Water Sport Apparel > Wetsuits'),(6392,4740,0,'Sporting Goods > Outdoor Recreation > Boating & Water Sports > Diving & Snorkeling'),(6393,4741,0,'Sporting Goods > Outdoor Recreation > Boating & Water Sports > Diving & Snorkeling > Buoyancy Compensators'),(6394,4742,0,'Sporting Goods > Outdoor Recreation > Boating & Water Sports > Diving & Snorkeling > Dive Computers'),(6395,4743,0,'Sporting Goods > Outdoor Recreation > Boating & Water Sports > Diving & Snorkeling > Diving & Snorkeling Equipment Sets'),(6396,4744,0,'Sporting Goods > Outdoor Recreation > Boating & Water Sports > Diving & Snorkeling > Diving & Snorkeling Fins'),(6397,4745,0,'Sporting Goods > Outdoor Recreation > Boating & Water Sports > Diving & Snorkeling > Diving & Snorkeling Masks'),(6398,4746,0,'Sporting Goods > Outdoor Recreation > Boating & Water Sports > Diving & Snorkeling > Diving Belts'),(6399,4747,0,'Sporting Goods > Outdoor Recreation > Boating & Water Sports > Diving & Snorkeling > Diving Knives & Shears'),(6400,4748,0,'Sporting Goods > Outdoor Recreation > Boating & Water Sports > Diving & Snorkeling > Diving Regulators'),(6401,4749,0,'Sporting Goods > Outdoor Recreation > Boating & Water Sports > Diving & Snorkeling > Snorkels'),(6402,4750,0,'Sporting Goods > Outdoor Recreation > Boating & Water Sports > Kitesurfing'),(6403,4751,0,'Sporting Goods > Outdoor Recreation > Boating & Water Sports > Kitesurfing > Kiteboard Cases'),(6404,4752,0,'Sporting Goods > Outdoor Recreation > Boating & Water Sports > Kitesurfing > Kiteboard Parts'),(6405,4753,0,'Sporting Goods > Outdoor Recreation > Boating & Water Sports > Kitesurfing > Kiteboards'),(6406,4754,0,'Sporting Goods > Outdoor Recreation > Boating & Water Sports > Kitesurfing > Kitesurfing & Windsurfing Harnesses'),(6407,4755,0,'Sporting Goods > Outdoor Recreation > Boating & Water Sports > Kitesurfing > Kitesurfing Kites'),(6408,4756,0,'Sporting Goods > Outdoor Recreation > Boating & Water Sports > Surfing'),(6409,4757,0,'Sporting Goods > Outdoor Recreation > Boating & Water Sports > Surfing > Bodyboards'),(6410,4758,0,'Sporting Goods > Outdoor Recreation > Boating & Water Sports > Surfing > Paddleboards'),(6411,4759,0,'Sporting Goods > Outdoor Recreation > Boating & Water Sports > Surfing > Skimboards'),(6412,4760,0,'Sporting Goods > Outdoor Recreation > Boating & Water Sports > Surfing > Surf Leashes'),(6413,4761,0,'Sporting Goods > Outdoor Recreation > Boating & Water Sports > Surfing > Surfboard Cases & Bags'),(6414,4762,0,'Sporting Goods > Outdoor Recreation > Boating & Water Sports > Surfing > Surfboard Fins'),(6415,4763,0,'Sporting Goods > Outdoor Recreation > Boating & Water Sports > Surfing > Surfboard Wax'),(6416,4764,0,'Sporting Goods > Outdoor Recreation > Boating & Water Sports > Surfing > Surfboards'),(6417,4765,0,'Sporting Goods > Outdoor Recreation > Boating & Water Sports > Surfing > Surfing Gloves'),(6418,4766,0,'Sporting Goods > Outdoor Recreation > Boating & Water Sports > Surfing > Surfing Tail Pads'),(6419,4767,0,'Sporting Goods > Outdoor Recreation > Boating & Water Sports > Swimming'),(6420,4768,0,'Sporting Goods > Outdoor Recreation > Boating & Water Sports > Swimming > Child Swimming Aids'),(6421,4769,0,'Sporting Goods > Outdoor Recreation > Boating & Water Sports > Swimming > Hand Paddles'),(6422,4770,0,'Sporting Goods > Outdoor Recreation > Boating & Water Sports > Swimming > Kickboards'),(6423,4771,0,'Sporting Goods > Outdoor Recreation > Boating & Water Sports > Swimming > Pull Buoys'),(6424,4772,0,'Sporting Goods > Outdoor Recreation > Boating & Water Sports > Swimming > Swim Belts'),(6425,4773,0,'Sporting Goods > Outdoor Recreation > Boating & Water Sports > Swimming > Swim Caps'),(6426,4774,0,'Sporting Goods > Outdoor Recreation > Boating & Water Sports > Swimming > Swim Gloves'),(6427,4775,0,'Sporting Goods > Outdoor Recreation > Boating & Water Sports > Swimming > Swim Goggle & Mask Accessories'),(6428,4776,0,'Sporting Goods > Outdoor Recreation > Boating & Water Sports > Swimming > Swim Goggles & Masks'),(6429,4777,0,'Sporting Goods > Outdoor Recreation > Boating & Water Sports > Swimming > Swim Weights'),(6430,4778,0,'Sporting Goods > Outdoor Recreation > Boating & Water Sports > Swimming > Swimming Fins'),(6431,4779,0,'Sporting Goods > Outdoor Recreation > Boating & Water Sports > Swimming > Swimming Fins > Monofins'),(6432,4780,0,'Sporting Goods > Outdoor Recreation > Boating & Water Sports > Swimming > Swimming Fins > Training Fins'),(6433,4781,0,'Sporting Goods > Outdoor Recreation > Boating & Water Sports > Swimming > Swimming Machines'),(6434,4782,0,'Sporting Goods > Outdoor Recreation > Boating & Water Sports > Swimming > Swimming Nose Clips'),(6435,4783,0,'Sporting Goods > Outdoor Recreation > Boating & Water Sports > Towed Water Sports'),(6436,4784,0,'Sporting Goods > Outdoor Recreation > Boating & Water Sports > Towed Water Sports > Kneeboarding'),(6437,4785,0,'Sporting Goods > Outdoor Recreation > Boating & Water Sports > Towed Water Sports > Kneeboarding > Kneeboards'),(6438,4786,0,'Sporting Goods > Outdoor Recreation > Boating & Water Sports > Towed Water Sports > Towable Rafts & Tubes'),(6439,4787,0,'Sporting Goods > Outdoor Recreation > Boating & Water Sports > Towed Water Sports > Towed Water Sport Gloves'),(6440,4788,0,'Sporting Goods > Outdoor Recreation > Boating & Water Sports > Towed Water Sports > Wakeboarding'),(6441,4789,0,'Sporting Goods > Outdoor Recreation > Boating & Water Sports > Towed Water Sports > Wakeboarding > Kiteboard & Wakeboard Bindings'),(6442,4790,0,'Sporting Goods > Outdoor Recreation > Boating & Water Sports > Towed Water Sports > Wakeboarding > Wakeboard Parts'),(6443,4791,0,'Sporting Goods > Outdoor Recreation > Boating & Water Sports > Towed Water Sports > Wakeboarding > Wakeboards'),(6444,4792,0,'Sporting Goods > Outdoor Recreation > Boating & Water Sports > Towed Water Sports > Water Skiing'),(6445,4793,0,'Sporting Goods > Outdoor Recreation > Boating & Water Sports > Towed Water Sports > Water Skiing > Sit-Down Hydrofoils'),(6446,4794,0,'Sporting Goods > Outdoor Recreation > Boating & Water Sports > Towed Water Sports > Water Skiing > Water Ski Bindings'),(6447,4795,0,'Sporting Goods > Outdoor Recreation > Boating & Water Sports > Towed Water Sports > Water Skiing > Water Ski Cases & Bags'),(6448,4796,0,'Sporting Goods > Outdoor Recreation > Boating & Water Sports > Towed Water Sports > Water Skiing > Water Skis'),(6449,4797,0,'Sporting Goods > Outdoor Recreation > Boating & Water Sports > Towed Water Sports > Water Sport Tow Cables'),(6450,4798,0,'Sporting Goods > Outdoor Recreation > Boating & Water Sports > Watercraft Storage Racks'),(6451,4799,0,'Sporting Goods > Outdoor Recreation > Boating & Water Sports > Watercraft Storage Racks > Boat Storage Racks'),(6452,4800,0,'Sporting Goods > Outdoor Recreation > Boating & Water Sports > Watercraft Storage Racks > Water Sport Board Storage Racks'),(6453,4801,0,'Sporting Goods > Outdoor Recreation > Boating & Water Sports > Windsurfing'),(6454,4802,0,'Sporting Goods > Outdoor Recreation > Boating & Water Sports > Windsurfing > Windsurfing Board Parts'),(6455,4803,0,'Sporting Goods > Outdoor Recreation > Boating & Water Sports > Windsurfing > Windsurfing Board Parts > Windsurfing Board Fins'),(6456,4804,0,'Sporting Goods > Outdoor Recreation > Boating & Water Sports > Windsurfing > Windsurfing Board Parts > Windsurfing Board Masts'),(6457,4805,0,'Sporting Goods > Outdoor Recreation > Boating & Water Sports > Windsurfing > Windsurfing Boards'),(6458,4806,0,'Sporting Goods > Outdoor Recreation > Boating & Water Sports > Windsurfing > Windsurfing Sails'),(6459,4807,0,'Sporting Goods > Outdoor Recreation > Camping & Hiking'),(6460,4808,0,'Sporting Goods > Outdoor Recreation > Camping & Hiking > Camp Furniture'),(6461,4809,0,'Sporting Goods > Outdoor Recreation > Camping & Hiking > Camp Furniture > Air Mattress & Sleeping Pad Accessories'),(6462,4810,0,'Sporting Goods > Outdoor Recreation > Camping & Hiking > Camp Furniture > Air Mattresses'),(6463,4811,0,'Sporting Goods > Outdoor Recreation > Camping & Hiking > Camp Furniture > Cots'),(6464,4812,0,'Sporting Goods > Outdoor Recreation > Camping & Hiking > Camping Cookware & Dinnerware'),(6465,4813,0,'Sporting Goods > Outdoor Recreation > Camping & Hiking > Camping Lights & Lanterns'),(6466,4814,0,'Sporting Goods > Outdoor Recreation > Camping & Hiking > Camping Tools'),(6467,4815,0,'Sporting Goods > Outdoor Recreation > Camping & Hiking > Camping Tools > Hunting & Survival Knives'),(6468,4816,0,'Sporting Goods > Outdoor Recreation > Camping & Hiking > Camping Tools > Multifunction Tools & Knives'),(6469,4817,0,'Sporting Goods > Outdoor Recreation > Camping & Hiking > Chemical Hand Warmers'),(6470,4818,0,'Sporting Goods > Outdoor Recreation > Camping & Hiking > Compression Sacks'),(6471,4819,0,'Sporting Goods > Outdoor Recreation > Camping & Hiking > Hiking Pole Accessories'),(6472,4820,0,'Sporting Goods > Outdoor Recreation > Camping & Hiking > Hiking Poles'),(6473,4821,0,'Sporting Goods > Outdoor Recreation > Camping & Hiking > Mosquito Nets & Insect Screens'),(6474,4822,0,'Sporting Goods > Outdoor Recreation > Camping & Hiking > Navigational Compasses'),(6475,4823,0,'Sporting Goods > Outdoor Recreation > Camping & Hiking > Portable Toilets & Showers'),(6476,4824,0,'Sporting Goods > Outdoor Recreation > Camping & Hiking > Portable Toilets & Showers > Portable Showers & Privacy Enclosures'),(6477,4825,0,'Sporting Goods > Outdoor Recreation > Camping & Hiking > Portable Toilets & Showers > Portable Toilets & Urination Devices'),(6478,4826,0,'Sporting Goods > Outdoor Recreation > Camping & Hiking > Portable Water Filters & Purifiers'),(6479,4827,0,'Sporting Goods > Outdoor Recreation > Camping & Hiking > Sleeping Bag Liners'),(6480,4828,0,'Sporting Goods > Outdoor Recreation > Camping & Hiking > Sleeping Bags'),(6481,4829,0,'Sporting Goods > Outdoor Recreation > Camping & Hiking > Sleeping Pads'),(6482,4830,0,'Sporting Goods > Outdoor Recreation > Camping & Hiking > Tent Accessories'),(6483,4831,0,'Sporting Goods > Outdoor Recreation > Camping & Hiking > Tent Accessories > Inner Tents'),(6484,4832,0,'Sporting Goods > Outdoor Recreation > Camping & Hiking > Tent Accessories > Tent Footprints'),(6485,4833,0,'Sporting Goods > Outdoor Recreation > Camping & Hiking > Tent Accessories > Tent Poles & Stakes'),(6486,4834,0,'Sporting Goods > Outdoor Recreation > Camping & Hiking > Tent Accessories > Tent Vestibules'),(6487,4835,0,'Sporting Goods > Outdoor Recreation > Camping & Hiking > Tents'),(6488,4836,0,'Sporting Goods > Outdoor Recreation > Camping & Hiking > Windbreaks'),(6489,4837,0,'Sporting Goods > Outdoor Recreation > Climbing'),(6490,4838,0,'Sporting Goods > Outdoor Recreation > Climbing > Belay Devices'),(6491,4839,0,'Sporting Goods > Outdoor Recreation > Climbing > Carabiners'),(6492,4840,0,'Sporting Goods > Outdoor Recreation > Climbing > Climbing Apparel & Accessories'),(6493,4841,0,'Sporting Goods > Outdoor Recreation > Climbing > Climbing Apparel & Accessories > Climbing Gloves'),(6494,4842,0,'Sporting Goods > Outdoor Recreation > Climbing > Climbing Apparel & Accessories > Climbing Helmets'),(6495,4843,0,'Sporting Goods > Outdoor Recreation > Climbing > Climbing Apparel & Accessories > Crampons'),(6496,4844,0,'Sporting Goods > Outdoor Recreation > Climbing > Climbing Ascenders & Descenders'),(6497,4845,0,'Sporting Goods > Outdoor Recreation > Climbing > Climbing Chalk Bags'),(6498,4846,0,'Sporting Goods > Outdoor Recreation > Climbing > Climbing Crash Pads'),(6499,4847,0,'Sporting Goods > Outdoor Recreation > Climbing > Climbing Harnesses'),(6500,4848,0,'Sporting Goods > Outdoor Recreation > Climbing > Climbing Protection Devices'),(6501,4849,0,'Sporting Goods > Outdoor Recreation > Climbing > Climbing Rope'),(6502,4850,0,'Sporting Goods > Outdoor Recreation > Climbing > Climbing Rope Bags'),(6503,4851,0,'Sporting Goods > Outdoor Recreation > Climbing > Climbing Webbing'),(6504,4852,0,'Sporting Goods > Outdoor Recreation > Climbing > Ice Climbing Tools'),(6505,4853,0,'Sporting Goods > Outdoor Recreation > Climbing > Ice Screws'),(6506,4854,0,'Sporting Goods > Outdoor Recreation > Climbing > Indoor Climbing Holds'),(6507,4855,0,'Sporting Goods > Outdoor Recreation > Climbing > Quickdraws'),(6508,4856,0,'Sporting Goods > Outdoor Recreation > Cycling'),(6509,4857,0,'Sporting Goods > Outdoor Recreation > Cycling > Bicycle Accessories'),(6510,4858,0,'Sporting Goods > Outdoor Recreation > Cycling > Bicycle Accessories > Bicycle Bags & Panniers'),(6511,4859,0,'Sporting Goods > Outdoor Recreation > Cycling > Bicycle Accessories > Bicycle Baskets'),(6512,4860,0,'Sporting Goods > Outdoor Recreation > Cycling > Bicycle Accessories > Bicycle Bells & Horns'),(6513,4861,0,'Sporting Goods > Outdoor Recreation > Cycling > Bicycle Accessories > Bicycle Cages'),(6514,4862,0,'Sporting Goods > Outdoor Recreation > Cycling > Bicycle Accessories > Bicycle Child Seat Accessories'),(6515,4863,0,'Sporting Goods > Outdoor Recreation > Cycling > Bicycle Accessories > Bicycle Child Seats'),(6516,4864,0,'Sporting Goods > Outdoor Recreation > Cycling > Bicycle Accessories > Bicycle Computer Accessories'),(6517,4865,0,'Sporting Goods > Outdoor Recreation > Cycling > Bicycle Accessories > Bicycle Computers'),(6518,4866,0,'Sporting Goods > Outdoor Recreation > Cycling > Bicycle Accessories > Bicycle Covers'),(6519,4867,0,'Sporting Goods > Outdoor Recreation > Cycling > Bicycle Accessories > Bicycle Fenders'),(6520,4868,0,'Sporting Goods > Outdoor Recreation > Cycling > Bicycle Accessories > Bicycle Front & Rear Racks'),(6521,4869,0,'Sporting Goods > Outdoor Recreation > Cycling > Bicycle Accessories > Bicycle Handlebar Grips & Decor'),(6522,4870,0,'Sporting Goods > Outdoor Recreation > Cycling > Bicycle Accessories > Bicycle Locks'),(6523,4871,0,'Sporting Goods > Outdoor Recreation > Cycling > Bicycle Accessories > Bicycle Mirrors'),(6524,4872,0,'Sporting Goods > Outdoor Recreation > Cycling > Bicycle Accessories > Bicycle Pumps'),(6525,4873,0,'Sporting Goods > Outdoor Recreation > Cycling > Bicycle Accessories > Bicycle Saddle Pads & Seat Covers'),(6526,4874,0,'Sporting Goods > Outdoor Recreation > Cycling > Bicycle Accessories > Bicycle Shock Pumps'),(6527,4875,0,'Sporting Goods > Outdoor Recreation > Cycling > Bicycle Accessories > Bicycle Spoke Beads'),(6528,4876,0,'Sporting Goods > Outdoor Recreation > Cycling > Bicycle Accessories > Bicycle Stands & Storage'),(6529,4877,0,'Sporting Goods > Outdoor Recreation > Cycling > Bicycle Accessories > Bicycle Tire Repair Supplies & Kits'),(6530,4878,0,'Sporting Goods > Outdoor Recreation > Cycling > Bicycle Accessories > Bicycle Toe Straps & Clips'),(6531,4879,0,'Sporting Goods > Outdoor Recreation > Cycling > Bicycle Accessories > Bicycle Tools'),(6532,4880,0,'Sporting Goods > Outdoor Recreation > Cycling > Bicycle Accessories > Bicycle Trailers'),(6533,4881,0,'Sporting Goods > Outdoor Recreation > Cycling > Bicycle Accessories > Bicycle Trainers'),(6534,4882,0,'Sporting Goods > Outdoor Recreation > Cycling > Bicycle Accessories > Bicycle Training Wheels'),(6535,4883,0,'Sporting Goods > Outdoor Recreation > Cycling > Bicycle Accessories > Bicycle Transport Bags & Cases'),(6536,4884,0,'Sporting Goods > Outdoor Recreation > Cycling > Bicycle Accessories > Bicycle Water Sport Board Racks'),(6537,4885,0,'Sporting Goods > Outdoor Recreation > Cycling > Bicycle Accessories > Electric Bicycle Conversion Kits'),(6538,4886,0,'Sporting Goods > Outdoor Recreation > Cycling > Bicycle Parts'),(6539,4887,0,'Sporting Goods > Outdoor Recreation > Cycling > Bicycle Parts > Bicycle Brake Parts'),(6540,4888,0,'Sporting Goods > Outdoor Recreation > Cycling > Bicycle Parts > Bicycle Brake Parts > Bicycle Brake Calipers'),(6541,4889,0,'Sporting Goods > Outdoor Recreation > Cycling > Bicycle Parts > Bicycle Brake Parts > Bicycle Brake Levers'),(6542,4890,0,'Sporting Goods > Outdoor Recreation > Cycling > Bicycle Parts > Bicycle Brake Parts > Bicycle Brake Rotors'),(6543,4891,0,'Sporting Goods > Outdoor Recreation > Cycling > Bicycle Parts > Bicycle Brake Parts > Bicycle Brake Sets'),(6544,4892,0,'Sporting Goods > Outdoor Recreation > Cycling > Bicycle Parts > Bicycle Cable Housings'),(6545,4893,0,'Sporting Goods > Outdoor Recreation > Cycling > Bicycle Parts > Bicycle Cables'),(6546,4894,0,'Sporting Goods > Outdoor Recreation > Cycling > Bicycle Parts > Bicycle Drivetrain Parts'),(6547,4895,0,'Sporting Goods > Outdoor Recreation > Cycling > Bicycle Parts > Bicycle Drivetrain Parts > Bicycle Bottom Brackets'),(6548,4896,0,'Sporting Goods > Outdoor Recreation > Cycling > Bicycle Parts > Bicycle Drivetrain Parts > Bicycle Cassettes & Freewheels'),(6549,4897,0,'Sporting Goods > Outdoor Recreation > Cycling > Bicycle Parts > Bicycle Drivetrain Parts > Bicycle Chainrings'),(6550,4898,0,'Sporting Goods > Outdoor Recreation > Cycling > Bicycle Parts > Bicycle Drivetrain Parts > Bicycle Chains'),(6551,4899,0,'Sporting Goods > Outdoor Recreation > Cycling > Bicycle Parts > Bicycle Drivetrain Parts > Bicycle Cranks'),(6552,4900,0,'Sporting Goods > Outdoor Recreation > Cycling > Bicycle Parts > Bicycle Drivetrain Parts > Bicycle Derailleurs'),(6553,4901,0,'Sporting Goods > Outdoor Recreation > Cycling > Bicycle Parts > Bicycle Drivetrain Parts > Bicycle Pedals'),(6554,4902,0,'Sporting Goods > Outdoor Recreation > Cycling > Bicycle Parts > Bicycle Drivetrain Parts > Bicycle Shifters'),(6555,4903,0,'Sporting Goods > Outdoor Recreation > Cycling > Bicycle Parts > Bicycle Forks'),(6556,4904,0,'Sporting Goods > Outdoor Recreation > Cycling > Bicycle Parts > Bicycle Frames'),(6557,4905,0,'Sporting Goods > Outdoor Recreation > Cycling > Bicycle Parts > Bicycle Groupsets'),(6558,4906,0,'Sporting Goods > Outdoor Recreation > Cycling > Bicycle Parts > Bicycle Handlebar Extensions'),(6559,4907,0,'Sporting Goods > Outdoor Recreation > Cycling > Bicycle Parts > Bicycle Handlebars'),(6560,4908,0,'Sporting Goods > Outdoor Recreation > Cycling > Bicycle Parts > Bicycle Headset Parts'),(6561,4909,0,'Sporting Goods > Outdoor Recreation > Cycling > Bicycle Parts > Bicycle Headset Parts > Bicycle Headset Bearings'),(6562,4910,0,'Sporting Goods > Outdoor Recreation > Cycling > Bicycle Parts > Bicycle Headset Parts > Bicycle Headset Spacers'),(6563,4911,0,'Sporting Goods > Outdoor Recreation > Cycling > Bicycle Parts > Bicycle Headsets'),(6564,4912,0,'Sporting Goods > Outdoor Recreation > Cycling > Bicycle Parts > Bicycle Kickstands'),(6565,4913,0,'Sporting Goods > Outdoor Recreation > Cycling > Bicycle Parts > Bicycle Saddles'),(6566,4914,0,'Sporting Goods > Outdoor Recreation > Cycling > Bicycle Parts > Bicycle Seatpost Clamps'),(6567,4915,0,'Sporting Goods > Outdoor Recreation > Cycling > Bicycle Parts > Bicycle Seatposts'),(6568,4916,0,'Sporting Goods > Outdoor Recreation > Cycling > Bicycle Parts > Bicycle Small Parts'),(6569,4917,0,'Sporting Goods > Outdoor Recreation > Cycling > Bicycle Parts > Bicycle Stems'),(6570,4918,0,'Sporting Goods > Outdoor Recreation > Cycling > Bicycle Parts > Bicycle Tire Valve Adapters'),(6571,4919,0,'Sporting Goods > Outdoor Recreation > Cycling > Bicycle Parts > Bicycle Tire Valve Caps'),(6572,4920,0,'Sporting Goods > Outdoor Recreation > Cycling > Bicycle Parts > Bicycle Tire Valves'),(6573,4921,0,'Sporting Goods > Outdoor Recreation > Cycling > Bicycle Parts > Bicycle Tires'),(6574,4922,0,'Sporting Goods > Outdoor Recreation > Cycling > Bicycle Parts > Bicycle Tubes'),(6575,4923,0,'Sporting Goods > Outdoor Recreation > Cycling > Bicycle Parts > Bicycle Wheel Parts'),(6576,4924,0,'Sporting Goods > Outdoor Recreation > Cycling > Bicycle Parts > Bicycle Wheel Parts > Bicycle Foot Pegs'),(6577,4925,0,'Sporting Goods > Outdoor Recreation > Cycling > Bicycle Parts > Bicycle Wheel Parts > Bicycle Hub Parts'),(6578,4926,0,'Sporting Goods > Outdoor Recreation > Cycling > Bicycle Parts > Bicycle Wheel Parts > Bicycle Hubs'),(6579,4927,0,'Sporting Goods > Outdoor Recreation > Cycling > Bicycle Parts > Bicycle Wheel Parts > Bicycle Rim Strips'),(6580,4928,0,'Sporting Goods > Outdoor Recreation > Cycling > Bicycle Parts > Bicycle Wheel Parts > Bicycle Spokes'),(6581,4929,0,'Sporting Goods > Outdoor Recreation > Cycling > Bicycle Parts > Bicycle Wheel Parts > Bicycle Wheel Axles & Skewers'),(6582,4930,0,'Sporting Goods > Outdoor Recreation > Cycling > Bicycle Parts > Bicycle Wheel Parts > Bicycle Wheel Nipples'),(6583,4931,0,'Sporting Goods > Outdoor Recreation > Cycling > Bicycle Parts > Bicycle Wheel Parts > Bicycle Wheel Rims'),(6584,4932,0,'Sporting Goods > Outdoor Recreation > Cycling > Bicycle Parts > Bicycle Wheels'),(6585,4933,0,'Sporting Goods > Outdoor Recreation > Cycling > Bicycles'),(6586,4934,0,'Sporting Goods > Outdoor Recreation > Cycling > Cycling Apparel & Accessories'),(6587,4935,0,'Sporting Goods > Outdoor Recreation > Cycling > Cycling Apparel & Accessories > Bicycle Cleat Accessories'),(6588,4936,0,'Sporting Goods > Outdoor Recreation > Cycling > Cycling Apparel & Accessories > Bicycle Cleat Accessories > Bicycle Cleat Bolts'),(6589,4937,0,'Sporting Goods > Outdoor Recreation > Cycling > Cycling Apparel & Accessories > Bicycle Cleat Accessories > Bicycle Cleat Covers'),(6590,4938,0,'Sporting Goods > Outdoor Recreation > Cycling > Cycling Apparel & Accessories > Bicycle Cleat Accessories > Bicycle Cleat Shims & Wedges'),(6591,4939,0,'Sporting Goods > Outdoor Recreation > Cycling > Cycling Apparel & Accessories > Bicycle Cleats'),(6592,4940,0,'Sporting Goods > Outdoor Recreation > Cycling > Cycling Apparel & Accessories > Bicycle Gloves'),(6593,4941,0,'Sporting Goods > Outdoor Recreation > Cycling > Cycling Apparel & Accessories > Bicycle Helmet Parts & Accessories'),(6594,4942,0,'Sporting Goods > Outdoor Recreation > Cycling > Cycling Apparel & Accessories > Bicycle Helmets'),(6595,4943,0,'Sporting Goods > Outdoor Recreation > Cycling > Cycling Apparel & Accessories > Bicycle Protective Pads'),(6596,4944,0,'Sporting Goods > Outdoor Recreation > Cycling > Cycling Apparel & Accessories > Bicycle Shoe Covers'),(6597,4945,0,'Sporting Goods > Outdoor Recreation > Cycling > Tricycle Accessories'),(6598,4946,0,'Sporting Goods > Outdoor Recreation > Cycling > Tricycles'),(6599,4947,0,'Sporting Goods > Outdoor Recreation > Cycling > Unicycle Accessories'),(6600,4948,0,'Sporting Goods > Outdoor Recreation > Cycling > Unicycles'),(6601,4949,0,'Sporting Goods > Outdoor Recreation > Equestrian'),(6602,4950,0,'Sporting Goods > Outdoor Recreation > Equestrian > Horse Care'),(6603,4951,0,'Sporting Goods > Outdoor Recreation > Equestrian > Horse Care > Horse Blankets & Sheets'),(6604,4952,0,'Sporting Goods > Outdoor Recreation > Equestrian > Horse Care > Horse Boots & Leg Wraps'),(6605,4953,0,'Sporting Goods > Outdoor Recreation > Equestrian > Horse Care > Horse Feed'),(6606,4954,0,'Sporting Goods > Outdoor Recreation > Equestrian > Horse Care > Horse Fly Masks'),(6607,4955,0,'Sporting Goods > Outdoor Recreation > Equestrian > Horse Care > Horse Grooming'),(6608,4956,0,'Sporting Goods > Outdoor Recreation > Equestrian > Horse Care > Horse Grooming > Horse Clippers & Trimmers'),(6609,4957,0,'Sporting Goods > Outdoor Recreation > Equestrian > Horse Care > Horse Grooming > Horse Grooming Combs, Brushes & Mitts'),(6610,4958,0,'Sporting Goods > Outdoor Recreation > Equestrian > Horse Care > Horse Treats'),(6611,4959,0,'Sporting Goods > Outdoor Recreation > Equestrian > Horse Care > Horse Vitamins & Supplements'),(6612,4960,0,'Sporting Goods > Outdoor Recreation > Equestrian > Horse Care > Horse Wormers'),(6613,4961,0,'Sporting Goods > Outdoor Recreation > Equestrian > Horse Tack'),(6614,4962,0,'Sporting Goods > Outdoor Recreation > Equestrian > Horse Tack > Bridle Bits'),(6615,4963,0,'Sporting Goods > Outdoor Recreation > Equestrian > Horse Tack > Bridles'),(6616,4964,0,'Sporting Goods > Outdoor Recreation > Equestrian > Horse Tack > Cinches'),(6617,4965,0,'Sporting Goods > Outdoor Recreation > Equestrian > Horse Tack > Horse Halters'),(6618,4966,0,'Sporting Goods > Outdoor Recreation > Equestrian > Horse Tack > Horse Harnesses'),(6619,4967,0,'Sporting Goods > Outdoor Recreation > Equestrian > Horse Tack > Horse Leads'),(6620,4968,0,'Sporting Goods > Outdoor Recreation > Equestrian > Horse Tack > Reins'),(6621,4969,0,'Sporting Goods > Outdoor Recreation > Equestrian > Horse Tack > Saddles'),(6622,4970,0,'Sporting Goods > Outdoor Recreation > Equestrian > Horse Tack > Stirrups'),(6623,4971,0,'Sporting Goods > Outdoor Recreation > Equestrian > Horse Tack Accessories'),(6624,4972,0,'Sporting Goods > Outdoor Recreation > Equestrian > Horse Tack Accessories > Horse Tack Boxes'),(6625,4973,0,'Sporting Goods > Outdoor Recreation > Equestrian > Horse Tack Accessories > Saddle Accessories'),(6626,4974,0,'Sporting Goods > Outdoor Recreation > Equestrian > Horse Tack Accessories > Saddle Accessories > Saddle Bags & Panniers'),(6627,4975,0,'Sporting Goods > Outdoor Recreation > Equestrian > Horse Tack Accessories > Saddle Accessories > Saddle Covers & Cases'),(6628,4976,0,'Sporting Goods > Outdoor Recreation > Equestrian > Horse Tack Accessories > Saddle Accessories > Saddle Pads & Blankets'),(6629,4977,0,'Sporting Goods > Outdoor Recreation > Equestrian > Horse Tack Accessories > Saddle Accessories > Saddle Racks'),(6630,4978,0,'Sporting Goods > Outdoor Recreation > Equestrian > Riding Apparel & Accessories'),(6631,4979,0,'Sporting Goods > Outdoor Recreation > Equestrian > Riding Apparel & Accessories > Equestrian Gloves'),(6632,4980,0,'Sporting Goods > Outdoor Recreation > Equestrian > Riding Apparel & Accessories > Equestrian Helmets'),(6633,4981,0,'Sporting Goods > Outdoor Recreation > Equestrian > Riding Apparel & Accessories > Riding Crops & Whips'),(6634,4982,0,'Sporting Goods > Outdoor Recreation > Equestrian > Riding Apparel & Accessories > Riding Pants'),(6635,4983,0,'Sporting Goods > Outdoor Recreation > Fishing'),(6636,4984,0,'Sporting Goods > Outdoor Recreation > Fishing > Bite Alarms'),(6637,4985,0,'Sporting Goods > Outdoor Recreation > Fishing > Fishing & Hunting Waders'),(6638,4986,0,'Sporting Goods > Outdoor Recreation > Fishing > Fishing Bait & Chum Containers'),(6639,4987,0,'Sporting Goods > Outdoor Recreation > Fishing > Fishing Gaffs'),(6640,4988,0,'Sporting Goods > Outdoor Recreation > Fishing > Fishing Hook Removal Tools'),(6641,4989,0,'Sporting Goods > Outdoor Recreation > Fishing > Fishing Lines & Leaders'),(6642,4990,0,'Sporting Goods > Outdoor Recreation > Fishing > Fishing Nets'),(6643,4991,0,'Sporting Goods > Outdoor Recreation > Fishing > Fishing Reel Accessories'),(6644,4992,0,'Sporting Goods > Outdoor Recreation > Fishing > Fishing Reel Accessories > Fishing Reel Bags & Cases'),(6645,4993,0,'Sporting Goods > Outdoor Recreation > Fishing > Fishing Reel Accessories > Fishing Reel Lubricants'),(6646,4994,0,'Sporting Goods > Outdoor Recreation > Fishing > Fishing Reel Accessories > Fishing Reel Replacement Spools'),(6647,4995,0,'Sporting Goods > Outdoor Recreation > Fishing > Fishing Reels'),(6648,4996,0,'Sporting Goods > Outdoor Recreation > Fishing > Fishing Rod Accessories'),(6649,4997,0,'Sporting Goods > Outdoor Recreation > Fishing > Fishing Rod Accessories > Fishing Rod Bags & Cases'),(6650,4998,0,'Sporting Goods > Outdoor Recreation > Fishing > Fishing Rod Accessories > Fishing Rod Holders & Storage Racks'),(6651,4999,0,'Sporting Goods > Outdoor Recreation > Fishing > Fishing Rods'),(6652,5000,0,'Sporting Goods > Outdoor Recreation > Fishing > Fishing Spears'),(6653,5001,0,'Sporting Goods > Outdoor Recreation > Fishing > Fishing Tackle'),(6654,5002,0,'Sporting Goods > Outdoor Recreation > Fishing > Fishing Tackle > Fishing Baits & Lures'),(6655,5003,0,'Sporting Goods > Outdoor Recreation > Fishing > Fishing Tackle > Fishing Floats'),(6656,5004,0,'Sporting Goods > Outdoor Recreation > Fishing > Fishing Tackle > Fishing Hooks'),(6657,5005,0,'Sporting Goods > Outdoor Recreation > Fishing > Fishing Tackle > Fishing Sinkers'),(6658,5006,0,'Sporting Goods > Outdoor Recreation > Fishing > Fishing Tackle > Fishing Snaps & Swivels'),(6659,5007,0,'Sporting Goods > Outdoor Recreation > Fishing > Fishing Traps'),(6660,5008,0,'Sporting Goods > Outdoor Recreation > Fishing > Fly Tying Materials'),(6661,5009,0,'Sporting Goods > Outdoor Recreation > Fishing > Fly Tying Materials > Fishing Beads'),(6662,5010,0,'Sporting Goods > Outdoor Recreation > Fishing > Fly Tying Materials > Fishing Yarn'),(6663,5011,0,'Sporting Goods > Outdoor Recreation > Fishing > Live Bait'),(6664,5012,0,'Sporting Goods > Outdoor Recreation > Fishing > Tackle Bags & Boxes'),(6665,5013,0,'Sporting Goods > Outdoor Recreation > Golf'),(6666,5014,0,'Sporting Goods > Outdoor Recreation > Golf > Divot Tools'),(6667,5015,0,'Sporting Goods > Outdoor Recreation > Golf > Golf Accessory Sets'),(6668,5016,0,'Sporting Goods > Outdoor Recreation > Golf > Golf Bag Accessories'),(6669,5017,0,'Sporting Goods > Outdoor Recreation > Golf > Golf Bag Accessories > Golf Bag Carts'),(6670,5018,0,'Sporting Goods > Outdoor Recreation > Golf > Golf Bag Accessories > Golf Bag Covers & Cases'),(6671,5019,0,'Sporting Goods > Outdoor Recreation > Golf > Golf Bags'),(6672,5020,0,'Sporting Goods > Outdoor Recreation > Golf > Golf Ball Markers'),(6673,5021,0,'Sporting Goods > Outdoor Recreation > Golf > Golf Balls'),(6674,5022,0,'Sporting Goods > Outdoor Recreation > Golf > Golf Club Parts & Accessories'),(6675,5023,0,'Sporting Goods > Outdoor Recreation > Golf > Golf Club Parts & Accessories > Golf Club Grips'),(6676,5024,0,'Sporting Goods > Outdoor Recreation > Golf > Golf Club Parts & Accessories > Golf Club Headcovers'),(6677,5025,0,'Sporting Goods > Outdoor Recreation > Golf > Golf Club Parts & Accessories > Golf Club Shafts'),(6678,5026,0,'Sporting Goods > Outdoor Recreation > Golf > Golf Clubs'),(6679,5027,0,'Sporting Goods > Outdoor Recreation > Golf > Golf Flags'),(6680,5028,0,'Sporting Goods > Outdoor Recreation > Golf > Golf Gloves'),(6681,5029,0,'Sporting Goods > Outdoor Recreation > Golf > Golf Tees'),(6682,5030,0,'Sporting Goods > Outdoor Recreation > Golf > Golf Towels'),(6683,5031,0,'Sporting Goods > Outdoor Recreation > Golf > Golf Training Aids'),(6684,5032,0,'Sporting Goods > Outdoor Recreation > Hang Gliding & Skydiving'),(6685,5033,0,'Sporting Goods > Outdoor Recreation > Hang Gliding & Skydiving > Air Suits'),(6686,5034,0,'Sporting Goods > Outdoor Recreation > Hang Gliding & Skydiving > Hang Gliders'),(6687,5035,0,'Sporting Goods > Outdoor Recreation > Hang Gliding & Skydiving > Parachutes'),(6688,5036,0,'Sporting Goods > Outdoor Recreation > Hunting & Shooting'),(6689,5037,0,'Sporting Goods > Outdoor Recreation > Hunting & Shooting > Archery'),(6690,5038,0,'Sporting Goods > Outdoor Recreation > Hunting & Shooting > Archery > Archery Armguards'),(6691,5039,0,'Sporting Goods > Outdoor Recreation > Hunting & Shooting > Archery > Archery Gloves & Releases'),(6692,5040,0,'Sporting Goods > Outdoor Recreation > Hunting & Shooting > Archery > Archery Targets'),(6693,5041,0,'Sporting Goods > Outdoor Recreation > Hunting & Shooting > Archery > Arrow Parts & Accessories'),(6694,5042,0,'Sporting Goods > Outdoor Recreation > Hunting & Shooting > Archery > Arrow Parts & Accessories > Arrow Fletchings'),(6695,5043,0,'Sporting Goods > Outdoor Recreation > Hunting & Shooting > Archery > Arrow Parts & Accessories > Arrow Nocks'),(6696,5044,0,'Sporting Goods > Outdoor Recreation > Hunting & Shooting > Archery > Arrow Parts & Accessories > Broadheads & Field Points'),(6697,5045,0,'Sporting Goods > Outdoor Recreation > Hunting & Shooting > Archery > Arrows & Bolts'),(6698,5046,0,'Sporting Goods > Outdoor Recreation > Hunting & Shooting > Archery > Bow & Crossbow Accessories'),(6699,5047,0,'Sporting Goods > Outdoor Recreation > Hunting & Shooting > Archery > Bows & Crossbows'),(6700,5048,0,'Sporting Goods > Outdoor Recreation > Hunting & Shooting > Archery > Bows & Crossbows > Compound Bows'),(6701,5049,0,'Sporting Goods > Outdoor Recreation > Hunting & Shooting > Archery > Bows & Crossbows > Crossbows'),(6702,5050,0,'Sporting Goods > Outdoor Recreation > Hunting & Shooting > Archery > Bows & Crossbows > Recurve & Longbows'),(6703,5051,0,'Sporting Goods > Outdoor Recreation > Hunting & Shooting > Archery > Quivers'),(6704,5052,0,'Sporting Goods > Outdoor Recreation > Hunting & Shooting > Clay Pigeon Shooting'),(6705,5053,0,'Sporting Goods > Outdoor Recreation > Hunting & Shooting > Clay Pigeon Shooting > Clay Pigeon Throwers'),(6706,5054,0,'Sporting Goods > Outdoor Recreation > Hunting & Shooting > Clay Pigeon Shooting > Clay Pigeons'),(6707,5055,0,'Sporting Goods > Outdoor Recreation > Hunting & Shooting > Hunting'),(6708,5056,0,'Sporting Goods > Outdoor Recreation > Hunting & Shooting > Hunting & Shooting Protective Gear'),(6709,5057,0,'Sporting Goods > Outdoor Recreation > Hunting & Shooting > Hunting & Shooting Protective Gear > Hunting & Shooting Gloves'),(6710,5058,0,'Sporting Goods > Outdoor Recreation > Hunting & Shooting > Hunting & Shooting Protective Gear > Hunting & Shooting Jackets'),(6711,5059,0,'Sporting Goods > Outdoor Recreation > Hunting & Shooting > Hunting > Animal Traps'),(6712,5060,0,'Sporting Goods > Outdoor Recreation > Hunting & Shooting > Hunting > Hearing Enhancers'),(6713,5061,0,'Sporting Goods > Outdoor Recreation > Hunting & Shooting > Hunting > Hunting Blinds & Screens'),(6714,5062,0,'Sporting Goods > Outdoor Recreation > Hunting & Shooting > Hunting > Hunting Dog Equipment'),(6715,5063,0,'Sporting Goods > Outdoor Recreation > Hunting & Shooting > Hunting > Tree Stands'),(6716,5064,0,'Sporting Goods > Outdoor Recreation > Hunting & Shooting > Hunting > Wild Game Feeders'),(6717,5065,0,'Sporting Goods > Outdoor Recreation > Hunting & Shooting > Hunting > Wildlife Attractants'),(6718,5066,0,'Sporting Goods > Outdoor Recreation > Hunting & Shooting > Hunting > Wildlife Attractants > Cover Scents & Scent Attractants'),(6719,5067,0,'Sporting Goods > Outdoor Recreation > Hunting & Shooting > Hunting > Wildlife Attractants > Hunting & Wildlife Calls'),(6720,5068,0,'Sporting Goods > Outdoor Recreation > Hunting & Shooting > Hunting > Wildlife Attractants > Hunting & Wildlife Decoys'),(6721,5069,0,'Sporting Goods > Outdoor Recreation > Hunting & Shooting > Hunting > Wildlife Attractants > Wildlife Bait, Feed & Minerals'),(6722,5070,0,'Sporting Goods > Outdoor Recreation > Hunting & Shooting > Paintball & Airsoft'),(6723,5071,0,'Sporting Goods > Outdoor Recreation > Hunting & Shooting > Paintball & Airsoft > Airsoft'),(6724,5072,0,'Sporting Goods > Outdoor Recreation > Hunting & Shooting > Paintball & Airsoft > Airsoft > Airsoft Gun Parts & Accessories'),(6725,5073,0,'Sporting Goods > Outdoor Recreation > Hunting & Shooting > Paintball & Airsoft > Airsoft > Airsoft Gun Parts & Accessories > Airsoft Gun Batteries'),(6726,5074,0,'Sporting Goods > Outdoor Recreation > Hunting & Shooting > Paintball & Airsoft > Airsoft > Airsoft Guns'),(6727,5075,0,'Sporting Goods > Outdoor Recreation > Hunting & Shooting > Paintball & Airsoft > Airsoft > Airsoft Pellets'),(6728,5076,0,'Sporting Goods > Outdoor Recreation > Hunting & Shooting > Paintball & Airsoft > Paintball'),(6729,5077,0,'Sporting Goods > Outdoor Recreation > Hunting & Shooting > Paintball & Airsoft > Paintball & Airsoft Protective Gear'),(6730,5078,0,'Sporting Goods > Outdoor Recreation > Hunting & Shooting > Paintball & Airsoft > Paintball & Airsoft Protective Gear > Paintball & Airsoft Gloves'),(6731,5079,0,'Sporting Goods > Outdoor Recreation > Hunting & Shooting > Paintball & Airsoft > Paintball & Airsoft Protective Gear > Paintball & Airsoft Goggles & Masks'),(6732,5080,0,'Sporting Goods > Outdoor Recreation > Hunting & Shooting > Paintball & Airsoft > Paintball & Airsoft Protective Gear > Paintball & Airsoft Pads'),(6733,5081,0,'Sporting Goods > Outdoor Recreation > Hunting & Shooting > Paintball & Airsoft > Paintball & Airsoft Protective Gear > Paintball & Airsoft Vests'),(6734,5082,0,'Sporting Goods > Outdoor Recreation > Hunting & Shooting > Paintball & Airsoft > Paintball > Paintball Grenade Launchers'),(6735,5083,0,'Sporting Goods > Outdoor Recreation > Hunting & Shooting > Paintball & Airsoft > Paintball > Paintball Grenades'),(6736,5084,0,'Sporting Goods > Outdoor Recreation > Hunting & Shooting > Paintball & Airsoft > Paintball > Paintball Gun Parts & Accessories'),(6737,5085,0,'Sporting Goods > Outdoor Recreation > Hunting & Shooting > Paintball & Airsoft > Paintball > Paintball Gun Parts & Accessories > Paintball Air Tanks'),(6738,5086,0,'Sporting Goods > Outdoor Recreation > Hunting & Shooting > Paintball & Airsoft > Paintball > Paintball Gun Parts & Accessories > Paintball Gun Barrels'),(6739,5087,0,'Sporting Goods > Outdoor Recreation > Hunting & Shooting > Paintball & Airsoft > Paintball > Paintball Gun Parts & Accessories > Paintball Gun Drop Forwards'),(6740,5088,0,'Sporting Goods > Outdoor Recreation > Hunting & Shooting > Paintball & Airsoft > Paintball > Paintball Gun Parts & Accessories > Paintball Hoppers'),(6741,5089,0,'Sporting Goods > Outdoor Recreation > Hunting & Shooting > Paintball & Airsoft > Paintball > Paintball Guns'),(6742,5090,0,'Sporting Goods > Outdoor Recreation > Hunting & Shooting > Paintball & Airsoft > Paintball > Paintball Harnesses & Packs'),(6743,5091,0,'Sporting Goods > Outdoor Recreation > Hunting & Shooting > Paintball & Airsoft > Paintball > Paintballs'),(6744,5092,0,'Sporting Goods > Outdoor Recreation > Hunting & Shooting > Shooting & Range Accessories'),(6745,5093,0,'Sporting Goods > Outdoor Recreation > Hunting & Shooting > Shooting & Range Accessories > Shooting Rests'),(6746,5094,0,'Sporting Goods > Outdoor Recreation > Hunting & Shooting > Shooting & Range Accessories > Shooting Sticks & Bipods'),(6747,5095,0,'Sporting Goods > Outdoor Recreation > Hunting & Shooting > Shooting & Range Accessories > Shooting Targets'),(6748,5096,0,'Sporting Goods > Outdoor Recreation > Hydration System Accessories'),(6749,5097,0,'Sporting Goods > Outdoor Recreation > Hydration Systems'),(6750,5098,0,'Sporting Goods > Outdoor Recreation > Inline & Roller Skating'),(6751,5099,0,'Sporting Goods > Outdoor Recreation > Inline & Roller Skating > Inline & Roller Skating Protective Gear'),(6752,5100,0,'Sporting Goods > Outdoor Recreation > Inline & Roller Skating > Inline & Roller Skating Protective Gear > Roller Skating Pads'),(6753,5101,0,'Sporting Goods > Outdoor Recreation > Inline & Roller Skating > Inline Skate Parts'),(6754,5102,0,'Sporting Goods > Outdoor Recreation > Inline & Roller Skating > Inline Skates'),(6755,5103,0,'Sporting Goods > Outdoor Recreation > Inline & Roller Skating > Roller Skate Parts'),(6756,5104,0,'Sporting Goods > Outdoor Recreation > Inline & Roller Skating > Roller Skates'),(6757,5105,0,'Sporting Goods > Outdoor Recreation > Inline & Roller Skating > Roller Skis'),(6758,5106,0,'Sporting Goods > Outdoor Recreation > Kite Buggying'),(6759,5107,0,'Sporting Goods > Outdoor Recreation > Kite Buggying > Kite Buggies'),(6760,5108,0,'Sporting Goods > Outdoor Recreation > Kite Buggying > Kite Buggy Accessories'),(6761,5109,0,'Sporting Goods > Outdoor Recreation > Outdoor Games'),(6762,5110,0,'Sporting Goods > Outdoor Recreation > Outdoor Games > Badminton'),(6763,5111,0,'Sporting Goods > Outdoor Recreation > Outdoor Games > Badminton > Badminton Nets'),(6764,5112,0,'Sporting Goods > Outdoor Recreation > Outdoor Games > Badminton > Badminton Racquets & Sets'),(6765,5113,0,'Sporting Goods > Outdoor Recreation > Outdoor Games > Badminton > Shuttlecocks'),(6766,5114,0,'Sporting Goods > Outdoor Recreation > Outdoor Games > Deck Shuffleboard'),(6767,5115,0,'Sporting Goods > Outdoor Recreation > Outdoor Games > Deck Shuffleboard > Deck Shuffleboard Cues'),(6768,5116,0,'Sporting Goods > Outdoor Recreation > Outdoor Games > Deck Shuffleboard > Deck Shuffleboard Pucks'),(6769,5117,0,'Sporting Goods > Outdoor Recreation > Outdoor Games > Disc Golf'),(6770,5118,0,'Sporting Goods > Outdoor Recreation > Outdoor Games > Disc Golf > Disc Golf Bags'),(6771,5119,0,'Sporting Goods > Outdoor Recreation > Outdoor Games > Disc Golf > Disc Golf Baskets'),(6772,5120,0,'Sporting Goods > Outdoor Recreation > Outdoor Games > Lawn Games'),(6773,5121,0,'Sporting Goods > Outdoor Recreation > Outdoor Games > Paddle Ball Sets'),(6774,5122,0,'Sporting Goods > Outdoor Recreation > Outdoor Games > Pickleball'),(6775,5123,0,'Sporting Goods > Outdoor Recreation > Outdoor Games > Pickleball > Pickleball Paddles'),(6776,5124,0,'Sporting Goods > Outdoor Recreation > Outdoor Games > Pickleball > Pickleballs'),(6777,5125,0,'Sporting Goods > Outdoor Recreation > Outdoor Games > Platform & Paddle Tennis'),(6778,5126,0,'Sporting Goods > Outdoor Recreation > Outdoor Games > Platform & Paddle Tennis > Platform & Paddle Tennis Paddles'),(6779,5127,0,'Sporting Goods > Outdoor Recreation > Outdoor Games > Platform & Paddle Tennis > Platform Tennis Balls'),(6780,5128,0,'Sporting Goods > Outdoor Recreation > Outdoor Games > Tetherball'),(6781,5129,0,'Sporting Goods > Outdoor Recreation > Outdoor Games > Tetherball > Tetherball Poles'),(6782,5130,0,'Sporting Goods > Outdoor Recreation > Outdoor Games > Tetherball > Tetherball Sets'),(6783,5131,0,'Sporting Goods > Outdoor Recreation > Outdoor Games > Tetherball > Tetherballs'),(6784,5132,0,'Sporting Goods > Outdoor Recreation > Riding Scooters'),(6785,5133,0,'Sporting Goods > Outdoor Recreation > Skateboarding'),(6786,5134,0,'Sporting Goods > Outdoor Recreation > Skateboarding > Skate Rails'),(6787,5135,0,'Sporting Goods > Outdoor Recreation > Skateboarding > Skate Ramps'),(6788,5136,0,'Sporting Goods > Outdoor Recreation > Skateboarding > Skateboard Parts'),(6789,5137,0,'Sporting Goods > Outdoor Recreation > Skateboarding > Skateboard Parts > Skateboard Decks'),(6790,5138,0,'Sporting Goods > Outdoor Recreation > Skateboarding > Skateboard Parts > Skateboard Small Parts'),(6791,5139,0,'Sporting Goods > Outdoor Recreation > Skateboarding > Skateboard Parts > Skateboard Trucks'),(6792,5140,0,'Sporting Goods > Outdoor Recreation > Skateboarding > Skateboard Parts > Skateboard Wheels'),(6793,5141,0,'Sporting Goods > Outdoor Recreation > Skateboarding > Skateboarding Protective Gear'),(6794,5142,0,'Sporting Goods > Outdoor Recreation > Skateboarding > Skateboarding Protective Gear > Skate Helmets'),(6795,5143,0,'Sporting Goods > Outdoor Recreation > Skateboarding > Skateboarding Protective Gear > Skateboarding Gloves'),(6796,5144,0,'Sporting Goods > Outdoor Recreation > Skateboarding > Skateboarding Protective Gear > Skateboarding Pads'),(6797,5145,0,'Sporting Goods > Outdoor Recreation > Skateboarding > Skateboards'),(6798,5146,0,'Sporting Goods > Outdoor Recreation > Winter Sports & Activities'),(6799,5147,0,'Sporting Goods > Outdoor Recreation > Winter Sports & Activities > Avalanche Safety'),(6800,5148,0,'Sporting Goods > Outdoor Recreation > Winter Sports & Activities > Avalanche Safety > Avalanche Probes'),(6801,5149,0,'Sporting Goods > Outdoor Recreation > Winter Sports & Activities > Avalanche Safety > Avalanche Safety Airbags'),(6802,5150,0,'Sporting Goods > Outdoor Recreation > Winter Sports & Activities > Skiing & Snowboarding'),(6803,5151,0,'Sporting Goods > Outdoor Recreation > Winter Sports & Activities > Skiing & Snowboarding > Ski & Snowboard Bags'),(6804,5152,0,'Sporting Goods > Outdoor Recreation > Winter Sports & Activities > Skiing & Snowboarding > Ski & Snowboard Goggle Accessories'),(6805,5153,0,'Sporting Goods > Outdoor Recreation > Winter Sports & Activities > Skiing & Snowboarding > Ski & Snowboard Goggle Accessories > Ski & Snowboard Goggle Lenses'),(6806,5154,0,'Sporting Goods > Outdoor Recreation > Winter Sports & Activities > Skiing & Snowboarding > Ski & Snowboard Goggles'),(6807,5155,0,'Sporting Goods > Outdoor Recreation > Winter Sports & Activities > Skiing & Snowboarding > Ski & Snowboard Helmets'),(6808,5156,0,'Sporting Goods > Outdoor Recreation > Winter Sports & Activities > Skiing & Snowboarding > Ski & Snowboard Leashes'),(6809,5157,0,'Sporting Goods > Outdoor Recreation > Winter Sports & Activities > Skiing & Snowboarding > Ski & Snowboard Storage Racks'),(6810,5158,0,'Sporting Goods > Outdoor Recreation > Winter Sports & Activities > Skiing & Snowboarding > Ski & Snowboard Tuning Tools'),(6811,5159,0,'Sporting Goods > Outdoor Recreation > Winter Sports & Activities > Skiing & Snowboarding > Ski & Snowboard Wax'),(6812,5160,0,'Sporting Goods > Outdoor Recreation > Winter Sports & Activities > Skiing & Snowboarding > Ski Binding Parts'),(6813,5161,0,'Sporting Goods > Outdoor Recreation > Winter Sports & Activities > Skiing & Snowboarding > Ski Bindings'),(6814,5162,0,'Sporting Goods > Outdoor Recreation > Winter Sports & Activities > Skiing & Snowboarding > Ski Boots'),(6815,5163,0,'Sporting Goods > Outdoor Recreation > Winter Sports & Activities > Skiing & Snowboarding > Ski Poles'),(6816,5164,0,'Sporting Goods > Outdoor Recreation > Winter Sports & Activities > Skiing & Snowboarding > Skis'),(6817,5165,0,'Sporting Goods > Outdoor Recreation > Winter Sports & Activities > Skiing & Snowboarding > Skis > Cross-Country Skis'),(6818,5166,0,'Sporting Goods > Outdoor Recreation > Winter Sports & Activities > Skiing & Snowboarding > Skis > Downhill Skis'),(6819,5167,0,'Sporting Goods > Outdoor Recreation > Winter Sports & Activities > Skiing & Snowboarding > Snowboard Binding Parts'),(6820,5168,0,'Sporting Goods > Outdoor Recreation > Winter Sports & Activities > Skiing & Snowboarding > Snowboard Bindings'),(6821,5169,0,'Sporting Goods > Outdoor Recreation > Winter Sports & Activities > Skiing & Snowboarding > Snowboard Boots'),(6822,5170,0,'Sporting Goods > Outdoor Recreation > Winter Sports & Activities > Skiing & Snowboarding > Snowboards'),(6823,5171,0,'Sporting Goods > Outdoor Recreation > Winter Sports & Activities > Sleds'),(6824,5172,0,'Sporting Goods > Outdoor Recreation > Winter Sports & Activities > Snowshoeing'),(6825,5173,0,'Sporting Goods > Outdoor Recreation > Winter Sports & Activities > Snowshoeing > Snowshoe Bindings'),(6826,5174,0,'Sporting Goods > Outdoor Recreation > Winter Sports & Activities > Snowshoeing > Snowshoes'),(6827,5175,0,'Toys & Games'),(6828,5176,0,'Toys & Games > Game Timers'),(6829,5177,0,'Toys & Games > Games'),(6830,5178,0,'Toys & Games > Games > Battle Top Accessories'),(6831,5179,0,'Toys & Games > Games > Battle Tops'),(6832,5180,0,'Toys & Games > Games > Bingo Sets'),(6833,5181,0,'Toys & Games > Games > Blackjack & Craps Sets'),(6834,5182,0,'Toys & Games > Games > Board Games'),(6835,5183,0,'Toys & Games > Games > Card Game Accessories'),(6836,5184,0,'Toys & Games > Games > Card Games'),(6837,5185,0,'Toys & Games > Games > Dexterity Games'),(6838,5186,0,'Toys & Games > Games > Dice Sets & Games'),(6839,5187,0,'Toys & Games > Games > Poker Chip Accessories'),(6840,5188,0,'Toys & Games > Games > Poker Chip Accessories > Poker Chip Carriers & Trays'),(6841,5189,0,'Toys & Games > Games > Poker Chips & Sets'),(6842,5190,0,'Toys & Games > Games > Portable Electronic Games'),(6843,5191,0,'Toys & Games > Games > Roulette Wheels & Sets'),(6844,5192,0,'Toys & Games > Games > Slot Machines'),(6845,5193,0,'Toys & Games > Games > Tile Games'),(6846,5194,0,'Toys & Games > Outdoor Play Equipment'),(6847,5195,0,'Toys & Games > Outdoor Play Equipment > Inflatable Bouncer Accessories'),(6848,5196,0,'Toys & Games > Outdoor Play Equipment > Inflatable Bouncers'),(6849,5197,0,'Toys & Games > Outdoor Play Equipment > Play Swings'),(6850,5198,0,'Toys & Games > Outdoor Play Equipment > Play Tents & Tunnels'),(6851,5199,0,'Toys & Games > Outdoor Play Equipment > Playhouses'),(6852,5200,0,'Toys & Games > Outdoor Play Equipment > Pogo Sticks'),(6853,5201,0,'Toys & Games > Outdoor Play Equipment > Sandboxes'),(6854,5202,0,'Toys & Games > Outdoor Play Equipment > See Saws'),(6855,5203,0,'Toys & Games > Outdoor Play Equipment > Slides'),(6856,5204,0,'Toys & Games > Outdoor Play Equipment > Stilts'),(6857,5205,0,'Toys & Games > Outdoor Play Equipment > Swing Set & Playset Accessories'),(6858,5206,0,'Toys & Games > Outdoor Play Equipment > Swing Sets & Playsets'),(6859,5207,0,'Toys & Games > Outdoor Play Equipment > Trampoline Accessories'),(6860,5208,0,'Toys & Games > Outdoor Play Equipment > Trampolines'),(6861,5209,0,'Toys & Games > Outdoor Play Equipment > Water Play Equipment'),(6862,5210,0,'Toys & Games > Outdoor Play Equipment > Water Play Equipment > Play Sprinkers'),(6863,5211,0,'Toys & Games > Outdoor Play Equipment > Water Play Equipment > Water Parks & Slides'),(6864,5212,0,'Toys & Games > Outdoor Play Equipment > Water Play Equipment > Water Tables'),(6865,5213,0,'Toys & Games > Puzzles'),(6866,5214,0,'Toys & Games > Puzzles > Jigsaw Puzzle Accessories'),(6867,5215,0,'Toys & Games > Puzzles > Jigsaw Puzzles'),(6868,5216,0,'Toys & Games > Puzzles > Mechanical Puzzles'),(6869,5217,0,'Toys & Games > Puzzles > Wooden & Pegged Puzzles'),(6870,5218,0,'Toys & Games > Toys'),(6871,5219,0,'Toys & Games > Toys > Activity Toys'),(6872,5220,0,'Toys & Games > Toys > Activity Toys > Ball & Cup Games'),(6873,5221,0,'Toys & Games > Toys > Activity Toys > Bouncy Balls'),(6874,5222,0,'Toys & Games > Toys > Activity Toys > Bubble Blowing Solution'),(6875,5223,0,'Toys & Games > Toys > Activity Toys > Bubble Blowing Toys'),(6876,5224,0,'Toys & Games > Toys > Activity Toys > Coiled Spring Toys'),(6877,5225,0,'Toys & Games > Toys > Activity Toys > Marbles'),(6878,5226,0,'Toys & Games > Toys > Activity Toys > Paddle Ball Toys'),(6879,5227,0,'Toys & Games > Toys > Activity Toys > Ribbon & Streamer Toys'),(6880,5228,0,'Toys & Games > Toys > Activity Toys > Spinning Tops'),(6881,5229,0,'Toys & Games > Toys > Activity Toys > Toy Jacks'),(6882,5230,0,'Toys & Games > Toys > Activity Toys > Yo-Yo Parts & Accessories'),(6883,5231,0,'Toys & Games > Toys > Activity Toys > Yo-Yos'),(6884,5232,0,'Toys & Games > Toys > Art & Drawing Toys'),(6885,5233,0,'Toys & Games > Toys > Art & Drawing Toys > Play Dough & Putty'),(6886,5234,0,'Toys & Games > Toys > Art & Drawing Toys > Toy Drawing Tablets'),(6887,5235,0,'Toys & Games > Toys > Ball Pit Accessories'),(6888,5236,0,'Toys & Games > Toys > Ball Pit Accessories > Ball Pit Balls'),(6889,5237,0,'Toys & Games > Toys > Ball Pits'),(6890,5238,0,'Toys & Games > Toys > Bath Toys'),(6891,5239,0,'Toys & Games > Toys > Beach & Sand Toys'),(6892,5240,0,'Toys & Games > Toys > Building Toys'),(6893,5241,0,'Toys & Games > Toys > Building Toys > Construction Set Toys'),(6894,5242,0,'Toys & Games > Toys > Building Toys > Foam Blocks'),(6895,5243,0,'Toys & Games > Toys > Building Toys > Interlocking Blocks'),(6896,5244,0,'Toys & Games > Toys > Building Toys > Marble Track Sets'),(6897,5245,0,'Toys & Games > Toys > Building Toys > Wooden Blocks'),(6898,5246,0,'Toys & Games > Toys > Dolls, Playsets & Toy Figures'),(6899,5247,0,'Toys & Games > Toys > Dolls, Playsets & Toy Figures > Action & Toy Figures'),(6900,5248,0,'Toys & Games > Toys > Dolls, Playsets & Toy Figures > Bobblehead Figures'),(6901,5249,0,'Toys & Games > Toys > Dolls, Playsets & Toy Figures > Doll & Action Figure Accessories'),(6902,5250,0,'Toys & Games > Toys > Dolls, Playsets & Toy Figures > Dollhouse Accessories'),(6903,5251,0,'Toys & Games > Toys > Dolls, Playsets & Toy Figures > Dollhouses'),(6904,5252,0,'Toys & Games > Toys > Dolls, Playsets & Toy Figures > Dolls'),(6905,5253,0,'Toys & Games > Toys > Dolls, Playsets & Toy Figures > Paper & Magnetic Dolls'),(6906,5254,0,'Toys & Games > Toys > Dolls, Playsets & Toy Figures > Puppet & Puppet Theater Accessories'),(6907,5255,0,'Toys & Games > Toys > Dolls, Playsets & Toy Figures > Puppet Theaters'),(6908,5256,0,'Toys & Games > Toys > Dolls, Playsets & Toy Figures > Puppets & Marionettes'),(6909,5257,0,'Toys & Games > Toys > Dolls, Playsets & Toy Figures > Stuffed Animals'),(6910,5258,0,'Toys & Games > Toys > Dolls, Playsets & Toy Figures > Toy Playsets'),(6911,5259,0,'Toys & Games > Toys > Educational Toys'),(6912,5260,0,'Toys & Games > Toys > Educational Toys > Ant Farms'),(6913,5261,0,'Toys & Games > Toys > Educational Toys > Astronomy Toys & Models'),(6914,5262,0,'Toys & Games > Toys > Educational Toys > Bug Collecting Kits'),(6915,5263,0,'Toys & Games > Toys > Educational Toys > Educational Flash Cards'),(6916,5264,0,'Toys & Games > Toys > Educational Toys > Reading Toys'),(6917,5265,0,'Toys & Games > Toys > Educational Toys > Science & Exploration Sets'),(6918,5266,0,'Toys & Games > Toys > Educational Toys > Toy Abacuses'),(6919,5267,0,'Toys & Games > Toys > Executive Toys'),(6920,5268,0,'Toys & Games > Toys > Executive Toys > Magnet Toys'),(6921,5269,0,'Toys & Games > Toys > Flying Toy Accessories'),(6922,5270,0,'Toys & Games > Toys > Flying Toy Accessories > Kite Accessories'),(6923,5271,0,'Toys & Games > Toys > Flying Toy Accessories > Kite Accessories > Kite Line Reels & Winders'),(6924,5272,0,'Toys & Games > Toys > Flying Toys'),(6925,5273,0,'Toys & Games > Toys > Flying Toys > Air & Water Rockets'),(6926,5274,0,'Toys & Games > Toys > Flying Toys > Kites'),(6927,5275,0,'Toys & Games > Toys > Flying Toys > Toy Gliders'),(6928,5276,0,'Toys & Games > Toys > Flying Toys > Toy Parachutes'),(6929,5277,0,'Toys & Games > Toys > Musical Toys'),(6930,5278,0,'Toys & Games > Toys > Musical Toys > Toy Instruments'),(6931,5279,0,'Toys & Games > Toys > Play Vehicle Accessories'),(6932,5280,0,'Toys & Games > Toys > Play Vehicle Accessories > Toy Race Car & Track Accessories'),(6933,5281,0,'Toys & Games > Toys > Play Vehicle Accessories > Toy Train Accessories'),(6934,5282,0,'Toys & Games > Toys > Play Vehicles'),(6935,5283,0,'Toys & Games > Toys > Play Vehicles > Toy Airplanes'),(6936,5284,0,'Toys & Games > Toys > Play Vehicles > Toy Boats'),(6937,5285,0,'Toys & Games > Toys > Play Vehicles > Toy Cars'),(6938,5286,0,'Toys & Games > Toys > Play Vehicles > Toy Helicopters'),(6939,5287,0,'Toys & Games > Toys > Play Vehicles > Toy Motorcycles'),(6940,5288,0,'Toys & Games > Toys > Play Vehicles > Toy Race Car & Track Sets'),(6941,5289,0,'Toys & Games > Toys > Play Vehicles > Toy Spaceships'),(6942,5290,0,'Toys & Games > Toys > Play Vehicles > Toy Trains & Train Sets'),(6943,5291,0,'Toys & Games > Toys > Play Vehicles > Toy Trucks & Construction Vehicles'),(6944,5292,0,'Toys & Games > Toys > Pretend Play'),(6945,5293,0,'Toys & Games > Toys > Pretend Play > Play Money & Banking'),(6946,5294,0,'Toys & Games > Toys > Pretend Play > Pretend Electronics'),(6947,5295,0,'Toys & Games > Toys > Pretend Play > Pretend Housekeeping'),(6948,5296,0,'Toys & Games > Toys > Pretend Play > Pretend Lawn & Garden'),(6949,5297,0,'Toys & Games > Toys > Pretend Play > Pretend Professions & Role Playing'),(6950,5298,0,'Toys & Games > Toys > Pretend Play > Pretend Shopping & Grocery'),(6951,5299,0,'Toys & Games > Toys > Pretend Play > Toy Kitchens & Play Food'),(6952,5300,0,'Toys & Games > Toys > Pretend Play > Toy Tools'),(6953,5301,0,'Toys & Games > Toys > Remote Control Toy Accessories'),(6954,5302,0,'Toys & Games > Toys > Remote Control Toys'),(6955,5303,0,'Toys & Games > Toys > Remote Control Toys > Remote Control Airships & Blimps'),(6956,5304,0,'Toys & Games > Toys > Remote Control Toys > Remote Control Boats & Watercraft'),(6957,5305,0,'Toys & Games > Toys > Remote Control Toys > Remote Control Cars & Trucks'),(6958,5306,0,'Toys & Games > Toys > Remote Control Toys > Remote Control Helicopters'),(6959,5307,0,'Toys & Games > Toys > Remote Control Toys > Remote Control Motorcycles'),(6960,5308,0,'Toys & Games > Toys > Remote Control Toys > Remote Control Planes'),(6961,5309,0,'Toys & Games > Toys > Remote Control Toys > Remote Control Robots'),(6962,5310,0,'Toys & Games > Toys > Remote Control Toys > Remote Control Tanks'),(6963,5311,0,'Toys & Games > Toys > Riding Toy Accessories'),(6964,5312,0,'Toys & Games > Toys > Riding Toys'),(6965,5313,0,'Toys & Games > Toys > Riding Toys > Electric Riding Vehicles'),(6966,5314,0,'Toys & Games > Toys > Riding Toys > Hobby Horses'),(6967,5315,0,'Toys & Games > Toys > Riding Toys > Push & Pedal Riding Vehicles'),(6968,5316,0,'Toys & Games > Toys > Riding Toys > Rocking & Spring Riding Toys'),(6969,5317,0,'Toys & Games > Toys > Riding Toys > Wagons'),(6970,5318,0,'Toys & Games > Toys > Robotic Toys'),(6971,5319,0,'Toys & Games > Toys > Sports Toy Accessories'),(6972,5320,0,'Toys & Games > Toys > Sports Toy Accessories > Fitness Toy Accessories'),(6973,5321,0,'Toys & Games > Toys > Sports Toy Accessories > Fitness Toy Accessories > Hula Hoop Accessories'),(6974,5322,0,'Toys & Games > Toys > Sports Toys'),(6975,5323,0,'Toys & Games > Toys > Sports Toys > Baseball Toys'),(6976,5324,0,'Toys & Games > Toys > Sports Toys > Basketball Toys'),(6977,5325,0,'Toys & Games > Toys > Sports Toys > Boomerangs'),(6978,5326,0,'Toys & Games > Toys > Sports Toys > Bowling Toys'),(6979,5327,0,'Toys & Games > Toys > Sports Toys > Fingerboards & Fingerboard Sets'),(6980,5328,0,'Toys & Games > Toys > Sports Toys > Fishing Toys'),(6981,5329,0,'Toys & Games > Toys > Sports Toys > Fitness Toys'),(6982,5330,0,'Toys & Games > Toys > Sports Toys > Fitness Toys > Hula Hoops'),(6983,5331,0,'Toys & Games > Toys > Sports Toys > Flying Discs'),(6984,5332,0,'Toys & Games > Toys > Sports Toys > Footbags'),(6985,5333,0,'Toys & Games > Toys > Sports Toys > Golf Toys'),(6986,5334,0,'Toys & Games > Toys > Sports Toys > Hockey Toys'),(6987,5335,0,'Toys & Games > Toys > Sports Toys > Playground Balls'),(6988,5336,0,'Toys & Games > Toys > Sports Toys > Racquet Sport Toys'),(6989,5337,0,'Toys & Games > Toys > Sports Toys > Toy Footballs'),(6990,5338,0,'Toys & Games > Toys > Toy Gift Baskets'),(6991,5339,0,'Toys & Games > Toys > Toy Weapon & Gadget Accessories'),(6992,5340,0,'Toys & Games > Toys > Toy Weapons & Gadgets'),(6993,5341,0,'Toys & Games > Toys > Visual Toys'),(6994,5342,0,'Toys & Games > Toys > Visual Toys > Kaleidoscopes'),(6995,5343,0,'Toys & Games > Toys > Visual Toys > Prisms'),(6996,5344,0,'Toys & Games > Toys > Wind-Up Toys'),(6997,5345,0,'Vehicles & Parts'),(6998,5346,0,'Vehicles & Parts > Vehicle Parts & Accessories'),(6999,5347,0,'Vehicles & Parts > Vehicle Parts & Accessories > Aircraft Parts & Accessories'),(7000,5348,0,'Vehicles & Parts > Vehicle Parts & Accessories > Motor Vehicle Electronics'),(7001,5349,0,'Vehicles & Parts > Vehicle Parts & Accessories > Motor Vehicle Electronics > Motor Vehicle A/V Players & In-Dash Systems'),(7002,5350,0,'Vehicles & Parts > Vehicle Parts & Accessories > Motor Vehicle Electronics > Motor Vehicle Amplifiers'),(7003,5351,0,'Vehicles & Parts > Vehicle Parts & Accessories > Motor Vehicle Electronics > Motor Vehicle Cassette Adapters'),(7004,5352,0,'Vehicles & Parts > Vehicle Parts & Accessories > Motor Vehicle Electronics > Motor Vehicle Cassette Players'),(7005,5353,0,'Vehicles & Parts > Vehicle Parts & Accessories > Motor Vehicle Electronics > Motor Vehicle Equalizers & Crossovers'),(7006,5354,0,'Vehicles & Parts > Vehicle Parts & Accessories > Motor Vehicle Electronics > Motor Vehicle Parking Cameras'),(7007,5355,0,'Vehicles & Parts > Vehicle Parts & Accessories > Motor Vehicle Electronics > Motor Vehicle Speakerphones'),(7008,5356,0,'Vehicles & Parts > Vehicle Parts & Accessories > Motor Vehicle Electronics > Motor Vehicle Speakers'),(7009,5357,0,'Vehicles & Parts > Vehicle Parts & Accessories > Motor Vehicle Electronics > Motor Vehicle Subwoofers'),(7010,5358,0,'Vehicles & Parts > Vehicle Parts & Accessories > Motor Vehicle Electronics > Motor Vehicle Video Monitor Mounts'),(7011,5359,0,'Vehicles & Parts > Vehicle Parts & Accessories > Motor Vehicle Parts'),(7012,5360,0,'Vehicles & Parts > Vehicle Parts & Accessories > Motor Vehicle Parts > Motor Vehicle Braking'),(7013,5361,0,'Vehicles & Parts > Vehicle Parts & Accessories > Motor Vehicle Parts > Motor Vehicle Carpet & Upholstery'),(7014,5362,0,'Vehicles & Parts > Vehicle Parts & Accessories > Motor Vehicle Parts > Motor Vehicle Climate Control'),(7015,5363,0,'Vehicles & Parts > Vehicle Parts & Accessories > Motor Vehicle Parts > Motor Vehicle Controls'),(7016,5364,0,'Vehicles & Parts > Vehicle Parts & Accessories > Motor Vehicle Parts > Motor Vehicle Engine Oil Circulation'),(7017,5365,0,'Vehicles & Parts > Vehicle Parts & Accessories > Motor Vehicle Parts > Motor Vehicle Engine Parts'),(7018,5366,0,'Vehicles & Parts > Vehicle Parts & Accessories > Motor Vehicle Parts > Motor Vehicle Engines'),(7019,5367,0,'Vehicles & Parts > Vehicle Parts & Accessories > Motor Vehicle Parts > Motor Vehicle Exhaust'),(7020,5368,0,'Vehicles & Parts > Vehicle Parts & Accessories > Motor Vehicle Parts > Motor Vehicle Frame & Body Parts'),(7021,5369,0,'Vehicles & Parts > Vehicle Parts & Accessories > Motor Vehicle Parts > Motor Vehicle Fuel Systems'),(7022,5370,0,'Vehicles & Parts > Vehicle Parts & Accessories > Motor Vehicle Parts > Motor Vehicle Interior Fittings'),(7023,5371,0,'Vehicles & Parts > Vehicle Parts & Accessories > Motor Vehicle Parts > Motor Vehicle Lighting'),(7024,5372,0,'Vehicles & Parts > Vehicle Parts & Accessories > Motor Vehicle Parts > Motor Vehicle Mirrors'),(7025,5373,0,'Vehicles & Parts > Vehicle Parts & Accessories > Motor Vehicle Parts > Motor Vehicle Power & Electrical Systems'),(7026,5374,0,'Vehicles & Parts > Vehicle Parts & Accessories > Motor Vehicle Parts > Motor Vehicle Seating'),(7027,5375,0,'Vehicles & Parts > Vehicle Parts & Accessories > Motor Vehicle Parts > Motor Vehicle Sensors & Gauges'),(7028,5376,0,'Vehicles & Parts > Vehicle Parts & Accessories > Motor Vehicle Parts > Motor Vehicle Suspension Parts'),(7029,5377,0,'Vehicles & Parts > Vehicle Parts & Accessories > Motor Vehicle Parts > Motor Vehicle Towing'),(7030,5378,0,'Vehicles & Parts > Vehicle Parts & Accessories > Motor Vehicle Parts > Motor Vehicle Transmission & Drivetrain Parts'),(7031,5379,0,'Vehicles & Parts > Vehicle Parts & Accessories > Motor Vehicle Parts > Motor Vehicle Wheel Systems'),(7032,5380,0,'Vehicles & Parts > Vehicle Parts & Accessories > Motor Vehicle Parts > Motor Vehicle Wheel Systems > Motor Vehicle Rims & Wheels'),(7033,5381,0,'Vehicles & Parts > Vehicle Parts & Accessories > Motor Vehicle Parts > Motor Vehicle Wheel Systems > Motor Vehicle Rims & Wheels > Automotive Rims & Wheels'),(7034,5382,0,'Vehicles & Parts > Vehicle Parts & Accessories > Motor Vehicle Parts > Motor Vehicle Wheel Systems > Motor Vehicle Rims & Wheels > Motorcycle Rims & Wheels'),(7035,5383,0,'Vehicles & Parts > Vehicle Parts & Accessories > Motor Vehicle Parts > Motor Vehicle Wheel Systems > Motor Vehicle Rims & Wheels > Off-Road and All-Terrain Vehicle Rims & Wheels'),(7036,5384,0,'Vehicles & Parts > Vehicle Parts & Accessories > Motor Vehicle Parts > Motor Vehicle Wheel Systems > Motor Vehicle Tire Accessories'),(7037,5385,0,'Vehicles & Parts > Vehicle Parts & Accessories > Motor Vehicle Parts > Motor Vehicle Wheel Systems > Motor Vehicle Tires'),(7038,5386,0,'Vehicles & Parts > Vehicle Parts & Accessories > Motor Vehicle Parts > Motor Vehicle Wheel Systems > Motor Vehicle Tires > Automotive Tires'),(7039,5387,0,'Vehicles & Parts > Vehicle Parts & Accessories > Motor Vehicle Parts > Motor Vehicle Wheel Systems > Motor Vehicle Tires > Motorcycle Tires'),(7040,5388,0,'Vehicles & Parts > Vehicle Parts & Accessories > Motor Vehicle Parts > Motor Vehicle Wheel Systems > Motor Vehicle Tires > Off-Road and All-Terrain Vehicle Tires'),(7041,5389,0,'Vehicles & Parts > Vehicle Parts & Accessories > Motor Vehicle Parts > Motor Vehicle Wheel Systems > Motor Vehicle Wheel Parts'),(7042,5390,0,'Vehicles & Parts > Vehicle Parts & Accessories > Motor Vehicle Parts > Motor Vehicle Window Parts & Accessories'),(7043,5391,0,'Vehicles & Parts > Vehicle Parts & Accessories > Vehicle Maintenance, Care & Decor'),(7044,5392,0,'Vehicles & Parts > Vehicle Parts & Accessories > Vehicle Maintenance, Care & Decor > Portable Fuel Cans'),(7045,5393,0,'Vehicles & Parts > Vehicle Parts & Accessories > Vehicle Maintenance, Care & Decor > Vehicle Cleaning'),(7046,5394,0,'Vehicles & Parts > Vehicle Parts & Accessories > Vehicle Maintenance, Care & Decor > Vehicle Cleaning > Car Wash Brushes'),(7047,5395,0,'Vehicles & Parts > Vehicle Parts & Accessories > Vehicle Maintenance, Care & Decor > Vehicle Cleaning > Car Wash Solutions'),(7048,5396,0,'Vehicles & Parts > Vehicle Parts & Accessories > Vehicle Maintenance, Care & Decor > Vehicle Cleaning > Vehicle Carpet & Upholstery Cleaners'),(7049,5397,0,'Vehicles & Parts > Vehicle Parts & Accessories > Vehicle Maintenance, Care & Decor > Vehicle Cleaning > Vehicle Fuel Injection Cleaning Kits'),(7050,5398,0,'Vehicles & Parts > Vehicle Parts & Accessories > Vehicle Maintenance, Care & Decor > Vehicle Cleaning > Vehicle Glass Cleaners'),(7051,5399,0,'Vehicles & Parts > Vehicle Parts & Accessories > Vehicle Maintenance, Care & Decor > Vehicle Cleaning > Vehicle Waxes, Polishes & Protectants'),(7052,5400,0,'Vehicles & Parts > Vehicle Parts & Accessories > Vehicle Maintenance, Care & Decor > Vehicle Covers'),(7053,5401,0,'Vehicles & Parts > Vehicle Parts & Accessories > Vehicle Maintenance, Care & Decor > Vehicle Covers > Golf Cart Enclosures'),(7054,5402,0,'Vehicles & Parts > Vehicle Parts & Accessories > Vehicle Maintenance, Care & Decor > Vehicle Covers > Motor Vehicle Windshield Covers'),(7055,5403,0,'Vehicles & Parts > Vehicle Parts & Accessories > Vehicle Maintenance, Care & Decor > Vehicle Covers > Tonneau Covers'),(7056,5404,0,'Vehicles & Parts > Vehicle Parts & Accessories > Vehicle Maintenance, Care & Decor > Vehicle Covers > Vehicle Hardtops'),(7057,5405,0,'Vehicles & Parts > Vehicle Parts & Accessories > Vehicle Maintenance, Care & Decor > Vehicle Covers > Vehicle Soft Tops'),(7058,5406,0,'Vehicles & Parts > Vehicle Parts & Accessories > Vehicle Maintenance, Care & Decor > Vehicle Covers > Vehicle Storage Covers'),(7059,5407,0,'Vehicles & Parts > Vehicle Parts & Accessories > Vehicle Maintenance, Care & Decor > Vehicle Covers > Vehicle Storage Covers > Automotive Storage Covers'),(7060,5408,0,'Vehicles & Parts > Vehicle Parts & Accessories > Vehicle Maintenance, Care & Decor > Vehicle Covers > Vehicle Storage Covers > Golf Cart Storage Covers'),(7061,5409,0,'Vehicles & Parts > Vehicle Parts & Accessories > Vehicle Maintenance, Care & Decor > Vehicle Covers > Vehicle Storage Covers > Motorcycle Storage Covers'),(7062,5410,0,'Vehicles & Parts > Vehicle Parts & Accessories > Vehicle Maintenance, Care & Decor > Vehicle Covers > Vehicle Storage Covers > Recreational Vehicle Storage Covers'),(7063,5411,0,'Vehicles & Parts > Vehicle Parts & Accessories > Vehicle Maintenance, Care & Decor > Vehicle Covers > Vehicle Storage Covers > Watercraft Storage Covers'),(7064,5412,0,'Vehicles & Parts > Vehicle Parts & Accessories > Vehicle Maintenance, Care & Decor > Vehicle Decor'),(7065,5413,0,'Vehicles & Parts > Vehicle Parts & Accessories > Vehicle Maintenance, Care & Decor > Vehicle Decor > Bumper Stickers'),(7066,5414,0,'Vehicles & Parts > Vehicle Parts & Accessories > Vehicle Maintenance, Care & Decor > Vehicle Decor > Vehicle Air Fresheners'),(7067,5415,0,'Vehicles & Parts > Vehicle Parts & Accessories > Vehicle Maintenance, Care & Decor > Vehicle Decor > Vehicle Antenna Balls'),(7068,5416,0,'Vehicles & Parts > Vehicle Parts & Accessories > Vehicle Maintenance, Care & Decor > Vehicle Decor > Vehicle Dashboard Accessories'),(7069,5417,0,'Vehicles & Parts > Vehicle Parts & Accessories > Vehicle Maintenance, Care & Decor > Vehicle Decor > Vehicle Decals'),(7070,5418,0,'Vehicles & Parts > Vehicle Parts & Accessories > Vehicle Maintenance, Care & Decor > Vehicle Decor > Vehicle Decor Accessory Sets'),(7071,5419,0,'Vehicles & Parts > Vehicle Parts & Accessories > Vehicle Maintenance, Care & Decor > Vehicle Decor > Vehicle Display Flags'),(7072,5420,0,'Vehicles & Parts > Vehicle Parts & Accessories > Vehicle Maintenance, Care & Decor > Vehicle Decor > Vehicle Emblems & Hood Ornaments'),(7073,5421,0,'Vehicles & Parts > Vehicle Parts & Accessories > Vehicle Maintenance, Care & Decor > Vehicle Decor > Vehicle Hitch Covers'),(7074,5422,0,'Vehicles & Parts > Vehicle Parts & Accessories > Vehicle Maintenance, Care & Decor > Vehicle Decor > Vehicle License Plate Covers'),(7075,5423,0,'Vehicles & Parts > Vehicle Parts & Accessories > Vehicle Maintenance, Care & Decor > Vehicle Decor > Vehicle License Plate Frames'),(7076,5424,0,'Vehicles & Parts > Vehicle Parts & Accessories > Vehicle Maintenance, Care & Decor > Vehicle Decor > Vehicle License Plate Mounts & Holders'),(7077,5425,0,'Vehicles & Parts > Vehicle Parts & Accessories > Vehicle Maintenance, Care & Decor > Vehicle Decor > Vehicle License Plates'),(7078,5426,0,'Vehicles & Parts > Vehicle Parts & Accessories > Vehicle Maintenance, Care & Decor > Vehicle Decor > Vehicle Magnets'),(7079,5427,0,'Vehicles & Parts > Vehicle Parts & Accessories > Vehicle Maintenance, Care & Decor > Vehicle Decor > Vehicle Rear View Mirror Ornaments'),(7080,5428,0,'Vehicles & Parts > Vehicle Parts & Accessories > Vehicle Maintenance, Care & Decor > Vehicle Decor > Vehicle Shift Boots'),(7081,5429,0,'Vehicles & Parts > Vehicle Parts & Accessories > Vehicle Maintenance, Care & Decor > Vehicle Decor > Vehicle Shift Knobs'),(7082,5430,0,'Vehicles & Parts > Vehicle Parts & Accessories > Vehicle Maintenance, Care & Decor > Vehicle Decor > Vehicle Steering Wheel Covers'),(7083,5431,0,'Vehicles & Parts > Vehicle Parts & Accessories > Vehicle Maintenance, Care & Decor > Vehicle Decor > Vehicle Wraps'),(7084,5432,0,'Vehicles & Parts > Vehicle Parts & Accessories > Vehicle Maintenance, Care & Decor > Vehicle Fluids'),(7085,5433,0,'Vehicles & Parts > Vehicle Parts & Accessories > Vehicle Maintenance, Care & Decor > Vehicle Fluids > Vehicle Antifreeze'),(7086,5434,0,'Vehicles & Parts > Vehicle Parts & Accessories > Vehicle Maintenance, Care & Decor > Vehicle Fluids > Vehicle Brake Fluid'),(7087,5435,0,'Vehicles & Parts > Vehicle Parts & Accessories > Vehicle Maintenance, Care & Decor > Vehicle Fluids > Vehicle Cooling System Additives'),(7088,5436,0,'Vehicles & Parts > Vehicle Parts & Accessories > Vehicle Maintenance, Care & Decor > Vehicle Fluids > Vehicle Engine Degreasers'),(7089,5437,0,'Vehicles & Parts > Vehicle Parts & Accessories > Vehicle Maintenance, Care & Decor > Vehicle Fluids > Vehicle Fuel System Cleaners'),(7090,5438,0,'Vehicles & Parts > Vehicle Parts & Accessories > Vehicle Maintenance, Care & Decor > Vehicle Fluids > Vehicle Greases'),(7091,5439,0,'Vehicles & Parts > Vehicle Parts & Accessories > Vehicle Maintenance, Care & Decor > Vehicle Fluids > Vehicle Hydraulic Clutch Fluid'),(7092,5440,0,'Vehicles & Parts > Vehicle Parts & Accessories > Vehicle Maintenance, Care & Decor > Vehicle Fluids > Vehicle Motor Oil'),(7093,5441,0,'Vehicles & Parts > Vehicle Parts & Accessories > Vehicle Maintenance, Care & Decor > Vehicle Fluids > Vehicle Performance Additives'),(7094,5442,0,'Vehicles & Parts > Vehicle Parts & Accessories > Vehicle Maintenance, Care & Decor > Vehicle Fluids > Vehicle Power Steering Fluid'),(7095,5443,0,'Vehicles & Parts > Vehicle Parts & Accessories > Vehicle Maintenance, Care & Decor > Vehicle Fluids > Vehicle Transmission Fluid'),(7096,5444,0,'Vehicles & Parts > Vehicle Parts & Accessories > Vehicle Maintenance, Care & Decor > Vehicle Fluids > Vehicle Windshield Fluid'),(7097,5445,0,'Vehicles & Parts > Vehicle Parts & Accessories > Vehicle Maintenance, Care & Decor > Vehicle Paint'),(7098,5446,0,'Vehicles & Parts > Vehicle Parts & Accessories > Vehicle Maintenance, Care & Decor > Vehicle Paint > Motor Vehicle Body Paint'),(7099,5447,0,'Vehicles & Parts > Vehicle Parts & Accessories > Vehicle Maintenance, Care & Decor > Vehicle Paint > Motor Vehicle Brake Caliper Paint'),(7100,5448,0,'Vehicles & Parts > Vehicle Parts & Accessories > Vehicle Maintenance, Care & Decor > Vehicle Repair & Specialty Tools'),(7101,5449,0,'Vehicles & Parts > Vehicle Parts & Accessories > Vehicle Maintenance, Care & Decor > Vehicle Repair & Specialty Tools > Motor Vehicle Brake Service Kits'),(7102,5450,0,'Vehicles & Parts > Vehicle Parts & Accessories > Vehicle Maintenance, Care & Decor > Vehicle Repair & Specialty Tools > Motor Vehicle Clutch Alignment & Removal Tools'),(7103,5451,0,'Vehicles & Parts > Vehicle Parts & Accessories > Vehicle Maintenance, Care & Decor > Vehicle Repair & Specialty Tools > Vehicle Battery Chargers'),(7104,5452,0,'Vehicles & Parts > Vehicle Parts & Accessories > Vehicle Maintenance, Care & Decor > Vehicle Repair & Specialty Tools > Vehicle Battery Testers'),(7105,5453,0,'Vehicles & Parts > Vehicle Parts & Accessories > Vehicle Maintenance, Care & Decor > Vehicle Repair & Specialty Tools > Vehicle Body Filler'),(7106,5454,0,'Vehicles & Parts > Vehicle Parts & Accessories > Vehicle Maintenance, Care & Decor > Vehicle Repair & Specialty Tools > Vehicle Diagnostic Scanners'),(7107,5455,0,'Vehicles & Parts > Vehicle Parts & Accessories > Vehicle Maintenance, Care & Decor > Vehicle Repair & Specialty Tools > Vehicle Jump Starters'),(7108,5456,0,'Vehicles & Parts > Vehicle Parts & Accessories > Vehicle Maintenance, Care & Decor > Vehicle Repair & Specialty Tools > Vehicle Jumper Cables'),(7109,5457,0,'Vehicles & Parts > Vehicle Parts & Accessories > Vehicle Maintenance, Care & Decor > Vehicle Repair & Specialty Tools > Vehicle Tire Repair & Tire Changing Tools'),(7110,5458,0,'Vehicles & Parts > Vehicle Parts & Accessories > Vehicle Maintenance, Care & Decor > Vehicle Repair & Specialty Tools > Windshield Repair Kits'),(7111,5459,0,'Vehicles & Parts > Vehicle Parts & Accessories > Vehicle Safety & Security'),(7112,5460,0,'Vehicles & Parts > Vehicle Parts & Accessories > Vehicle Safety & Security > Motorcycle Protective Gear'),(7113,5461,0,'Vehicles & Parts > Vehicle Parts & Accessories > Vehicle Safety & Security > Motorcycle Protective Gear > Motorcycle Chest & Back Protectors'),(7114,5462,0,'Vehicles & Parts > Vehicle Parts & Accessories > Vehicle Safety & Security > Motorcycle Protective Gear > Motorcycle Elbow & Wrist Guards'),(7115,5463,0,'Vehicles & Parts > Vehicle Parts & Accessories > Vehicle Safety & Security > Motorcycle Protective Gear > Motorcycle Gloves'),(7116,5464,0,'Vehicles & Parts > Vehicle Parts & Accessories > Vehicle Safety & Security > Motorcycle Protective Gear > Motorcycle Goggles'),(7117,5465,0,'Vehicles & Parts > Vehicle Parts & Accessories > Vehicle Safety & Security > Motorcycle Protective Gear > Motorcycle Hand Guards'),(7118,5466,0,'Vehicles & Parts > Vehicle Parts & Accessories > Vehicle Safety & Security > Motorcycle Protective Gear > Motorcycle Helmet Parts & Accessories'),(7119,5467,0,'Vehicles & Parts > Vehicle Parts & Accessories > Vehicle Safety & Security > Motorcycle Protective Gear > Motorcycle Helmets'),(7120,5468,0,'Vehicles & Parts > Vehicle Parts & Accessories > Vehicle Safety & Security > Motorcycle Protective Gear > Motorcycle Kidney Belts'),(7121,5469,0,'Vehicles & Parts > Vehicle Parts & Accessories > Vehicle Safety & Security > Motorcycle Protective Gear > Motorcycle Knee & Shin Guards'),(7122,5470,0,'Vehicles & Parts > Vehicle Parts & Accessories > Vehicle Safety & Security > Motorcycle Protective Gear > Motorcycle Neck Braces'),(7123,5471,0,'Vehicles & Parts > Vehicle Parts & Accessories > Vehicle Safety & Security > Off-Road & All-Terrain Vehicle Protective Gear'),(7124,5472,0,'Vehicles & Parts > Vehicle Parts & Accessories > Vehicle Safety & Security > Off-Road & All-Terrain Vehicle Protective Gear > ATV & UTV Bar Pads'),(7125,5473,0,'Vehicles & Parts > Vehicle Parts & Accessories > Vehicle Safety & Security > Vehicle Alarms & Locks'),(7126,5474,0,'Vehicles & Parts > Vehicle Parts & Accessories > Vehicle Safety & Security > Vehicle Alarms & Locks > Automotive Alarm Accessories'),(7127,5475,0,'Vehicles & Parts > Vehicle Parts & Accessories > Vehicle Safety & Security > Vehicle Alarms & Locks > Automotive Alarm Systems'),(7128,5476,0,'Vehicles & Parts > Vehicle Parts & Accessories > Vehicle Safety & Security > Vehicle Alarms & Locks > Motorcycle Alarms & Locks'),(7129,5477,0,'Vehicles & Parts > Vehicle Parts & Accessories > Vehicle Safety & Security > Vehicle Alarms & Locks > Vehicle Door Locks & Parts'),(7130,5478,0,'Vehicles & Parts > Vehicle Parts & Accessories > Vehicle Safety & Security > Vehicle Alarms & Locks > Vehicle Door Locks & Parts > Vehicle Door Lock Actuators'),(7131,5479,0,'Vehicles & Parts > Vehicle Parts & Accessories > Vehicle Safety & Security > Vehicle Alarms & Locks > Vehicle Door Locks & Parts > Vehicle Door Lock Knobs'),(7132,5480,0,'Vehicles & Parts > Vehicle Parts & Accessories > Vehicle Safety & Security > Vehicle Alarms & Locks > Vehicle Door Locks & Parts > Vehicle Door Locks & Locking Systems'),(7133,5481,0,'Vehicles & Parts > Vehicle Parts & Accessories > Vehicle Safety & Security > Vehicle Alarms & Locks > Vehicle Hitch Locks'),(7134,5482,0,'Vehicles & Parts > Vehicle Parts & Accessories > Vehicle Safety & Security > Vehicle Alarms & Locks > Vehicle Immobilizers'),(7135,5483,0,'Vehicles & Parts > Vehicle Parts & Accessories > Vehicle Safety & Security > Vehicle Alarms & Locks > Vehicle Remote Keyless Systems'),(7136,5484,0,'Vehicles & Parts > Vehicle Parts & Accessories > Vehicle Safety & Security > Vehicle Alarms & Locks > Vehicle Steering Wheel Locks'),(7137,5485,0,'Vehicles & Parts > Vehicle Parts & Accessories > Vehicle Safety & Security > Vehicle Alarms & Locks > Vehicle Wheel Clamps'),(7138,5486,0,'Vehicles & Parts > Vehicle Parts & Accessories > Vehicle Safety & Security > Vehicle Safety Equipment'),(7139,5487,0,'Vehicles & Parts > Vehicle Parts & Accessories > Vehicle Safety & Security > Vehicle Safety Equipment > Car Window Nets'),(7140,5488,0,'Vehicles & Parts > Vehicle Parts & Accessories > Vehicle Safety & Security > Vehicle Safety Equipment > Emergency Road Flares'),(7141,5489,0,'Vehicles & Parts > Vehicle Parts & Accessories > Vehicle Safety & Security > Vehicle Safety Equipment > Motor Vehicle Airbag Parts'),(7142,5490,0,'Vehicles & Parts > Vehicle Parts & Accessories > Vehicle Safety & Security > Vehicle Safety Equipment > Motor Vehicle Roll Cages & Bars'),(7143,5491,0,'Vehicles & Parts > Vehicle Parts & Accessories > Vehicle Safety & Security > Vehicle Safety Equipment > Vehicle Seat Belt Buckles'),(7144,5492,0,'Vehicles & Parts > Vehicle Parts & Accessories > Vehicle Safety & Security > Vehicle Safety Equipment > Vehicle Seat Belt Covers'),(7145,5493,0,'Vehicles & Parts > Vehicle Parts & Accessories > Vehicle Safety & Security > Vehicle Safety Equipment > Vehicle Seat Belt Straps'),(7146,5494,0,'Vehicles & Parts > Vehicle Parts & Accessories > Vehicle Safety & Security > Vehicle Safety Equipment > Vehicle Seat Belts'),(7147,5495,0,'Vehicles & Parts > Vehicle Parts & Accessories > Vehicle Safety & Security > Vehicle Safety Equipment > Vehicle Warning Whips'),(7148,5496,0,'Vehicles & Parts > Vehicle Parts & Accessories > Vehicle Safety & Security > Vehicle Safety Equipment > Vehicle Wheel Chocks'),(7149,5497,0,'Vehicles & Parts > Vehicle Parts & Accessories > Vehicle Storage & Cargo'),(7150,5498,0,'Vehicles & Parts > Vehicle Parts & Accessories > Vehicle Storage & Cargo > Motor Vehicle Cargo Nets'),(7151,5499,0,'Vehicles & Parts > Vehicle Parts & Accessories > Vehicle Storage & Cargo > Motor Vehicle Carrying Rack Accessories'),(7152,5500,0,'Vehicles & Parts > Vehicle Parts & Accessories > Vehicle Storage & Cargo > Motor Vehicle Carrying Rack Accessories > Vehicle Bicycle Rack Accessories'),(7153,5501,0,'Vehicles & Parts > Vehicle Parts & Accessories > Vehicle Storage & Cargo > Motor Vehicle Carrying Rack Accessories > Vehicle Ski & Snowboard Rack Accessories'),(7154,5502,0,'Vehicles & Parts > Vehicle Parts & Accessories > Vehicle Storage & Cargo > Motor Vehicle Carrying Racks'),(7155,5503,0,'Vehicles & Parts > Vehicle Parts & Accessories > Vehicle Storage & Cargo > Motor Vehicle Carrying Racks > Vehicle Base Rack Systems'),(7156,5504,0,'Vehicles & Parts > Vehicle Parts & Accessories > Vehicle Storage & Cargo > Motor Vehicle Carrying Racks > Vehicle Bicycle Racks'),(7157,5505,0,'Vehicles & Parts > Vehicle Parts & Accessories > Vehicle Storage & Cargo > Motor Vehicle Carrying Racks > Vehicle Boat Racks'),(7158,5506,0,'Vehicles & Parts > Vehicle Parts & Accessories > Vehicle Storage & Cargo > Motor Vehicle Carrying Racks > Vehicle Cargo Racks'),(7159,5507,0,'Vehicles & Parts > Vehicle Parts & Accessories > Vehicle Storage & Cargo > Motor Vehicle Carrying Racks > Vehicle Fishing Rod Racks'),(7160,5508,0,'Vehicles & Parts > Vehicle Parts & Accessories > Vehicle Storage & Cargo > Motor Vehicle Carrying Racks > Vehicle Gun Racks'),(7161,5509,0,'Vehicles & Parts > Vehicle Parts & Accessories > Vehicle Storage & Cargo > Motor Vehicle Carrying Racks > Vehicle Motorcycle & Scooter Racks'),(7162,5510,0,'Vehicles & Parts > Vehicle Parts & Accessories > Vehicle Storage & Cargo > Motor Vehicle Carrying Racks > Vehicle Ski & Snowboard Racks'),(7163,5511,0,'Vehicles & Parts > Vehicle Parts & Accessories > Vehicle Storage & Cargo > Motor Vehicle Carrying Racks > Vehicle Water Sport Board Racks'),(7164,5512,0,'Vehicles & Parts > Vehicle Parts & Accessories > Vehicle Storage & Cargo > Motor Vehicle Loading Ramps'),(7165,5513,0,'Vehicles & Parts > Vehicle Parts & Accessories > Vehicle Storage & Cargo > Motor Vehicle Trailers'),(7166,5514,0,'Vehicles & Parts > Vehicle Parts & Accessories > Vehicle Storage & Cargo > Motor Vehicle Trailers > Boat Trailers'),(7167,5515,0,'Vehicles & Parts > Vehicle Parts & Accessories > Vehicle Storage & Cargo > Motor Vehicle Trailers > Horse & Livestock Trailers'),(7168,5516,0,'Vehicles & Parts > Vehicle Parts & Accessories > Vehicle Storage & Cargo > Motor Vehicle Trailers > Travel Trailers'),(7169,5517,0,'Vehicles & Parts > Vehicle Parts & Accessories > Vehicle Storage & Cargo > Motor Vehicle Trailers > Utility & Cargo Trailers'),(7170,5518,0,'Vehicles & Parts > Vehicle Parts & Accessories > Vehicle Storage & Cargo > Motorcycle Bags & Panniers'),(7171,5519,0,'Vehicles & Parts > Vehicle Parts & Accessories > Vehicle Storage & Cargo > Truck Bed Storage Boxes & Organizers'),(7172,5520,0,'Vehicles & Parts > Vehicle Parts & Accessories > Vehicle Storage & Cargo > Vehicle Headrest Hangers & Hooks'),(7173,5521,0,'Vehicles & Parts > Vehicle Parts & Accessories > Vehicle Storage & Cargo > Vehicle Organizers'),(7174,5522,0,'Vehicles & Parts > Vehicle Parts & Accessories > Watercraft Parts & Accessories'),(7175,5523,0,'Vehicles & Parts > Vehicle Parts & Accessories > Watercraft Parts & Accessories > Docking & Anchoring'),(7176,5524,0,'Vehicles & Parts > Vehicle Parts & Accessories > Watercraft Parts & Accessories > Docking & Anchoring > Anchor Chains'),(7177,5525,0,'Vehicles & Parts > Vehicle Parts & Accessories > Watercraft Parts & Accessories > Docking & Anchoring > Anchor Lines & Ropes'),(7178,5526,0,'Vehicles & Parts > Vehicle Parts & Accessories > Watercraft Parts & Accessories > Docking & Anchoring > Anchor Windlasses'),(7179,5527,0,'Vehicles & Parts > Vehicle Parts & Accessories > Watercraft Parts & Accessories > Docking & Anchoring > Anchors'),(7180,5528,0,'Vehicles & Parts > Vehicle Parts & Accessories > Watercraft Parts & Accessories > Docking & Anchoring > Boat Hooks'),(7181,5529,0,'Vehicles & Parts > Vehicle Parts & Accessories > Watercraft Parts & Accessories > Docking & Anchoring > Boat Ladders'),(7182,5530,0,'Vehicles & Parts > Vehicle Parts & Accessories > Watercraft Parts & Accessories > Docking & Anchoring > Dock Cleats'),(7183,5531,0,'Vehicles & Parts > Vehicle Parts & Accessories > Watercraft Parts & Accessories > Docking & Anchoring > Dock Steps'),(7184,5532,0,'Vehicles & Parts > Vehicle Parts & Accessories > Watercraft Parts & Accessories > Sailboat Parts'),(7185,5533,0,'Vehicles & Parts > Vehicle Parts & Accessories > Watercraft Parts & Accessories > Watercraft Care'),(7186,5534,0,'Vehicles & Parts > Vehicle Parts & Accessories > Watercraft Parts & Accessories > Watercraft Care > Watercraft Cleaners'),(7187,5535,0,'Vehicles & Parts > Vehicle Parts & Accessories > Watercraft Parts & Accessories > Watercraft Care > Watercraft Polishes'),(7188,5536,0,'Vehicles & Parts > Vehicle Parts & Accessories > Watercraft Parts & Accessories > Watercraft Engine Parts'),(7189,5537,0,'Vehicles & Parts > Vehicle Parts & Accessories > Watercraft Parts & Accessories > Watercraft Engine Parts > Watercraft Alternators'),(7190,5538,0,'Vehicles & Parts > Vehicle Parts & Accessories > Watercraft Parts & Accessories > Watercraft Engine Parts > Watercraft Carburetors & Parts'),(7191,5539,0,'Vehicles & Parts > Vehicle Parts & Accessories > Watercraft Parts & Accessories > Watercraft Engine Parts > Watercraft Engine Controls'),(7192,5540,0,'Vehicles & Parts > Vehicle Parts & Accessories > Watercraft Parts & Accessories > Watercraft Engine Parts > Watercraft Ignition Parts'),(7193,5541,0,'Vehicles & Parts > Vehicle Parts & Accessories > Watercraft Parts & Accessories > Watercraft Engine Parts > Watercraft Impellers'),(7194,5542,0,'Vehicles & Parts > Vehicle Parts & Accessories > Watercraft Parts & Accessories > Watercraft Engine Parts > Watercraft Motor Locks'),(7195,5543,0,'Vehicles & Parts > Vehicle Parts & Accessories > Watercraft Parts & Accessories > Watercraft Engine Parts > Watercraft Motor Mounts'),(7196,5544,0,'Vehicles & Parts > Vehicle Parts & Accessories > Watercraft Parts & Accessories > Watercraft Engine Parts > Watercraft Pistons & Parts'),(7197,5545,0,'Vehicles & Parts > Vehicle Parts & Accessories > Watercraft Parts & Accessories > Watercraft Engine Parts > Watercraft Propellers'),(7198,5546,0,'Vehicles & Parts > Vehicle Parts & Accessories > Watercraft Parts & Accessories > Watercraft Engines & Motors'),(7199,5547,0,'Vehicles & Parts > Vehicle Parts & Accessories > Watercraft Parts & Accessories > Watercraft Exhaust Parts'),(7200,5548,0,'Vehicles & Parts > Vehicle Parts & Accessories > Watercraft Parts & Accessories > Watercraft Exhaust Parts > Watercraft Manifolds'),(7201,5549,0,'Vehicles & Parts > Vehicle Parts & Accessories > Watercraft Parts & Accessories > Watercraft Exhaust Parts > Watercraft Mufflers & Parts'),(7202,5550,0,'Vehicles & Parts > Vehicle Parts & Accessories > Watercraft Parts & Accessories > Watercraft Fuel Systems'),(7203,5551,0,'Vehicles & Parts > Vehicle Parts & Accessories > Watercraft Parts & Accessories > Watercraft Fuel Systems > Watercraft Fuel Lines & Parts'),(7204,5552,0,'Vehicles & Parts > Vehicle Parts & Accessories > Watercraft Parts & Accessories > Watercraft Fuel Systems > Watercraft Fuel Meters'),(7205,5553,0,'Vehicles & Parts > Vehicle Parts & Accessories > Watercraft Parts & Accessories > Watercraft Fuel Systems > Watercraft Fuel Pumps & Parts'),(7206,5554,0,'Vehicles & Parts > Vehicle Parts & Accessories > Watercraft Parts & Accessories > Watercraft Fuel Systems > Watercraft Fuel Tanks & Parts'),(7207,5555,0,'Vehicles & Parts > Vehicle Parts & Accessories > Watercraft Parts & Accessories > Watercraft Lighting'),(7208,5556,0,'Vehicles & Parts > Vehicle Parts & Accessories > Watercraft Parts & Accessories > Watercraft Steering Parts'),(7209,5557,0,'Vehicles & Parts > Vehicle Parts & Accessories > Watercraft Parts & Accessories > Watercraft Steering Parts > Watercraft Steering Cables'),(7210,5558,0,'Vehicles & Parts > Vehicle Parts & Accessories > Watercraft Parts & Accessories > Watercraft Steering Parts > Watercraft Steering Wheels'),(7211,5559,0,'Vehicles & Parts > Vehicles'),(7212,5560,0,'Vehicles & Parts > Vehicles > Aircraft'),(7213,5561,0,'Vehicles & Parts > Vehicles > Motor Vehicles'),(7214,5562,0,'Vehicles & Parts > Vehicles > Motor Vehicles > Cars, Trucks & Vans'),(7215,5563,0,'Vehicles & Parts > Vehicles > Motor Vehicles > Golf Carts'),(7216,5564,0,'Vehicles & Parts > Vehicles > Motor Vehicles > Motorcycles & Scooters'),(7217,5565,0,'Vehicles & Parts > Vehicles > Motor Vehicles > Off-Road and All-Terrain Vehicles'),(7218,5566,0,'Vehicles & Parts > Vehicles > Motor Vehicles > Off-Road and All-Terrain Vehicles > ATVs & UTVs'),(7219,5567,0,'Vehicles & Parts > Vehicles > Motor Vehicles > Off-Road and All-Terrain Vehicles > Go Karts & Dune Buggies'),(7220,5568,0,'Vehicles & Parts > Vehicles > Motor Vehicles > Recreational Vehicles'),(7221,5569,0,'Vehicles & Parts > Vehicles > Motor Vehicles > Snowmobiles'),(7222,5570,0,'Vehicles & Parts > Vehicles > Watercraft'),(7223,5571,0,'Vehicles & Parts > Vehicles > Watercraft > Motor Boats'),(7224,5572,0,'Vehicles & Parts > Vehicles > Watercraft > Personal Watercraft'),(7225,5573,0,'Vehicles & Parts > Vehicles > Watercraft > Sailboats'),(7226,5574,0,'Vehicles & Parts > Vehicles > Watercraft > Yachts'),(7227,5575,1,'0'),(7228,5575,0,'0'),(7229,5575,2,'0'),(7230,5575,3,'0'),(7231,5575,4,'0'),(7232,5575,5,'0'),(7233,5575,6,'0'),(7234,5575,7,'0'),(7235,5575,8,'0'),(7236,95,1,'1'),(7237,95,0,'1'),(7238,95,2,'1'),(7239,95,3,'1'),(7240,95,4,'1'),(7241,95,5,'1'),(7242,95,6,'1'),(7243,95,7,'1'),(7244,95,8,'1'),(7245,96,1,'2'),(7246,96,0,'2'),(7247,96,2,'2'),(7248,96,3,'2'),(7249,96,4,'2'),(7250,96,5,'2'),(7251,96,6,'2'),(7252,96,7,'2'),(7253,96,8,'2'),(7254,97,1,'3'),(7255,97,0,'3'),(7256,97,2,'3'),(7257,97,3,'3'),(7258,97,4,'3'),(7259,97,5,'3'),(7260,97,6,'3'),(7261,97,7,'3'),(7262,97,8,'3'),(7263,98,1,'4'),(7264,98,0,'4'),(7265,98,2,'4'),(7266,98,3,'4'),(7267,98,4,'4'),(7268,98,5,'4'),(7269,98,6,'4'),(7270,98,7,'4'),(7271,98,8,'4'),(7272,99,1,'5'),(7273,99,0,'5'),(7274,99,2,'5'),(7275,99,3,'5'),(7276,99,4,'5'),(7277,99,5,'5'),(7278,99,6,'5'),(7279,99,7,'5'),(7280,99,8,'5'),(7281,100,1,'6'),(7282,100,0,'6'),(7283,100,2,'6'),(7284,100,3,'6'),(7285,100,4,'6'),(7286,100,5,'6'),(7287,100,6,'6'),(7288,100,7,'6'),(7289,100,8,'6'),(7290,101,1,'7'),(7291,101,0,'7'),(7292,101,2,'7'),(7293,101,3,'7'),(7294,101,4,'7'),(7295,101,5,'7'),(7296,101,6,'7'),(7297,101,7,'7'),(7298,101,8,'7'),(7299,102,1,'8'),(7300,102,0,'8'),(7301,102,2,'8'),(7302,102,3,'8'),(7303,102,4,'8'),(7304,102,5,'8'),(7305,102,6,'8'),(7306,102,7,'8'),(7307,102,8,'8'),(7308,103,1,'9'),(7309,103,0,'9'),(7310,103,2,'9'),(7311,103,3,'9'),(7312,103,4,'9'),(7313,103,5,'9'),(7314,103,6,'9'),(7315,103,7,'9'),(7316,103,8,'9'),(7317,104,1,'10'),(7318,104,0,'10'),(7319,104,2,'10'),(7320,104,3,'10'),(7321,104,4,'10'),(7322,104,5,'10'),(7323,104,6,'10'),(7324,104,7,'10'),(7325,104,8,'10'),(7326,129,1,'11'),(7327,129,0,'11'),(7328,129,2,'11'),(7329,129,3,'11'),(7330,129,4,'11'),(7331,129,5,'11'),(7332,129,6,'11'),(7333,129,7,'11'),(7334,129,8,'11'),(7335,130,1,'12'),(7336,130,0,'12'),(7337,130,2,'12'),(7338,130,3,'12'),(7339,130,4,'12'),(7340,130,5,'12'),(7341,130,6,'12'),(7342,130,7,'12'),(7343,130,8,'12'),(7344,131,1,'13'),(7345,131,0,'13'),(7346,132,1,'14'),(7347,132,0,'14'),(7348,133,1,'15'),(7349,133,0,'15'),(7350,134,1,'16'),(7351,134,0,'16'),(7352,135,1,'17'),(7353,135,0,'17'),(7354,136,1,'18'),(7355,136,0,'18'),(7356,137,1,'19'),(7357,137,0,'19'),(7358,138,1,'20'),(7359,138,0,'20'),(7360,139,1,'21'),(7361,139,0,'21'),(7362,140,1,'22'),(7363,140,0,'22'),(7364,141,1,'23'),(7365,141,0,'23'),(7366,142,1,'24'),(7367,142,0,'24'),(7368,143,1,'25'),(7369,143,0,'25'),(7370,144,1,'26'),(7371,144,0,'26'),(7372,145,1,'27'),(7373,145,0,'27'),(7374,146,1,'28'),(7375,146,0,'28'),(7376,147,1,'29'),(7377,147,0,'29');

--
-- Table structure for table `eav_attribute_set`
--

CREATE TABLE `eav_attribute_set` (
  `attribute_set_id` smallint unsigned NOT NULL AUTO_INCREMENT COMMENT 'Attribute Set ID',
  `entity_type_id` smallint unsigned NOT NULL DEFAULT '0' COMMENT 'Entity Type ID',
  `attribute_set_name` varchar(255) DEFAULT NULL COMMENT 'Attribute Set Name',
  `sort_order` smallint NOT NULL DEFAULT '0' COMMENT 'Sort Order',
  PRIMARY KEY (`attribute_set_id`),
  UNIQUE KEY `EAV_ATTRIBUTE_SET_ENTITY_TYPE_ID_ATTRIBUTE_SET_NAME` (`entity_type_id`,`attribute_set_name`),
  KEY `EAV_ATTRIBUTE_SET_ENTITY_TYPE_ID_SORT_ORDER` (`entity_type_id`,`sort_order`),
  CONSTRAINT `EAV_ATTRIBUTE_SET_ENTITY_TYPE_ID_EAV_ENTITY_TYPE_ENTITY_TYPE_ID` FOREIGN KEY (`entity_type_id`) REFERENCES `eav_entity_type` (`entity_type_id`) ON DELETE CASCADE
) ENGINE=InnoDB AUTO_INCREMENT=12 DEFAULT CHARSET=utf8mb3 COMMENT='Eav Attribute Set';

--
-- Dumping data for table `eav_attribute_set`
--

INSERT INTO `eav_attribute_set` VALUES (1,1,'Default',2),(2,2,'Default',2),(3,3,'Default',1),(4,4,'Default',1),(5,5,'Default',1),(6,6,'Default',1),(7,7,'Default',1),(8,8,'Default',1),(9,4,'Base Tour',0),(10,4,'Itinerary Days',0),(11,4,'Hotels',0);

--
-- Table structure for table `eav_entity`
--

CREATE TABLE `eav_entity` (
  `entity_id` int unsigned NOT NULL AUTO_INCREMENT COMMENT 'Entity ID',
  `entity_type_id` smallint unsigned NOT NULL DEFAULT '0' COMMENT 'Entity Type ID',
  `attribute_set_id` smallint unsigned NOT NULL DEFAULT '0' COMMENT 'Attribute Set ID',
  `increment_id` varchar(50) DEFAULT NULL COMMENT 'Increment ID',
  `parent_id` int unsigned NOT NULL DEFAULT '0' COMMENT 'Parent ID',
  `store_id` smallint unsigned NOT NULL DEFAULT '0' COMMENT 'Store ID',
  `created_at` timestamp NOT NULL DEFAULT CURRENT_TIMESTAMP COMMENT 'Created At',
  `updated_at` timestamp NOT NULL DEFAULT CURRENT_TIMESTAMP ON UPDATE CURRENT_TIMESTAMP COMMENT 'Updated At',
  `is_active` smallint unsigned NOT NULL DEFAULT '1' COMMENT 'Defines Is Entity Active',
  PRIMARY KEY (`entity_id`),
  KEY `EAV_ENTITY_ENTITY_TYPE_ID` (`entity_type_id`),
  KEY `EAV_ENTITY_STORE_ID` (`store_id`),
  CONSTRAINT `EAV_ENTITY_ENTITY_TYPE_ID_EAV_ENTITY_TYPE_ENTITY_TYPE_ID` FOREIGN KEY (`entity_type_id`) REFERENCES `eav_entity_type` (`entity_type_id`) ON DELETE CASCADE,
  CONSTRAINT `EAV_ENTITY_STORE_ID_STORE_STORE_ID` FOREIGN KEY (`store_id`) REFERENCES `store` (`store_id`) ON DELETE CASCADE
) ENGINE=InnoDB DEFAULT CHARSET=utf8mb3 COMMENT='Eav Entity';

--
-- Dumping data for table `eav_entity`
--


--
-- Table structure for table `eav_entity_attribute`
--

CREATE TABLE `eav_entity_attribute` (
  `entity_attribute_id` int unsigned NOT NULL AUTO_INCREMENT COMMENT 'Entity Attribute ID',
  `entity_type_id` smallint unsigned NOT NULL DEFAULT '0' COMMENT 'Entity Type ID',
  `attribute_set_id` smallint unsigned NOT NULL DEFAULT '0' COMMENT 'Attribute Set ID',
  `attribute_group_id` smallint unsigned NOT NULL DEFAULT '0' COMMENT 'Attribute Group ID',
  `attribute_id` smallint unsigned NOT NULL DEFAULT '0' COMMENT 'Attribute ID',
  `sort_order` smallint NOT NULL DEFAULT '0' COMMENT 'Sort Order',
  PRIMARY KEY (`entity_attribute_id`),
  UNIQUE KEY `EAV_ENTITY_ATTRIBUTE_ATTRIBUTE_SET_ID_ATTRIBUTE_ID` (`attribute_set_id`,`attribute_id`),
  UNIQUE KEY `EAV_ENTITY_ATTRIBUTE_ATTRIBUTE_GROUP_ID_ATTRIBUTE_ID` (`attribute_group_id`,`attribute_id`),
  KEY `EAV_ENTITY_ATTRIBUTE_ATTRIBUTE_SET_ID_SORT_ORDER` (`attribute_set_id`,`sort_order`),
  KEY `EAV_ENTITY_ATTRIBUTE_ATTRIBUTE_ID` (`attribute_id`),
  CONSTRAINT `EAV_ENTITY_ATTRIBUTE_ATTRIBUTE_ID_EAV_ATTRIBUTE_ATTRIBUTE_ID` FOREIGN KEY (`attribute_id`) REFERENCES `eav_attribute` (`attribute_id`) ON DELETE CASCADE,
  CONSTRAINT `EAV_ENTT_ATTR_ATTR_GROUP_ID_EAV_ATTR_GROUP_ATTR_GROUP_ID` FOREIGN KEY (`attribute_group_id`) REFERENCES `eav_attribute_group` (`attribute_group_id`) ON DELETE CASCADE
) ENGINE=InnoDB AUTO_INCREMENT=1838 DEFAULT CHARSET=utf8mb3 COMMENT='Eav Entity Attributes';

--
-- Dumping data for table `eav_entity_attribute`
--

INSERT INTO `eav_entity_attribute` VALUES (1,1,1,1,1,10),(2,1,1,1,2,20),(3,1,1,1,3,20),(4,1,1,1,4,30),(5,1,1,1,5,40),(6,1,1,1,6,50),(7,1,1,1,7,60),(8,1,1,1,8,70),(9,1,1,1,9,80),(10,1,1,1,10,25),(11,1,1,1,11,90),(12,1,1,1,12,81),(13,1,1,1,13,115),(14,1,1,1,14,120),(15,1,1,1,15,82),(16,1,1,1,16,83),(17,1,1,1,17,100),(18,1,1,1,18,0),(19,1,1,1,19,0),(20,1,1,1,20,110),(21,1,1,1,21,28),(22,2,2,2,22,10),(23,2,2,2,23,20),(24,2,2,2,24,30),(25,2,2,2,25,40),(26,2,2,2,26,50),(27,2,2,2,27,60),(28,2,2,2,28,70),(29,2,2,2,29,80),(30,2,2,2,30,90),(31,2,2,2,31,100),(32,2,2,2,32,100),(33,2,2,2,33,110),(34,2,2,2,34,120),(35,2,2,2,35,130),(36,2,2,2,36,140),(37,2,2,2,37,132),(38,2,2,2,38,133),(39,2,2,2,39,134),(40,2,2,2,40,135),(41,1,1,1,41,87),(42,1,1,1,42,100),(43,1,1,1,43,110),(44,1,1,1,44,120),(45,3,3,4,45,1),(46,3,3,4,46,2),(47,3,3,4,47,4),(48,3,3,4,48,5),(49,3,3,4,49,6),(50,3,3,4,50,7),(51,3,3,4,51,8),(52,3,3,5,52,10),(53,3,3,5,53,20),(54,3,3,5,54,30),(55,3,3,4,55,12),(56,3,3,4,56,13),(57,3,3,4,57,14),(58,3,3,4,58,15),(59,3,3,4,59,16),(60,3,3,6,60,10),(61,3,3,6,61,30),(62,3,3,6,62,40),(63,3,3,6,63,50),(64,3,3,6,64,60),(65,3,3,4,65,24),(66,3,3,4,66,25),(67,3,3,5,67,40),(68,3,3,5,68,50),(69,3,3,4,69,10),(70,3,3,6,70,5),(71,3,3,6,71,6),(72,3,3,5,72,51),(73,4,4,7,73,10),(74,4,4,7,74,20),(75,4,4,13,75,90),(76,4,4,13,76,100),(77,4,4,7,77,30),(78,4,4,8,78,3),(79,4,4,8,79,4),(80,4,4,8,80,5),(81,4,4,8,81,6),(82,4,4,7,82,70),(83,4,4,9,84,20),(84,4,4,9,85,30),(85,4,4,9,86,40),(86,4,4,10,87,1),(87,4,4,10,88,2),(88,4,4,10,89,3),(89,4,4,10,90,4),(90,4,4,7,91,6),(91,4,4,8,92,7),(92,4,4,7,94,90),(93,4,4,7,95,100),(94,4,4,10,96,5),(95,4,4,7,97,5),(96,4,4,8,98,8),(97,4,4,7,99,80),(98,4,4,14,100,40),(99,4,4,14,101,20),(100,4,4,14,102,30),(101,4,4,11,103,10),(102,4,4,11,104,5),(103,4,4,7,105,80),(104,4,4,11,106,6),(105,4,4,7,107,14),(106,4,4,7,108,15),(107,4,4,7,109,16),(108,4,4,7,110,17),(109,4,4,7,111,18),(110,4,4,7,112,19),(111,4,4,7,113,20),(112,4,4,7,114,110),(113,4,4,7,115,60),(114,4,4,14,116,50),(115,4,4,7,117,31),(116,4,4,7,118,21),(117,4,4,7,119,71),(118,4,4,8,120,9),(119,4,4,15,121,1),(120,4,4,8,122,10),(121,4,4,8,123,11),(122,3,3,4,124,3),(123,3,3,4,125,17),(124,4,4,9,126,10),(125,4,4,7,127,11),(126,4,4,7,128,111),(127,4,4,7,129,112),(128,4,4,7,130,113),(129,4,4,7,131,114),(130,4,4,20,132,10),(131,4,4,10,133,3),(132,4,4,7,134,40),(133,4,4,7,135,65),(134,4,4,7,136,66),(135,4,4,7,137,67),(136,4,4,7,138,115),(137,4,4,7,139,102),(138,3,3,21,140,10),(139,3,3,21,141,20),(140,3,3,21,142,30),(141,3,3,21,143,40),(142,3,3,21,144,50),(143,3,3,21,145,60),(144,3,3,21,146,70),(145,3,3,21,147,80),(146,3,3,21,148,90),(147,3,3,21,149,100),(148,3,3,21,150,110),(149,3,3,21,151,120),(150,3,3,21,152,130),(151,3,3,21,153,140),(152,3,3,22,154,10),(153,3,3,22,155,20),(154,3,3,22,156,30),(155,3,3,22,157,40),(156,3,3,22,158,50),(157,4,4,7,159,200),(158,4,4,7,160,201),(159,4,4,7,161,202),(160,4,4,7,162,203),(174,4,9,27,98,8),(192,4,9,32,91,6),(194,4,9,32,127,11),(195,4,9,32,107,14),(196,4,9,32,108,15),(197,4,9,32,109,16),(198,4,9,32,110,17),(199,4,9,32,111,18),(200,4,9,32,112,19),(202,4,9,32,113,20),(219,4,9,32,128,111),(220,4,9,32,129,112),(221,4,9,32,130,113),(222,4,9,32,131,114),(503,4,10,38,98,8),(521,4,10,43,91,6),(523,4,10,43,127,11),(524,4,10,43,107,14),(525,4,10,43,108,15),(526,4,10,43,109,16),(527,4,10,43,110,17),(528,4,10,43,111,18),(529,4,10,43,112,19),(531,4,10,43,113,20),(548,4,10,43,128,111),(549,4,10,43,129,112),(550,4,10,43,130,113),(551,4,10,43,131,114),(632,4,11,48,98,8),(652,4,11,53,91,6),(659,4,11,53,127,11),(660,4,11,53,107,14),(661,4,11,53,108,15),(662,4,11,53,109,16),(663,4,11,53,110,17),(664,4,11,53,111,18),(665,4,11,53,112,19),(666,4,11,53,113,20),(667,4,11,53,128,111),(668,4,11,53,129,112),(669,4,11,53,130,113),(670,4,11,53,131,114),(711,1,1,1,173,211),(713,1,1,1,174,213),(915,4,10,43,73,2),(916,4,10,43,74,3),(917,4,10,43,77,4),(918,4,10,43,82,8),(919,4,10,43,97,1),(920,4,10,43,99,10),(921,4,10,43,105,9),(922,4,10,43,115,7),(923,4,10,43,117,5),(924,4,10,43,134,6),(925,4,10,43,172,12),(926,4,10,43,177,11),(927,4,10,42,75,1),(928,4,10,42,76,2),(929,4,10,40,87,1),(930,4,10,40,88,2),(931,4,10,40,89,3),(932,4,10,40,90,5),(933,4,10,40,96,6),(934,4,10,40,133,4),(935,4,10,41,121,1),(936,4,10,39,84,2),(937,4,10,39,85,3),(938,4,10,39,86,4),(939,4,10,39,126,1),(940,4,10,38,78,1),(941,4,10,38,79,2),(942,4,10,38,80,3),(943,4,10,38,81,4),(944,4,10,38,92,5),(945,4,10,38,120,6),(946,4,10,38,122,7),(947,4,10,38,123,8),(948,4,10,37,103,3),(949,4,10,37,104,1),(950,4,10,37,106,2),(951,4,10,36,100,3),(952,4,10,36,101,1),(953,4,10,36,102,2),(954,4,10,36,116,4),(955,4,10,34,132,1),(956,4,11,53,73,2),(957,4,11,53,74,3),(958,4,11,53,77,4),(959,4,11,53,82,8),(960,4,11,53,97,1),(961,4,11,53,99,10),(962,4,11,53,105,9),(963,4,11,53,115,7),(964,4,11,53,117,5),(965,4,11,53,134,6),(966,4,11,53,175,11),(967,4,11,53,178,12),(968,4,11,52,75,1),(969,4,11,52,76,2),(970,4,11,51,87,1),(971,4,11,51,88,2),(972,4,11,51,89,3),(973,4,11,51,90,5),(974,4,11,51,96,6),(975,4,11,51,133,4),(976,4,11,50,121,1),(977,4,11,49,84,2),(978,4,11,49,85,3),(979,4,11,49,86,4),(980,4,11,49,126,1),(981,4,11,48,78,1),(982,4,11,48,79,2),(983,4,11,48,80,3),(984,4,11,48,81,4),(985,4,11,48,92,5),(986,4,11,48,120,6),(987,4,11,48,122,7),(988,4,11,48,123,8),(989,4,11,47,103,3),(990,4,11,47,104,1),(991,4,11,47,106,2),(992,4,11,46,100,3),(993,4,11,46,101,1),(994,4,11,46,102,2),(995,4,11,46,116,4),(996,4,11,44,132,1),(1286,3,3,4,183,100),(1514,1,1,1,186,214),(1756,4,9,32,73,2),(1757,4,9,32,74,3),(1758,4,9,32,77,5),(1759,4,9,32,82,11),(1760,4,9,32,97,1),(1761,4,9,32,99,14),(1762,4,9,32,105,13),(1763,4,9,32,115,8),(1764,4,9,32,117,6),(1765,4,9,32,118,4),(1766,4,9,32,119,12),(1767,4,9,32,134,7),(1768,4,9,32,138,15),(1769,4,9,32,139,9),(1770,4,9,32,160,16),(1771,4,9,32,185,10),(1772,4,9,54,187,1),(1773,4,9,54,188,2),(1774,4,9,54,189,3),(1775,4,9,54,190,4),(1776,4,9,33,163,1),(1777,4,9,33,164,2),(1778,4,9,33,165,3),(1779,4,9,33,167,5),(1780,4,9,33,168,6),(1781,4,9,33,169,7),(1782,4,9,33,170,8),(1783,4,9,33,182,4),(1784,4,9,31,75,1),(1785,4,9,31,76,2),(1786,4,9,30,121,1),(1787,4,9,29,87,1),(1788,4,9,29,88,2),(1789,4,9,29,89,3),(1790,4,9,29,90,5),(1791,4,9,29,96,6),(1792,4,9,29,133,4),(1793,4,9,28,84,2),(1794,4,9,28,85,3),(1795,4,9,28,86,4),(1796,4,9,28,126,1),(1797,4,9,27,78,1),(1798,4,9,27,79,2),(1799,4,9,27,80,3),(1800,4,9,27,81,4),(1801,4,9,27,92,5),(1802,4,9,27,120,6),(1803,4,9,27,122,7),(1804,4,9,27,123,8),(1805,4,9,26,103,3),(1806,4,9,26,104,1),(1807,4,9,26,106,2),(1808,4,9,25,100,3),(1809,4,9,25,101,1),(1810,4,9,25,102,2),(1811,4,9,25,116,4),(1812,4,9,23,132,1),(1813,4,4,11,191,51),(1814,4,9,26,191,51),(1815,4,10,37,191,51),(1816,4,11,47,191,51),(1817,3,3,6,192,51),(1818,4,4,7,193,204),(1819,4,9,32,193,115),(1820,4,10,43,193,115),(1821,4,11,53,193,115),(1822,4,4,7,194,70),(1823,4,9,32,194,70),(1824,4,10,43,194,70),(1825,4,11,53,194,70),(1826,4,4,7,195,71),(1827,4,9,32,195,71),(1828,4,10,43,195,71),(1829,4,11,53,195,71),(1830,4,4,7,196,100),(1831,4,9,32,196,100),(1832,4,10,43,196,100),(1833,4,11,53,196,100),(1834,4,4,7,197,101),(1835,4,9,32,197,101),(1836,4,10,43,197,101),(1837,4,11,53,197,101);

--
-- Table structure for table `eav_entity_datetime`
--

CREATE TABLE `eav_entity_datetime` (
  `value_id` int NOT NULL AUTO_INCREMENT COMMENT 'Value ID',
  `entity_type_id` smallint unsigned NOT NULL DEFAULT '0' COMMENT 'Entity Type ID',
  `attribute_id` smallint unsigned NOT NULL DEFAULT '0' COMMENT 'Attribute ID',
  `store_id` smallint unsigned NOT NULL DEFAULT '0' COMMENT 'Store ID',
  `entity_id` int unsigned NOT NULL DEFAULT '0' COMMENT 'Entity ID',
  `value` datetime DEFAULT NULL COMMENT 'Attribute Value',
  PRIMARY KEY (`value_id`),
  UNIQUE KEY `EAV_ENTITY_DATETIME_ENTITY_ID_ATTRIBUTE_ID_STORE_ID` (`entity_id`,`attribute_id`,`store_id`),
  KEY `EAV_ENTITY_DATETIME_STORE_ID` (`store_id`),
  KEY `EAV_ENTITY_DATETIME_ATTRIBUTE_ID_VALUE` (`attribute_id`,`value`),
  KEY `EAV_ENTITY_DATETIME_ENTITY_TYPE_ID_VALUE` (`entity_type_id`,`value`),
  CONSTRAINT `EAV_ENTITY_DATETIME_ENTITY_ID_EAV_ENTITY_ENTITY_ID` FOREIGN KEY (`entity_id`) REFERENCES `eav_entity` (`entity_id`) ON DELETE CASCADE,
  CONSTRAINT `EAV_ENTITY_DATETIME_STORE_ID_STORE_STORE_ID` FOREIGN KEY (`store_id`) REFERENCES `store` (`store_id`) ON DELETE CASCADE,
  CONSTRAINT `EAV_ENTT_DTIME_ENTT_TYPE_ID_EAV_ENTT_TYPE_ENTT_TYPE_ID` FOREIGN KEY (`entity_type_id`) REFERENCES `eav_entity_type` (`entity_type_id`) ON DELETE CASCADE
) ENGINE=InnoDB DEFAULT CHARSET=utf8mb3 COMMENT='Eav Entity Value Prefix';

--
-- Dumping data for table `eav_entity_datetime`
--


--
-- Table structure for table `eav_entity_decimal`
--

CREATE TABLE `eav_entity_decimal` (
  `value_id` int NOT NULL AUTO_INCREMENT COMMENT 'Value ID',
  `entity_type_id` smallint unsigned NOT NULL DEFAULT '0' COMMENT 'Entity Type ID',
  `attribute_id` smallint unsigned NOT NULL DEFAULT '0' COMMENT 'Attribute ID',
  `store_id` smallint unsigned NOT NULL DEFAULT '0' COMMENT 'Store ID',
  `entity_id` int unsigned NOT NULL DEFAULT '0' COMMENT 'Entity ID',
  `value` decimal(12,4) NOT NULL DEFAULT '0.0000' COMMENT 'Attribute Value',
  PRIMARY KEY (`value_id`),
  UNIQUE KEY `EAV_ENTITY_DECIMAL_ENTITY_ID_ATTRIBUTE_ID_STORE_ID` (`entity_id`,`attribute_id`,`store_id`),
  KEY `EAV_ENTITY_DECIMAL_STORE_ID` (`store_id`),
  KEY `EAV_ENTITY_DECIMAL_ATTRIBUTE_ID_VALUE` (`attribute_id`,`value`),
  KEY `EAV_ENTITY_DECIMAL_ENTITY_TYPE_ID_VALUE` (`entity_type_id`,`value`),
  CONSTRAINT `EAV_ENTITY_DECIMAL_ENTITY_ID_EAV_ENTITY_ENTITY_ID` FOREIGN KEY (`entity_id`) REFERENCES `eav_entity` (`entity_id`) ON DELETE CASCADE,
  CONSTRAINT `EAV_ENTITY_DECIMAL_ENTITY_TYPE_ID_EAV_ENTITY_TYPE_ENTITY_TYPE_ID` FOREIGN KEY (`entity_type_id`) REFERENCES `eav_entity_type` (`entity_type_id`) ON DELETE CASCADE,
  CONSTRAINT `EAV_ENTITY_DECIMAL_STORE_ID_STORE_STORE_ID` FOREIGN KEY (`store_id`) REFERENCES `store` (`store_id`) ON DELETE CASCADE
) ENGINE=InnoDB DEFAULT CHARSET=utf8mb3 COMMENT='Eav Entity Value Prefix';

--
-- Dumping data for table `eav_entity_decimal`
--


--
-- Table structure for table `eav_entity_int`
--

CREATE TABLE `eav_entity_int` (
  `value_id` int NOT NULL AUTO_INCREMENT COMMENT 'Value ID',
  `entity_type_id` smallint unsigned NOT NULL DEFAULT '0' COMMENT 'Entity Type ID',
  `attribute_id` smallint unsigned NOT NULL DEFAULT '0' COMMENT 'Attribute ID',
  `store_id` smallint unsigned NOT NULL DEFAULT '0' COMMENT 'Store ID',
  `entity_id` int unsigned NOT NULL DEFAULT '0' COMMENT 'Entity ID',
  `value` int NOT NULL DEFAULT '0' COMMENT 'Attribute Value',
  PRIMARY KEY (`value_id`),
  UNIQUE KEY `EAV_ENTITY_INT_ENTITY_ID_ATTRIBUTE_ID_STORE_ID` (`entity_id`,`attribute_id`,`store_id`),
  KEY `EAV_ENTITY_INT_STORE_ID` (`store_id`),
  KEY `EAV_ENTITY_INT_ATTRIBUTE_ID_VALUE` (`attribute_id`,`value`),
  KEY `EAV_ENTITY_INT_ENTITY_TYPE_ID_VALUE` (`entity_type_id`,`value`),
  CONSTRAINT `EAV_ENTITY_INT_ENTITY_ID_EAV_ENTITY_ENTITY_ID` FOREIGN KEY (`entity_id`) REFERENCES `eav_entity` (`entity_id`) ON DELETE CASCADE,
  CONSTRAINT `EAV_ENTITY_INT_ENTITY_TYPE_ID_EAV_ENTITY_TYPE_ENTITY_TYPE_ID` FOREIGN KEY (`entity_type_id`) REFERENCES `eav_entity_type` (`entity_type_id`) ON DELETE CASCADE,
  CONSTRAINT `EAV_ENTITY_INT_STORE_ID_STORE_STORE_ID` FOREIGN KEY (`store_id`) REFERENCES `store` (`store_id`) ON DELETE CASCADE
) ENGINE=InnoDB DEFAULT CHARSET=utf8mb3 COMMENT='Eav Entity Value Prefix';

--
-- Dumping data for table `eav_entity_int`
--


--
-- Table structure for table `eav_entity_store`
--

CREATE TABLE `eav_entity_store` (
  `entity_store_id` int unsigned NOT NULL AUTO_INCREMENT COMMENT 'Entity Store ID',
  `entity_type_id` smallint unsigned NOT NULL DEFAULT '0' COMMENT 'Entity Type ID',
  `store_id` smallint unsigned NOT NULL DEFAULT '0' COMMENT 'Store ID',
  `increment_prefix` varchar(20) DEFAULT NULL COMMENT 'Increment Prefix',
  `increment_last_id` varchar(50) DEFAULT NULL COMMENT 'Last Incremented ID',
  PRIMARY KEY (`entity_store_id`),
  KEY `EAV_ENTITY_STORE_ENTITY_TYPE_ID` (`entity_type_id`),
  KEY `EAV_ENTITY_STORE_STORE_ID` (`store_id`),
  CONSTRAINT `EAV_ENTITY_STORE_ENTITY_TYPE_ID_EAV_ENTITY_TYPE_ENTITY_TYPE_ID` FOREIGN KEY (`entity_type_id`) REFERENCES `eav_entity_type` (`entity_type_id`) ON DELETE CASCADE,
  CONSTRAINT `EAV_ENTITY_STORE_STORE_ID_STORE_STORE_ID` FOREIGN KEY (`store_id`) REFERENCES `store` (`store_id`) ON DELETE CASCADE
) ENGINE=InnoDB DEFAULT CHARSET=utf8mb3 COMMENT='Eav Entity Store';

--
-- Dumping data for table `eav_entity_store`
--


--
-- Table structure for table `eav_entity_text`
--

CREATE TABLE `eav_entity_text` (
  `value_id` int NOT NULL AUTO_INCREMENT COMMENT 'Value ID',
  `entity_type_id` smallint unsigned NOT NULL DEFAULT '0' COMMENT 'Entity Type ID',
  `attribute_id` smallint unsigned NOT NULL DEFAULT '0' COMMENT 'Attribute ID',
  `store_id` smallint unsigned NOT NULL DEFAULT '0' COMMENT 'Store ID',
  `entity_id` int unsigned NOT NULL DEFAULT '0' COMMENT 'Entity ID',
  `value` text NOT NULL COMMENT 'Attribute Value',
  PRIMARY KEY (`value_id`),
  UNIQUE KEY `EAV_ENTITY_TEXT_ENTITY_ID_ATTRIBUTE_ID_STORE_ID` (`entity_id`,`attribute_id`,`store_id`),
  KEY `EAV_ENTITY_TEXT_ENTITY_TYPE_ID` (`entity_type_id`),
  KEY `EAV_ENTITY_TEXT_ATTRIBUTE_ID` (`attribute_id`),
  KEY `EAV_ENTITY_TEXT_STORE_ID` (`store_id`),
  CONSTRAINT `EAV_ENTITY_TEXT_ENTITY_ID_EAV_ENTITY_ENTITY_ID` FOREIGN KEY (`entity_id`) REFERENCES `eav_entity` (`entity_id`) ON DELETE CASCADE,
  CONSTRAINT `EAV_ENTITY_TEXT_ENTITY_TYPE_ID_EAV_ENTITY_TYPE_ENTITY_TYPE_ID` FOREIGN KEY (`entity_type_id`) REFERENCES `eav_entity_type` (`entity_type_id`) ON DELETE CASCADE,
  CONSTRAINT `EAV_ENTITY_TEXT_STORE_ID_STORE_STORE_ID` FOREIGN KEY (`store_id`) REFERENCES `store` (`store_id`) ON DELETE CASCADE
) ENGINE=InnoDB DEFAULT CHARSET=utf8mb3 COMMENT='Eav Entity Value Prefix';

--
-- Dumping data for table `eav_entity_text`
--


--
-- Table structure for table `eav_entity_type`
--

CREATE TABLE `eav_entity_type` (
  `entity_type_id` smallint unsigned NOT NULL AUTO_INCREMENT COMMENT 'Entity Type ID',
  `entity_type_code` varchar(50) NOT NULL COMMENT 'Entity Type Code',
  `entity_model` varchar(255) NOT NULL COMMENT 'Entity Model',
  `attribute_model` varchar(255) DEFAULT NULL COMMENT 'Attribute Model',
  `entity_table` varchar(255) DEFAULT NULL COMMENT 'Entity Table',
  `value_table_prefix` varchar(255) DEFAULT NULL COMMENT 'Value Table Prefix',
  `entity_id_field` varchar(255) DEFAULT NULL COMMENT 'Entity ID Field',
  `is_data_sharing` smallint unsigned NOT NULL DEFAULT '1' COMMENT 'Defines Is Data Sharing',
  `data_sharing_key` varchar(100) DEFAULT 'default' COMMENT 'Data Sharing Key',
  `default_attribute_set_id` smallint unsigned NOT NULL DEFAULT '0' COMMENT 'Default Attribute Set ID',
  `increment_model` varchar(255) DEFAULT NULL COMMENT 'Increment Model',
  `increment_per_store` smallint unsigned NOT NULL DEFAULT '0' COMMENT 'Increment Per Store',
  `increment_pad_length` smallint unsigned NOT NULL DEFAULT '8' COMMENT 'Increment Pad Length',
  `increment_pad_char` varchar(1) NOT NULL DEFAULT '0' COMMENT 'Increment Pad Char',
  `additional_attribute_table` varchar(255) DEFAULT NULL COMMENT 'Additional Attribute Table',
  `entity_attribute_collection` varchar(255) DEFAULT NULL COMMENT 'Entity Attribute Collection',
  PRIMARY KEY (`entity_type_id`),
  KEY `EAV_ENTITY_TYPE_ENTITY_TYPE_CODE` (`entity_type_code`)
) ENGINE=InnoDB AUTO_INCREMENT=9 DEFAULT CHARSET=utf8mb3 COMMENT='Eav Entity Type';

--
-- Dumping data for table `eav_entity_type`
--

INSERT INTO `eav_entity_type` VALUES (1,'customer','Magento\\Customer\\Model\\ResourceModel\\Customer','Magento\\Customer\\Model\\Attribute','customer_entity',NULL,NULL,1,'default',1,'Magento\\Eav\\Model\\Entity\\Increment\\NumericValue',0,8,'0','customer_eav_attribute','Magento\\Customer\\Model\\ResourceModel\\Attribute\\Collection'),(2,'customer_address','Magento\\Customer\\Model\\ResourceModel\\Address','Magento\\Customer\\Model\\Attribute','customer_address_entity',NULL,NULL,1,'default',2,NULL,0,8,'0','customer_eav_attribute','Magento\\Customer\\Model\\ResourceModel\\Address\\Attribute\\Collection'),(3,'catalog_category','Magento\\Catalog\\Model\\ResourceModel\\Category','Magento\\Catalog\\Model\\ResourceModel\\Eav\\Attribute','catalog_category_entity',NULL,NULL,1,'default',3,NULL,0,8,'0','catalog_eav_attribute','Magento\\Catalog\\Model\\ResourceModel\\Category\\Attribute\\Collection'),(4,'catalog_product','Magento\\Catalog\\Model\\ResourceModel\\Product','Magento\\Catalog\\Model\\ResourceModel\\Eav\\Attribute','catalog_product_entity',NULL,NULL,1,'default',4,NULL,0,8,'0','catalog_eav_attribute','Magento\\Catalog\\Model\\ResourceModel\\Product\\Attribute\\Collection'),(5,'order','Magento\\Sales\\Model\\ResourceModel\\Order',NULL,'sales_order',NULL,NULL,1,'default',5,'Magento\\Eav\\Model\\Entity\\Increment\\NumericValue',1,8,'0',NULL,NULL),(6,'invoice','Magento\\Sales\\Model\\ResourceModel\\Order\\Invoice',NULL,'sales_invoice',NULL,NULL,1,'default',6,'Magento\\Eav\\Model\\Entity\\Increment\\NumericValue',1,8,'0',NULL,NULL),(7,'creditmemo','Magento\\Sales\\Model\\ResourceModel\\Order\\Creditmemo',NULL,'sales_creditmemo',NULL,NULL,1,'default',7,'Magento\\Eav\\Model\\Entity\\Increment\\NumericValue',1,8,'0',NULL,NULL),(8,'shipment','Magento\\Sales\\Model\\ResourceModel\\Order\\Shipment',NULL,'sales_shipment',NULL,NULL,1,'default',8,'Magento\\Eav\\Model\\Entity\\Increment\\NumericValue',1,8,'0',NULL,NULL);

--
-- Table structure for table `eav_entity_varchar`
--

CREATE TABLE `eav_entity_varchar` (
  `value_id` int NOT NULL AUTO_INCREMENT COMMENT 'Value ID',
  `entity_type_id` smallint unsigned NOT NULL DEFAULT '0' COMMENT 'Entity Type ID',
  `attribute_id` smallint unsigned NOT NULL DEFAULT '0' COMMENT 'Attribute ID',
  `store_id` smallint unsigned NOT NULL DEFAULT '0' COMMENT 'Store ID',
  `entity_id` int unsigned NOT NULL DEFAULT '0' COMMENT 'Entity ID',
  `value` varchar(255) DEFAULT NULL COMMENT 'Attribute Value',
  PRIMARY KEY (`value_id`),
  UNIQUE KEY `EAV_ENTITY_VARCHAR_ENTITY_ID_ATTRIBUTE_ID_STORE_ID` (`entity_id`,`attribute_id`,`store_id`),
  KEY `EAV_ENTITY_VARCHAR_STORE_ID` (`store_id`),
  KEY `EAV_ENTITY_VARCHAR_ATTRIBUTE_ID_VALUE` (`attribute_id`,`value`),
  KEY `EAV_ENTITY_VARCHAR_ENTITY_TYPE_ID_VALUE` (`entity_type_id`,`value`),
  CONSTRAINT `EAV_ENTITY_VARCHAR_ENTITY_ID_EAV_ENTITY_ENTITY_ID` FOREIGN KEY (`entity_id`) REFERENCES `eav_entity` (`entity_id`) ON DELETE CASCADE,
  CONSTRAINT `EAV_ENTITY_VARCHAR_ENTITY_TYPE_ID_EAV_ENTITY_TYPE_ENTITY_TYPE_ID` FOREIGN KEY (`entity_type_id`) REFERENCES `eav_entity_type` (`entity_type_id`) ON DELETE CASCADE,
  CONSTRAINT `EAV_ENTITY_VARCHAR_STORE_ID_STORE_STORE_ID` FOREIGN KEY (`store_id`) REFERENCES `store` (`store_id`) ON DELETE CASCADE
) ENGINE=InnoDB DEFAULT CHARSET=utf8mb3 COMMENT='Eav Entity Value Prefix';

--
-- Dumping data for table `eav_entity_varchar`
--


--
-- Table structure for table `eav_form_element`
--

CREATE TABLE `eav_form_element` (
  `element_id` int unsigned NOT NULL AUTO_INCREMENT COMMENT 'Element ID',
  `type_id` smallint unsigned NOT NULL COMMENT 'Type ID',
  `fieldset_id` smallint unsigned DEFAULT NULL COMMENT 'Fieldset ID',
  `attribute_id` smallint unsigned NOT NULL COMMENT 'Attribute ID',
  `sort_order` int NOT NULL DEFAULT '0' COMMENT 'Sort Order',
  PRIMARY KEY (`element_id`),
  UNIQUE KEY `EAV_FORM_ELEMENT_TYPE_ID_ATTRIBUTE_ID` (`type_id`,`attribute_id`),
  KEY `EAV_FORM_ELEMENT_FIELDSET_ID` (`fieldset_id`),
  KEY `EAV_FORM_ELEMENT_ATTRIBUTE_ID` (`attribute_id`),
  CONSTRAINT `EAV_FORM_ELEMENT_ATTRIBUTE_ID_EAV_ATTRIBUTE_ATTRIBUTE_ID` FOREIGN KEY (`attribute_id`) REFERENCES `eav_attribute` (`attribute_id`) ON DELETE CASCADE,
  CONSTRAINT `EAV_FORM_ELEMENT_FIELDSET_ID_EAV_FORM_FIELDSET_FIELDSET_ID` FOREIGN KEY (`fieldset_id`) REFERENCES `eav_form_fieldset` (`fieldset_id`) ON DELETE SET NULL,
  CONSTRAINT `EAV_FORM_ELEMENT_TYPE_ID_EAV_FORM_TYPE_TYPE_ID` FOREIGN KEY (`type_id`) REFERENCES `eav_form_type` (`type_id`) ON DELETE CASCADE
) ENGINE=InnoDB AUTO_INCREMENT=43 DEFAULT CHARSET=utf8mb3 COMMENT='Eav Form Element';

--
-- Dumping data for table `eav_form_element`
--

INSERT INTO `eav_form_element` VALUES (1,1,NULL,23,0),(2,1,NULL,25,1),(3,1,NULL,27,2),(4,1,NULL,9,3),(5,1,NULL,28,4),(6,1,NULL,29,5),(7,1,NULL,31,6),(8,1,NULL,33,7),(9,1,NULL,30,8),(10,1,NULL,34,9),(11,1,NULL,35,10),(12,2,NULL,23,0),(13,2,NULL,25,1),(14,2,NULL,27,2),(15,2,NULL,9,3),(16,2,NULL,28,4),(17,2,NULL,29,5),(18,2,NULL,31,6),(19,2,NULL,33,7),(20,2,NULL,30,8),(21,2,NULL,34,9),(22,2,NULL,35,10),(23,3,NULL,23,0),(24,3,NULL,25,1),(25,3,NULL,27,2),(26,3,NULL,28,3),(27,3,NULL,29,4),(28,3,NULL,31,5),(29,3,NULL,33,6),(30,3,NULL,30,7),(31,3,NULL,34,8),(32,3,NULL,35,9),(33,4,NULL,23,0),(34,4,NULL,25,1),(35,4,NULL,27,2),(36,4,NULL,28,3),(37,4,NULL,29,4),(38,4,NULL,31,5),(39,4,NULL,33,6),(40,4,NULL,30,7),(41,4,NULL,34,8),(42,4,NULL,35,9);

--
-- Table structure for table `eav_form_fieldset`
--

CREATE TABLE `eav_form_fieldset` (
  `fieldset_id` smallint unsigned NOT NULL AUTO_INCREMENT COMMENT 'Fieldset ID',
  `type_id` smallint unsigned NOT NULL COMMENT 'Type ID',
  `code` varchar(64) NOT NULL COMMENT 'Code',
  `sort_order` int NOT NULL DEFAULT '0' COMMENT 'Sort Order',
  PRIMARY KEY (`fieldset_id`),
  UNIQUE KEY `EAV_FORM_FIELDSET_TYPE_ID_CODE` (`type_id`,`code`),
  CONSTRAINT `EAV_FORM_FIELDSET_TYPE_ID_EAV_FORM_TYPE_TYPE_ID` FOREIGN KEY (`type_id`) REFERENCES `eav_form_type` (`type_id`) ON DELETE CASCADE
) ENGINE=InnoDB DEFAULT CHARSET=utf8mb3 COMMENT='Eav Form Fieldset';

--
-- Dumping data for table `eav_form_fieldset`
--


--
-- Table structure for table `eav_form_fieldset_label`
--

CREATE TABLE `eav_form_fieldset_label` (
  `fieldset_id` smallint unsigned NOT NULL COMMENT 'Fieldset ID',
  `store_id` smallint unsigned NOT NULL COMMENT 'Store ID',
  `label` varchar(255) NOT NULL COMMENT 'Label',
  PRIMARY KEY (`fieldset_id`,`store_id`),
  KEY `EAV_FORM_FIELDSET_LABEL_STORE_ID` (`store_id`),
  CONSTRAINT `EAV_FORM_FIELDSET_LABEL_STORE_ID_STORE_STORE_ID` FOREIGN KEY (`store_id`) REFERENCES `store` (`store_id`) ON DELETE CASCADE,
  CONSTRAINT `EAV_FORM_FSET_LBL_FSET_ID_EAV_FORM_FSET_FSET_ID` FOREIGN KEY (`fieldset_id`) REFERENCES `eav_form_fieldset` (`fieldset_id`) ON DELETE CASCADE
) ENGINE=InnoDB DEFAULT CHARSET=utf8mb3 COMMENT='Eav Form Fieldset Label';

--
-- Dumping data for table `eav_form_fieldset_label`
--


--
-- Table structure for table `eav_form_type`
--

CREATE TABLE `eav_form_type` (
  `type_id` smallint unsigned NOT NULL AUTO_INCREMENT COMMENT 'Type ID',
  `code` varchar(64) NOT NULL COMMENT 'Code',
  `label` varchar(255) NOT NULL COMMENT 'Label',
  `is_system` smallint unsigned NOT NULL DEFAULT '0' COMMENT 'Is System',
  `theme` varchar(64) DEFAULT NULL COMMENT 'Theme',
  `store_id` smallint unsigned NOT NULL COMMENT 'Store ID',
  PRIMARY KEY (`type_id`),
  UNIQUE KEY `EAV_FORM_TYPE_CODE_THEME_STORE_ID` (`code`,`theme`,`store_id`),
  KEY `EAV_FORM_TYPE_STORE_ID` (`store_id`),
  CONSTRAINT `EAV_FORM_TYPE_STORE_ID_STORE_STORE_ID` FOREIGN KEY (`store_id`) REFERENCES `store` (`store_id`) ON DELETE CASCADE
) ENGINE=InnoDB AUTO_INCREMENT=5 DEFAULT CHARSET=utf8mb3 COMMENT='Eav Form Type';

--
-- Dumping data for table `eav_form_type`
--

INSERT INTO `eav_form_type` VALUES (1,'checkout_onepage_register','checkout_onepage_register',1,'',0),(2,'checkout_onepage_register_guest','checkout_onepage_register_guest',1,'',0),(3,'checkout_onepage_billing_address','checkout_onepage_billing_address',1,'',0),(4,'checkout_onepage_shipping_address','checkout_onepage_shipping_address',1,'',0);

--
-- Table structure for table `eav_form_type_entity`
--

CREATE TABLE `eav_form_type_entity` (
  `type_id` smallint unsigned NOT NULL COMMENT 'Type ID',
  `entity_type_id` smallint unsigned NOT NULL COMMENT 'Entity Type ID',
  PRIMARY KEY (`type_id`,`entity_type_id`),
  KEY `EAV_FORM_TYPE_ENTITY_ENTITY_TYPE_ID` (`entity_type_id`),
  CONSTRAINT `EAV_FORM_TYPE_ENTITY_TYPE_ID_EAV_FORM_TYPE_TYPE_ID` FOREIGN KEY (`type_id`) REFERENCES `eav_form_type` (`type_id`) ON DELETE CASCADE,
  CONSTRAINT `EAV_FORM_TYPE_ENTT_ENTT_TYPE_ID_EAV_ENTT_TYPE_ENTT_TYPE_ID` FOREIGN KEY (`entity_type_id`) REFERENCES `eav_entity_type` (`entity_type_id`) ON DELETE CASCADE
) ENGINE=InnoDB DEFAULT CHARSET=utf8mb3 COMMENT='Eav Form Type Entity';

--
-- Dumping data for table `eav_form_type_entity`
--

INSERT INTO `eav_form_type_entity` VALUES (1,1),(2,1),(1,2),(2,2),(3,2),(4,2);

--
-- Table structure for table `email_abandoned_cart`
--

CREATE TABLE `email_abandoned_cart` (
  `id` int unsigned NOT NULL AUTO_INCREMENT COMMENT 'Primary Key',
  `quote_id` int unsigned DEFAULT NULL COMMENT 'Quote Id',
  `store_id` smallint unsigned DEFAULT NULL COMMENT 'Store Id',
  `customer_id` int unsigned DEFAULT NULL COMMENT 'Customer ID',
  `email` varchar(255) NOT NULL DEFAULT '' COMMENT 'Email',
  `is_active` smallint unsigned NOT NULL DEFAULT '1' COMMENT 'Quote Active',
  `quote_updated_at` timestamp NULL DEFAULT NULL COMMENT 'Quote updated at',
  `abandoned_cart_number` smallint unsigned NOT NULL DEFAULT '0' COMMENT 'Abandoned Cart number',
  `items_count` smallint unsigned DEFAULT '0' COMMENT 'Quote items count',
  `items_ids` varchar(255) DEFAULT NULL COMMENT 'Quote item ids',
  `created_at` timestamp NULL DEFAULT NULL COMMENT 'Created At',
  `updated_at` timestamp NULL DEFAULT NULL COMMENT 'Updated at',
  `status` text NOT NULL COMMENT 'Contact Status',
  PRIMARY KEY (`id`),
  KEY `EMAIL_ABANDONED_CART_QUOTE_ID` (`quote_id`),
  KEY `EMAIL_ABANDONED_CART_STORE_ID` (`store_id`),
  KEY `EMAIL_ABANDONED_CART_CUSTOMER_ID` (`customer_id`),
  KEY `EMAIL_ABANDONED_CART_EMAIL` (`email`)
) ENGINE=InnoDB DEFAULT CHARSET=utf8mb3 COMMENT='Abandoned Carts Table';

--
-- Dumping data for table `email_abandoned_cart`
--


--
-- Table structure for table `email_automation`
--

CREATE TABLE `email_automation` (
  `id` int unsigned NOT NULL AUTO_INCREMENT COMMENT 'Primary Key',
  `automation_type` varchar(255) DEFAULT NULL COMMENT 'Automation Type',
  `store_name` varchar(255) DEFAULT NULL COMMENT 'Automation Type',
  `enrolment_status` varchar(255) NOT NULL COMMENT 'Entrolment Status',
  `email` varchar(255) DEFAULT NULL COMMENT 'Email',
  `type_id` varchar(255) DEFAULT NULL COMMENT 'Type ID',
  `program_id` varchar(255) DEFAULT NULL COMMENT 'Program ID',
  `website_id` smallint unsigned NOT NULL COMMENT 'Website Id',
  `message` varchar(255) NOT NULL COMMENT 'Message',
  `created_at` timestamp NULL DEFAULT NULL COMMENT 'Creation Time',
  `updated_at` timestamp NULL DEFAULT NULL COMMENT 'Update Time',
  PRIMARY KEY (`id`),
  KEY `EMAIL_AUTOMATION_AUTOMATION_TYPE` (`automation_type`),
  KEY `EMAIL_AUTOMATION_ENROLMENT_STATUS` (`enrolment_status`),
  KEY `EMAIL_AUTOMATION_TYPE_ID` (`type_id`),
  KEY `EMAIL_AUTOMATION_EMAIL` (`email`),
  KEY `EMAIL_AUTOMATION_PROGRAM_ID` (`program_id`),
  KEY `EMAIL_AUTOMATION_CREATED_AT` (`created_at`),
  KEY `EMAIL_AUTOMATION_UPDATED_AT` (`updated_at`),
  KEY `EMAIL_AUTOMATION_WEBSITE_ID` (`website_id`)
) ENGINE=InnoDB DEFAULT CHARSET=utf8mb3 COMMENT='Automation Status';

--
-- Dumping data for table `email_automation`
--


--
-- Table structure for table `email_campaign`
--

CREATE TABLE `email_campaign` (
  `id` int unsigned NOT NULL AUTO_INCREMENT COMMENT 'Primary Key',
  `campaign_id` int unsigned NOT NULL COMMENT 'Campaign ID',
  `email` varchar(255) NOT NULL DEFAULT '' COMMENT 'Contact Email',
  `customer_id` int unsigned NOT NULL COMMENT 'Customer ID',
  `sent_at` timestamp NULL DEFAULT NULL COMMENT 'Send Date',
  `order_increment_id` varchar(50) NOT NULL COMMENT 'Order Increment ID',
  `quote_id` int unsigned NOT NULL COMMENT 'Sales Quote ID',
  `message` varchar(255) NOT NULL DEFAULT '' COMMENT 'Error Message',
  `checkout_method` varchar(255) NOT NULL DEFAULT '' COMMENT 'Checkout Method Used',
  `store_id` smallint unsigned NOT NULL DEFAULT '0' COMMENT 'Store ID',
  `event_name` varchar(255) NOT NULL DEFAULT '' COMMENT 'Event Name',
  `send_id` varchar(255) NOT NULL DEFAULT '' COMMENT 'Send Id',
  `send_status` smallint NOT NULL DEFAULT '0' COMMENT 'Campaign send status',
  `created_at` timestamp NULL DEFAULT NULL COMMENT 'Creation Time',
  `updated_at` timestamp NULL DEFAULT NULL COMMENT 'Update Time',
  PRIMARY KEY (`id`),
  KEY `EMAIL_CAMPAIGN_STORE_ID` (`store_id`),
  KEY `EMAIL_CAMPAIGN_CAMPAIGN_ID` (`campaign_id`),
  KEY `EMAIL_CAMPAIGN_EMAIL` (`email`),
  KEY `EMAIL_CAMPAIGN_SEND_ID` (`send_id`),
  KEY `EMAIL_CAMPAIGN_SEND_STATUS` (`send_status`),
  KEY `EMAIL_CAMPAIGN_CREATED_AT` (`created_at`),
  KEY `EMAIL_CAMPAIGN_UPDATED_AT` (`updated_at`),
  KEY `EMAIL_CAMPAIGN_SENT_AT` (`sent_at`),
  KEY `EMAIL_CAMPAIGN_EVENT_NAME` (`event_name`),
  KEY `EMAIL_CAMPAIGN_MESSAGE` (`message`),
  KEY `EMAIL_CAMPAIGN_QUOTE_ID` (`quote_id`),
  KEY `EMAIL_CAMPAIGN_CUSTOMER_ID` (`customer_id`),
  CONSTRAINT `EMAIL_CAMPAIGN_STORE_ID_CORE/STORE_STORE_ID` FOREIGN KEY (`store_id`) REFERENCES `store` (`store_id`) ON DELETE CASCADE
) ENGINE=InnoDB DEFAULT CHARSET=utf8mb3 COMMENT='Connector Campaigns';

--
-- Dumping data for table `email_campaign`
--


--
-- Table structure for table `email_catalog`
--

CREATE TABLE `email_catalog` (
  `id` int unsigned NOT NULL AUTO_INCREMENT COMMENT 'Primary Key',
  `product_id` int unsigned NOT NULL COMMENT 'Product Id',
  `imported` smallint unsigned DEFAULT NULL COMMENT 'Product Imported',
  `modified` smallint unsigned DEFAULT NULL COMMENT 'Product Modified',
  `created_at` timestamp NULL DEFAULT NULL COMMENT 'Creation Time',
  `updated_at` timestamp NULL DEFAULT NULL COMMENT 'Update Time',
  `processed` smallint unsigned NOT NULL COMMENT 'Product processed',
  `last_imported_at` timestamp NULL DEFAULT NULL COMMENT 'Last imported date',
  PRIMARY KEY (`id`),
  KEY `EMAIL_CATALOG_PRODUCT_ID` (`product_id`),
  KEY `EMAIL_CATALOG_CREATED_AT` (`created_at`),
  KEY `EMAIL_CATALOG_UPDATED_AT` (`updated_at`),
  KEY `EMAIL_CATALOG_PROCESSED` (`processed`),
  KEY `EMAIL_CATALOG_LAST_IMPORTED_AT` (`last_imported_at`),
  CONSTRAINT `EMAIL_CATALOG_PRODUCT_ID_CATALOG_PRODUCT_ENTITY_ENTITY_ID` FOREIGN KEY (`product_id`) REFERENCES `catalog_product_entity` (`entity_id`) ON DELETE CASCADE
) ENGINE=InnoDB AUTO_INCREMENT=148 DEFAULT CHARSET=utf8mb3 COMMENT='Connector Catalog';

--
-- Dumping data for table `email_catalog`
--

INSERT INTO `email_catalog` VALUES (57,62,NULL,NULL,'2019-07-07 20:48:42','2019-07-07 20:48:42',0,NULL),(58,63,NULL,NULL,'2019-07-07 20:58:54','2019-07-07 20:58:54',0,NULL),(59,64,NULL,NULL,'2019-07-07 21:14:23','2019-07-07 21:14:23',0,NULL),(61,66,NULL,NULL,'2019-09-09 20:52:05','2019-09-09 20:52:05',0,NULL),(62,67,NULL,NULL,'2019-09-09 21:10:38','2019-09-09 21:10:38',0,NULL),(63,68,NULL,NULL,'2019-09-09 21:25:01','2019-09-09 21:25:01',0,NULL),(64,69,NULL,NULL,'2019-09-09 21:52:22','2019-09-09 21:52:22',0,NULL),(65,70,NULL,NULL,'2019-09-16 21:38:42','2019-09-16 21:38:42',0,NULL),(66,71,NULL,NULL,'2019-09-16 22:19:17','2019-09-16 22:19:17',0,NULL),(67,72,NULL,NULL,'2019-09-16 22:50:25','2019-09-16 22:50:25',0,NULL),(68,73,NULL,NULL,'2019-09-22 22:10:50','2019-09-22 22:10:50',0,NULL),(69,74,NULL,NULL,'2019-09-29 09:12:47','2019-09-29 09:12:47',0,NULL),(70,75,NULL,NULL,'2019-10-20 20:55:08','2019-10-20 20:55:08',0,NULL),(71,76,NULL,NULL,'2019-10-20 21:56:21','2019-10-20 21:56:21',0,NULL),(72,77,NULL,NULL,'2019-10-20 22:05:09','2019-10-20 22:05:09',0,NULL),(73,78,NULL,NULL,'2020-02-09 18:57:26','2020-02-09 18:57:26',0,NULL),(74,79,NULL,NULL,'2020-02-09 19:21:18','2020-02-09 19:21:18',0,NULL),(75,80,NULL,NULL,'2020-03-03 09:59:32','2020-03-03 09:59:32',0,NULL),(76,81,NULL,NULL,'2020-03-03 09:59:49','2020-03-03 09:59:49',0,NULL),(77,82,NULL,NULL,'2020-03-04 07:05:50','2020-03-04 07:05:50',0,NULL),(78,83,NULL,NULL,'2020-03-04 08:04:04','2020-03-04 08:04:04',0,NULL),(79,84,NULL,NULL,'2020-03-05 09:22:57','2020-03-05 09:22:57',0,NULL),(80,85,NULL,NULL,'2020-03-06 08:09:54','2020-03-06 08:09:54',0,NULL),(81,86,NULL,NULL,'2020-03-07 17:45:43','2020-03-07 17:45:43',0,NULL),(82,87,NULL,NULL,'2020-03-07 19:12:43','2020-03-07 19:12:43',0,NULL),(83,88,NULL,NULL,'2020-03-07 19:49:01','2020-03-07 19:49:01',0,NULL),(84,89,NULL,NULL,'2020-03-09 22:24:23','2020-03-09 22:24:23',0,NULL),(85,90,NULL,NULL,'2020-03-09 22:50:44','2020-03-09 22:50:44',0,NULL),(86,91,NULL,NULL,'2020-03-09 23:00:19','2020-03-09 23:00:19',0,NULL),(87,92,NULL,NULL,'2020-03-13 07:40:50','2020-03-13 07:40:50',0,NULL),(88,93,NULL,NULL,'2020-03-18 19:45:26','2020-03-18 19:45:26',0,NULL),(89,94,NULL,NULL,'2020-03-18 20:18:28','2020-03-18 20:18:28',0,NULL),(91,96,NULL,NULL,'2020-03-19 06:23:16','2020-03-19 06:23:16',0,NULL),(92,97,NULL,NULL,'2020-03-19 07:14:31','2020-03-19 07:14:31',0,NULL),(93,98,NULL,NULL,'2020-03-19 07:20:41','2020-03-19 07:20:41',0,NULL),(94,99,NULL,NULL,'2020-03-19 07:32:41','2020-03-19 07:32:41',0,NULL),(95,100,NULL,NULL,'2020-03-19 07:56:01','2020-03-19 07:56:01',0,NULL),(96,101,NULL,NULL,'2020-03-19 08:05:53','2020-03-19 08:05:53',0,NULL),(97,102,NULL,NULL,'2020-03-19 08:17:41','2020-03-19 08:17:41',0,NULL),(98,103,NULL,NULL,'2020-03-19 09:43:02','2020-03-19 09:43:02',0,NULL),(99,104,NULL,NULL,'2020-03-19 10:05:17','2020-03-19 10:05:17',0,NULL),(100,105,NULL,NULL,'2020-03-19 10:19:19','2020-03-19 10:19:19',0,NULL),(101,106,NULL,NULL,'2020-03-19 10:23:47','2020-03-19 10:23:47',0,NULL),(102,107,NULL,NULL,'2020-03-19 10:56:44','2020-03-19 10:56:44',0,NULL),(103,108,NULL,NULL,'2020-03-19 11:05:41','2020-03-19 11:05:41',0,NULL),(104,109,NULL,NULL,'2020-03-19 11:18:00','2020-03-19 11:18:00',0,NULL),(105,110,NULL,NULL,'2020-03-19 12:08:31','2020-03-19 12:08:31',0,NULL),(106,111,NULL,NULL,'2020-03-19 12:16:32','2020-03-19 12:16:32',0,NULL),(107,112,NULL,NULL,'2020-03-19 12:18:10','2020-03-19 12:18:10',0,NULL),(108,113,NULL,NULL,'2020-03-19 12:25:56','2020-03-19 12:25:56',0,NULL),(109,114,NULL,NULL,'2020-03-19 12:28:54','2020-03-19 12:28:54',0,NULL),(111,116,NULL,NULL,'2020-03-19 12:42:09','2020-03-19 12:42:09',0,NULL),(112,117,NULL,NULL,'2020-03-19 12:49:48','2020-03-19 12:49:48',0,NULL),(115,120,NULL,NULL,'2020-03-19 15:10:11','2020-03-19 15:10:11',0,NULL),(116,121,NULL,NULL,'2020-03-19 15:11:59','2020-03-19 15:11:59',0,NULL),(117,122,NULL,NULL,'2020-03-19 20:04:36','2020-03-19 20:04:36',0,NULL),(118,123,NULL,NULL,'2020-03-20 15:15:25','2020-03-20 15:15:25',0,NULL),(119,124,NULL,NULL,'2020-03-20 15:58:59','2020-03-20 15:58:59',0,NULL),(120,125,NULL,NULL,'2020-03-20 16:13:04','2020-03-20 16:13:04',0,NULL),(121,126,NULL,NULL,'2020-03-20 16:24:54','2020-03-20 16:24:54',0,NULL),(122,127,NULL,NULL,'2020-03-20 17:07:02','2020-03-20 17:07:02',0,NULL),(123,128,NULL,NULL,'2020-03-20 18:16:57','2020-03-20 18:16:57',0,NULL),(124,129,NULL,NULL,'2020-03-20 18:25:28','2020-03-20 18:25:28',0,NULL),(125,130,NULL,NULL,'2020-03-22 22:23:06','2020-03-22 22:23:06',0,NULL),(126,131,NULL,NULL,'2020-03-22 22:27:34','2020-03-22 22:27:34',0,NULL),(127,132,NULL,NULL,'2020-03-24 14:15:43','2020-03-24 14:15:43',0,NULL),(128,133,NULL,NULL,'2020-03-24 14:27:12','2020-03-24 14:27:12',0,NULL),(129,134,NULL,NULL,'2020-03-24 14:32:23','2020-03-24 14:32:23',0,NULL),(130,135,NULL,NULL,'2020-03-25 14:30:56','2020-03-25 14:30:56',0,NULL),(131,136,NULL,NULL,'2020-03-31 08:44:02','2020-03-31 08:44:02',0,NULL),(132,137,NULL,NULL,'2020-03-31 08:48:15','2020-03-31 08:48:15',0,NULL),(133,138,NULL,NULL,'2020-03-31 08:56:53','2020-03-31 08:56:53',0,NULL),(134,139,NULL,NULL,'2020-03-31 10:18:02','2020-03-31 10:18:02',0,NULL),(135,140,NULL,NULL,'2020-03-31 10:21:30','2020-03-31 10:21:30',0,NULL),(136,141,NULL,NULL,'2020-04-08 11:24:29','2020-04-08 11:24:29',0,NULL),(137,142,NULL,NULL,'2020-04-17 07:43:34','2020-04-17 07:43:34',0,NULL),(138,143,NULL,NULL,'2020-04-17 11:56:06','2020-04-17 11:56:06',0,NULL),(139,144,NULL,NULL,'2020-04-17 17:37:13','2020-04-17 17:37:13',0,NULL),(140,145,NULL,NULL,'2020-04-19 20:14:51','2020-04-19 20:14:51',0,NULL),(141,146,NULL,NULL,'2020-04-19 20:26:10','2020-04-19 20:26:10',0,NULL),(142,147,NULL,NULL,'2020-04-19 20:55:09','2020-04-19 20:55:09',0,NULL),(143,148,NULL,NULL,'2020-04-19 21:01:47','2020-04-19 21:01:47',0,NULL),(144,149,NULL,NULL,'2020-04-19 21:20:08','2020-04-19 21:20:08',0,NULL),(145,150,NULL,NULL,'2020-04-19 21:26:37','2020-04-19 21:26:37',0,NULL),(146,151,NULL,NULL,'2020-04-21 11:03:34','2020-04-21 11:03:34',0,NULL),(147,152,NULL,NULL,'2020-06-04 11:24:53','2020-06-04 11:24:53',0,NULL);

--
-- Table structure for table `email_contact`
--

CREATE TABLE `email_contact` (
  `email_contact_id` int unsigned NOT NULL AUTO_INCREMENT COMMENT 'Primary Key',
  `is_guest` smallint unsigned DEFAULT NULL COMMENT 'Is Guest',
  `contact_id` varchar(15) DEFAULT NULL COMMENT 'Connector Contact ID',
  `customer_id` int unsigned NOT NULL COMMENT 'Customer ID',
  `website_id` smallint unsigned NOT NULL DEFAULT '0' COMMENT 'Website ID',
  `store_id` smallint unsigned NOT NULL DEFAULT '0' COMMENT 'Store ID',
  `email` varchar(255) NOT NULL DEFAULT '' COMMENT 'Customer Email',
  `is_subscriber` smallint unsigned DEFAULT NULL COMMENT 'Is Subscriber',
  `subscriber_status` smallint unsigned DEFAULT NULL COMMENT 'Subscriber status',
  `email_imported` smallint unsigned DEFAULT NULL COMMENT 'Is Imported',
  `subscriber_imported` smallint unsigned DEFAULT NULL COMMENT 'Subscriber Imported',
  `suppressed` smallint unsigned DEFAULT NULL COMMENT 'Is Suppressed',
  `last_subscribed_at` timestamp NULL DEFAULT NULL COMMENT 'Last subscribed date',
  PRIMARY KEY (`email_contact_id`),
  KEY `EMAIL_CONTACT_EMAIL_CONTACT_ID` (`email_contact_id`),
  KEY `EMAIL_CONTACT_IS_GUEST` (`is_guest`),
  KEY `EMAIL_CONTACT_CUSTOMER_ID` (`customer_id`),
  KEY `EMAIL_CONTACT_WEBSITE_ID` (`website_id`),
  KEY `EMAIL_CONTACT_IS_SUBSCRIBER` (`is_subscriber`),
  KEY `EMAIL_CONTACT_SUBSCRIBER_STATUS` (`subscriber_status`),
  KEY `EMAIL_CONTACT_EMAIL_IMPORTED` (`email_imported`),
  KEY `EMAIL_CONTACT_SUBSCRIBER_IMPORTED` (`subscriber_imported`),
  KEY `EMAIL_CONTACT_SUPPRESSED` (`suppressed`),
  KEY `EMAIL_CONTACT_EMAIL` (`email`),
  KEY `EMAIL_CONTACT_CONTACT_ID` (`contact_id`),
  CONSTRAINT `EMAIL_CONTACT_WEBSITE_ID_STORE_WEBSITE_WEBSITE_ID` FOREIGN KEY (`website_id`) REFERENCES `store_website` (`website_id`) ON DELETE CASCADE
) ENGINE=InnoDB AUTO_INCREMENT=3 DEFAULT CHARSET=utf8mb3 COMMENT='Connector Contacts';

--
-- Dumping data for table `email_contact`
--

INSERT INTO `email_contact` VALUES (1,NULL,NULL,0,0,0,'',NULL,NULL,NULL,NULL,NULL,NULL),(2,NULL,NULL,0,0,0,'',NULL,NULL,NULL,NULL,NULL,NULL);

--
-- Table structure for table `email_contact_consent`
--

CREATE TABLE `email_contact_consent` (
  `id` int unsigned NOT NULL AUTO_INCREMENT COMMENT 'Primary Key',
  `email_contact_id` int unsigned DEFAULT NULL COMMENT 'Email Contact Id',
  `consent_url` varchar(255) DEFAULT NULL COMMENT 'Contact consent url',
  `consent_datetime` datetime DEFAULT NULL COMMENT 'Contact consent datetime',
  `consent_ip` varchar(255) DEFAULT NULL COMMENT 'Contact consent ip',
  `consent_user_agent` varchar(255) DEFAULT NULL COMMENT 'Contact consent user agent',
  PRIMARY KEY (`id`),
  KEY `EMAIL_CONTACT_CONSENT_EMAIL_CONTACT_ID` (`email_contact_id`),
  CONSTRAINT `FK_17E9EA0C469163E550BC6B732AC49FDB` FOREIGN KEY (`email_contact_id`) REFERENCES `email_contact` (`email_contact_id`) ON DELETE CASCADE
) ENGINE=InnoDB DEFAULT CHARSET=utf8mb3 COMMENT='Email contact consent table.';

--
-- Dumping data for table `email_contact_consent`
--


--
-- Table structure for table `email_failed_auth`
--

CREATE TABLE `email_failed_auth` (
  `id` int unsigned NOT NULL AUTO_INCREMENT COMMENT 'Primary Key',
  `failures_num` int unsigned DEFAULT NULL COMMENT 'Number of fails',
  `first_attempt_date` datetime DEFAULT NULL COMMENT 'First attempt date',
  `last_attempt_date` datetime DEFAULT NULL COMMENT 'Last attempt date',
  `url` varchar(255) DEFAULT NULL COMMENT 'URL',
  `store_id` int unsigned DEFAULT NULL COMMENT 'Store Id',
  PRIMARY KEY (`id`),
  KEY `EMAIL_AUTH_EDC_STORE_ID` (`store_id`)
) ENGINE=InnoDB DEFAULT CHARSET=utf8mb3 COMMENT='Email Failed Auth Table.';

--
-- Dumping data for table `email_failed_auth`
--


--
-- Table structure for table `email_importer`
--

CREATE TABLE `email_importer` (
  `id` int unsigned NOT NULL AUTO_INCREMENT COMMENT 'Primary Key',
  `import_type` varchar(255) NOT NULL DEFAULT '' COMMENT 'Import Type',
  `website_id` smallint NOT NULL DEFAULT '0' COMMENT 'Website Id',
  `import_status` smallint NOT NULL DEFAULT '0' COMMENT 'Import Status',
  `import_id` varchar(255) NOT NULL DEFAULT '' COMMENT 'Import Id',
  `import_data` mediumblob NOT NULL COMMENT 'Import Data',
  `import_mode` varchar(255) NOT NULL DEFAULT '' COMMENT 'Import Mode',
  `import_file` text NOT NULL COMMENT 'Import File',
  `message` varchar(255) NOT NULL DEFAULT '' COMMENT 'Error Message',
  `created_at` timestamp NULL DEFAULT NULL COMMENT 'Creation Time',
  `updated_at` timestamp NULL DEFAULT NULL COMMENT 'Update Time',
  `import_started` timestamp NULL DEFAULT NULL COMMENT 'Import Started',
  `import_finished` timestamp NULL DEFAULT NULL COMMENT 'Import Finished',
  PRIMARY KEY (`id`),
  KEY `EMAIL_IMPORTER_IMPORT_TYPE` (`import_type`),
  KEY `EMAIL_IMPORTER_WEBSITE_ID` (`website_id`),
  KEY `EMAIL_IMPORTER_IMPORT_STATUS` (`import_status`),
  KEY `EMAIL_IMPORTER_IMPORT_MODE` (`import_mode`),
  KEY `EMAIL_IMPORTER_CREATED_AT` (`created_at`),
  KEY `EMAIL_IMPORTER_UPDATED_AT` (`updated_at`),
  KEY `EMAIL_IMPORTER_IMPORT_ID` (`import_id`),
  KEY `EMAIL_IMPORTER_IMPORT_STARTED` (`import_started`),
  KEY `EMAIL_IMPORTER_IMPORT_FINISHED` (`import_finished`)
) ENGINE=InnoDB DEFAULT CHARSET=utf8mb3 COMMENT='Email Importer';

--
-- Dumping data for table `email_importer`
--


--
-- Table structure for table `email_order`
--

CREATE TABLE `email_order` (
  `email_order_id` int unsigned NOT NULL AUTO_INCREMENT COMMENT 'Primary Key',
  `order_id` int unsigned NOT NULL COMMENT 'Order ID',
  `order_status` varchar(255) NOT NULL COMMENT 'Order Status',
  `quote_id` int unsigned NOT NULL COMMENT 'Sales Quote ID',
  `store_id` smallint unsigned NOT NULL DEFAULT '0' COMMENT 'Store ID',
  `email_imported` smallint unsigned DEFAULT NULL COMMENT 'Is Order Imported',
  `modified` smallint unsigned DEFAULT NULL COMMENT 'Is Order Modified',
  `created_at` timestamp NULL DEFAULT NULL COMMENT 'Creation Time',
  `updated_at` timestamp NULL DEFAULT NULL COMMENT 'Update Time',
  PRIMARY KEY (`email_order_id`),
  KEY `EMAIL_ORDER_STORE_ID` (`store_id`),
  KEY `EMAIL_ORDER_QUOTE_ID` (`quote_id`),
  KEY `EMAIL_ORDER_EMAIL_IMPORTED` (`email_imported`),
  KEY `EMAIL_ORDER_ORDER_STATUS` (`order_status`),
  KEY `EMAIL_ORDER_MODIFIED` (`modified`),
  KEY `EMAIL_ORDER_UPDATED_AT` (`updated_at`),
  KEY `EMAIL_ORDER_CREATED_AT` (`created_at`),
  KEY `EMAIL_ORDER_ORDER_ID_SALES_ORDER_ENTITY_ID` (`order_id`),
  CONSTRAINT `EMAIL_ORDER_ORDER_ID_SALES_ORDER_ENTITY_ID` FOREIGN KEY (`order_id`) REFERENCES `sales_order` (`entity_id`) ON DELETE CASCADE,
  CONSTRAINT `EMAIL_ORDER_STORE_ID_STORE_STORE_ID` FOREIGN KEY (`store_id`) REFERENCES `store` (`store_id`) ON DELETE CASCADE
) ENGINE=InnoDB DEFAULT CHARSET=utf8mb3 COMMENT='Transactional Order Data';

--
-- Dumping data for table `email_order`
--


--
-- Table structure for table `email_review`
--

CREATE TABLE `email_review` (
  `id` int unsigned NOT NULL AUTO_INCREMENT COMMENT 'Primary Key',
  `review_id` int unsigned NOT NULL COMMENT 'Review Id',
  `customer_id` int unsigned NOT NULL COMMENT 'Customer ID',
  `store_id` smallint unsigned NOT NULL COMMENT 'Store Id',
  `review_imported` smallint unsigned DEFAULT NULL COMMENT 'Review Imported',
  `created_at` timestamp NULL DEFAULT NULL COMMENT 'Creation Time',
  `updated_at` timestamp NULL DEFAULT NULL COMMENT 'Update Time',
  PRIMARY KEY (`id`),
  KEY `EMAIL_REVIEW_REVIEW_ID` (`review_id`),
  KEY `EMAIL_REVIEW_CUSTOMER_ID` (`customer_id`),
  KEY `EMAIL_REVIEW_STORE_ID` (`store_id`),
  KEY `EMAIL_REVIEW_REVIEW_IMPORTED` (`review_imported`),
  KEY `EMAIL_REVIEW_CREATED_AT` (`created_at`),
  KEY `EMAIL_REVIEW_UPDATED_AT` (`updated_at`)
) ENGINE=InnoDB AUTO_INCREMENT=3 DEFAULT CHARSET=utf8mb3 COMMENT='Connector Reviews';

--
-- Dumping data for table `email_review`
--

INSERT INTO `email_review` VALUES (1,1,2,1,NULL,'2018-12-01 19:58:54','2018-12-01 19:58:54'),(2,2,2,1,NULL,'2019-03-15 17:25:23','2019-03-15 17:25:23');

--
-- Table structure for table `email_rules`
--

CREATE TABLE `email_rules` (
  `id` int unsigned NOT NULL AUTO_INCREMENT COMMENT 'Primary Key',
  `name` varchar(255) NOT NULL DEFAULT '' COMMENT 'Rule Name',
  `website_ids` varchar(255) NOT NULL DEFAULT '0' COMMENT 'Website Id',
  `type` smallint NOT NULL DEFAULT '0' COMMENT 'Rule Type',
  `status` smallint NOT NULL DEFAULT '0' COMMENT 'Status',
  `combination` smallint NOT NULL DEFAULT '1' COMMENT 'Rule Condition',
  `conditions` blob NOT NULL COMMENT 'Rule Conditions',
  `created_at` timestamp NULL DEFAULT NULL COMMENT 'Creation Time',
  `updated_at` timestamp NULL DEFAULT NULL COMMENT 'Update Time',
  PRIMARY KEY (`id`)
) ENGINE=InnoDB DEFAULT CHARSET=utf8mb3 COMMENT='Connector Rules';

--
-- Dumping data for table `email_rules`
--


--
-- Table structure for table `email_template`
--

CREATE TABLE `email_template` (
  `template_id` int unsigned NOT NULL AUTO_INCREMENT COMMENT 'Template ID',
  `template_code` varchar(150) NOT NULL COMMENT 'Template Name',
  `template_text` text NOT NULL COMMENT 'Template Content',
  `template_styles` text COMMENT 'Templste Styles',
  `template_type` int unsigned DEFAULT NULL COMMENT 'Template Type',
  `template_subject` varchar(200) NOT NULL COMMENT 'Template Subject',
  `template_sender_name` varchar(200) DEFAULT NULL COMMENT 'Template Sender Name',
  `template_sender_email` varchar(200) DEFAULT NULL COMMENT 'Template Sender Email',
  `added_at` timestamp NOT NULL DEFAULT CURRENT_TIMESTAMP COMMENT 'Date of Template Creation',
  `modified_at` timestamp NOT NULL DEFAULT CURRENT_TIMESTAMP ON UPDATE CURRENT_TIMESTAMP COMMENT 'Date of Template Modification',
  `orig_template_code` varchar(200) DEFAULT NULL COMMENT 'Original Template Code',
  `orig_template_variables` text COMMENT 'Original Template Variables',
  `is_legacy` tinyint(1) NOT NULL DEFAULT '0' COMMENT 'Should the template render in legacy mode',
  PRIMARY KEY (`template_id`),
  UNIQUE KEY `EMAIL_TEMPLATE_TEMPLATE_CODE` (`template_code`),
  KEY `EMAIL_TEMPLATE_ADDED_AT` (`added_at`),
  KEY `EMAIL_TEMPLATE_MODIFIED_AT` (`modified_at`)
) ENGINE=InnoDB AUTO_INCREMENT=3 DEFAULT CHARSET=utf8mb3 COMMENT='Email Templates';

--
-- Dumping data for table `email_template`
--

INSERT INTO `email_template` VALUES (1,'New Pickup Order','<!--@subject {{trans \"Your %store_name order confirmation\" store_name=$store.getFrontendName()}} @-->\n<!--@vars {\n\"var order.getCustomerName()\":\"Customer Name\",\n\"var store.getFrontendName()\":\"Customer Name\",\n\"var is_pickup_order\":\"Check if order is a pickup order\",\n\"var $this.getUrl($store,\'customer/account/\',[_nosid:1]) |raw\":\"Gets the link to the Customer Account\",\n\"var store_email |raw\":\"Defined Email Address for this type of mails\",\n\"var store_phone |raw\":\"Defined Phone Number in the Store Information\",\n\"var store_hours |raw\":\"Defined Opening Hours Phone Number in the Store Information\",\n\"var order.increment_id |raw\":\"Order Id\",\n\"var order.getCreatedAtFormatted(2) |raw\":\"Get the date of order creation\",\n\"var order.getEmailCustomerNote()\":\"Email Order Note\",\n\"var formattedBillingAddress|raw\":\"Billing Address\",\n\"var order.getIsNotVirtual()\":\"Check if shipment exists\",\n\"var pickupAddress|raw\":\"Pickup Location Address\",\n\"var formattedShippingAddress|raw\":\"Customer Shipping Address\",\n\"var payment_html|raw\":\"Payment Details\",\n\"var order.getShippingDescription()\":\"Shipping Description\",\n\"var shipping_msg\":\"Shipping message\",\n\"layout handle=\\\"sales_email_order_items\\\" order=$order area=\\\"frontend\\\"\":\"Order Items Grid\"\n} @-->\n\n{{template config_path=\"design/email/header_template\"}}\n\n<table>\n    <tr class=\"email-intro\">\n        <td>\n            <p class=\"greeting\">{{trans \"%customer_name,\" customer_name=$order.getCustomerName()}}</p>\n            <p>\n                {{trans \"Thank you for your order from %store_name.\" store_name=$store.getFrontendName()}}\n                {{if is_pickup_order}}\n                    {{trans \"We will send you a notification once your items are ready for pickup.\"}}\n                {{else}}\n                    {{trans \"Once your package ships we will send you a tracking number.\"}}\n                {{/if}}\n                {{trans \'You can check the status of your order by <a href=\"%account_url\">logging into your account</a>.\' account_url=$this.getUrl($store,\'customer/account/\',[_nosid:1]) |raw}}\n            </p>\n            <p>\n                {{trans \'If you have questions about your order, you can email us at <a href=\"mailto:%store_email\">%store_email</a>\' store_email=$store_email |raw}}{{depend store_phone}} {{trans \' or call us at <a href=\"tel:%store_phone\">%store_phone</a>\' store_phone=$store_phone |raw}}{{/depend}}.\n                {{depend store_hours}}\n                {{trans \'Our hours are <span class=\"no-link\">%store_hours</span>.\' store_hours=$store_hours |raw}}\n                {{/depend}}\n            </p>\n        </td>\n    </tr>\n    <tr class=\"email-summary\">\n        <td>\n            <h1>{{trans \'Your Order <span class=\"no-link\">#%increment_id</span>\' increment_id=$order.increment_id |raw}}</h1>\n            <p>{{trans \'Placed on <span class=\"no-link\">%created_at</span>\' created_at=$order.getCreatedAtFormatted(2) |raw}}</p>\n        </td>\n    </tr>\n    <tr class=\"email-information\">\n        <td>\n            {{depend order.getEmailCustomerNote()}}\n            <table class=\"message-info\">\n                <tr>\n                    <td>\n                        {{var order.getEmailCustomerNote()|escape|nl2br}}\n                    </td>\n                </tr>\n            </table>\n            {{/depend}}\n            <table class=\"order-details\">\n                <tr>\n                    <td class=\"address-details\">\n                        <h3>{{trans \"Billing Info\"}}</h3>\n                        <p>{{var formattedBillingAddress|raw}}</p>\n                    </td>\n                    {{depend order.getIsNotVirtual()}}\n                    <td class=\"address-details\">\n                        <h3>{{trans \"Shipping Info\"}}</h3>\n                        {{if is_pickup_order}}\n                            <h4>{{trans \"Pickup Location\"}}</h4>\n                            <p>{{var pickupAddress|raw}}</p>\n                            <h4>{{trans \"Recipient Address\"}}</h4>\n                        {{/if}}\n                        <p>{{var formattedShippingAddress|raw}}</p>\n                    </td>\n                    {{/depend}}\n                </tr>\n                <tr>\n                    <td class=\"method-info\">\n                        <h3>{{trans \"Payment Method\"}}</h3>\n                        {{var payment_html|raw}}\n                    </td>\n                    {{depend order.getIsNotVirtual()}}\n                    <td class=\"method-info\">\n                        <h3>{{trans \"Shipping Method\"}}</h3>\n                        <p>{{var order.getShippingDescription()}}</p>\n                        {{if shipping_msg}}\n                        <p>{{var shipping_msg}}</p>\n                        {{/if}}\n                    </td>\n                    {{/depend}}\n                </tr>\n            </table>\n            {{layout handle=\"sales_email_order_items\" order=$order area=\"frontend\"}}\n        </td>\n    </tr>\n</table>\n\n{{template config_path=\"design/email/footer_template\"}}\n',NULL,2,'{{trans \"Your %store_name order confirmation\" store_name=$store.getFrontendName()}}',NULL,NULL,'2019-03-05 14:50:48','2020-03-03 10:31:02','sales_email_order_template','{\"var formattedBillingAddress|raw\":\"Billing Address\",\"var order.getEmailCustomerNote()\":\"Email Order Note\",\"var order.increment_id\":\"Order Id\",\"layout handle=\\\"sales_email_order_items\\\" order=$order area=\\\"frontend\\\"\":\"Order Items Grid\",\"var payment_html|raw\":\"Payment Details\",\"var formattedShippingAddress|raw\":\"Shipping Address\",\"var order.getShippingDescription()\":\"Shipping Description\",\"var shipping_msg\":\"Shipping message\"}',1),(2,'New Pickup Order For Guest','<!--@subject {{trans \"Your %store_name order confirmation\" store_name=$store.getFrontendName()}} @-->\n<!--@vars {\n\"var order.getBillingAddress().getName()\":\"Guest Customer Name\",\n\"var store.getFrontendName()\":\"Customer Name\",\n\"var is_pickup_order\":\"Check if order is a pickup order\",\n\"var store_email |raw\":\"Defined Email Address for this type of mails\",\n\"var store_phone |raw\":\"Defined Phone Number in the Store Information\",\n\"var store_hours |raw\":\"Defined Opening Hours Phone Number in the Store Information\",\n\"var order.increment_id |raw\":\"Order Id\",\n\"var order.getCreatedAtFormatted(2) |raw\":\"Get the date of order creation\",\n\"var order.getEmailCustomerNote()\":\"Email Order Note\",\n\"var formattedBillingAddress|raw\":\"Billing Address\",\n\"var order.getIsNotVirtual()\":\"Check if shipment exists\",\n\"var pickupAddress|raw\":\"Pickup Location Address\",\n\"var formattedShippingAddress|raw\":\"Customer Shipping Address\",\n\"var payment_html|raw\":\"Payment Details\",\n\"var order.getShippingDescription()\":\"Shipping Description\",\n\"var shipping_msg\":\"Shipping message\",\n\"layout handle=\\\"sales_email_order_items\\\" order=$order area=\\\"frontend\\\"\":\"Order Items Grid\"\n} @-->\n\n{{template config_path=\"design/email/header_template\"}}\n\n<table>\n    <tr class=\"email-intro\">\n        <td>\n            <p class=\"greeting\">{{trans \"%name,\" name=$order.getBillingAddress().getName()}}</p>\n            <p>\n                {{trans \"Thank you for your order from %store_name.\" store_name=$store.getFrontendName()}}\n                {{if is_pickup_order}}\n                    {{trans \"We will send you a notification once your items are ready for pickup.\"}}\n                {{else}}\n                    {{trans \"Once your package ships we will send an email with a link to track your order.\"}}\n                {{/if}}\n                {{trans \'If you have questions about your order, you can email us at <a href=\"mailto:%store_email\">%store_email</a>\' store_email=$store_email |raw}}{{depend store_phone}} {{trans \' or call us at <a href=\"tel:%store_phone\">%store_phone</a>\' store_phone=$store_phone |raw}}{{/depend}}.\n                {{depend store_hours}}\n                    {{trans \'Our hours are <span class=\"no-link\">%store_hours</span>.\' store_hours=$store_hours |raw}}\n                {{/depend}}\n            </p>\n        </td>\n    </tr>\n    <tr class=\"email-summary\">\n        <td>\n            <h1>{{trans \'Your Order <span class=\"no-link\">#%increment_id</span>\' increment_id=$order.increment_id |raw}}</h1>\n            <p>{{trans \'Placed on <span class=\"no-link\">%created_at</span>\' created_at=$order.getCreatedAtFormatted(2) |raw}}</p>\n        </td>\n    </tr>\n    <tr class=\"email-information\">\n        <td>\n            {{depend order.getEmailCustomerNote()}}\n            <table class=\"message-info\">\n                <tr>\n                    <td>\n                        {{var order.getEmailCustomerNote()|escape|nl2br}}\n                    </td>\n                </tr>\n            </table>\n            {{/depend}}\n            <table class=\"order-details\">\n                <tr>\n                    <td class=\"address-details\">\n                        <h3>{{trans \"Billing Info\"}}</h3>\n                        <p>{{var formattedBillingAddress|raw}}</p>\n                    </td>\n                    {{depend order.getIsNotVirtual()}}\n                    <td class=\"address-details\">\n                        <h3>{{trans \"Shipping Info\"}}</h3>\n                        {{if is_pickup_order}}\n                            <h4>{{trans \"Pickup Location\"}}</h4>\n                            <p>{{var pickupAddress|raw}}</p>\n                            <h4>{{trans \"Recipient Address\"}}</h4>\n                        {{/if}}\n                        <p>{{var formattedShippingAddress|raw}}</p>\n                    </td>\n                    {{/depend}}\n                </tr>\n                <tr>\n                    <td class=\"method-info\">\n                        <h3>{{trans \"Payment Method\"}}</h3>\n                        {{var payment_html|raw}}\n                    </td>\n                    {{depend order.getIsNotVirtual()}}\n                    <td class=\"method-info\">\n                        <h3>{{trans \"Shipping Method\"}}</h3>\n                        <p>{{var order.getShippingDescription()}}</p>\n                        {{if shipping_msg}}\n                        <p>{{var shipping_msg}}</p>\n                        {{/if}}\n                    </td>\n                    {{/depend}}\n                </tr>\n            </table>\n            {{layout handle=\"sales_email_order_items\" order=$order}}\n        </td>\n    </tr>\n</table>\n\n{{template config_path=\"design/email/footer_template\"}}\n',NULL,2,'{{trans \"Your %store_name order confirmation\" store_name=$store.getFrontendName()}}',NULL,NULL,'2019-03-05 14:50:48','2020-03-03 10:31:02','sales_email_order_guest_template','{\"var formattedBillingAddress|raw\":\"Billing Address\",\"var order.getEmailCustomerNote()\":\"Email Order Note\",\"var order.getBillingAddress().getName()\":\"Guest Customer Name\",\"var order.getCreatedAtFormatted(2)\":\"Order Created At (datetime)\",\"var order.increment_id\":\"Order Id\",\"layout handle=\\\"sales_email_order_items\\\" order=$order\":\"Order Items Grid\",\"var payment_html|raw\":\"Payment Details\",\"var formattedShippingAddress|raw\":\"Shipping Address\",\"var order.getShippingDescription()\":\"Shipping Description\",\"var shipping_msg\":\"Shipping message\"}',1);

--
-- Table structure for table `email_wishlist`
--

CREATE TABLE `email_wishlist` (
  `id` int unsigned NOT NULL AUTO_INCREMENT COMMENT 'Primary Key',
  `wishlist_id` int unsigned NOT NULL COMMENT 'Wishlist Id',
  `item_count` int unsigned NOT NULL COMMENT 'Item Count',
  `customer_id` int unsigned DEFAULT NULL COMMENT 'Customer ID',
  `store_id` smallint unsigned NOT NULL COMMENT 'Store Id',
  `wishlist_imported` smallint unsigned DEFAULT NULL COMMENT 'Wishlist Imported',
  `wishlist_modified` smallint unsigned DEFAULT NULL COMMENT 'Wishlist Modified',
  `created_at` timestamp NULL DEFAULT NULL COMMENT 'Creation Time',
  `updated_at` timestamp NULL DEFAULT NULL COMMENT 'Update Time',
  PRIMARY KEY (`id`),
  KEY `EMAIL_WISHLIST_WISHLIST_ID` (`wishlist_id`),
  KEY `EMAIL_WISHLIST_ITEM_COUNT` (`item_count`),
  KEY `EMAIL_WISHLIST_CUSTOMER_ID` (`customer_id`),
  KEY `EMAIL_WISHLIST_WISHLIST_MODIFIED` (`wishlist_modified`),
  KEY `EMAIL_WISHLIST_WISHLIST_IMPORTED` (`wishlist_imported`),
  KEY `EMAIL_WISHLIST_CREATED_AT` (`created_at`),
  KEY `EMAIL_WISHLIST_UPDATED_AT` (`updated_at`),
  KEY `EMAIL_WISHLIST_STORE_ID` (`store_id`),
  CONSTRAINT `EMAIL_WISHLIST_CUSTOMER_ID_CUSTOMER_ENTITY_ENTITY_ID` FOREIGN KEY (`customer_id`) REFERENCES `customer_entity` (`entity_id`) ON DELETE CASCADE,
  CONSTRAINT `EMAIL_WISHLIST_WISHLIST_ID_WISHLIST_WISHLIST_ID` FOREIGN KEY (`wishlist_id`) REFERENCES `wishlist` (`wishlist_id`) ON DELETE CASCADE
) ENGINE=InnoDB DEFAULT CHARSET=utf8mb3 COMMENT='Connector Wishlist';

--
-- Dumping data for table `email_wishlist`
--


--
-- Table structure for table `flag`
--

CREATE TABLE `flag` (
  `flag_id` int unsigned NOT NULL AUTO_INCREMENT COMMENT 'Flag Id',
  `flag_code` varchar(255) NOT NULL COMMENT 'Flag Code',
  `state` smallint unsigned NOT NULL DEFAULT '0' COMMENT 'Flag State',
  `flag_data` mediumtext,
  `last_update` timestamp NOT NULL DEFAULT CURRENT_TIMESTAMP ON UPDATE CURRENT_TIMESTAMP COMMENT 'Date of Last Flag Update',
  PRIMARY KEY (`flag_id`),
  KEY `FLAG_LAST_UPDATE` (`last_update`)
) ENGINE=InnoDB AUTO_INCREMENT=12 DEFAULT CHARSET=utf8mb3 COMMENT='Flag';

--
-- Dumping data for table `flag`
--

INSERT INTO `flag` VALUES (1,'analytics_link_attempts_reverse_counter',0,'24','2018-07-10 20:53:51'),(2,'catalog_website_attribute_is_sync_required',0,'2','2018-08-28 20:28:44'),(3,'report_order_aggregated',0,NULL,'2018-10-16 14:11:31'),(4,'report_tax_aggregated',0,NULL,'2018-10-16 14:11:31'),(5,'report_shipping_aggregated',0,NULL,'2018-10-16 14:11:31'),(6,'report_invoiced_aggregated',0,NULL,'2018-10-16 14:11:31'),(7,'report_refunded_aggregated',0,NULL,'2018-10-16 14:11:32'),(8,'report_coupons_aggregated',0,NULL,'2018-10-16 14:11:32'),(9,'report_bestsellers_aggregated',0,NULL,'2018-10-16 14:11:32'),(10,'report_product_viewed_aggregated',0,NULL,'2018-10-16 14:11:32'),(11,'config_hash',0,'{\"system\":\"2be88ca4242c76e8253ac62474851065032d6833\"}','2018-10-18 16:02:09');

--
-- Table structure for table `gift_message`
--

CREATE TABLE `gift_message` (
  `gift_message_id` int unsigned NOT NULL AUTO_INCREMENT COMMENT 'GiftMessage ID',
  `customer_id` int unsigned NOT NULL DEFAULT '0' COMMENT 'Customer ID',
  `sender` varchar(255) DEFAULT NULL COMMENT 'Sender',
  `recipient` varchar(255) DEFAULT NULL COMMENT 'Registrant',
  `message` text COMMENT 'Message',
  PRIMARY KEY (`gift_message_id`)
) ENGINE=InnoDB DEFAULT CHARSET=utf8mb3 COMMENT='Gift Message';

--
-- Dumping data for table `gift_message`
--


--
-- Table structure for table `googleoptimizer_code`
--

CREATE TABLE `googleoptimizer_code` (
  `code_id` int unsigned NOT NULL AUTO_INCREMENT COMMENT 'Google experiment code ID',
  `entity_id` int unsigned NOT NULL COMMENT 'Optimized entity ID product ID or catalog ID',
  `entity_type` varchar(50) DEFAULT NULL COMMENT 'Optimized entity type',
  `store_id` smallint unsigned NOT NULL COMMENT 'Store ID',
  `experiment_script` text COMMENT 'Google experiment script',
  PRIMARY KEY (`code_id`),
  UNIQUE KEY `GOOGLEOPTIMIZER_CODE_STORE_ID_ENTITY_ID_ENTITY_TYPE` (`store_id`,`entity_id`,`entity_type`),
  CONSTRAINT `GOOGLEOPTIMIZER_CODE_STORE_ID_STORE_STORE_ID` FOREIGN KEY (`store_id`) REFERENCES `store` (`store_id`) ON DELETE CASCADE
) ENGINE=InnoDB DEFAULT CHARSET=utf8mb3 COMMENT='Google Experiment code';

--
-- Dumping data for table `googleoptimizer_code`
--


--
-- Table structure for table `import_history`
--

CREATE TABLE `import_history` (
  `history_id` int unsigned NOT NULL AUTO_INCREMENT COMMENT 'History record ID',
  `started_at` timestamp NOT NULL DEFAULT CURRENT_TIMESTAMP COMMENT 'Started at',
  `user_id` int unsigned NOT NULL DEFAULT '0' COMMENT 'User ID',
  `imported_file` varchar(255) DEFAULT NULL COMMENT 'Imported file',
  `execution_time` varchar(255) DEFAULT NULL COMMENT 'Execution time',
  `summary` varchar(255) DEFAULT NULL COMMENT 'Summary',
  `error_file` varchar(255) NOT NULL COMMENT 'Imported file with errors',
  PRIMARY KEY (`history_id`)
) ENGINE=InnoDB DEFAULT CHARSET=utf8mb3 COMMENT='Import history table';

--
-- Dumping data for table `import_history`
--


--
-- Table structure for table `importexport_importdata`
--

CREATE TABLE `importexport_importdata` (
  `id` int unsigned NOT NULL AUTO_INCREMENT COMMENT 'ID',
  `entity` varchar(50) NOT NULL COMMENT 'Entity',
  `behavior` varchar(10) NOT NULL DEFAULT 'append' COMMENT 'Behavior',
  `data` longtext COMMENT 'Data',
  PRIMARY KEY (`id`)
) ENGINE=InnoDB DEFAULT CHARSET=utf8mb3 COMMENT='Import Data Table';

--
-- Dumping data for table `importexport_importdata`
--


--
-- Table structure for table `indexer_state`
--

CREATE TABLE `indexer_state` (
  `state_id` int unsigned NOT NULL AUTO_INCREMENT COMMENT 'Indexer State ID',
  `indexer_id` varchar(255) DEFAULT NULL COMMENT 'Indexer ID',
  `status` varchar(16) DEFAULT 'invalid' COMMENT 'Indexer Status',
  `updated` datetime DEFAULT NULL COMMENT 'Indexer Status',
  `hash_config` varchar(32) NOT NULL COMMENT 'Hash of indexer config',
  PRIMARY KEY (`state_id`),
  KEY `INDEXER_STATE_INDEXER_ID` (`indexer_id`)
) ENGINE=InnoDB AUTO_INCREMENT=13 DEFAULT CHARSET=utf8mb3 COMMENT='Indexer State';

--
-- Dumping data for table `indexer_state`
--

INSERT INTO `indexer_state` VALUES (1,'design_config_grid','valid','2020-05-08 21:03:02','45cb9a7547d9a9937bffae8e13bf0d10'),(2,'customer_grid','valid','2020-05-08 21:03:02','dfe3ad96d1a1c4eb95e4379265be18a7'),(3,'catalog_category_product','invalid','2020-03-03 10:31:02','51d9e5bd37fc680463f2f1e206c5ee8b'),(4,'catalog_product_category','invalid','2020-03-03 10:31:02','8d3b71c5f7eb759fa2a67b38518dd346'),(5,'catalogrule_rule','invalid','2020-03-03 10:31:02','2979397ef52d93db036276bbd4183ab6'),(6,'catalog_product_attribute','invalid','2020-03-03 10:31:02','89f78c4fed366b71a9cc9ddef3be2ee6'),(7,'cataloginventory_stock','invalid','2020-03-03 10:31:02','97acbf6073fcedbab29ba93aca329b94'),(8,'catalog_product_price','invalid','2020-03-03 10:31:02','d7345805a3b6c6d617c5088943da6e8c'),(9,'catalogrule_product','invalid','2020-03-03 10:31:02','2c6eab145b6e8b48581ce05027827627'),(10,'catalogsearch_fulltext','invalid','2020-03-03 10:31:02','cf90f09c12131bd323bf8ccc3f613374'),(11,'scconnector_google_remove','invalid','2020-03-03 10:31:02','0716a12837e6488cb817b60afb398138'),(12,'scconnector_google_feed','invalid','2020-03-03 10:31:02','101c12be649f8a8ef4388181a493d50f');

--
-- Table structure for table `integration`
--

CREATE TABLE `integration` (
  `integration_id` int unsigned NOT NULL AUTO_INCREMENT COMMENT 'Integration ID',
  `name` varchar(255) NOT NULL COMMENT 'Integration name is displayed in the admin interface',
  `email` varchar(255) NOT NULL COMMENT 'Email address of the contact person',
  `endpoint` varchar(255) DEFAULT NULL COMMENT 'Endpoint for posting consumer credentials',
  `status` smallint unsigned NOT NULL COMMENT 'Integration status',
  `consumer_id` int unsigned DEFAULT NULL COMMENT 'Oauth consumer',
  `created_at` timestamp NOT NULL DEFAULT CURRENT_TIMESTAMP COMMENT 'Creation Time',
  `updated_at` timestamp NOT NULL DEFAULT CURRENT_TIMESTAMP ON UPDATE CURRENT_TIMESTAMP COMMENT 'Update Time',
  `setup_type` smallint unsigned NOT NULL DEFAULT '0' COMMENT 'Integration type - manual or config file',
  `identity_link_url` varchar(255) DEFAULT NULL COMMENT 'Identity linking Url',
  PRIMARY KEY (`integration_id`),
  UNIQUE KEY `INTEGRATION_NAME` (`name`),
  UNIQUE KEY `INTEGRATION_CONSUMER_ID` (`consumer_id`),
  CONSTRAINT `INTEGRATION_CONSUMER_ID_OAUTH_CONSUMER_ENTITY_ID` FOREIGN KEY (`consumer_id`) REFERENCES `oauth_consumer` (`entity_id`) ON DELETE CASCADE
) ENGINE=InnoDB AUTO_INCREMENT=13 DEFAULT CHARSET=utf8mb3 COMMENT='integration';

--
-- Dumping data for table `integration`
--

INSERT INTO `integration` VALUES (12,'Magento Social','social-support@magento.com','https://fbapp.ezsocialshop.com/facebook/index.php/magento_auth',2,12,'2018-09-01 21:09:56','2018-09-01 21:09:56',1,'https://fbapp.ezsocialshop.com/facebook/index.php/magento2/show_magento_success_popup');

--
-- Table structure for table `itinerary`
--

CREATE TABLE `itinerary` (
  `entity_id` int unsigned NOT NULL AUTO_INCREMENT COMMENT 'Itinerary ID',
  `product_id` int unsigned NOT NULL COMMENT 'Product (package) Id',
  `it_data` text COMMENT 'Itinerary data',
  PRIMARY KEY (`entity_id`),
  KEY `ITINERARY_PRODUCT_ID_CATALOG_PRODUCT_ENTITY_ENTITY_ID` (`product_id`),
  CONSTRAINT `ITINERARY_PRODUCT_ID_CATALOG_PRODUCT_ENTITY_ENTITY_ID` FOREIGN KEY (`product_id`) REFERENCES `catalog_product_entity` (`entity_id`) ON DELETE CASCADE
) ENGINE=InnoDB DEFAULT CHARSET=utf8mb3 COMMENT='Itinerary Table';

--
-- Dumping data for table `itinerary`
--


--
-- Table structure for table `itinerary_day_related_hotel`
--

CREATE TABLE `itinerary_day_related_hotel` (
  `day_id` int unsigned NOT NULL COMMENT 'Day ID',
  `hotel_id` int unsigned NOT NULL COMMENT 'Related Hotel ID',
  `position` int NOT NULL COMMENT 'Position',
  PRIMARY KEY (`day_id`,`hotel_id`),
  KEY `ITINERARY_DAY_RELATED_HOTEL_HOTEL_ID` (`hotel_id`),
  CONSTRAINT `ITINERARY_DAY_RELATED_HOTEL_DAY_ID_ITINERARY_DAYS_ENTITY_ID` FOREIGN KEY (`day_id`) REFERENCES `itinerary_days` (`entity_id`) ON DELETE CASCADE,
  CONSTRAINT `ITINERARY_DAY_RELATED_HOTEL_HOTEL_ID_ITINERARY_HOTELS_ENTITY_ID` FOREIGN KEY (`hotel_id`) REFERENCES `itinerary_hotels` (`entity_id`) ON DELETE CASCADE
) ENGINE=InnoDB DEFAULT CHARSET=utf8mb3 COMMENT='Itinerary Day and Hotel Linkage Table';

--
-- Dumping data for table `itinerary_day_related_hotel`
--

INSERT INTO `itinerary_day_related_hotel` VALUES (3,1,1),(4,1,1),(5,2,1),(6,1,1),(7,1,1),(8,1,1);

--
-- Table structure for table `itinerary_day_related_tour`
--

CREATE TABLE `itinerary_day_related_tour` (
  `day_id` int unsigned NOT NULL COMMENT 'Day ID',
  `tour_id` int unsigned NOT NULL COMMENT 'Related Product ID',
  `position` int NOT NULL COMMENT 'Position',
  PRIMARY KEY (`day_id`,`tour_id`),
  KEY `ITINERARY_DAY_RELATED_TOUR_TOUR_ID` (`tour_id`),
  CONSTRAINT `ITINERARY_DAY_RELATED_TOUR_DAY_ID_ITINERARY_DAYS_ENTITY_ID` FOREIGN KEY (`day_id`) REFERENCES `itinerary_days` (`entity_id`) ON DELETE CASCADE,
  CONSTRAINT `ITINERARY_DAY_RELATED_TOUR_TOUR_ID_CAT_PRD_ENTT_ENTT_ID` FOREIGN KEY (`tour_id`) REFERENCES `catalog_product_entity` (`entity_id`) ON DELETE CASCADE
) ENGINE=InnoDB DEFAULT CHARSET=utf8mb3 COMMENT='Itinerary Day and Product Linkage Table';

--
-- Dumping data for table `itinerary_day_related_tour`
--

INSERT INTO `itinerary_day_related_tour` VALUES (1,77,1),(2,62,1);

--
-- Table structure for table `itinerary_days`
--

CREATE TABLE `itinerary_days` (
  `entity_id` int unsigned NOT NULL AUTO_INCREMENT COMMENT 'ID',
  `title` text NOT NULL COMMENT 'Title',
  `description` text NOT NULL COMMENT 'Description',
  `order` int NOT NULL COMMENT 'Day Order',
  `images` text NOT NULL COMMENT 'Images',
  `created_at` timestamp NOT NULL DEFAULT CURRENT_TIMESTAMP COMMENT 'Created At',
  `is_active` smallint DEFAULT NULL,
  `seller_id` int DEFAULT NULL,
  PRIMARY KEY (`entity_id`),
  FULLTEXT KEY `ITINERARY_DAYS_TITLE` (`title`)
) ENGINE=InnoDB AUTO_INCREMENT=10 DEFAULT CHARSET=utf8mb3 COMMENT='Itinerary Days';

--
-- Dumping data for table `itinerary_days`
--

INSERT INTO `itinerary_days` VALUES (1,'test','<p>mj</p>',765,'tmp/seizera_itineraryobjects/day/storm.jpg','2019-02-18 10:36:57',1,5),(2,'Day 1 Fullday Istanbul Classical Tour','<p>Old City tour. Visit Topkapi Palace.&nbsp;</p>',1,'tmp/seizera_itineraryobjects/day/sierra.jpeg;tmp/seizera_itineraryobjects/day/banner2-h3.jpg;tmp/seizera_itineraryobjects/day/banner-detail1.jpg;tmp/seizera_itineraryobjects/day/banner-detail3.jpg;tmp/seizera_itineraryobjects/day/banner-detail2.jpg;tmp/seizera_itineraryobjects/day/ISTANBULTOUR.jpg','2019-03-13 14:40:31',1,5),(3,'Day 2 Turkey','<p>dkjfsifh</p>',2,'tmp/seizera_itineraryobjects/day/purple_1.jpg','2019-03-13 14:41:12',1,5),(4,'Day 3 Turkey','<p>,mnkjnjnh</p>',3,'tmp/seizera_itineraryobjects/day/5.jpg','2019-03-13 14:42:03',1,NULL),(5,'Day 4','<p>aaaaaaaaaaa</p>',8,'tmp/seizera_itineraryobjects/day/banner1-h1.jpg','2019-03-17 23:34:56',1,NULL),(6,'Day 5','<p>mklmkm</p>',10,'tmp/seizera_itineraryobjects/day/banner-detail1_1.jpg','2019-03-18 10:04:56',1,NULL),(7,'DTITLE','Test Description',20,'tmp/seizera_itineraryobjects/day/purple_6.jpg;tmp/seizera_itineraryobjects/day/test.jpg;tmp/seizera_itineraryobjects/day/sierra_1.jpeg','2019-03-19 18:33:39',1,5),(8,'Day 1 Rome','Lorem ipsum dolor sit amet, consectetur adipisicing elit, sed do eiusmod\r\ntempor incididunt ut labore et dolore magna aliqua. ',1,'tmp/seizera_itineraryobjects/day/download123.jpeg','2019-04-29 10:42:57',1,NULL),(9,'First Day','<p>Lorem ipsum dolor sit amet, consectetur adipisicing elit, sed do eiusmod<br>tempor incididunt ut labore et dolore magna aliqua.</p>',1,'tmp/seizera_itineraryobjects/day/sierra_4.jpeg','2019-05-24 14:39:42',1,NULL);

--
-- Table structure for table `itinerary_days_config`
--

CREATE TABLE `itinerary_days_config` (
  `entity_id` int unsigned NOT NULL AUTO_INCREMENT COMMENT 'ID',
  `tour_sku` varchar(255) DEFAULT NULL COMMENT 'Tour Sku',
  `init_date` text COMMENT 'First Day of The Tour',
  `max_number_of_persons` int unsigned NOT NULL COMMENT 'Number of persons',
  PRIMARY KEY (`entity_id`),
  KEY `ITINERARY_DAYS_CONFIG_TOUR_ID_CATALOG_PRODUCT_ENTITY_ENTITY_ID` (`tour_sku`)
) ENGINE=InnoDB AUTO_INCREMENT=102 DEFAULT CHARSET=utf8mb3 COMMENT='Itinerary Day Config Table';

--
-- Dumping data for table `itinerary_days_config`
--

INSERT INTO `itinerary_days_config` VALUES (4,'lkkln','10/12/2018',20),(5,'Tour Four','10/12/2018',20),(6,'Tour Four','17/12/2018',21),(7,'Tour Four','24/12/2018',25),(8,'lkkln','17/12/2018',25),(9,'lkkln','24/12/2018',25),(10,'lkkln','31/12/2018',23),(11,'lkkln','31/12/2018',21),(12,'Tour Four','27/12/2018',30),(14,'Tour Two','08/01/2019',15),(15,'Tour Two','15/01/2019',15),(16,'Tour Two','19/01/2019',20),(17,'Tour Two','21/01/2019',17),(18,'Tour Three','06/01/2019',15),(19,'Tour Three','12/01/2019',11),(20,'Tour Three','21/01/2019',20),(21,'Tour Three','24/01/2019',0),(22,'Tour Four','15/01/2019',18),(23,'Tour Four','22/01/2019',19),(24,'Tour Four','26/01/2019',22),(29,'Tour Four-1','22/03/2019',20),(30,'Tour Four-1','31/03/2019',15),(32,'paris-vendr-tour','29/03/2019',20),(33,'paris-vendr-tour','31/03/2019',15),(36,'TEST123','15/05/2019',23),(40,'tour-seven','30/05/2019',20),(41,'tour-seven','18/06/2019',30),(43,'North Turkey Tour','12/07/2019',17),(44,'North Turkey Tour','02/08/2019',19),(45,'North Turkey Tour','26/07/2019',18),(46,'North Turkey Tour','29/06/2019',19),(47,'North Turkey Tour','03/08/2019',17),(48,'North Turkey Tour','07/09/2019',19),(49,'ISTANBUL FULL DAY OLD CITY TOUR','01/08/2019',40),(50,'ISTANBUL BOSPHORUS CRUISE & DOLMABAHCE TOUR','01/08/2019',40),(51,'ISTANBUL & CAPPADOCIA  05 DAYS TOUR','01/08/2019',25),(52,'shpresim','0',5),(53,'shpresim','6',10),(54,'shpresim','10',12),(55,'HOTAIR BALLOON CAPPADOCIA','8',11),(56,'TURKEY 4 DAYS TOUR FROM ANKARA TO IZMIR','0',3),(57,'TURKEY 4 DAYS TOUR FROM ANKARA TO IZMIR','4',6),(58,'TURKEY 4 DAYS TOUR FROM ANKARA TO IZMIR','7',11),(59,'TURKEY 09 DAYS TOUR  ISTANBUL CAPPADOCIA EPHESUS  ISTANBUL','0',3),(60,'TURKEY 09 DAYS TOUR  ISTANBUL CAPPADOCIA EPHESUS  ISTANBUL','4',6),(61,'TURKEY 09 DAYS TOUR  ISTANBUL CAPPADOCIA EPHESUS  ISTANBUL','7',11),(62,'ATHENS - MYKONOS - PATMOS - SANTORINI TOUR 6 DAYS','0',3),(63,'ATHENS - MYKONOS - PATMOS - SANTORINI TOUR 6 DAYS','4',6),(64,'ATHENS - MYKONOS - PATMOS - SANTORINI TOUR 6 DAYS','7',11),(65,'GREECE TOUR 7 DAYS WITH ISLANDS','0',3),(66,'GREECE TOUR 7 DAYS WITH ISLANDS','4',6),(67,'GREECE TOUR 7 DAYS WITH ISLANDS','7',11),(68,'MOROCCO PRIVATE 8 DAYS TOUR WITH DESERT CAMP MERZOUGA','0',3),(69,'MOROCCO PRIVATE 8 DAYS TOUR WITH DESERT CAMP MERZOUGA','4',6),(70,'MOROCCO PRIVATE 8 DAYS TOUR WITH DESERT CAMP MERZOUGA','7',11),(71,'EPHESUS AND PAMUKKALE TOUR','0',3),(72,'EPHESUS AND PAMUKKALE TOUR','4',6),(73,'EPHESUS AND PAMUKKALE TOUR','7',11),(74,'TURKEY 23 DAYS LONG TOUR','0',3),(75,'TURKEY 23 DAYS LONG TOUR','4',6),(76,'TURKEY 23 DAYS LONG TOUR','7',11),(77,'ISTANBUL PRINCESS ISLANDS TOUR','0',3),(78,'ISTANBUL PRINCESS ISLANDS TOUR','4',6),(79,'ISTANBUL PRINCESS ISLANDS TOUR','7',11),(80,'DINNER CRUISE BY TURKISH NIGHT SHOW ISTANBUL','0',3),(81,'DINNER CRUISE BY TURKISH NIGHT SHOW ISTANBUL','4',6),(82,'DINNER CRUISE BY TURKISH NIGHT SHOW ISTANBUL','7',11),(83,'PAMUKKALE TOUR DAILY','0',3),(84,'PAMUKKALE TOUR DAILY','4',6),(85,'PAMUKKALE TOUR DAILY','7',11),(86,'DAILY EPHESUS TOUR','0',3),(87,'DAILY EPHESUS TOUR','4',6),(88,'DAILY EPHESUS TOUR','7',11),(89,'ANKARA / CAPPADOCIA / KONYA - PAMUKKALE / EPHESUS TOUR','0',3),(90,'ATHENS , HYDRA & ARGOLIS TOUR 4NT 5DAYS','2',11),(91,'ATHENS MYKONOS SANTORINI  7nt 8DAYS TOUR','2',11),(92,'BALKANS , Athens to Split 7 Days Tour','3',11),(93,'BALKAN TOUR BELGRADE TO DUBROVNIK 11 DAYS','3',11),(95,'A2',NULL,0),(96,'E-4',NULL,0),(97,'E-5',NULL,0),(98,'E-6',NULL,0),(99,'E-7',NULL,0),(100,'E-8',NULL,0),(101,'E-9',NULL,0);

--
-- Table structure for table `itinerary_hotels`
--

CREATE TABLE `itinerary_hotels` (
  `entity_id` int unsigned NOT NULL AUTO_INCREMENT COMMENT 'ID',
  `name` text NOT NULL COMMENT 'Name',
  `description` text NOT NULL COMMENT 'Content',
  `address` text NOT NULL COMMENT 'Address',
  `stars` text NOT NULL COMMENT 'Stars',
  `room_number` text NOT NULL COMMENT 'Number of rooms',
  `images` text NOT NULL COMMENT 'Images',
  `created_at` timestamp NOT NULL DEFAULT CURRENT_TIMESTAMP COMMENT 'Created At',
  `is_active` smallint DEFAULT NULL,
  PRIMARY KEY (`entity_id`),
  FULLTEXT KEY `ITINERARY_HOTELS_NAME_ADDRESS_STARS_ROOM_NUMBER` (`name`,`address`,`stars`,`room_number`)
) ENGINE=InnoDB AUTO_INCREMENT=3 DEFAULT CHARSET=utf8mb3 COMMENT='Itinerary Hotels';

--
-- Dumping data for table `itinerary_hotels`
--

INSERT INTO `itinerary_hotels` VALUES (1,'Hotel 1','<p>Descr</p>','wsd','5','20','tmp/seizera_itineraryobjects/hotel/banner-detail3.jpg;tmp/seizera_itineraryobjects/hotel/banner-detail2.jpg','2019-02-18 10:36:16',1),(2,'Grand Hotel','<p>Lorem ipsum dolor sit amet, consectetur adipisicing elit, sed do eiusmod tempor incididunt ut labore et dolore magna aliqua. Ut enim ad minim veniam, quis nostrud exercitation ullamco laboris nisi ut aliquip ex ea commodo consequat. Duis aute irure dolor in reprehenderit in voluptate velit esse cillum dolore eu fugiat nulla pariatur. Excepteur sint occaecat cupidatat non proident, sunt in culpa qui officia deserunt mollit anim id est laborum.</p>','Demo Street','4','20','tmp/seizera_itineraryobjects/hotel/1.jpg;tmp/seizera_itineraryobjects/hotel/3.jpg;tmp/seizera_itineraryobjects/hotel/6.jpg','2019-05-02 12:11:09',1);

--
-- Table structure for table `itinerary_tour_related_day`
--

CREATE TABLE `itinerary_tour_related_day` (
  `tour_id` int unsigned NOT NULL COMMENT 'Tour ID',
  `day_id` int unsigned NOT NULL COMMENT 'Related Day ID',
  `position` int NOT NULL COMMENT 'Position',
  PRIMARY KEY (`tour_id`,`day_id`),
  KEY `ITINERARY_TOUR_RELATED_DAY_DAY_ID` (`day_id`),
  CONSTRAINT `ITINERARY_TOUR_RELATED_DAY_DAY_ID_ITINERARY_DAYS_ENTITY_ID` FOREIGN KEY (`day_id`) REFERENCES `itinerary_days` (`entity_id`) ON DELETE CASCADE,
  CONSTRAINT `ITINERARY_TOUR_RELATED_DAY_TOUR_ID_CAT_PRD_ENTT_ENTT_ID` FOREIGN KEY (`tour_id`) REFERENCES `catalog_product_entity` (`entity_id`) ON DELETE CASCADE
) ENGINE=InnoDB DEFAULT CHARSET=utf8mb3 COMMENT='Itinerary Day and Tour Linkage Table';

--
-- Dumping data for table `itinerary_tour_related_day`
--


--
-- Table structure for table `klarna_core_order`
--

CREATE TABLE `klarna_core_order` (
  `id` int unsigned NOT NULL AUTO_INCREMENT COMMENT 'Entity Id',
  `klarna_order_id` varchar(255) DEFAULT NULL COMMENT 'Klarna Order Id',
  `session_id` varchar(255) DEFAULT NULL COMMENT 'Session Id',
  `reservation_id` varchar(255) DEFAULT NULL COMMENT 'Reservation Id',
  `order_id` int unsigned NOT NULL COMMENT 'Order Id',
  `is_acknowledged` smallint NOT NULL DEFAULT '0' COMMENT 'Is Acknowledged',
  PRIMARY KEY (`id`),
  KEY `KLARNA_KCO_ORDER_ORDER_ID_SALES_ORDER_ENTITY_ID` (`order_id`),
  KEY `KLARNA_CORE_ORDER_IS_ACKNOWLEDGED` (`is_acknowledged`),
  KEY `KLARNA_CORE_ORDER_ORDER_ID` (`order_id`)
) ENGINE=InnoDB DEFAULT CHARSET=utf8mb3 COMMENT='Klarna Order';

--
-- Dumping data for table `klarna_core_order`
--


--
-- Table structure for table `klarna_payments_quote`
--

CREATE TABLE `klarna_payments_quote` (
  `payments_quote_id` int unsigned NOT NULL AUTO_INCREMENT COMMENT 'Payments Id',
  `session_id` varchar(255) DEFAULT NULL COMMENT 'Klarna Session Id',
  `client_token` text COMMENT 'Klarna Client Token',
  `authorization_token` varchar(255) DEFAULT NULL COMMENT 'Authorization Token',
  `is_active` smallint NOT NULL DEFAULT '0' COMMENT 'Is Active',
  `quote_id` int unsigned NOT NULL COMMENT 'Quote Id',
  `payment_methods` varchar(255) DEFAULT NULL COMMENT 'Payment Method Categories',
  `payment_method_info` text COMMENT 'Payment Method Category Info',
  PRIMARY KEY (`payments_quote_id`),
  KEY `KLARNA_PAYMENTS_QUOTE_QUOTE_ID_QUOTE_ENTITY_ID` (`quote_id`),
  KEY `KLARNA_PAYMENTS_QUOTE_QUOTE_ID` (`quote_id`)
) ENGINE=InnoDB DEFAULT CHARSET=utf8mb3 COMMENT='Klarna Payments Quote';

--
-- Dumping data for table `klarna_payments_quote`
--


--
-- Table structure for table `layout_link`
--

CREATE TABLE `layout_link` (
  `layout_link_id` int unsigned NOT NULL AUTO_INCREMENT COMMENT 'Link ID',
  `store_id` smallint unsigned NOT NULL DEFAULT '0' COMMENT 'Store ID',
  `theme_id` int unsigned NOT NULL COMMENT 'Theme ID',
  `layout_update_id` int unsigned NOT NULL DEFAULT '0' COMMENT 'Layout Update ID',
  `is_temporary` tinyint(1) NOT NULL DEFAULT '0' COMMENT 'Defines whether Layout Update is Temporary',
  PRIMARY KEY (`layout_link_id`),
  KEY `LAYOUT_LINK_LAYOUT_UPDATE_ID` (`layout_update_id`),
  KEY `LAYOUT_LINK_STORE_ID_THEME_ID_LAYOUT_UPDATE_ID_IS_TEMPORARY` (`store_id`,`theme_id`,`layout_update_id`,`is_temporary`),
  KEY `LAYOUT_LINK_THEME_ID_THEME_THEME_ID` (`theme_id`),
  CONSTRAINT `LAYOUT_LINK_LAYOUT_UPDATE_ID_LAYOUT_UPDATE_LAYOUT_UPDATE_ID` FOREIGN KEY (`layout_update_id`) REFERENCES `layout_update` (`layout_update_id`) ON DELETE CASCADE,
  CONSTRAINT `LAYOUT_LINK_STORE_ID_STORE_STORE_ID` FOREIGN KEY (`store_id`) REFERENCES `store` (`store_id`) ON DELETE CASCADE,
  CONSTRAINT `LAYOUT_LINK_THEME_ID_THEME_THEME_ID` FOREIGN KEY (`theme_id`) REFERENCES `theme` (`theme_id`) ON DELETE CASCADE
) ENGINE=InnoDB DEFAULT CHARSET=utf8mb3 COMMENT='Layout Link';

--
-- Dumping data for table `layout_link`
--


--
-- Table structure for table `layout_update`
--

CREATE TABLE `layout_update` (
  `layout_update_id` int unsigned NOT NULL AUTO_INCREMENT COMMENT 'Layout Update ID',
  `handle` varchar(255) DEFAULT NULL COMMENT 'Handle',
  `xml` text COMMENT 'Xml',
  `sort_order` smallint NOT NULL DEFAULT '0' COMMENT 'Sort Order',
  `updated_at` timestamp NULL DEFAULT '0000-00-00 00:00:00' ON UPDATE CURRENT_TIMESTAMP COMMENT 'Last Update Timestamp',
  PRIMARY KEY (`layout_update_id`),
  KEY `LAYOUT_UPDATE_HANDLE` (`handle`)
) ENGINE=InnoDB DEFAULT CHARSET=utf8mb3 COMMENT='Layout Updates';

--
-- Dumping data for table `layout_update`
--


--
-- Table structure for table `magefan_blog_category`
--

CREATE TABLE `magefan_blog_category` (
  `category_id` int NOT NULL AUTO_INCREMENT COMMENT 'Category ID',
  `title` varchar(255) DEFAULT NULL COMMENT 'Category Title',
  `meta_title` varchar(255) DEFAULT NULL COMMENT 'Category Meta Title',
  `meta_keywords` text COMMENT 'Category Meta Keywords',
  `meta_description` text COMMENT 'Category Meta Description',
  `identifier` varchar(100) DEFAULT NULL COMMENT 'Category String Identifier',
  `content_heading` varchar(255) DEFAULT NULL COMMENT 'Category Content Heading',
  `content` mediumtext COMMENT 'Category Content',
  `path` varchar(255) DEFAULT NULL COMMENT 'Category Path',
  `position` smallint NOT NULL COMMENT 'Category Position',
  `posts_sort_by` smallint NOT NULL DEFAULT '0' COMMENT 'Post Sort By',
  `include_in_menu` smallint DEFAULT NULL COMMENT 'Category In Menu',
  `is_active` smallint NOT NULL DEFAULT '1' COMMENT 'Is Category Active',
  `display_mode` smallint NOT NULL DEFAULT '0' COMMENT 'Display Mode',
  `page_layout` varchar(255) DEFAULT NULL COMMENT 'Post Layout',
  `layout_update_xml` text COMMENT 'Post Layout Update Content',
  `custom_theme` varchar(100) DEFAULT NULL COMMENT 'Post Custom Theme',
  `custom_layout` varchar(255) DEFAULT NULL COMMENT 'Post Custom Template',
  `custom_layout_update_xml` text COMMENT 'Post Custom Layout Update Content',
  `custom_theme_from` date DEFAULT NULL COMMENT 'Post Custom Theme Active From Date',
  `custom_theme_to` date DEFAULT NULL COMMENT 'Post Custom Theme Active To Date',
  PRIMARY KEY (`category_id`),
  KEY `MAGEFAN_BLOG_CATEGORY_IDENTIFIER` (`identifier`),
  KEY `MAGEFAN_BLOG_CATEGORY_INCLUDE_IN_MENU` (`include_in_menu`),
  FULLTEXT KEY `FTI_B76AD11A0A06CC3327BA3A86A016134F` (`title`,`meta_keywords`,`meta_description`,`identifier`,`content`)
) ENGINE=InnoDB AUTO_INCREMENT=2 DEFAULT CHARSET=utf8mb3 COMMENT='Magefan Blog Category Table';

--
-- Dumping data for table `magefan_blog_category`
--

INSERT INTO `magefan_blog_category` VALUES (1,'Travel Discover',NULL,NULL,NULL,'travel-discover',NULL,NULL,NULL,0,0,NULL,1,0,NULL,NULL,NULL,NULL,NULL,NULL,NULL);

--
-- Table structure for table `magefan_blog_category_store`
--

CREATE TABLE `magefan_blog_category_store` (
  `category_id` int NOT NULL COMMENT 'Category ID',
  `store_id` smallint unsigned NOT NULL COMMENT 'Store ID',
  PRIMARY KEY (`category_id`,`store_id`),
  KEY `MAGEFAN_BLOG_CATEGORY_STORE_STORE_ID` (`store_id`),
  CONSTRAINT `MAGEFAN_BLOG_CATEGORY_STORE_STORE_ID_STORE_STORE_ID` FOREIGN KEY (`store_id`) REFERENCES `store` (`store_id`) ON DELETE CASCADE,
  CONSTRAINT `MAGEFAN_BLOG_CTGR_STORE_CTGR_ID_MAGEFAN_BLOG_CTGR_CTGR_ID` FOREIGN KEY (`category_id`) REFERENCES `magefan_blog_category` (`category_id`) ON DELETE CASCADE
) ENGINE=InnoDB DEFAULT CHARSET=utf8mb3 COMMENT='Magefan Blog Category To Store Linkage Table';

--
-- Dumping data for table `magefan_blog_category_store`
--

INSERT INTO `magefan_blog_category_store` VALUES (1,0);

--
-- Table structure for table `magefan_blog_comment`
--

CREATE TABLE `magefan_blog_comment` (
  `comment_id` int NOT NULL AUTO_INCREMENT COMMENT 'Comment ID',
  `parent_id` int NOT NULL COMMENT 'Parent Comment ID',
  `post_id` int NOT NULL COMMENT 'Post ID',
  `customer_id` int DEFAULT NULL COMMENT 'Customer ID',
  `admin_id` int DEFAULT NULL COMMENT 'Admin User ID',
  `status` smallint NOT NULL COMMENT 'Comment status',
  `author_type` smallint NOT NULL COMMENT 'Author Type',
  `author_nickname` varchar(255) NOT NULL COMMENT 'Comment Author Nickname',
  `author_email` varchar(255) DEFAULT NULL COMMENT 'Comment Author Email',
  `text` mediumtext COMMENT 'Text',
  `creation_time` timestamp NOT NULL DEFAULT CURRENT_TIMESTAMP ON UPDATE CURRENT_TIMESTAMP COMMENT 'Comment Creation Time',
  `update_time` timestamp NOT NULL DEFAULT '0000-00-00 00:00:00' COMMENT 'Comment Update Time',
  PRIMARY KEY (`comment_id`),
  KEY `MAGEFAN_BLOG_COMMENT_PARENT_ID` (`parent_id`),
  KEY `MAGEFAN_BLOG_COMMENT_POST_ID` (`post_id`),
  KEY `MAGEFAN_BLOG_COMMENT_CUSTOMER_ID` (`customer_id`),
  KEY `MAGEFAN_BLOG_COMMENT_ADMIN_ID` (`admin_id`),
  KEY `MAGEFAN_BLOG_COMMENT_STATUS` (`status`),
  CONSTRAINT `MAGEFAN_BLOG_COMMENT_POST_ID_MAGEFAN_BLOG_POST_POST_ID` FOREIGN KEY (`post_id`) REFERENCES `magefan_blog_post` (`post_id`) ON DELETE CASCADE
) ENGINE=InnoDB AUTO_INCREMENT=29 DEFAULT CHARSET=utf8mb3 COMMENT='magefan_blog_comment';

--
-- Dumping data for table `magefan_blog_comment`
--

INSERT INTO `magefan_blog_comment` VALUES (1,0,4,0,NULL,0,0,'Ellfraure','ellontono@delays.site','Order Direct Legally Levaquin Website Saturday Delivery Overseas  http://apcialisle.com/# - cialis without a doctor\'s prescription Amoxicillin Side Effects In Pets  <a href=http://apcialisle.com/#>Cialis</a> Levitra 10 Precio  ','2020-03-10 16:45:01','2020-03-10 16:45:01'),(2,0,4,0,NULL,0,0,'MarkVam','markAsced@aemail.xyz','Cialis 36 Anni  http://apcialisle.com/# - Buy Cialis Levaquin Purchasing With Overnight Delivery  <a href=http://apcialisle.com/#>Buy Cialis</a> Valtrex 500mg Online  ','2020-03-12 17:51:03','2020-03-12 17:51:03'),(3,0,4,0,NULL,0,0,'MatBoalge','matcleshy@belan.website','Amoxicilline Spermatozoides  http://apcialisle.com/# - Buy Cialis Provera Medication Visa Accepted Shipped Ups Free Doctor Consultation  <a href=http://apcialisle.com/#>Cialis</a> Delicate Rx Support  ','2020-03-14 23:12:42','2020-03-14 23:12:42'),(4,0,4,0,NULL,0,0,'ucusocovi','awudafez@akljs.sdgmaipop.com','http://mewkid.net/when-is-xaxlop/ - Amoxicillin 500mg <a href=\"http://mewkid.net/when-is-xaxlop/\">Amoxicillin No Prescription</a> zuj.ioyw.lookvacations.com.ejc.iz http://mewkid.net/when-is-xaxlop/','2020-03-18 10:53:02','2020-03-18 10:53:02'),(5,0,4,0,NULL,0,0,'Ellfraure','ellontono@delays.site','Precios Cialis 20 Mg  https://apcialisle.com/# - Buy Cialis accutane tablets buy  <a href=https://apcialisle.com/#>Cialis</a> Is Cephalexin Good For Vaginal Infections  ','2020-03-18 23:39:02','2020-03-18 23:39:02'),(6,0,4,0,NULL,0,0,'Stevpeardy','stevtiep@belan.space','Lasix Rezeptfrei Kaufen  https://apcialisle.com/# - Buy Cialis Propecia Dosage Or 5mg  <a href=https://apcialisle.com/#>Buy Cialis</a> Four Corners Pharmacy New Zealand  ','2020-03-19 03:45:17','2020-03-19 03:45:17'),(7,0,4,0,NULL,0,0,'Edydype','edysmamp@brownl.xyz','Buy Generic Prevacid Online  https://apcialisle.com/# - Cialis Minoxidil Proscar Propecia  <a href=https://apcialisle.com/#>Cialis</a> Finasteride 1 Mg Generique  ','2020-03-21 12:59:45','2020-03-21 12:59:45'),(8,0,4,0,NULL,0,0,'LesOrgast','lesKelt@delays.website','Canada Pharmacy Euro Med  https://apcialisle.com/# - Cialis Web Md Keflex Dosage  <a href=https://apcialisle.com/#>Cialis</a> Purchase isotretinoin pills next day pharmacy amex  ','2020-03-22 17:56:44','2020-03-22 17:56:44'),(9,0,4,0,NULL,0,0,'MatBoalge','matcleshy@belan.website','Levitra Without A Script  https://apcialisle.com/# - cialis otc Cheapest 4 Quantity Of Viagra  <a href=https://apcialisle.com/#>Cialis</a> Cephalexin Prescribed For  ','2020-03-24 23:03:33','2020-03-24 23:03:33'),(10,0,4,0,NULL,0,0,'Allenges','dmitriyhvcmka@mail.ru','Hurry up to look into loveawake.ru you will find a lot of interesting things','2020-04-06 18:58:41','2020-04-06 18:58:41'),(11,0,4,0,NULL,0,0,'Hi Im Ann. My sexy photo here https://linktr.ee/sexyann28','amirbegpikushin1994730iibx@mail.ru','Hi Im Ann. My sexy photo here https://linktr.ee/sexyann28','2020-04-13 05:22:21','2020-04-13 05:22:21'),(12,0,4,0,NULL,0,0,'maxaSuili','Alefiya@1-best.ru\r\n','<a href=http://happyend24.ru>массаж в Королёве с продолжением</a> или <a href=http://happyend24.ru>массаж ветка сакуры в Королёве</a> \r\n \r\nhttp://happyend24.ru','2020-04-14 22:09:38','2020-04-14 22:09:38'),(13,0,4,0,NULL,0,0,'labedroomFup','cvp1r3vtd@seoturbina.ru','<b><a href=https://labedroom.com/>Full bed frame</a></b> \r\nDreaming update your interior? Check out the news products home from our collection, in which represented as furniture with colorful floral patterns and and goods with luxurious texture finish metallic. Poof for the garden is rightfully necessary attribute any housing. In the presented store online you can always buy best furniture for apartments. Our company will deliver in VENIS (VENICE) customer absolutely all furniture at any time days.Price lists, those that provides web shop office furniture MARINA DEL REY very each customer.As a rule low tariff may cause some questions regarding production quality. The catalog which filled numerous items furniture composes just high quality products.','2020-04-25 02:27:07','2020-04-25 02:27:07'),(14,0,4,0,NULL,0,0,'Leoanycle','leoInorne@avmail.xyz','Cialis Prezzo Farmacia Italiana  https://abuycialisb.com/# - Cialis Levitra Vs Cialis  <a href=https://abuycialisb.com/#>Cialis</a> Shipped Ups Stendra Medicine  ','2020-04-27 16:43:33','2020-04-27 16:43:33'),(15,0,4,0,NULL,0,0,'JamReuth','jamSnige@brendl.xyz','How to buy isotretinoin Riverside  https://buycialisuss.com/# - Buy Cialis Achat Medicament Cialis  <a href=https://buycialisuss.com/#>Buy Cialis</a> Order Pharmaceuticals Online India  ','2020-04-28 09:40:47','2020-04-28 09:40:47'),(16,0,4,0,NULL,0,0,'Hedsseexaby','jessmcmill666@gmail.com','Р”СЂСѓРіРѕРіРѕ РѕРЅ СЃС…РІР°С‚РёР» Р·Р° РіРѕСЂР»Рѕ Рё РЅР°С‡Р°Р» РґСѓС€РёС‚СЊ, РїРѕРєР° С‚РѕС‚ РЅРµ РїРѕС‚РµСЂСЏР» СЃРѕР·РЅР°РЅРёРµ. <a href=https://onlinecreditka.site/besprotsentnyi_kredit_raiffaizen_zakazat.php>Р±РµСЃРїСЂРѕС†РµРЅС‚РЅС‹Р№ РєСЂРµРґРёС‚ СЂР°Р№С„С„Р°Р№Р·РµРЅ Р·Р°РєР°Р·Р°С‚СЊ</a>, <a href=https://onlinecreditka.site/ssuda_molodoi_seme.php>СЃСЃСѓРґР° РјРѕР»РѕРґРѕР№ СЃРµРјСЊРµ</a>. Р§С‚Рѕ РґРµР»Р°С‚СЊ Р±СѓРґРµРј? <a href=https://onlinecreditka.site/momentalnye_onlain_zaimy.php>РјРѕРјРµРЅС‚Р°Р»СЊРЅС‹Рµ РѕРЅР»Р°Р№РЅ Р·Р°Р№РјС‹</a>, РР»Рё РґРµСЂРµРІСЊСЏ. <a href=https://onlinecreditka.site/osnovy_kreditovaniia.php>РѕСЃРЅРѕРІС‹ РєСЂРµРґРёС‚РѕРІР°РЅРёСЏ</a>, <a href=https://onlinecreditka.site/mashiny_v_kredit_v_sochi.php>РјР°С€РёРЅС‹ РІ РєСЂРµРґРёС‚ РІ СЃРѕС‡Рё</a>. РћРЅ СѓСЃРјРµС…РЅСѓР»СЃСЏ Рё РЅРµРјРЅРѕРіРѕ РїРѕРєСЂР°СЃРЅРµР»вЂ¦ СЂРѕР±РєРѕ, С‚Р°Рє РЅРµРїРѕС…РѕР¶Рµ РЅР° СЃР°РјРѕРіРѕ СЃРµР±СЏ, РїСЂРѕРёР·РЅРµСЃ:','2020-05-01 08:47:48','2020-05-01 08:47:48'),(17,0,4,0,NULL,0,0,'DonaldTuh','rietdorf61@kennerson42.universallightkeys.com','Hello! I valid would like to cede up a mammoth thumbs up after the qualified info you mooncalf here on this post. I determination be coming recoil from to your blog in compensation more soon.  http://www.surviv-io.fun','2020-05-02 22:59:25','2020-05-02 22:59:25'),(18,0,4,0,NULL,0,0,'ninaSuili','geron4447@mailfix.xyz\r\n','Тут можно прочитать про <a href=http://yourdesires.ru/it/1248-kak-vvesti-znak-evro-s-klaviatury.html>курс евро знак</a>, а ещё интересно написано про <a href=http://yourdesires.ru/fashion-and-style/quality-of-life/67-ot-chego-zavisit-blagopoluchie-cheloveka.html>благополучия это</a> \r\n \r\nhttp://yourdesires.ru/psychology/1257-vazhnye-ustanovki-dlya-garmonichnoy-zhizni.html \r\n \r\nмикоцин актив можно посмотреть на сайте <a href=https://yourdesires.ru/beauty-and-health/1568-kompleks-mikocin-izbavit-ot-gribka-vsego-za-30-dnej-i-ne-dopustit-povtornogo-zarazhenija.html>микоцин комплекс отзывы woman medic ru</a>','2020-05-04 00:08:38','2020-05-04 00:08:38'),(19,0,4,0,NULL,0,0,'MarkVam','markAsced@aemail.xyz','Generique Cialis Forum  https://abcialisnews.com/# - Cialis Fake Generic Viagra  <a href=https://abcialisnews.com/#>Cialis</a> Vpxl  ','2020-05-04 05:55:45','2020-05-04 05:55:45'),(20,0,4,0,NULL,0,0,'JamReuth','jamSnige@brendl.xyz','Amoxicillin Flavor  https://viacialisns.com/# - Cialis Alternative Al Viagra Senza Ricetta  <a href=https://viacialisns.com/#>Cialis</a> Canadian Health Mall  ','2020-05-06 05:42:09','2020-05-06 05:42:09'),(21,0,4,0,NULL,0,0,'labedroomFup','arlcfn@prestig-okno.com','<b><a href=https://labedroom.com/>Bedroom losangeles</a></b> \r\nCome in  outstanding store in Jefferson Park production for  office and  home use and  cafe!    presents   over  12000  appointment furniture    and goods  for a country house and apartments  or  restaurant. Natural rattan , are used   for the purposes of production   our branded products , possesses  strength  and  wear resistance, wonderful  external data. All furniture processed special compounds, due to which their surface does not absorb  water,  stable to extremes  ambient temperature air and exposure of the sun.  Vya our furniture  excellent retains its  functions even in  restaurant in  open spaces .  In the presented  online catalog  you  offered  photos  furniture  for dining room, hall, bedroom, children\'s room , as well as intended  for organization of storage area  -  dressers and cabinets, cabinets and  others .  In our store in Fairfax you can buy  everything for  any your home  not expensive . We invite   client   come to   store ,  holding   in  Westwood   what  cares about  its  shopper.\r\n\r\n\r\n\r\n','2020-05-08 15:06:27','2020-05-08 15:06:27'),(22,0,4,0,NULL,0,0,'Briangow','cbd5f@gmail.com','buy viagra 100mg online <a href=\"https://judpharmacy.com/\">viagra best buy scam</a> where is the best place to buy viagra','2020-05-09 12:08:01','2020-05-09 12:08:01'),(23,0,4,0,NULL,0,0,'Hedsseexaby','jessmcmill666@gmail.com','вЂ”В Р‘С‹Р» РѕРґРёРЅ,В вЂ” РѕС‚РІРµС‚РёР» РљРЅСѓС‚,В вЂ” РґР° РІРѕС‚ СЃР±РµР¶Р°Р» РєСѓРґР°-С‚Рѕ, РЅР°РІРµСЂРЅРѕРµ, Р¶СЂР°С‚РІСѓ РёС‰РµС‚. <a href=https://onlinecreditka.site/vziat_kredit_na_kartu_200000.php>РІР·СЏС‚СЊ РєСЂРµРґРёС‚ РЅР° РєР°СЂС‚Сѓ 200000</a>, <a href=https://onlinecreditka.site/istoriia_razvitiia_kreditnykh_otnoshenii.php>РёСЃС‚РѕСЂРёСЏ СЂР°Р·РІРёС‚РёСЏ РєСЂРµРґРёС‚РЅС‹С… РѕС‚РЅРѕС€РµРЅРёР№</a>. Р’ РїРѕРјРµС‰РµРЅРёРё СЃРѕР±СЂР°Р»РёСЃСЊ РІСЃРµ РѕР±РёС‚Р°С‚РµР»Рё Р·Р°РјРєР°. <a href=https://onlinecreditka.site/rosselkhoz_vziat_kredit_nalichnymi.php>СЂРѕСЃСЃРµР»СЊС…РѕР· РІР·СЏС‚СЊ РєСЂРµРґРёС‚ РЅР°Р»РёС‡РЅС‹РјРё</a>, РќРѕ РѕРЅР° РЅРµ РїРѕР·РІРѕР»РёР»Р° РµРјСѓ СѓР№С‚Рё РѕС‚ С‚РµРјС‹. <a href=https://onlinecreditka.site/rasschitat_kredit_v_banke_moskvy.php>СЂР°СЃСЃС‡РёС‚Р°С‚СЊ РєСЂРµРґРёС‚ РІ Р±Р°РЅРєРµ РјРѕСЃРєРІС‹</a>, <a href=https://onlinecreditka.site/bytovoi_kredit_onlain.php>Р±С‹С‚РѕРІРѕР№ РєСЂРµРґРёС‚ РѕРЅР»Р°Р№РЅ</a>. вЂ”В РќРµС‚, СЏ РґРѕР»Р¶РµРЅ СЃР°Рј РїРѕР±С‹РІР°С‚СЊ РІ С‚РѕРј РјРµСЃС‚Рµ РёР»Рё СѓРІРёРґРµС‚СЊ РµРіРѕ С…РѕС‚СЏ Р±С‹ РѕРґРёРЅ СЂР°Р· РґРѕ РјРѕРјРµРЅС‚Р° РїРµСЂРµРјРµС‰РµРЅРёСЏ.','2020-05-14 20:40:53','2020-05-14 20:40:53'),(24,0,4,0,NULL,0,0,'feexuspegreks','ronnyfisher6@gmail.com','Antibiotics are to be most dangerous for the individual, using it carefully can lead to good and successful results. Many studies have shown that a large number of individual\'s do not actually being aware to the usage of Antibiotics, and that they are can lead in some cases to death. <a href=https://doxycycline247.com>buy doxycycline online no prescription</a> The recommended dosage schedule for children weighing 100 pounds or less is 2 mg/lb of body weight on the first day of treatment, administered in one or two infusions. Subsequent daily dosage is 1 to 2 mg/lb of body weight given as one or two infusions, depending on the severity of the infection. For children over 100 pounds the usual adult dose should be used (see WARNINGS- Usage in Children ) <a href=https://doxycycline247.com>doxycycline superdrug</a> - <a href=https://doxycycline247.com>doxycycline 100mg capsule price</a>','2020-05-21 14:10:54','2020-05-21 14:10:54'),(25,0,4,0,NULL,0,0,'Queestant','morj665@gmail.com','вЂ”В Рђ СЏ РїРѕРґРѕР¶РґСѓ Р·РґРµСЃСЊ, РїРѕРєР° С‚С‹ Р±СѓРґРµС€СЊ Р·Р°РЅРёРјР°С‚СЊСЃСЏ СЃРІРѕРёРј РєРѕР»РґРѕРІСЃС‚РІРѕРј. <a href=https://onlinecreditka.site/kredit_onlain_na_bankovskuiu_bez_otkaza.php>РєСЂРµРґРёС‚ РѕРЅР»Р°Р№РЅ РЅР° Р±Р°РЅРєРѕРІСЃРєСѓСЋ Р±РµР· РѕС‚РєР°Р·Р°</a>, <a href=https://onlinecreditka.site/sovmestnyi_dolg_po_kreditu.php>СЃРѕРІРјРµСЃС‚РЅС‹Р№ РґРѕР»Рі РїРѕ РєСЂРµРґРёС‚Сѓ</a>. вЂ”В РўСѓСЂ, РµС‰С‘ РіРѕСЃС‚РµР№ СЃС‚РѕРёС‚ РѕР¶РёРґР°С‚СЊ вЂ” РѕР·Р°Р±РѕС‚РёР»СЃСЏ РњСЂР°С‡РЅС‹Р№. <a href=https://onlinecreditka.site/tekhnologiia_bankovskikh_kart.php>С‚РµС…РЅРѕР»РѕРіРёСЏ Р±Р°РЅРєРѕРІСЃРєРёС… РєР°СЂС‚</a>, вЂ”В Р”СЂСѓРі С‚РІРѕР№, РіРѕРІРѕСЂРёС€СЊ?В вЂ” РїСЂРѕС‚СЏРЅСѓР» Р”РјРёС‚СЂРёР№.В вЂ” РќСѓ Р»Р°РґРЅРѕ, Р’Р°Р»РµСЂ, РІРїСѓСЃС‚Рё РіРѕСЃС‚СЏ.В вЂ” РѕР±СЂР°С‚РёР»СЃСЏ РѕРЅ Рє РѕРґРЅРѕРјСѓ РёР· Р±СЂР°С‚СЊРµРІ. <a href=https://onlinecreditka.site/tendentsii_potrebitelskogo_kreditovaniia.php>С‚РµРЅРґРµРЅС†РёРё РїРѕС‚СЂРµР±РёС‚РµР»СЊСЃРєРѕРіРѕ РєСЂРµРґРёС‚РѕРІР°РЅРёСЏ</a>, <a href=https://onlinecreditka.site/kredit_studentam_onlain_na_kartu.php>РєСЂРµРґРёС‚ СЃС‚СѓРґРµРЅС‚Р°Рј РѕРЅР»Р°Р№РЅ РЅР° РєР°СЂС‚Сѓ</a>. РџРѕРґРѕР·СЂРёС‚РµР»СЊРЅРѕ?','2020-05-21 22:36:27','2020-05-21 22:36:27'),(26,0,4,0,NULL,0,0,'igoDAlIxMZJhk','meher8642tay@gmail.com','dhxNYLQT','2020-06-08 04:43:29','2020-06-08 04:43:29'),(27,0,4,0,NULL,0,0,'gVqoCYvRfPeQOJmF','meher8642tay@gmail.com','QdeTfpsHlYtIm','2020-06-08 04:43:30','2020-06-08 04:43:30'),(28,0,4,0,NULL,0,0,'mashanSuili','ruma7896@mailfix.xyz\r\n','<a href=https://www.victorinox.market/product/VX200512117>ножи victorinox официальный сайт россия</a> или <a href=https://www.victorinox.market/product/VX20051260>швейцарский нож купить новосибирск</a> \r\n \r\nhttps://www.victorinox.market/product/GR1711131004','2020-06-16 21:47:30','2020-06-16 21:47:30');

--
