-- Table structure for table `cron_schedule`
--

CREATE TABLE `cron_schedule` (
  `schedule_id` int unsigned NOT NULL AUTO_INCREMENT COMMENT 'Schedule ID',
  `job_code` varchar(255) NOT NULL DEFAULT '0' COMMENT 'Job Code',
  `status` varchar(7) NOT NULL DEFAULT 'pending' COMMENT 'Status',
  `messages` text COMMENT 'Messages',
  `created_at` timestamp NOT NULL DEFAULT CURRENT_TIMESTAMP COMMENT 'Created At',
  `scheduled_at` timestamp NULL DEFAULT NULL COMMENT 'Scheduled At',
  `executed_at` timestamp NULL DEFAULT NULL COMMENT 'Executed At',
  `finished_at` timestamp NULL DEFAULT NULL COMMENT 'Finished At',
  PRIMARY KEY (`schedule_id`),
  KEY `CRON_SCHEDULE_JOB_CODE` (`job_code`),
  KEY `CRON_SCHEDULE_SCHEDULED_AT_STATUS` (`scheduled_at`,`status`)
) ENGINE=InnoDB DEFAULT CHARSET=utf8mb3 COMMENT='Cron Schedule';

--
-- Dumping data for table `cron_schedule`
--


--
-- Table structure for table `customer_address_entity`
--

CREATE TABLE `customer_address_entity` (
  `entity_id` int unsigned NOT NULL AUTO_INCREMENT COMMENT 'Entity ID',
  `increment_id` varchar(50) DEFAULT NULL COMMENT 'Increment ID',
  `parent_id` int unsigned DEFAULT NULL COMMENT 'Parent ID',
  `created_at` timestamp NOT NULL DEFAULT CURRENT_TIMESTAMP COMMENT 'Created At',
  `updated_at` timestamp NOT NULL DEFAULT CURRENT_TIMESTAMP ON UPDATE CURRENT_TIMESTAMP COMMENT 'Updated At',
  `is_active` smallint unsigned NOT NULL DEFAULT '1' COMMENT 'Is Active',
  `city` varchar(255) NOT NULL COMMENT 'City',
  `company` varchar(255) DEFAULT NULL COMMENT 'Company',
  `country_id` varchar(255) NOT NULL COMMENT 'Country',
  `fax` varchar(255) DEFAULT NULL COMMENT 'Fax',
  `firstname` varchar(255) NOT NULL COMMENT 'First Name',
  `lastname` varchar(255) NOT NULL COMMENT 'Last Name',
  `middlename` varchar(255) DEFAULT NULL COMMENT 'Middle Name',
  `postcode` varchar(255) DEFAULT NULL COMMENT 'Zip/Postal Code',
  `prefix` varchar(40) DEFAULT NULL COMMENT 'Name Prefix',
  `region` varchar(255) DEFAULT NULL COMMENT 'State/Province',
  `region_id` int unsigned DEFAULT NULL COMMENT 'State/Province',
  `street` text NOT NULL COMMENT 'Street Address',
  `suffix` varchar(40) DEFAULT NULL COMMENT 'Name Suffix',
  `telephone` varchar(255) NOT NULL COMMENT 'Phone Number',
  `vat_id` varchar(255) DEFAULT NULL COMMENT 'VAT number',
  `vat_is_valid` int unsigned DEFAULT NULL COMMENT 'VAT number validity',
  `vat_request_date` varchar(255) DEFAULT NULL COMMENT 'VAT number validation request date',
  `vat_request_id` varchar(255) DEFAULT NULL COMMENT 'VAT number validation request ID',
  `vat_request_success` int unsigned DEFAULT NULL COMMENT 'VAT number validation request success',
  PRIMARY KEY (`entity_id`),
  KEY `CUSTOMER_ADDRESS_ENTITY_PARENT_ID` (`parent_id`),
  CONSTRAINT `CUSTOMER_ADDRESS_ENTITY_PARENT_ID_CUSTOMER_ENTITY_ENTITY_ID` FOREIGN KEY (`parent_id`) REFERENCES `customer_entity` (`entity_id`) ON DELETE CASCADE
) ENGINE=InnoDB AUTO_INCREMENT=7 DEFAULT CHARSET=utf8mb3 COMMENT='Customer Address Entity';

--
-- Dumping data for table `customer_address_entity`
--

INSERT INTO `customer_address_entity` VALUES (2,NULL,4,'2019-03-16 23:12:46','2019-07-04 10:25:52',1,'Tirana',NULL,'AL',NULL,'Demo','Omed',NULL,'10057',NULL,'Tirana',0,'Bulevardi Zogu i pare\nBulevardi Zogu i pare\nBulevardi Zogu i pare',NULL,'0695855939',NULL,NULL,NULL,NULL,NULL),(3,NULL,5,'2019-03-19 17:04:10','2019-05-07 11:11:10',1,'Tirana',NULL,'AL',NULL,'Shpresim','Ndrukaj',NULL,'1005',NULL,'Tirana',0,'Bulevardi Zogu i pare\nBulevardi Zogu i pare\nBulevardi Zogu i pare',NULL,'0695855939',NULL,NULL,NULL,NULL,NULL),(4,NULL,6,'2020-03-05 14:12:49','2020-03-05 14:12:49',1,'DemoCity','DemoCorp','ES',NULL,'Demo123','Omed123',NULL,'4747',NULL,'Madrid',161,'DemoStreet',NULL,'+355695855828',NULL,NULL,NULL,NULL,NULL),(5,NULL,7,'2020-03-14 14:17:12','2020-03-14 14:17:12',1,'Cairo','SOLAR EMPIRE TRAVEL','EG',NULL,'SOLAR','EMPIRE',NULL,'11765',NULL,NULL,0,'24B Anwar Elmofti, Nasr City',NULL,'+202 2260 5200',NULL,NULL,NULL,NULL,NULL),(6,NULL,8,'2020-06-04 21:01:57','2020-06-04 21:01:57',1,'Kuala Lumpur','Via Vacation','MY',NULL,'Suri','Yusof',NULL,'47810',NULL,NULL,0,'No. 25 Jalan Teknologi 3/6B The Core Sunsuria Kota Damansara 47810 Petaling Jaya, Selangor',NULL,'+601700 814 857',NULL,NULL,NULL,NULL,NULL);

--
-- Table structure for table `customer_address_entity_datetime`
--

CREATE TABLE `customer_address_entity_datetime` (
  `value_id` int NOT NULL AUTO_INCREMENT COMMENT 'Value ID',
  `attribute_id` smallint unsigned NOT NULL DEFAULT '0' COMMENT 'Attribute ID',
  `entity_id` int unsigned NOT NULL DEFAULT '0' COMMENT 'Entity ID',
  `value` datetime DEFAULT NULL COMMENT 'Value',
  PRIMARY KEY (`value_id`),
  UNIQUE KEY `CUSTOMER_ADDRESS_ENTITY_DATETIME_ENTITY_ID_ATTRIBUTE_ID` (`entity_id`,`attribute_id`),
  KEY `CUSTOMER_ADDRESS_ENTITY_DATETIME_ATTRIBUTE_ID` (`attribute_id`),
  KEY `CUSTOMER_ADDRESS_ENTITY_DATETIME_ENTITY_ID_ATTRIBUTE_ID_VALUE` (`entity_id`,`attribute_id`,`value`),
  CONSTRAINT `CSTR_ADDR_ENTT_DTIME_ATTR_ID_EAV_ATTR_ATTR_ID` FOREIGN KEY (`attribute_id`) REFERENCES `eav_attribute` (`attribute_id`) ON DELETE CASCADE,
  CONSTRAINT `CSTR_ADDR_ENTT_DTIME_ENTT_ID_CSTR_ADDR_ENTT_ENTT_ID` FOREIGN KEY (`entity_id`) REFERENCES `customer_address_entity` (`entity_id`) ON DELETE CASCADE
) ENGINE=InnoDB DEFAULT CHARSET=utf8mb3 COMMENT='Customer Address Entity Datetime';

--
-- Dumping data for table `customer_address_entity_datetime`
--


--
-- Table structure for table `customer_address_entity_decimal`
--

CREATE TABLE `customer_address_entity_decimal` (
  `value_id` int NOT NULL AUTO_INCREMENT COMMENT 'Value ID',
  `attribute_id` smallint unsigned NOT NULL DEFAULT '0' COMMENT 'Attribute ID',
  `entity_id` int unsigned NOT NULL DEFAULT '0' COMMENT 'Entity ID',
  `value` decimal(12,4) NOT NULL DEFAULT '0.0000' COMMENT 'Value',
  PRIMARY KEY (`value_id`),
  UNIQUE KEY `CUSTOMER_ADDRESS_ENTITY_DECIMAL_ENTITY_ID_ATTRIBUTE_ID` (`entity_id`,`attribute_id`),
  KEY `CUSTOMER_ADDRESS_ENTITY_DECIMAL_ATTRIBUTE_ID` (`attribute_id`),
  KEY `CUSTOMER_ADDRESS_ENTITY_DECIMAL_ENTITY_ID_ATTRIBUTE_ID_VALUE` (`entity_id`,`attribute_id`,`value`),
  CONSTRAINT `CSTR_ADDR_ENTT_DEC_ATTR_ID_EAV_ATTR_ATTR_ID` FOREIGN KEY (`attribute_id`) REFERENCES `eav_attribute` (`attribute_id`) ON DELETE CASCADE,
  CONSTRAINT `CSTR_ADDR_ENTT_DEC_ENTT_ID_CSTR_ADDR_ENTT_ENTT_ID` FOREIGN KEY (`entity_id`) REFERENCES `customer_address_entity` (`entity_id`) ON DELETE CASCADE
) ENGINE=InnoDB DEFAULT CHARSET=utf8mb3 COMMENT='Customer Address Entity Decimal';

--
-- Dumping data for table `customer_address_entity_decimal`
--


--
-- Table structure for table `customer_address_entity_int`
--

CREATE TABLE `customer_address_entity_int` (
  `value_id` int NOT NULL AUTO_INCREMENT COMMENT 'Value ID',
  `attribute_id` smallint unsigned NOT NULL DEFAULT '0' COMMENT 'Attribute ID',
  `entity_id` int unsigned NOT NULL DEFAULT '0' COMMENT 'Entity ID',
  `value` int NOT NULL DEFAULT '0' COMMENT 'Value',
  PRIMARY KEY (`value_id`),
  UNIQUE KEY `CUSTOMER_ADDRESS_ENTITY_INT_ENTITY_ID_ATTRIBUTE_ID` (`entity_id`,`attribute_id`),
  KEY `CUSTOMER_ADDRESS_ENTITY_INT_ATTRIBUTE_ID` (`attribute_id`),
  KEY `CUSTOMER_ADDRESS_ENTITY_INT_ENTITY_ID_ATTRIBUTE_ID_VALUE` (`entity_id`,`attribute_id`,`value`),
  CONSTRAINT `CSTR_ADDR_ENTT_INT_ATTR_ID_EAV_ATTR_ATTR_ID` FOREIGN KEY (`attribute_id`) REFERENCES `eav_attribute` (`attribute_id`) ON DELETE CASCADE,
  CONSTRAINT `CSTR_ADDR_ENTT_INT_ENTT_ID_CSTR_ADDR_ENTT_ENTT_ID` FOREIGN KEY (`entity_id`) REFERENCES `customer_address_entity` (`entity_id`) ON DELETE CASCADE
) ENGINE=InnoDB DEFAULT CHARSET=utf8mb3 COMMENT='Customer Address Entity Int';

--
-- Dumping data for table `customer_address_entity_int`
--


--
-- Table structure for table `customer_address_entity_text`
--

CREATE TABLE `customer_address_entity_text` (
  `value_id` int NOT NULL AUTO_INCREMENT COMMENT 'Value ID',
  `attribute_id` smallint unsigned NOT NULL DEFAULT '0' COMMENT 'Attribute ID',
  `entity_id` int unsigned NOT NULL DEFAULT '0' COMMENT 'Entity ID',
  `value` text NOT NULL COMMENT 'Value',
  PRIMARY KEY (`value_id`),
  UNIQUE KEY `CUSTOMER_ADDRESS_ENTITY_TEXT_ENTITY_ID_ATTRIBUTE_ID` (`entity_id`,`attribute_id`),
  KEY `CUSTOMER_ADDRESS_ENTITY_TEXT_ATTRIBUTE_ID` (`attribute_id`),
  CONSTRAINT `CSTR_ADDR_ENTT_TEXT_ATTR_ID_EAV_ATTR_ATTR_ID` FOREIGN KEY (`attribute_id`) REFERENCES `eav_attribute` (`attribute_id`) ON DELETE CASCADE,
  CONSTRAINT `CSTR_ADDR_ENTT_TEXT_ENTT_ID_CSTR_ADDR_ENTT_ENTT_ID` FOREIGN KEY (`entity_id`) REFERENCES `customer_address_entity` (`entity_id`) ON DELETE CASCADE
) ENGINE=InnoDB DEFAULT CHARSET=utf8mb3 COMMENT='Customer Address Entity Text';

--
-- Dumping data for table `customer_address_entity_text`
--


--
-- Table structure for table `customer_address_entity_varchar`
--

CREATE TABLE `customer_address_entity_varchar` (
  `value_id` int NOT NULL AUTO_INCREMENT COMMENT 'Value ID',
  `attribute_id` smallint unsigned NOT NULL DEFAULT '0' COMMENT 'Attribute ID',
  `entity_id` int unsigned NOT NULL DEFAULT '0' COMMENT 'Entity ID',
  `value` varchar(255) DEFAULT NULL COMMENT 'Value',
  PRIMARY KEY (`value_id`),
  UNIQUE KEY `CUSTOMER_ADDRESS_ENTITY_VARCHAR_ENTITY_ID_ATTRIBUTE_ID` (`entity_id`,`attribute_id`),
  KEY `CUSTOMER_ADDRESS_ENTITY_VARCHAR_ATTRIBUTE_ID` (`attribute_id`),
  KEY `CUSTOMER_ADDRESS_ENTITY_VARCHAR_ENTITY_ID_ATTRIBUTE_ID_VALUE` (`entity_id`,`attribute_id`,`value`),
  CONSTRAINT `CSTR_ADDR_ENTT_VCHR_ATTR_ID_EAV_ATTR_ATTR_ID` FOREIGN KEY (`attribute_id`) REFERENCES `eav_attribute` (`attribute_id`) ON DELETE CASCADE,
  CONSTRAINT `CSTR_ADDR_ENTT_VCHR_ENTT_ID_CSTR_ADDR_ENTT_ENTT_ID` FOREIGN KEY (`entity_id`) REFERENCES `customer_address_entity` (`entity_id`) ON DELETE CASCADE
) ENGINE=InnoDB DEFAULT CHARSET=utf8mb3 COMMENT='Customer Address Entity Varchar';

--
-- Dumping data for table `customer_address_entity_varchar`
--


--
-- Table structure for table `customer_eav_attribute`
--

CREATE TABLE `customer_eav_attribute` (
  `attribute_id` smallint unsigned NOT NULL COMMENT 'Attribute ID',
  `is_visible` smallint unsigned NOT NULL DEFAULT '1' COMMENT 'Is Visible',
  `input_filter` varchar(255) DEFAULT NULL COMMENT 'Input Filter',
  `multiline_count` smallint unsigned NOT NULL DEFAULT '1' COMMENT 'Multiline Count',
  `validate_rules` text COMMENT 'Validate Rules',
  `is_system` smallint unsigned NOT NULL DEFAULT '0' COMMENT 'Is System',
  `sort_order` int unsigned NOT NULL DEFAULT '0' COMMENT 'Sort Order',
  `data_model` varchar(255) DEFAULT NULL COMMENT 'Data Model',
  `is_used_in_grid` smallint unsigned NOT NULL DEFAULT '0' COMMENT 'Is Used in Grid',
  `is_visible_in_grid` smallint unsigned NOT NULL DEFAULT '0' COMMENT 'Is Visible in Grid',
  `is_filterable_in_grid` smallint unsigned NOT NULL DEFAULT '0' COMMENT 'Is Filterable in Grid',
  `is_searchable_in_grid` smallint unsigned NOT NULL DEFAULT '0' COMMENT 'Is Searchable in Grid',
  PRIMARY KEY (`attribute_id`),
  CONSTRAINT `CUSTOMER_EAV_ATTRIBUTE_ATTRIBUTE_ID_EAV_ATTRIBUTE_ATTRIBUTE_ID` FOREIGN KEY (`attribute_id`) REFERENCES `eav_attribute` (`attribute_id`) ON DELETE CASCADE
) ENGINE=InnoDB DEFAULT CHARSET=utf8mb3 COMMENT='Customer Eav Attribute';

--
-- Dumping data for table `customer_eav_attribute`
--

INSERT INTO `customer_eav_attribute` VALUES (1,1,NULL,0,NULL,1,10,NULL,1,1,1,0),(2,0,NULL,0,NULL,1,0,NULL,0,0,0,0),(3,1,NULL,0,NULL,1,20,NULL,1,1,0,1),(4,0,NULL,0,NULL,0,30,NULL,0,0,0,0),(5,1,'trim',0,'{\"max_text_length\":255,\"min_text_length\":1}',1,40,NULL,0,0,0,0),(6,0,'trim',0,NULL,0,50,NULL,0,0,0,0),(7,1,'trim',0,'{\"max_text_length\":255,\"min_text_length\":1}',1,60,NULL,0,0,0,0),(8,0,NULL,0,NULL,0,70,NULL,0,0,0,0),(9,1,NULL,0,'{\"input_validation\":\"email\"}',1,80,NULL,1,1,1,1),(10,1,NULL,0,NULL,1,25,NULL,1,1,1,0),(11,0,'date',0,'{\"input_validation\":\"date\"}',0,90,NULL,1,1,1,0),(12,0,NULL,0,NULL,1,0,NULL,0,0,0,0),(13,0,NULL,0,NULL,1,0,NULL,0,0,0,0),(14,0,NULL,0,'{\"input_validation\":\"date\"}',1,0,NULL,0,0,0,0),(15,0,NULL,0,NULL,1,0,NULL,0,0,0,0),(16,0,NULL,0,NULL,1,0,NULL,0,0,0,0),(17,0,NULL,0,'{\"max_text_length\":255}',0,100,NULL,1,1,0,1),(18,0,NULL,0,NULL,1,0,NULL,1,1,1,0),(19,0,NULL,0,NULL,0,0,NULL,1,1,1,0),(20,0,NULL,0,'[]',0,110,NULL,1,1,1,0),(21,1,NULL,0,NULL,1,28,NULL,0,0,0,0),(22,0,NULL,0,NULL,0,10,NULL,0,0,0,0),(23,1,'trim',0,'{\"max_text_length\":255,\"min_text_length\":1}',1,20,NULL,1,0,0,1),(24,0,'trim',0,NULL,0,30,NULL,0,0,0,0),(25,1,'trim',0,'{\"max_text_length\":255,\"min_text_length\":1}',1,40,NULL,1,0,0,1),(26,0,NULL,0,NULL,0,50,NULL,0,0,0,0),(27,1,NULL,0,'{\"max_text_length\":255,\"min_text_length\":1}',1,60,NULL,1,0,0,1),(28,1,NULL,3,'{\"max_text_length\":255,\"min_text_length\":1}',1,70,NULL,1,0,0,1),(29,1,NULL,0,'{\"max_text_length\":255,\"min_text_length\":1}',1,80,NULL,1,0,0,1),(30,1,NULL,0,NULL,1,90,NULL,1,1,1,0),(31,1,NULL,0,NULL,1,100,NULL,1,1,0,1),(32,1,NULL,0,NULL,1,100,NULL,0,0,0,0),(33,1,NULL,0,'[]',1,110,'Magento\\Customer\\Model\\Attribute\\Data\\Postcode',1,1,1,1),(34,1,NULL,0,'{\"max_text_length\":255,\"min_text_length\":1}',1,120,NULL,1,1,1,1),(35,0,NULL,0,'{\"max_text_length\":255,\"min_text_length\":1}',0,130,NULL,1,0,0,1),(36,1,NULL,0,NULL,1,140,NULL,0,0,0,0),(37,0,NULL,0,NULL,1,0,NULL,0,0,0,0),(38,0,NULL,0,NULL,1,0,NULL,0,0,0,0),(39,0,NULL,0,NULL,1,0,NULL,0,0,0,0),(40,0,NULL,0,NULL,1,0,NULL,0,0,0,0),(41,0,NULL,0,NULL,0,0,NULL,0,0,0,0),(42,0,NULL,0,NULL,1,0,NULL,0,0,0,0),(43,0,NULL,0,NULL,1,0,NULL,0,0,0,0),(44,0,NULL,0,NULL,1,0,NULL,0,0,0,0),(173,1,NULL,0,NULL,0,211,NULL,0,0,0,0),(174,1,NULL,0,NULL,0,213,NULL,0,0,0,0),(186,0,NULL,0,NULL,0,999,NULL,0,0,0,0);

--
-- Table structure for table `customer_eav_attribute_website`
--

CREATE TABLE `customer_eav_attribute_website` (
  `attribute_id` smallint unsigned NOT NULL COMMENT 'Attribute ID',
  `website_id` smallint unsigned NOT NULL COMMENT 'Website ID',
  `is_visible` smallint unsigned DEFAULT NULL COMMENT 'Is Visible',
  `is_required` smallint unsigned DEFAULT NULL COMMENT 'Is Required',
  `default_value` text COMMENT 'Default Value',
  `multiline_count` smallint unsigned DEFAULT NULL COMMENT 'Multiline Count',
  PRIMARY KEY (`attribute_id`,`website_id`),
  KEY `CUSTOMER_EAV_ATTRIBUTE_WEBSITE_WEBSITE_ID` (`website_id`),
  CONSTRAINT `CSTR_EAV_ATTR_WS_ATTR_ID_EAV_ATTR_ATTR_ID` FOREIGN KEY (`attribute_id`) REFERENCES `eav_attribute` (`attribute_id`) ON DELETE CASCADE,
  CONSTRAINT `CSTR_EAV_ATTR_WS_WS_ID_STORE_WS_WS_ID` FOREIGN KEY (`website_id`) REFERENCES `store_website` (`website_id`) ON DELETE CASCADE
) ENGINE=InnoDB DEFAULT CHARSET=utf8mb3 COMMENT='Customer Eav Attribute Website';

--
-- Dumping data for table `customer_eav_attribute_website`
--

INSERT INTO `customer_eav_attribute_website` VALUES (1,1,NULL,NULL,NULL,NULL),(3,1,NULL,NULL,NULL,NULL),(4,1,NULL,NULL,NULL,NULL),(5,1,NULL,NULL,NULL,NULL),(6,1,NULL,NULL,NULL,NULL),(7,1,NULL,NULL,NULL,NULL),(8,1,NULL,NULL,NULL,NULL),(9,1,NULL,NULL,NULL,NULL),(10,1,NULL,NULL,NULL,NULL),(11,1,NULL,NULL,NULL,NULL),(17,1,NULL,NULL,NULL,NULL),(18,1,NULL,NULL,NULL,NULL),(19,1,NULL,NULL,NULL,NULL),(20,1,NULL,NULL,NULL,NULL),(21,1,NULL,NULL,NULL,NULL),(22,1,NULL,NULL,NULL,NULL),(23,1,NULL,NULL,NULL,NULL),(24,1,NULL,NULL,NULL,NULL),(25,1,NULL,NULL,NULL,NULL),(26,1,NULL,NULL,NULL,NULL),(27,1,NULL,NULL,NULL,NULL),(28,1,NULL,NULL,NULL,NULL),(29,1,NULL,NULL,NULL,NULL),(30,1,NULL,NULL,NULL,NULL),(31,1,NULL,NULL,NULL,NULL),(32,1,NULL,NULL,NULL,NULL),(33,1,NULL,NULL,NULL,NULL),(34,1,NULL,NULL,NULL,NULL),(35,1,NULL,NULL,NULL,NULL),(36,1,NULL,NULL,NULL,NULL),(173,1,NULL,NULL,NULL,NULL),(174,1,NULL,NULL,NULL,NULL);

--
-- Table structure for table `customer_entity`
--

CREATE TABLE `customer_entity` (
  `entity_id` int unsigned NOT NULL AUTO_INCREMENT COMMENT 'Entity ID',
  `website_id` smallint unsigned DEFAULT NULL COMMENT 'Website ID',
  `email` varchar(255) DEFAULT NULL COMMENT 'Email',
  `group_id` smallint unsigned NOT NULL DEFAULT '0' COMMENT 'Group ID',
  `increment_id` varchar(50) DEFAULT NULL COMMENT 'Increment ID',
  `store_id` smallint unsigned DEFAULT '0' COMMENT 'Store ID',
  `created_at` timestamp NOT NULL DEFAULT CURRENT_TIMESTAMP COMMENT 'Created At',
  `updated_at` timestamp NOT NULL DEFAULT CURRENT_TIMESTAMP ON UPDATE CURRENT_TIMESTAMP COMMENT 'Updated At',
  `is_active` smallint unsigned NOT NULL DEFAULT '1' COMMENT 'Is Active',
  `disable_auto_group_change` smallint unsigned NOT NULL DEFAULT '0' COMMENT 'Disable automatic group change based on VAT ID',
  `created_in` varchar(255) DEFAULT NULL COMMENT 'Created From',
  `prefix` varchar(40) DEFAULT NULL COMMENT 'Name Prefix',
  `firstname` varchar(255) DEFAULT NULL COMMENT 'First Name',
  `middlename` varchar(255) DEFAULT NULL COMMENT 'Middle Name/Initial',
  `lastname` varchar(255) DEFAULT NULL COMMENT 'Last Name',
  `suffix` varchar(40) DEFAULT NULL COMMENT 'Name Suffix',
  `dob` date DEFAULT NULL COMMENT 'Date of Birth',
  `password_hash` varchar(128) DEFAULT NULL COMMENT 'Password_hash',
  `rp_token` varchar(128) DEFAULT NULL COMMENT 'Reset password token',
  `rp_token_created_at` datetime DEFAULT NULL COMMENT 'Reset password token creation time',
  `default_billing` int unsigned DEFAULT NULL COMMENT 'Default Billing Address',
  `default_shipping` int unsigned DEFAULT NULL COMMENT 'Default Shipping Address',
  `taxvat` varchar(50) DEFAULT NULL COMMENT 'Tax/VAT Number',
  `confirmation` varchar(64) DEFAULT NULL COMMENT 'Is Confirmed',
  `gender` smallint unsigned DEFAULT NULL COMMENT 'Gender',
  `failures_num` smallint DEFAULT '0' COMMENT 'Failure Number',
  `first_failure` timestamp NULL DEFAULT NULL COMMENT 'First Failure',
  `lock_expires` timestamp NULL DEFAULT NULL COMMENT 'Lock Expiration Date',
  `stripe_customer_id` text COMMENT 'Stripe Customer ID',
  PRIMARY KEY (`entity_id`),
  UNIQUE KEY `CUSTOMER_ENTITY_EMAIL_WEBSITE_ID` (`email`,`website_id`),
  KEY `CUSTOMER_ENTITY_STORE_ID` (`store_id`),
  KEY `CUSTOMER_ENTITY_WEBSITE_ID` (`website_id`),
  KEY `CUSTOMER_ENTITY_FIRSTNAME` (`firstname`),
  KEY `CUSTOMER_ENTITY_LASTNAME` (`lastname`),
  CONSTRAINT `CUSTOMER_ENTITY_STORE_ID_STORE_STORE_ID` FOREIGN KEY (`store_id`) REFERENCES `store` (`store_id`) ON DELETE SET NULL,
  CONSTRAINT `CUSTOMER_ENTITY_WEBSITE_ID_STORE_WEBSITE_WEBSITE_ID` FOREIGN KEY (`website_id`) REFERENCES `store_website` (`website_id`) ON DELETE SET NULL
) ENGINE=InnoDB AUTO_INCREMENT=9 DEFAULT CHARSET=utf8mb3 COMMENT='Customer Entity';

--
-- Dumping data for table `customer_entity`
--

INSERT INTO `customer_entity` VALUES (3,1,'shpresim@sh.com',1,NULL,1,'2018-11-27 22:39:09','2018-11-27 22:39:09',1,0,'English',NULL,'Shpresim',NULL,'Ndrukaj',NULL,NULL,'e471f683b1c3be45c75fe67e7ed434a88a34197c83488ebd0f669ff63dc87de8:96FORhDzjNTvUxyrBPZn6VW1w0EXRcxp:1','FjHZT1JSehBZFZdXJoGsxKDs8imV1H3C','2018-11-27 22:39:09',NULL,NULL,NULL,NULL,NULL,0,NULL,NULL,NULL),(4,1,'demoomed@demo.com',1,NULL,1,'2019-03-16 23:12:46','2020-03-08 19:45:45',1,0,'English',NULL,'Demo',NULL,'Omed',NULL,NULL,'9140dc3a329755a60657f681d9fe9647b9f5a91919b87a26df1c6d032744e737:XqBcfbDNlMZDwSz6:2','kHQf8HMQzTTqIScmrZudJs52KYOKXgVR','2019-03-16 23:12:46',2,2,NULL,NULL,0,0,NULL,NULL,NULL),(5,1,'ndrukajshpresim@gmail.com',1,NULL,1,'2019-03-19 17:04:10','2019-07-04 09:28:16',1,0,'English',NULL,'Shpresim',NULL,'Ndrukaj',NULL,NULL,'ab13944e82493dcd2b3aff09ec35f39473cf36160c4c9cfbb1753d7da0debc52:cHSF7rJvjCR7aAp39vgPpg3eZUbAMLVG:1','kCMff38G1PF2AuTqouvatH5fciDBbexb','2019-03-19 17:04:10',3,3,NULL,NULL,0,3,'2019-05-24 14:55:47',NULL,NULL),(6,1,'demo@demo123.com',1,NULL,1,'2020-03-05 14:12:49','2020-03-05 15:55:52',1,0,'English',NULL,'Demo123',NULL,'Omed123',NULL,NULL,'626765197554c5bf6989505f25f0ab0064d892852307ad1c48fe6de9dfaa6b47:JWQas2oIoTqNQCqx:2','75CtL8sB6XBVzSAOPclEctDKXxDjEt0q','2020-03-05 14:12:49',4,4,NULL,NULL,0,0,NULL,NULL,NULL),(7,1,'khaled@koolaago.com',1,NULL,1,'2020-03-14 14:17:08','2020-03-19 01:54:04',1,0,'English',NULL,'SOLAR',NULL,'EMPIRE',NULL,NULL,'fc77c19eb67e56b18e5ba8a48f35ed5f8272d4845b1e870020a4f6aaed1ae66e:TqEjktma0xgEu5O8:2',NULL,NULL,5,5,NULL,NULL,NULL,0,NULL,NULL,NULL),(8,1,'recelik@gmail.com',1,NULL,1,'2020-06-04 21:01:57','2020-06-19 15:34:08',1,0,'English',NULL,'Suri',NULL,'Yusof',NULL,NULL,'447283aa0111c0276889cf3dbc949bdb1331278b06a571f07327a2ed75a8da03:YofzTHtC0DgUQnlh:2','Jd7UyT1UNJgyhEfUM2VPGJuXeZRp8q8w','2020-06-04 21:01:57',6,6,NULL,NULL,NULL,0,NULL,NULL,NULL);

--
-- Table structure for table `customer_entity_datetime`
--

CREATE TABLE `customer_entity_datetime` (
  `value_id` int NOT NULL AUTO_INCREMENT COMMENT 'Value ID',
  `attribute_id` smallint unsigned NOT NULL DEFAULT '0' COMMENT 'Attribute ID',
  `entity_id` int unsigned NOT NULL DEFAULT '0' COMMENT 'Entity ID',
  `value` datetime DEFAULT NULL COMMENT 'Value',
  PRIMARY KEY (`value_id`),
  UNIQUE KEY `CUSTOMER_ENTITY_DATETIME_ENTITY_ID_ATTRIBUTE_ID` (`entity_id`,`attribute_id`),
  KEY `CUSTOMER_ENTITY_DATETIME_ATTRIBUTE_ID` (`attribute_id`),
  KEY `CUSTOMER_ENTITY_DATETIME_ENTITY_ID_ATTRIBUTE_ID_VALUE` (`entity_id`,`attribute_id`,`value`),
  CONSTRAINT `CUSTOMER_ENTITY_DATETIME_ATTRIBUTE_ID_EAV_ATTRIBUTE_ATTRIBUTE_ID` FOREIGN KEY (`attribute_id`) REFERENCES `eav_attribute` (`attribute_id`) ON DELETE CASCADE,
  CONSTRAINT `CUSTOMER_ENTITY_DATETIME_ENTITY_ID_CUSTOMER_ENTITY_ENTITY_ID` FOREIGN KEY (`entity_id`) REFERENCES `customer_entity` (`entity_id`) ON DELETE CASCADE
) ENGINE=InnoDB DEFAULT CHARSET=utf8mb3 COMMENT='Customer Entity Datetime';

--
-- Dumping data for table `customer_entity_datetime`
--


--
-- Table structure for table `customer_entity_decimal`
--

CREATE TABLE `customer_entity_decimal` (
  `value_id` int NOT NULL AUTO_INCREMENT COMMENT 'Value ID',
  `attribute_id` smallint unsigned NOT NULL DEFAULT '0' COMMENT 'Attribute ID',
  `entity_id` int unsigned NOT NULL DEFAULT '0' COMMENT 'Entity ID',
  `value` decimal(12,4) NOT NULL DEFAULT '0.0000' COMMENT 'Value',
  PRIMARY KEY (`value_id`),
  UNIQUE KEY `CUSTOMER_ENTITY_DECIMAL_ENTITY_ID_ATTRIBUTE_ID` (`entity_id`,`attribute_id`),
  KEY `CUSTOMER_ENTITY_DECIMAL_ATTRIBUTE_ID` (`attribute_id`),
  KEY `CUSTOMER_ENTITY_DECIMAL_ENTITY_ID_ATTRIBUTE_ID_VALUE` (`entity_id`,`attribute_id`,`value`),
  CONSTRAINT `CUSTOMER_ENTITY_DECIMAL_ATTRIBUTE_ID_EAV_ATTRIBUTE_ATTRIBUTE_ID` FOREIGN KEY (`attribute_id`) REFERENCES `eav_attribute` (`attribute_id`) ON DELETE CASCADE,
  CONSTRAINT `CUSTOMER_ENTITY_DECIMAL_ENTITY_ID_CUSTOMER_ENTITY_ENTITY_ID` FOREIGN KEY (`entity_id`) REFERENCES `customer_entity` (`entity_id`) ON DELETE CASCADE
) ENGINE=InnoDB DEFAULT CHARSET=utf8mb3 COMMENT='Customer Entity Decimal';

--
-- Dumping data for table `customer_entity_decimal`
--


--
-- Table structure for table `customer_entity_int`
--

CREATE TABLE `customer_entity_int` (
  `value_id` int NOT NULL AUTO_INCREMENT COMMENT 'Value ID',
  `attribute_id` smallint unsigned NOT NULL DEFAULT '0' COMMENT 'Attribute ID',
  `entity_id` int unsigned NOT NULL DEFAULT '0' COMMENT 'Entity ID',
  `value` int NOT NULL DEFAULT '0' COMMENT 'Value',
  PRIMARY KEY (`value_id`),
  UNIQUE KEY `CUSTOMER_ENTITY_INT_ENTITY_ID_ATTRIBUTE_ID` (`entity_id`,`attribute_id`),
  KEY `CUSTOMER_ENTITY_INT_ATTRIBUTE_ID` (`attribute_id`),
  KEY `CUSTOMER_ENTITY_INT_ENTITY_ID_ATTRIBUTE_ID_VALUE` (`entity_id`,`attribute_id`,`value`),
  CONSTRAINT `CUSTOMER_ENTITY_INT_ATTRIBUTE_ID_EAV_ATTRIBUTE_ATTRIBUTE_ID` FOREIGN KEY (`attribute_id`) REFERENCES `eav_attribute` (`attribute_id`) ON DELETE CASCADE,
  CONSTRAINT `CUSTOMER_ENTITY_INT_ENTITY_ID_CUSTOMER_ENTITY_ENTITY_ID` FOREIGN KEY (`entity_id`) REFERENCES `customer_entity` (`entity_id`) ON DELETE CASCADE
) ENGINE=InnoDB DEFAULT CHARSET=utf8mb3 COMMENT='Customer Entity Int';

--
-- Dumping data for table `customer_entity_int`
--


--
-- Table structure for table `customer_entity_text`
--

CREATE TABLE `customer_entity_text` (
  `value_id` int NOT NULL AUTO_INCREMENT COMMENT 'Value ID',
  `attribute_id` smallint unsigned NOT NULL DEFAULT '0' COMMENT 'Attribute ID',
  `entity_id` int unsigned NOT NULL DEFAULT '0' COMMENT 'Entity ID',
  `value` text NOT NULL COMMENT 'Value',
  PRIMARY KEY (`value_id`),
  UNIQUE KEY `CUSTOMER_ENTITY_TEXT_ENTITY_ID_ATTRIBUTE_ID` (`entity_id`,`attribute_id`),
  KEY `CUSTOMER_ENTITY_TEXT_ATTRIBUTE_ID` (`attribute_id`),
  CONSTRAINT `CUSTOMER_ENTITY_TEXT_ATTRIBUTE_ID_EAV_ATTRIBUTE_ATTRIBUTE_ID` FOREIGN KEY (`attribute_id`) REFERENCES `eav_attribute` (`attribute_id`) ON DELETE CASCADE,
  CONSTRAINT `CUSTOMER_ENTITY_TEXT_ENTITY_ID_CUSTOMER_ENTITY_ENTITY_ID` FOREIGN KEY (`entity_id`) REFERENCES `customer_entity` (`entity_id`) ON DELETE CASCADE
) ENGINE=InnoDB AUTO_INCREMENT=8 DEFAULT CHARSET=utf8mb3 COMMENT='Customer Entity Text';

--
-- Dumping data for table `customer_entity_text`
--

INSERT INTO `customer_entity_text` VALUES (1,173,3,'/l/o/logo.png'),(2,173,4,'/l/o/logo_image1.png'),(4,173,5,'/s/t/storm.jpg'),(5,173,6,'/c/o/code.jpeg'),(6,173,7,'/s/o/solar_logo.jpg'),(7,173,8,'/B/a/Bahia_Palace_marrakech_morocco.jpg');

--
-- Table structure for table `customer_entity_varchar`
--

CREATE TABLE `customer_entity_varchar` (
  `value_id` int NOT NULL AUTO_INCREMENT COMMENT 'Value ID',
  `attribute_id` smallint unsigned NOT NULL DEFAULT '0' COMMENT 'Attribute ID',
  `entity_id` int unsigned NOT NULL DEFAULT '0' COMMENT 'Entity ID',
  `value` varchar(255) DEFAULT NULL COMMENT 'Value',
  PRIMARY KEY (`value_id`),
  UNIQUE KEY `CUSTOMER_ENTITY_VARCHAR_ENTITY_ID_ATTRIBUTE_ID` (`entity_id`,`attribute_id`),
  KEY `CUSTOMER_ENTITY_VARCHAR_ATTRIBUTE_ID` (`attribute_id`),
  KEY `CUSTOMER_ENTITY_VARCHAR_ENTITY_ID_ATTRIBUTE_ID_VALUE` (`entity_id`,`attribute_id`,`value`),
  CONSTRAINT `CUSTOMER_ENTITY_VARCHAR_ATTRIBUTE_ID_EAV_ATTRIBUTE_ATTRIBUTE_ID` FOREIGN KEY (`attribute_id`) REFERENCES `eav_attribute` (`attribute_id`) ON DELETE CASCADE,
  CONSTRAINT `CUSTOMER_ENTITY_VARCHAR_ENTITY_ID_CUSTOMER_ENTITY_ENTITY_ID` FOREIGN KEY (`entity_id`) REFERENCES `customer_entity` (`entity_id`) ON DELETE CASCADE
) ENGINE=InnoDB AUTO_INCREMENT=10 DEFAULT CHARSET=utf8mb3 COMMENT='Customer Entity Varchar';

--
-- Dumping data for table `customer_entity_varchar`
--

INSERT INTO `customer_entity_varchar` VALUES (1,174,3,'Albania'),(2,174,4,'Albania'),(6,186,4,'cus_FNBepdyUxVPd9j'),(4,174,5,'Albanian'),(5,186,5,'cus_F1UABMZTQqVNrq'),(7,174,6,'Spanish'),(8,174,7,'EGYPT'),(9,174,8,'Malaysian');

--
-- Table structure for table `customer_form_attribute`
--

CREATE TABLE `customer_form_attribute` (
  `form_code` varchar(32) NOT NULL COMMENT 'Form Code',
  `attribute_id` smallint unsigned NOT NULL COMMENT 'Attribute ID',
  PRIMARY KEY (`form_code`,`attribute_id`),
  KEY `CUSTOMER_FORM_ATTRIBUTE_ATTRIBUTE_ID` (`attribute_id`),
  CONSTRAINT `CUSTOMER_FORM_ATTRIBUTE_ATTRIBUTE_ID_EAV_ATTRIBUTE_ATTRIBUTE_ID` FOREIGN KEY (`attribute_id`) REFERENCES `eav_attribute` (`attribute_id`) ON DELETE CASCADE
) ENGINE=InnoDB DEFAULT CHARSET=utf8mb3 COMMENT='Customer Form Attribute';

--
-- Dumping data for table `customer_form_attribute`
--

INSERT INTO `customer_form_attribute` VALUES ('adminhtml_customer',1),('adminhtml_customer',3),('adminhtml_customer',4),('customer_account_create',4),('customer_account_edit',4),('adminhtml_customer',5),('customer_account_create',5),('customer_account_edit',5),('adminhtml_customer',6),('customer_account_create',6),('customer_account_edit',6),('adminhtml_customer',7),('customer_account_create',7),('customer_account_edit',7),('adminhtml_customer',8),('customer_account_create',8),('customer_account_edit',8),('adminhtml_checkout',9),('adminhtml_customer',9),('customer_account_create',9),('customer_account_edit',9),('adminhtml_checkout',10),('adminhtml_customer',10),('adminhtml_checkout',11),('adminhtml_customer',11),('customer_account_create',11),('customer_account_edit',11),('adminhtml_checkout',17),('adminhtml_customer',17),('customer_account_create',17),('customer_account_edit',17),('adminhtml_customer',19),('customer_account_create',19),('customer_account_edit',19),('adminhtml_checkout',20),('adminhtml_customer',20),('customer_account_create',20),('customer_account_edit',20),('adminhtml_customer',21),('adminhtml_customer_address',22),('customer_address_edit',22),('customer_register_address',22),('adminhtml_customer_address',23),('customer_address_edit',23),('customer_register_address',23),('adminhtml_customer_address',24),('customer_address_edit',24),('customer_register_address',24),('adminhtml_customer_address',25),('customer_address_edit',25),('customer_register_address',25),('adminhtml_customer_address',26),('customer_address_edit',26),('customer_register_address',26),('adminhtml_customer_address',27),('customer_address_edit',27),('customer_register_address',27),('adminhtml_customer_address',28),('customer_address_edit',28),('customer_register_address',28),('adminhtml_customer_address',29),('customer_address_edit',29),('customer_register_address',29),('adminhtml_customer_address',30),('customer_address_edit',30),('customer_register_address',30),('adminhtml_customer_address',31),('customer_address_edit',31),('customer_register_address',31),('adminhtml_customer_address',32),('customer_address_edit',32),('customer_register_address',32),('adminhtml_customer_address',33),('customer_address_edit',33),('customer_register_address',33),('adminhtml_customer_address',34),('customer_address_edit',34),('customer_register_address',34),('adminhtml_customer_address',35),('customer_address_edit',35),('customer_register_address',35),('adminhtml_customer_address',36),('customer_address_edit',36),('customer_register_address',36),('adminhtml_customer',173),('customer_account_create',173),('customer_account_edit',173),('adminhtml_customer',174),('customer_account_create',174),('customer_account_edit',174);

--
-- Table structure for table `customer_grid_flat`
--

CREATE TABLE `customer_grid_flat` (
  `entity_id` int unsigned NOT NULL COMMENT 'Entity ID',
  `name` text COMMENT 'Name',
  `email` varchar(255) DEFAULT NULL COMMENT 'Email',
  `group_id` int DEFAULT NULL COMMENT 'Group_id',
  `created_at` timestamp NULL DEFAULT NULL COMMENT 'Created_at',
  `website_id` int DEFAULT NULL COMMENT 'Website_id',
  `confirmation` varchar(255) DEFAULT NULL COMMENT 'Confirmation',
  `created_in` text COMMENT 'Created_in',
  `dob` date DEFAULT NULL COMMENT 'Dob',
  `gender` int DEFAULT NULL COMMENT 'Gender',
  `taxvat` varchar(255) DEFAULT NULL COMMENT 'Taxvat',
  `lock_expires` timestamp NULL DEFAULT NULL COMMENT 'Lock_expires',
  `shipping_full` text COMMENT 'Shipping_full',
  `billing_full` text COMMENT 'Billing_full',
  `billing_firstname` varchar(255) DEFAULT NULL COMMENT 'Billing_firstname',
  `billing_lastname` varchar(255) DEFAULT NULL COMMENT 'Billing_lastname',
  `billing_telephone` varchar(255) DEFAULT NULL COMMENT 'Billing_telephone',
  `billing_postcode` varchar(255) DEFAULT NULL COMMENT 'Billing_postcode',
  `billing_country_id` varchar(255) DEFAULT NULL COMMENT 'Billing_country_id',
  `billing_region` varchar(255) DEFAULT NULL COMMENT 'Billing_region',
  `billing_street` varchar(255) DEFAULT NULL COMMENT 'Billing_street',
  `billing_city` varchar(255) DEFAULT NULL COMMENT 'Billing_city',
  `billing_fax` varchar(255) DEFAULT NULL COMMENT 'Billing_fax',
  `billing_vat_id` varchar(255) DEFAULT NULL COMMENT 'Billing_vat_id',
  `billing_company` varchar(255) DEFAULT NULL COMMENT 'Billing_company',
  PRIMARY KEY (`entity_id`),
  KEY `CUSTOMER_GRID_FLAT_GROUP_ID` (`group_id`),
  KEY `CUSTOMER_GRID_FLAT_CREATED_AT` (`created_at`),
  KEY `CUSTOMER_GRID_FLAT_WEBSITE_ID` (`website_id`),
  KEY `CUSTOMER_GRID_FLAT_CONFIRMATION` (`confirmation`),
  KEY `CUSTOMER_GRID_FLAT_DOB` (`dob`),
  KEY `CUSTOMER_GRID_FLAT_GENDER` (`gender`),
  KEY `CUSTOMER_GRID_FLAT_BILLING_COUNTRY_ID` (`billing_country_id`),
  FULLTEXT KEY `FTI_8746F705702DD5F6D45B8C7CE7FE9F2F` (`name`,`email`,`created_in`,`taxvat`,`shipping_full`,`billing_full`,`billing_firstname`,`billing_lastname`,`billing_telephone`,`billing_postcode`,`billing_region`,`billing_city`,`billing_fax`,`billing_company`)
) ENGINE=InnoDB DEFAULT CHARSET=utf8mb3 COMMENT='customer_grid_flat';

--
-- Dumping data for table `customer_grid_flat`
--

INSERT INTO `customer_grid_flat` VALUES (3,'Shpresim Ndrukaj','shpresim@sh.com',1,'2018-11-27 22:39:09',1,NULL,'English',NULL,NULL,NULL,NULL,'','',NULL,NULL,NULL,NULL,NULL,NULL,NULL,NULL,NULL,NULL,NULL),(4,'Demo Omed','demoomed@demo.com',1,'2019-03-16 23:12:46',1,NULL,'English',NULL,0,NULL,NULL,'Bulevardi Zogu i pare\nBulevardi Zogu i pare\nBulevardi Zogu i pare Tirana Tirana 10057','Bulevardi Zogu i pare\nBulevardi Zogu i pare\nBulevardi Zogu i pare Tirana Tirana 10057','Demo','Omed','0695855939','10057','AL','Tirana','Bulevardi Zogu i pare\nBulevardi Zogu i pare\nBulevardi Zogu i pare','Tirana',NULL,NULL,NULL),(5,'Shpresim Ndrukaj','ndrukajshpresim@gmail.com',1,'2019-03-19 17:04:10',1,NULL,'English',NULL,0,NULL,NULL,'Bulevardi Zogu i pare\nBulevardi Zogu i pare\nBulevardi Zogu i pare Tirana Tirana 1005','Bulevardi Zogu i pare\nBulevardi Zogu i pare\nBulevardi Zogu i pare Tirana Tirana 1005','Shpresim','Ndrukaj','0695855939','1005','AL','Tirana','Bulevardi Zogu i pare\nBulevardi Zogu i pare\nBulevardi Zogu i pare','Tirana',NULL,NULL,NULL),(6,'Demo123 Omed123','demo@demo123.com',1,'2020-03-05 14:12:49',1,NULL,'English',NULL,0,NULL,NULL,'DemoStreet DemoCity Madrid 4747','DemoStreet DemoCity Madrid 4747','Demo123','Omed123','+355695855828','4747','ES','Madrid','DemoStreet','DemoCity',NULL,NULL,'DemoCorp'),(7,'SOLAR EMPIRE','khaled@koolaago.com',1,'2020-03-14 14:17:08',1,NULL,'English',NULL,NULL,NULL,NULL,'24B Anwar Elmofti, Nasr City Cairo 11765','24B Anwar Elmofti, Nasr City Cairo 11765','SOLAR','EMPIRE','+202 2260 5200','11765','EG',NULL,'24B Anwar Elmofti, Nasr City','Cairo',NULL,NULL,'SOLAR EMPIRE TRAVEL'),(8,'Suri Yusof','recelik@gmail.com',1,'2020-06-04 21:01:57',1,NULL,'English',NULL,NULL,NULL,NULL,'No. 25 Jalan Teknologi 3/6B The Core Sunsuria Kota Damansara 47810 Petaling Jaya, Selangor Kuala Lumpur 47810','No. 25 Jalan Teknologi 3/6B The Core Sunsuria Kota Damansara 47810 Petaling Jaya, Selangor Kuala Lumpur 47810','Suri','Yusof','+601700 814 857','47810','MY',NULL,'No. 25 Jalan Teknologi 3/6B The Core Sunsuria Kota Damansara 47810 Petaling Jaya, Selangor','Kuala Lumpur',NULL,NULL,'Via Vacation');

--
-- Table structure for table `customer_group`
--

CREATE TABLE `customer_group` (
  `customer_group_id` int unsigned NOT NULL AUTO_INCREMENT,
  `customer_group_code` varchar(32) NOT NULL COMMENT 'Customer Group Code',
  `tax_class_id` int unsigned NOT NULL DEFAULT '0' COMMENT 'Tax Class ID',
  PRIMARY KEY (`customer_group_id`)
) ENGINE=InnoDB AUTO_INCREMENT=4 DEFAULT CHARSET=utf8mb3 COMMENT='Customer Group';

--
-- Dumping data for table `customer_group`
--

INSERT INTO `customer_group` VALUES (0,'NOT LOGGED IN',3),(1,'General',3),(2,'Wholesale',3),(3,'Retailer',3);

--
-- Table structure for table `customer_log`
--

CREATE TABLE `customer_log` (
  `log_id` int NOT NULL AUTO_INCREMENT COMMENT 'Log ID',
  `customer_id` int NOT NULL COMMENT 'Customer ID',
  `last_login_at` timestamp NULL DEFAULT NULL COMMENT 'Last Login Time',
  `last_logout_at` timestamp NULL DEFAULT NULL COMMENT 'Last Logout Time',
  PRIMARY KEY (`log_id`),
  UNIQUE KEY `CUSTOMER_LOG_CUSTOMER_ID` (`customer_id`)
) ENGINE=InnoDB AUTO_INCREMENT=31 DEFAULT CHARSET=utf8mb3 COMMENT='Customer Log Table';

--
-- Dumping data for table `customer_log`
--

INSERT INTO `customer_log` VALUES (1,1,'2018-08-25 18:54:53','2018-08-25 18:54:22'),(2,2,'2019-03-19 14:41:20','2019-03-16 23:06:41'),(3,3,'2019-04-08 11:19:41','2019-04-08 11:19:46'),(13,4,'2020-03-08 19:45:45','2019-06-18 13:29:36'),(24,5,'2019-05-07 11:08:13','2019-04-04 11:20:30'),(25,6,'2020-03-19 17:04:18',NULL),(27,7,'2020-03-30 07:23:15','2020-03-23 12:21:43'),(28,8,'2020-06-19 15:34:08','2020-06-04 21:10:32');

--
-- Table structure for table `customer_visitor`
--

CREATE TABLE `customer_visitor` (
  `visitor_id` bigint unsigned NOT NULL AUTO_INCREMENT COMMENT 'Visitor ID',
  `customer_id` int DEFAULT NULL COMMENT 'Customer ID',
  `session_id` varchar(64) DEFAULT NULL COMMENT 'Session ID',
  `last_visit_at` timestamp NOT NULL DEFAULT CURRENT_TIMESTAMP ON UPDATE CURRENT_TIMESTAMP COMMENT 'Last Visit Time',
  PRIMARY KEY (`visitor_id`),
  KEY `CUSTOMER_VISITOR_CUSTOMER_ID` (`customer_id`),
  KEY `CUSTOMER_VISITOR_LAST_VISIT_AT` (`last_visit_at`)
) ENGINE=InnoDB AUTO_INCREMENT=3179 DEFAULT CHARSET=utf8mb3 COMMENT='Visitor Table';

--
-- Dumping data for table `customer_visitor`
--

INSERT INTO `customer_visitor` VALUES (1,NULL,'74mrgbnrr20k39rtorlrum97fu','2018-07-10 20:54:15'),(2,NULL,'s2enu13o0fon785a1ka6gjjngr','2018-07-10 20:54:24'),(3,NULL,'nuq3sjc8u35mjsq4aj3gsi777l','2018-07-12 19:52:19'),(4,NULL,'r8jaugjsi4l4dea9bcmmp8ulfh','2018-07-12 21:01:25'),(5,NULL,'clffa58qklhdgj94fpccrf02q7','2018-07-12 19:52:21'),(6,NULL,'5cjqcmur9081ivij6pdkv51pie','2018-08-15 20:38:04'),(7,NULL,'g4t0li9ioh1peeo432q632sa10','2018-08-15 20:38:04'),(8,NULL,'rjm40gsirakof5uruop5208jtt','2018-08-15 22:27:17'),(9,NULL,'ed741kv5fciren7lmkgop61k3t','2018-08-15 20:41:04'),(10,NULL,'c9v9s4g5e46scma1ru88no88a8','2018-08-15 20:47:07'),(11,NULL,'hhcn19b2p15i7m0vh7cgnuc33o','2018-08-15 22:35:16'),(12,NULL,'7akio2v3s1jfhot23dr6ui2is7','2018-08-15 22:35:17'),(13,NULL,'rgertvdq1dsoohkbn1ctkgqm4q','2018-08-15 22:35:18'),(14,NULL,'8a70oqm3sa220etloprieu5epf','2018-08-15 22:35:18'),(15,NULL,'8bvqfs77ajntuvun47o9mh8si4','2018-08-15 22:35:19'),(16,NULL,'2bpuur32i2hclk2212ku07lgqs','2018-08-15 22:35:19'),(17,NULL,'8p33ovbht7aakrimr4itefd7dh','2018-08-15 22:35:20'),(18,NULL,'qnearbqhuo3n5a41uss00r1akd','2018-08-15 22:35:21'),(19,NULL,'r39508hue73fbq24alu16spnfa','2018-08-15 22:35:21'),(20,NULL,'2mt3sirlnfiv9a459hc29344gb','2018-08-15 22:35:22'),(21,NULL,'s7e90uh8u3k326onco5rskls1f','2018-08-15 22:35:22'),(22,NULL,'qd249gsgda2tgpe4ftfni8pelq','2018-08-15 22:35:23'),(23,NULL,'e1looeu0kbdot9uupskjtmh4md','2018-08-15 22:35:24'),(24,NULL,'o857vof625sk9tqffj5dp9ktvp','2018-08-15 22:35:24'),(25,NULL,'22vdf16ud1iisvhh3a5mmedjj9','2018-08-15 22:35:25'),(26,NULL,'5eu7sqnnaf6p1a7mq2ov5a5cll','2018-08-15 22:35:25'),(27,NULL,'t3jfga086oauu39gl7vhnb10pu','2018-08-15 22:35:26'),(28,NULL,'3hcq6qs70tof21pvn5uoltj8jl','2018-08-15 22:35:27'),(29,NULL,'6l0ve6j6ukr6dg0pfeujr8ga2u','2018-08-15 22:35:27'),(30,NULL,'22acnd68o9h87kv1cqoe82iise','2018-08-15 22:35:28'),(31,NULL,'3qs6sufak7eoc3rijhqm9j2gn7','2018-08-15 22:35:28'),(32,NULL,'ef4vsm03l6kin6729nr6nhpoq6','2018-08-15 22:35:29'),(33,NULL,'0226v0s2bkbbqlpd93o5cejklm','2018-08-15 22:35:30'),(34,NULL,'i6smhcnnlehs2kajovh44mmmqb','2018-08-15 22:35:30'),(35,NULL,'pl77mk0ultbsgif4hub4po105j','2018-08-15 22:35:31'),(36,NULL,'bqp2j4qshce0rksqggau01asa2','2018-08-15 22:35:32'),(37,NULL,'4sv1219o439hdbsctvffijvhtq','2018-08-15 22:35:32'),(38,NULL,'ef8j5taojgpee5mita3o46q4g6','2018-08-15 22:35:33'),(39,NULL,'48qlkujvab60a8j3qnon36quua','2018-08-15 22:35:33'),(40,NULL,'pshiousbkn5b304pp4eo6r9r4d','2018-08-15 22:35:34'),(41,NULL,'u0re85oc2pnfrp15kumqanlonj','2018-08-15 22:35:35'),(42,NULL,'12a62l4h3m43hn90g8tqn90m0s','2018-08-15 22:35:35'),(43,NULL,'0am1l5mhfsa395a4emmeg4qgha','2018-08-15 22:35:36'),(44,NULL,'h7u1dcplvkfpvimcpfi8orr7uf','2018-08-15 22:35:37'),(45,NULL,'9k39jv15n514m31rj20pccsn1f','2018-08-15 22:35:37'),(46,NULL,'71ed8ddtma2grpas5nui3fnhci','2018-08-15 22:35:38'),(47,NULL,'63at327okj11k9rv2mogolhtuv','2018-08-15 22:35:38'),(48,NULL,'7ppq9k7fqd7mu44ej64pvfh3h0','2018-08-15 22:35:39'),(49,NULL,'mcbief4u4r9gm848d104dntqe8','2018-08-15 22:35:40'),(50,NULL,'t4d2f3biv8a7qhso8qro80ccja','2018-08-15 22:35:40'),(51,NULL,'s0j3q4hqarsoknpsa2kjq99u49','2018-08-16 07:26:55'),(52,NULL,'tpsg8fhjqvbhv50grbbkickj1b','2018-08-16 07:49:35'),(53,NULL,'5scs5kefknde8o03vqtu8f0k5q','2018-08-16 11:16:24'),(54,NULL,'02kfcm02b328f5hbfvfevck9or','2018-08-16 13:35:19'),(55,NULL,'160dne0lu50d4tenb0e79jppkp','2018-08-16 13:49:06'),(56,NULL,'h9tjcuphvpg4g379fcrdsabkn3','2018-08-16 13:49:15'),(57,NULL,'g2a3rv93lm0hvb9ievh4d58a6h','2018-08-16 14:29:51'),(58,NULL,'nt7441rnt58qk2mpe5nncr8u11','2018-08-16 19:02:41'),(59,NULL,'lu5ofi2ik1dt0hmcgs3e4okemo','2018-08-16 19:02:44'),(60,NULL,'1t6v28asdacqcosv8qr0qkg01i','2018-08-16 20:17:52'),(61,NULL,'hfpa1hpu3u7kvjbn31qbn3fhec','2018-08-16 20:17:52'),(62,NULL,'e6ee31uouq2c8srlqjvk3lt1h4','2018-08-16 20:23:15'),(63,NULL,'a5fsp1mhre20f6qos8i91qkhi1','2018-08-16 20:29:55'),(64,NULL,'i1slcrqc4iudee189m6q4ij9nl','2018-08-16 20:33:57'),(65,NULL,'201mjahf5gkr460mvtgrbhafd1','2018-08-16 20:34:15'),(66,NULL,'i8eore0hfuph8hnano5nn90cjm','2018-08-16 21:09:16'),(67,NULL,'hf2ebgdnnku6memu3k63a244ga','2018-08-16 20:52:32'),(68,NULL,'es155rfu65gq7gihdkqbnnsv8n','2018-08-16 20:52:32'),(69,NULL,'lsgkbe74f9og7t1a0c4tjmn6qj','2018-08-16 20:52:35'),(70,NULL,'itjpi998be077lljovahegehvu','2018-08-16 20:52:35'),(71,NULL,'i7uuu7rln2hdumhqs4eufd2hp6','2018-08-16 21:13:42'),(72,NULL,'qfdml95id68kqnvejt35agacjv','2018-08-16 20:52:35'),(73,NULL,'v772truet207hpd75tfvl2662b','2018-08-16 23:15:30'),(74,NULL,'1nspc4c65q197ikf38ptbfhkq7','2018-08-16 23:15:30'),(75,NULL,'9or7ghoh060paj4d47016b2uqt','2018-08-16 23:15:30'),(76,NULL,'23f0as8c1q6mkvvdgfi70ml4ib','2018-08-16 23:15:30'),(77,NULL,'nha0glrig7o1aff00kh4uuuj7l','2018-08-16 23:15:31'),(78,NULL,'tivrhp7n4nn32qa8g63c4fbsek','2018-08-16 23:15:31'),(79,NULL,'dodi3qblcqh87n34v8ii27rhjg','2018-08-16 23:15:31'),(80,NULL,'4smhidspc7kid9mh14d777djfm','2018-08-17 07:31:12'),(81,NULL,'m2a8qh5s6gch5fdjq28sb9s0ca','2018-08-17 07:31:12'),(82,NULL,'gd8g5ri0r9r9nfi63g1c477nmv','2018-08-17 07:31:51'),(83,NULL,'p307dmeqskhfabhlkh2jnkjvig','2018-08-17 08:15:06'),(84,NULL,'t7ba7h55f0mfi7356csl396cm6','2018-08-17 08:15:06'),(85,NULL,'kqln2s4gn382jgifbg2pm399o8','2018-08-17 08:15:07'),(86,NULL,'ke83ru0s3t1ep0fm3kf7ant6a3','2018-08-17 08:15:08'),(87,NULL,'3rn13nkl88efudiku9m4965qm4','2018-08-17 08:15:09'),(88,NULL,'2v59ku7dhgfkd619gia9acrsmh','2018-08-17 08:15:09'),(89,NULL,'heichbakssuaisiq7nh9u2q889','2018-08-17 08:15:10'),(90,NULL,'675bhpobaatb1mkhpsb7m4858m','2018-08-17 08:15:11'),(91,NULL,'rmfrv4gv1idaoo5gmiuqfv49dg','2018-08-17 08:15:12'),(92,NULL,'o9qip5m1t6qckbo0nlctua9ec1','2018-08-17 08:15:13'),(93,NULL,'th6jh72qcnaqdccn81mr8qtk29','2018-08-17 08:15:14'),(94,NULL,'8vej5v4quacbfi9a4h2117r2kn','2018-08-17 08:15:14'),(95,NULL,'sp0r04rf9idngc5tu6ktj3ahh6','2018-08-17 08:15:15'),(96,NULL,'2qq0ffjp6iin3hjpksigk5mq9h','2018-08-17 08:15:16'),(97,NULL,'omht0agd6uahll381pdi031l09','2018-08-17 08:15:18'),(98,NULL,'ccr13rcsm0j9c5bq3l7ngn738b','2018-08-17 08:15:20'),(99,NULL,'1mitnlagtsn059tc9sjnh43a27','2018-08-17 08:15:20'),(100,NULL,'1713hpbq9s0nvdq3jcn3k9pj86','2018-08-17 08:15:21'),(101,NULL,'u0ri87v4bulpb3omv48kh5ca68','2018-08-17 08:15:22'),(102,NULL,'df955q5j6s8qmhe79vpn82g2u6','2018-08-17 08:15:22'),(103,NULL,'umc6a1brtagth1soh7o5lbsobk','2018-08-17 08:15:23'),(104,NULL,'siaeov7gbirjj9rgtb8s7hfsmn','2018-08-17 08:15:24'),(105,NULL,'opt6h6vehehlq8crrn3d948ce7','2018-08-17 08:15:25'),(106,NULL,'l91oi90fu73adftussbtl3j0l5','2018-08-17 08:15:25'),(107,NULL,'bem7m010vt2ssei2pfpjp6ock7','2018-08-17 08:15:26'),(108,NULL,'qh42autfrco167r8hdig2pjs6g','2018-08-17 08:15:27'),(109,NULL,'utmc8ug7usvclqc810av7faa71','2018-08-17 08:15:27'),(110,NULL,'h0ietbsenle0k922qbmmmvlp11','2018-08-17 08:15:28'),(111,NULL,'278vndtc0suvvjbtscjmb5k911','2018-08-17 08:15:29'),(112,NULL,'ibpmk8on5kuavhmj4q7mrqp7e1','2018-08-17 08:15:30'),(113,NULL,'8qdl1sq32qhscqi9dn5ek3tmd2','2018-08-17 08:15:31'),(114,NULL,'sg5jm4lu1u2893l6c97ufqirbn','2018-08-17 08:15:32'),(115,NULL,'u90k0ftuj3950njjfk8dgtrb24','2018-08-17 08:15:33'),(116,NULL,'boarbrc58hi1h8aeandti81nuk','2018-08-17 08:15:34'),(117,NULL,'3560tjhnkioudb0kan755pf9ev','2018-08-17 08:15:34'),(118,NULL,'5417369enl7oq0h47ca9iamaa4','2018-08-17 08:15:35'),(119,NULL,'2p4s0fnmoj4l7cgca68nf6b5g5','2018-08-17 08:15:37'),(120,NULL,'dt56dl40abivi6fcphrrc55oig','2018-08-17 08:15:38'),(121,NULL,'18lj2q7pt1vuekcnqri8qup0je','2018-08-17 08:15:39'),(122,NULL,'ob6kbufgg2kcit1brldeq8uerq','2018-08-17 08:15:40'),(123,NULL,'cc7jsoncpma6ppf01i3o8n6c28','2018-08-17 08:15:40'),(124,NULL,'0c3imv7gidrho2l7vdbl5j4tul','2018-08-17 08:15:41'),(125,NULL,'k83qkbhsmj2mk2cb7bu02mis2u','2018-08-17 08:15:42'),(126,NULL,'o2ahc9q6g6itjkor6ni8ni35m1','2018-08-17 08:15:43'),(127,NULL,'s61d3ertpvfjl584i1la1obprp','2018-08-17 08:15:44'),(128,NULL,'b4kqst221sg84hra5foa5ic17n','2018-08-17 08:15:45'),(129,NULL,'is9subu0268ua9qc6t105hj8jr','2018-08-17 08:15:47'),(130,NULL,'7dj581g5vf5djkbbnhms30af3h','2018-08-17 08:15:48'),(131,NULL,'88fhhejpi9843ku7j1p8hhnebk','2018-08-17 08:15:49'),(132,NULL,'k3bfut7kmcl5o0798sdrqfk62g','2018-08-17 08:15:49'),(133,NULL,'175codikc9ld8tu7b3btfhut5s','2018-08-17 08:15:50'),(134,NULL,'dbpf5dvjvn5g50lsjrtntegkps','2018-08-17 08:15:51'),(135,NULL,'efd50g43k0db6rhj6n5b1laqii','2018-08-17 08:15:52'),(136,NULL,'ulbr63fk7ktq7ddhhteh669sib','2018-08-17 08:15:52'),(137,NULL,'c34nf5k72ld7247cfk87ibslht','2018-08-17 08:15:53'),(138,NULL,'cbksril0a7q3gl7flbfsu84d6p','2018-08-17 08:15:55'),(139,NULL,'d7gta16ejsluck3dj67m91t2gn','2018-08-17 08:15:57'),(140,NULL,'a1qbg7u9cmnrvskcip7jd9aa4j','2018-08-17 18:07:26'),(141,NULL,'3tgchc7065uis71fgk5asnjveb','2018-08-17 20:22:59'),(142,NULL,'8rpsvfr77uhrqotafj6tq9g2q4','2018-08-18 01:44:38'),(143,NULL,'1vaoosc18momqsunressr934qa','2018-08-18 04:34:46'),(144,NULL,'8dvpb0sd71jut2uc27267pi6n5','2018-08-18 04:34:50'),(145,NULL,'i2dlng8n2l1quvvl2tkm25h640','2018-08-18 04:34:51'),(146,NULL,'91325q73jfovgivu8pk147tbe7','2018-08-18 07:49:10'),(147,NULL,'riaugpnrk49mr92bj0nic1edd5','2018-08-18 07:49:42'),(148,NULL,'thslsp407164f7e3j32b6lhq86','2018-08-18 07:49:50'),(149,NULL,'64ausk9uj4gjvcd7mgb317g9po','2018-08-18 07:50:05'),(150,NULL,'q29jqv6gin0i8cf0tdmojf26ko','2018-08-18 07:50:12'),(151,NULL,'s7rsjt99a2vl8kedul8ejhf9v6','2018-08-18 13:25:42'),(152,NULL,'16fpi285iotkrit426ptl422bt','2018-08-18 13:25:49'),(153,NULL,'4ovoc8ktq2lblo2kv49eiko4e2','2018-08-18 13:25:53'),(154,NULL,'t7jhntgu88k0lk2r8eaevrhk1n','2018-08-18 13:48:00'),(155,NULL,'vvi9efo1d9mpop1ngl9eskb37i','2018-08-18 13:25:53'),(156,NULL,'j9gihlo8a04njeim3hp5nat0gj','2018-08-18 15:42:36'),(157,NULL,'s9864reeq7cl5jo0jcfqnie19d','2018-08-18 18:38:00'),(158,NULL,'bs7uc0egr0okfke89arueuiiaa','2018-08-19 03:11:16'),(159,NULL,'o741tkeg1ia56ig4hkbmv48run','2018-08-19 11:08:56'),(160,NULL,'tbkn91f32rgdanpdjvviu3udgl','2018-08-19 11:36:03'),(161,NULL,'rgup8gntooiidgt8le5vl7c5mc','2018-08-19 20:03:05'),(162,NULL,'t49fptain8r6ajpsklmsp016pv','2018-08-19 21:55:41'),(163,NULL,'5b2vap5mh00c1m79l20vhd4dpk','2018-08-20 03:37:49'),(164,NULL,'ukveigoll5n51kjg095mk8q9rg','2018-08-20 03:37:51'),(165,NULL,'ae78ql4tm1216gbc4lbi1v8otn','2018-08-20 03:37:52'),(166,NULL,'9uk9gcvml1ofhhhj9pl9k7m93f','2018-08-20 03:37:53'),(167,NULL,'c8sc5qorn3eqpiu5nv63jvhg5m','2018-08-20 03:37:54'),(168,NULL,'aavf4fmjd6eflbrpe9j9i2anrm','2018-08-20 03:37:55'),(169,NULL,'5lparladaqk0cpdshn3kn2rnd6','2018-08-20 03:37:56'),(170,NULL,'ou4qpvvd1o7u77v7a412dfl0ak','2018-08-20 03:37:57'),(171,NULL,'ls7c68n6330jgj9ft9oicpr5gt','2018-08-20 03:37:58'),(172,NULL,'5ile6edoubpr31bnokc3am9e6p','2018-08-20 03:38:00'),(173,NULL,'hpuhhk95adqh7dvl7klcegmu6a','2018-08-20 03:38:01'),(174,NULL,'qo4q70es9ujio4ej7s5akhvmld','2018-08-20 03:38:02'),(175,NULL,'k14fhe2ucptguu2fe7585s31pi','2018-08-20 03:38:03'),(176,NULL,'imhqs6m9nd0ctkgdq09iq3rgik','2018-08-20 03:38:04'),(177,NULL,'vdbqvb44flpma0kui60fef3a8u','2018-08-20 03:38:05'),(178,NULL,'2ssronuivvmu4r6o5ijg6katn9','2018-08-20 03:38:06'),(179,NULL,'dqi0u464eds2oeurlddn4b91ss','2018-08-20 03:38:07'),(180,NULL,'f19mecq586m80cojt0o70khl12','2018-08-20 03:38:08'),(181,NULL,'kgeiodn6evts0f399rdtrt4ci3','2018-08-20 03:38:09'),(182,NULL,'jnb986n5u2s1ii505drf0fn044','2018-08-20 03:38:10'),(183,NULL,'82l43574gu3n85ja89e2ovgnmj','2018-08-20 03:38:11'),(184,NULL,'l80p9akqodseav4agqp1he2t8k','2018-08-20 03:38:12'),(185,NULL,'u95hiql2ccp80kcd90caqnjtkr','2018-08-20 03:38:14'),(186,NULL,'sf19sf774oc4u345hiabarmb79','2018-08-20 03:38:14'),(187,NULL,'6al0epekli5soc4bsjd61l2rs5','2018-08-20 03:38:16'),(188,NULL,'euaosvqpgfj30aufui13g6au8p','2018-08-20 03:38:17'),(189,NULL,'nse9fuepmakjjje015ihi82842','2018-08-20 03:38:18'),(190,NULL,'ipgmhm4leqvvm1vqehcd72luob','2018-08-20 03:38:19'),(191,NULL,'dt3c2u600js51nsjlu42ip6fc7','2018-08-20 03:38:20'),(192,NULL,'7q4rattupav97ttfldda0a2jpq','2018-08-20 03:38:21'),(193,NULL,'r222vj4q85t3immqukg4voo3hn','2018-08-20 03:38:22'),(194,NULL,'riclqp2upj9hti62up1p5is4vt','2018-08-20 03:38:23'),(195,NULL,'7p7ijtbis0n67uiti9kmf9f8q2','2018-08-20 03:38:24'),(196,NULL,'p8m8uej06b69u4ojtb794h233h','2018-08-20 03:38:25'),(197,NULL,'jif9mot6rahur3s26h0bbta81e','2018-08-20 03:38:26'),(198,NULL,'ph2gvtbc4lmuiudeg2oa3rhmnr','2018-08-20 03:38:27'),(199,NULL,'fcd60rb2gv2suajbcrg2l43772','2018-08-20 03:38:29'),(200,NULL,'i4m2tccnenhasrc0g2eidudvbm','2018-08-20 03:38:30'),(201,NULL,'500shl9ttuapsghj6cm2lu1b17','2018-08-20 03:38:31'),(202,NULL,'afhmnin7t9n43o7dj73omm7ec3','2018-08-20 03:38:32'),(203,NULL,'riv0l4pffdrh89p4sl65oj7ivn','2018-08-20 03:38:33'),(204,NULL,'3vlq711rm9h4876t9uqkmu2ilr','2018-08-20 03:38:34'),(205,NULL,'5egntjredisj5un7k2p4o1h1tu','2018-08-20 03:38:35'),(206,NULL,'ebk0r9jen36d8iv3tbcgdpthng','2018-08-20 03:38:36'),(207,NULL,'rt4vqr7eo5cel84pk5d734ijfn','2018-08-20 03:38:37'),(208,NULL,'tv079imlegvde784fna4q6aeie','2018-08-20 03:38:38'),(209,NULL,'8thla055b829hl9ir73pp3kim1','2018-08-20 03:38:39'),(210,NULL,'3rrujf2sglp44a92hv8ju119g8','2018-08-20 03:38:45'),(211,NULL,'eu37r7095ruormjm4mhs6161q0','2018-08-20 03:38:46'),(212,NULL,'vd0fq852q3a2lsefhb5o9i08db','2018-08-20 03:38:47'),(213,NULL,'2l40hprg2icvttr8nmsn7sprrb','2018-08-20 03:38:48'),(214,NULL,'8kafrsnm48gpvjt350bkgng1ve','2018-08-20 03:38:49'),(215,NULL,'c27cbhvmjg4brrls7htat64hbg','2018-08-20 03:38:50'),(216,NULL,'0caehs9nvm0vu5osmvusk45th7','2018-08-20 03:38:52'),(217,NULL,'ikmeid6stg7cd1791vpgt9v3l2','2018-08-20 03:38:53'),(218,NULL,'cvusfi78thdnmanr49vk8r21p9','2018-08-20 03:38:54'),(219,NULL,'r2es3tf0fdkob8qj5hf41vbd7u','2018-08-20 03:38:55'),(220,NULL,'ncgbp3v3i50uin9828uo6e979u','2018-08-20 03:38:56'),(221,NULL,'0od0als300d46cn87r721hnf9h','2018-08-20 03:38:57'),(222,NULL,'qgit027bb2gbfpm1381rvk2h55','2018-08-20 03:38:58'),(223,NULL,'n3ukbfek03h12rp9pm052vott0','2018-08-20 03:38:59'),(224,NULL,'fj3pm97chafte6knkj7spukn1u','2018-08-20 03:39:00'),(225,NULL,'9clm5mhafds7fs37ljac9e7uqt','2018-08-20 03:39:01'),(226,NULL,'6ahbqahmkoccsmsnshvrccp7hn','2018-08-20 03:39:02'),(227,NULL,'2se49pugc19fp4dqr8hnnktbsp','2018-08-20 03:39:03'),(228,NULL,'6avbk0gqnqm9s0rr3r3dosle9n','2018-08-20 03:39:04'),(229,NULL,'h6avccq73ar9aonqd7r98a6r97','2018-08-20 03:39:06'),(230,NULL,'un4137ust0suau8katqsu5t1pm','2018-08-20 03:39:07'),(231,NULL,'dhckrtgdcend6vgfhj57lngshn','2018-08-20 03:39:08'),(232,NULL,'ukrc28c6j56dal1jftiqg8clrk','2018-08-20 03:39:09'),(233,NULL,'bnfc426v4k2fr9s820g0r13jqj','2018-08-20 03:39:10'),(234,NULL,'pijn3a4gt47fehqa0vp19geckm','2018-08-20 03:39:11'),(235,NULL,'13jsm5gom0enc4f0bj2r9l0b6l','2018-08-20 03:39:12'),(236,NULL,'0o0g99fd3er87a2rgav1skg55p','2018-08-20 03:39:13'),(237,NULL,'b7ekcisvrk0ipacqjc2ro3evvh','2018-08-20 03:39:14'),(238,NULL,'4or5g2gd4hpbu4gjo8ppj6cl2r','2018-08-20 03:39:16'),(239,NULL,'qnu5i38hq4nam672r5tss10fgi','2018-08-20 03:39:17'),(240,NULL,'ekale59njirqp0ntobfutp8jll','2018-08-20 03:39:18'),(241,NULL,'1hpsnr1c09jb563tsguoalrg4r','2018-08-20 03:39:19'),(242,NULL,'1ve46hqm24k01t8p8qcpmnneqk','2018-08-20 03:39:20'),(243,NULL,'dsfrdt7kclq1t29fk528q720ki','2018-08-20 03:39:21'),(244,NULL,'a0ul25hbv87qo19bm5v8q6fu9d','2018-08-20 03:39:22'),(245,NULL,'mcblcu61h5c0bk7ea9fplsp2hm','2018-08-20 03:39:23'),(246,NULL,'lahjamaklqa23fldbfmuqj02hn','2018-08-20 03:39:24'),(247,NULL,'e3o9jol20hogv1g92il7m6dopa','2018-08-20 03:39:25'),(248,NULL,'2j3shu5ff59hku7tjbrfq57it4','2018-08-20 03:39:26'),(249,NULL,'fhrtgb0tkc531v0fqbgufr6b01','2018-08-20 03:39:27'),(250,NULL,'l2usnus9hadarkmaunck5ed588','2018-08-20 03:39:28'),(251,NULL,'5sj5s84as3ti02mo4kiss977v5','2018-08-20 03:39:29'),(252,NULL,'lnuqn2qt0lfg14ppeec7mtf6qg','2018-08-20 03:39:30'),(253,NULL,'u6p37f292v727pnrsthcv4fm1k','2018-08-20 03:39:32'),(254,NULL,'ili97ksonql4vh7n1e1h9tcmsd','2018-08-20 03:39:33'),(255,NULL,'2ch1dncts4lg10ntc0jiu1sb7m','2018-08-20 03:39:34'),(256,NULL,'nuviumm38dad1qgg9n76ij5ino','2018-08-20 03:39:35'),(257,NULL,'c0sdili2bkdn29ivqjhp48e7v8','2018-08-20 03:39:36'),(258,NULL,'movut0e6ff26pmk2nicck8ggb7','2018-08-20 03:39:37'),(259,NULL,'iltdo6c8u4cduj2qj9eti40eoe','2018-08-20 03:39:38'),(260,NULL,'ego12dvqqvkfo8kkbas33ajubd','2018-08-20 03:39:39'),(261,NULL,'doua2kmd8kv5ndrts24dgjdpmu','2018-08-20 03:39:40'),(262,NULL,'7m920bi8eed3jecs16jspmnf1s','2018-08-20 03:39:41'),(263,NULL,'18chgdv6hg1qto1jo60gc9t5qd','2018-08-20 03:39:42'),(264,NULL,'7t8sjkvtq0sh5un4ilnqvocffa','2018-08-20 03:39:43'),(265,NULL,'lcu29h23ddrvrtrd47an8vt4q7','2018-08-20 03:39:44'),(266,NULL,'gndv0rqaclu1vtug33oniuu51v','2018-08-20 03:39:45'),(267,NULL,'lbc8edtbb1n5q47t1dbbq6j6am','2018-08-20 03:39:47'),(268,NULL,'k6fhrr5a5tpb6cf79lg0r9hbte','2018-08-20 03:39:48'),(269,NULL,'sc4sf3spemqc1uud08v0gehf2e','2018-08-20 03:39:49'),(270,NULL,'7u6bapass1s43gghjab86fbrlq','2018-08-20 03:39:50'),(271,NULL,'n9lso14its8cp7iuihpi8goda7','2018-08-20 03:39:51'),(272,NULL,'1078tpa8gvimh1cq040p7luo9c','2018-08-20 03:39:52'),(273,NULL,'ien5su978f3sillmfrv461muon','2018-08-20 03:39:53'),(274,NULL,'tjm0hrmata98lurp2gv8bf5nbc','2018-08-20 03:39:54'),(275,NULL,'01q75qomdvu3oer33eepla02f4','2018-08-20 03:39:55'),(276,NULL,'204l0edkvdkli3olnhppbto31o','2018-08-20 03:39:56'),(277,NULL,'umub9g8l4drl2cntllsaubnamr','2018-08-20 03:39:57'),(278,NULL,'4m9r2hp6opkk40l8evgvf5ffs6','2018-08-20 03:39:58'),(279,NULL,'irbukeva813f7h85dq0h608hf3','2018-08-20 03:39:59'),(280,NULL,'v80s4jafii5urnbu27fmus0cbl','2018-08-20 03:40:00'),(281,NULL,'hu1t8rvhk168t01djljhnjsafo','2018-08-20 03:40:01'),(282,NULL,'9i5a4i7pfubrrn8gm40j5d89gp','2018-08-20 03:40:02'),(283,NULL,'gaqvlpddm0ht237mtrog9mlmql','2018-08-20 03:40:03'),(284,NULL,'n3qou0k7ukcs9mphiqbp8kibqk','2018-08-20 03:40:05'),(285,NULL,'k2othslfg3l7k1g7ibhn82165l','2018-08-20 03:40:05'),(286,NULL,'kbn99qn6rr5qnt24tdn8t1vm3f','2018-08-20 03:40:07'),(287,NULL,'ahmtqj22fh9l7n58o146f1bno9','2018-08-20 03:40:08'),(288,NULL,'hm5imhluraphmf5qfru5qr3u5e','2018-08-20 03:40:09'),(289,NULL,'5pmu0kot8ad1e9nifqags85o2f','2018-08-20 03:40:10'),(290,NULL,'94vt3op2i789cooh5fqlghf398','2018-08-20 03:40:11'),(291,NULL,'7107o54os9tet4af3dg2k25uuo','2018-08-20 03:40:13'),(292,NULL,'fbj0p768qc3ct3dsc3u5vkhj6f','2018-08-20 03:40:14'),(293,NULL,'eu4b9tapp16g4ag7mckj3o0p4p','2018-08-20 03:40:15'),(294,NULL,'ugsgmf37bpspe29p399m31tkap','2018-08-20 03:40:16'),(295,NULL,'gbptphjo8an9nieno7vvjfvf60','2018-08-20 03:40:17'),(296,NULL,'rclaav438up4gl7dt3ibdgpbb8','2018-08-20 03:40:18'),(297,NULL,'8mknus40fmt4gt8nbh3bpeiq7s','2018-08-20 03:40:19'),(298,NULL,'lurnl65ahq10so1df17p46dq70','2018-08-20 03:40:20'),(299,NULL,'lkrg88n44j77iq0pafjq2e6t4i','2018-08-20 03:40:21'),(300,NULL,'529t3fmpust41eg3pmiuncjep1','2018-08-20 03:40:22'),(301,NULL,'h7mithki20vgokpn9sk9bk3i7s','2018-08-20 03:40:23'),(302,NULL,'lhg4j14mgammcr4hvnq3ue4sjp','2018-08-20 03:40:24'),(303,NULL,'ulnu0thl54d03rrh2i579epcoj','2018-08-20 03:40:25'),(304,NULL,'j0bjkmnlmsvc7l183e6qp5g72r','2018-08-20 03:40:26'),(305,NULL,'ks6da3ms720j3svbpmicb0ieru','2018-08-20 03:40:27'),(306,NULL,'jvmqjrl4nbeb8r8kmorep9vdc0','2018-08-20 03:40:28'),(307,NULL,'8u636mu6hr4ae9spvs44qt8vmp','2018-08-20 03:40:30'),(308,NULL,'71oi5m48c1nnl8m6spqknaabih','2018-08-20 03:40:31'),(309,NULL,'999mon5vktsd73d5gberlcl1a6','2018-08-20 03:40:32'),(310,NULL,'1su767mgg73ibmapagmue17th4','2018-08-20 03:40:33'),(311,NULL,'h1l47b6pb0ah45dbpfi2h2805u','2018-08-20 03:40:34'),(312,NULL,'i6pjekbps4v64v99isn0545ko1','2018-08-20 03:40:35'),(313,NULL,'u318cfff30dg78o6nlonj33aal','2018-08-20 03:40:37'),(314,NULL,'j0mp8ouab04bat2rgqms3ec9v9','2018-08-20 03:40:38'),(315,NULL,'3uil4gsq7vvrnfu9j696l0jc8b','2018-08-20 03:40:39'),(316,NULL,'2kj3dbb61ahn88bl1mqa7crngv','2018-08-20 03:40:40'),(317,NULL,'t8gv4jgjv8tqgqluucva6dmddi','2018-08-20 03:40:41'),(318,NULL,'hpqc3n819264t0sf06tp9s5vkm','2018-08-20 03:40:42'),(319,NULL,'mhjhncb34q08qvgdm3rp4u5q2h','2018-08-20 03:40:43'),(320,NULL,'7rmvjuq2jj6begfh5a20g9801p','2018-08-20 03:40:44'),(321,NULL,'fdnmb312riura8sn10tj013a5a','2018-08-20 03:40:45'),(322,NULL,'nvc0ill8kr41msl6ah9iguing2','2018-08-20 03:40:47'),(323,NULL,'4icigvuanseigpcgfnktggpu3c','2018-08-20 03:40:48'),(324,NULL,'e3vono942p6biuaovm9kvsp33c','2018-08-20 03:40:49'),(325,NULL,'hr3ca48gqv4l3n2d5hg8onfsbi','2018-08-20 03:40:50'),(326,NULL,'ojjddi5f187pc1r85i9d4r0a5p','2018-08-20 03:40:51'),(327,NULL,'delvs5vbc1cvklco0pnt2j8ai5','2018-08-20 03:40:52'),(328,NULL,'mbtarpia6n0cef8v1bh2h139g9','2018-08-20 03:40:53'),(329,NULL,'sf7765idc0vk4cc8k9n2htok29','2018-08-20 03:40:54'),(330,NULL,'eltle6a0isrt57gupif81ptfmj','2018-08-20 03:40:55'),(331,NULL,'56lg0ssmeodlh06g509qm7pqu7','2018-08-20 03:40:56'),(332,NULL,'ekdg5t23v2tma8poi0vgl7pffc','2018-08-20 03:40:57'),(333,NULL,'ccnghlkl5b0411t9755vo3j67k','2018-08-20 03:40:58'),(334,NULL,'94ddlnoqmehjnoionk78nlsmcp','2018-08-20 03:40:59'),(335,NULL,'r9rda1qjcio2m4r79eg5acm6n1','2018-08-20 03:41:01'),(336,NULL,'27jduipeoerlonl1534559j7p0','2018-08-20 03:41:02'),(337,NULL,'i6lb8jbs245sdeodtvb7ihlk15','2018-08-20 03:41:03'),(338,NULL,'9akhte0ss6vcn965jotchok66q','2018-08-20 03:41:04'),(339,NULL,'n1u7uabjmlq5hd92kta1flnqql','2018-08-20 03:41:05'),(340,NULL,'32gbn60094gosus6c65d1cunq4','2018-08-20 03:41:06'),(341,NULL,'aoaqrf7vi9mfkruveorrscnouc','2018-08-20 03:41:08'),(342,NULL,'ouatpd1ij1q1ct95vf71qel3gq','2018-08-20 03:41:09'),(343,NULL,'qn51o7l7mogtpjkau5ig187732','2018-08-20 03:41:10'),(344,NULL,'aa0b6dobsbn9s2bb9qfd8da4mb','2018-08-20 03:41:11'),(345,NULL,'kvgao086pgvk8dvskk9s5lqocd','2018-08-20 03:41:12'),(346,NULL,'l0q4eeft5d8hr30tgc8jobjn5p','2018-08-20 03:41:13'),(347,NULL,'1qqquu3mseepigqd76bhsj11ki','2018-08-20 03:41:15'),(348,NULL,'k5q0acumn3f224cs1au2kd0off','2018-08-20 03:41:16'),(349,NULL,'jnuj4khmvircikg74n68o73dh7','2018-08-20 03:41:17'),(350,NULL,'pvf6dqdn5fpvmev0jq76t5t6cd','2018-08-20 03:41:18'),(351,NULL,'2tt8jmbbm5bskgupboons6beda','2018-08-20 03:41:19'),(352,NULL,'ltq43sn7q8vr70s49kkbujs4ev','2018-08-20 03:41:20'),(353,NULL,'8s5s78uu3l6kkl2udqnvg6p110','2018-08-20 03:41:21'),(354,NULL,'78n73se7jub1ka8ml379cqm2ig','2018-08-20 03:41:22'),(355,NULL,'v9qrjto7qevh2tlkhqbip5teo6','2018-08-20 03:41:23'),(356,NULL,'27r620arp6cg7fhif3s8vj8jra','2018-08-20 03:41:24'),(357,NULL,'lsd68vml2aha4ij5res5bk6to2','2018-08-20 03:41:25'),(358,NULL,'un2bc5v194mfrg9288gk7injif','2018-08-20 03:41:26'),(359,NULL,'7vdgvfll3n0t8ejpnvosukpr4u','2018-08-20 03:41:27'),(360,NULL,'hgh8d6gkkee0ctdl5qijencnfa','2018-08-20 03:41:28'),(361,NULL,'lg614vggli8r9f0natq06mqkq4','2018-08-20 03:41:29'),(362,NULL,'cvp63hqa24lm501qov4gthfff5','2018-08-20 03:41:30'),(363,NULL,'cfld7h6lk97t9q2upocelpdv5k','2018-08-20 03:41:31'),(364,NULL,'avc93d4ulbigqog69f0pg3osi8','2018-08-20 03:41:32'),(365,NULL,'vlt9usercij8uabhd6hvr26dft','2018-08-20 03:41:34'),(366,NULL,'q4h765j42p1f47e0giuthf89d7','2018-08-20 03:41:35'),(367,NULL,'u9aats17q0bhha9mf9741l80pk','2018-08-20 03:41:36'),(368,NULL,'97c845jku0d3vlmdnd1smtgmpf','2018-08-20 03:41:37'),(369,NULL,'4if3vgdhgqk0n6vnu7r57iest4','2018-08-20 03:41:38'),(370,NULL,'4apbrmqhr9rps9nvvde6mbjlos','2018-08-20 03:41:39'),(371,NULL,'ds466phej9352uudqph9ubs5vq','2018-08-20 03:41:40'),(372,NULL,'akaq07731jfjmguvuh59p0uj21','2018-08-20 03:41:41'),(373,NULL,'h7smbgclf3t61dm40t37negv1b','2018-08-20 03:41:42'),(374,NULL,'uan1s7ksacpbh34q7gcpqdkgpu','2018-08-20 03:41:43'),(375,NULL,'45f2rcnn28dpn22kckfakfi4op','2018-08-20 03:41:44'),(376,NULL,'6bmfqk79bc76fo76hfncsvd7nf','2018-08-20 03:41:45'),(377,NULL,'jl4u296grarnabpjh5knalel3d','2018-08-20 03:41:46'),(378,NULL,'6n064ggfa08vsr9ctcc11he3q7','2018-08-20 03:41:47'),(379,NULL,'otd53jtkhhv33e3dsmlhf1hhdn','2018-08-20 03:41:49'),(380,NULL,'dk3at9mtptcc4ge6d0etatkf52','2018-08-20 03:41:50'),(381,NULL,'lboue4isd10977hkhttofd6ru2','2018-08-20 03:41:51'),(382,NULL,'regc7mtacb4dkl7os9g4diihhp','2018-08-20 03:41:52'),(383,NULL,'07an1o8na5huar897cmmth6mdj','2018-08-20 03:41:53'),(384,NULL,'61h2o1vhrfn3vlbbdmlu6ld3q3','2018-08-20 03:41:54'),(385,NULL,'kp67s1pnvlfkeq5c40frrn8rcc','2018-08-20 03:41:55'),(386,NULL,'0pe9vlpl7p7m82tuiai1eed22a','2018-08-20 03:41:56'),(387,NULL,'fmcdnkcribfhtguda6977d9mns','2018-08-20 03:41:57'),(388,NULL,'bp5o54pdhsdda19i3mbj8ikscn','2018-08-20 03:41:58'),(389,NULL,'ftgsakvsmeo2kkf7qfknj6dbpo','2018-08-20 03:41:59'),(390,NULL,'30gfiigq5r6qmhbqj11u2ghruu','2018-08-20 03:42:00'),(391,NULL,'l2hhntbsrs39msu1qr7mbj364o','2018-08-20 03:42:02'),(392,NULL,'veo4fqar5lsg1c0p5k7vq6oc3v','2018-08-20 03:42:03'),(393,NULL,'3v3ufldslkr3esc03fcl4o0134','2018-08-20 03:42:04'),(394,NULL,'8a6nj1jfjugt8qb635v74srpqa','2018-08-20 03:42:05'),(395,NULL,'ai5dcmjbbddp6unoi8dtv0jb7e','2018-08-20 03:42:06'),(396,NULL,'mu9v22o1d9q6matlodrn81v8vr','2018-08-20 03:42:07'),(397,NULL,'ijaaenqadcdtgvnuhviu5c5eld','2018-08-20 03:42:08'),(398,NULL,'1bkftekvuf6po321lgc8jvdm64','2018-08-20 03:42:09'),(399,NULL,'u3a9o53ja5704ve63k56p0fj8k','2018-08-20 03:42:10'),(400,NULL,'97do91r5at7vmd31p1g1caeesh','2018-08-20 03:42:11'),(401,NULL,'rhcgqugt435muvu2biap7gp1h6','2018-08-20 03:42:12'),(402,NULL,'rr9qfoceceljmg024t7r8r16sl','2018-08-20 03:42:13'),(403,NULL,'f397ua6oc5uu1c16sthkqdmbtu','2018-08-20 03:42:14'),(404,NULL,'v78kqc5201itu87l50gunc6277','2018-08-20 03:42:16'),(405,NULL,'s6l0qt0t3dtqc72rfojq734cc1','2018-08-20 03:42:17'),(406,NULL,'6o6vh286qtsn2ic51f0lngufsl','2018-08-20 03:42:18'),(407,NULL,'e4gqnii5ofil073tf3b9g0uuva','2018-08-20 03:42:19'),(408,NULL,'tiqd65uof3491ecg61fqlo93mm','2018-08-20 03:42:20'),(409,NULL,'60i112oaimjc8di386u3b3skii','2018-08-20 03:42:21'),(410,NULL,'i7ggft560tolkkasp5o6n7kfov','2018-08-20 03:42:22'),(411,NULL,'u6rul60bt7mulvpvadb3r7p3a4','2018-08-20 03:42:23'),(412,NULL,'hg9cm2mackgcs9nigmc15odgre','2018-08-20 03:42:24'),(413,NULL,'kj93e2j2lj370f0oojkvvjc7hk','2018-08-20 03:42:25'),(414,NULL,'ukeg3uesnvfou4hcsf7qbcetmm','2018-08-20 03:42:27'),(415,NULL,'0b5p4ggurgc00n76ap8qq91jcj','2018-08-20 03:42:28'),(416,NULL,'jk50mgbem24lc0firvj9h29ab6','2018-08-20 03:42:29'),(417,NULL,'1vhselt44pdhtv07p4hcougt8p','2018-08-20 03:42:30'),(418,NULL,'02jqh189i4b6bg5kr4cglgf6of','2018-08-20 03:42:31'),(419,NULL,'95jn82j84ov03afbe227u7jh3v','2018-08-20 03:42:32'),(420,NULL,'srnqc0jaqvcitkp0ghu2a3k4uq','2018-08-20 03:42:33'),(421,NULL,'kifgg3nuv2ke3fsgino81468nd','2018-08-20 03:42:34'),(422,NULL,'rbgi0ruuvjngbpgnl476rb14v6','2018-08-20 03:42:35'),(423,NULL,'gmu4ru1odv2cf1ns694ooko2nr','2018-08-20 03:42:36'),(424,NULL,'98b5pvju6i3eaiavsghfsqstor','2018-08-20 03:42:37'),(425,NULL,'nbkg6drs5b7smsubhtk5beu2gq','2018-08-20 03:42:39'),(426,NULL,'7fc4qec6ssve0s64stjurk6h27','2018-08-20 03:42:40'),(427,NULL,'kh7svvku22k0qgq9fhjet8upc1','2018-08-20 03:42:41'),(428,NULL,'qqipobmaefihpthmngptrrvjmm','2018-08-20 03:42:42'),(429,NULL,'uoet5vahq9a9v9hlrtiptlmrlq','2018-08-20 03:42:43'),(430,NULL,'t5v8lqr6cvmkgj4ahhmpfnnjr5','2018-08-20 03:42:44'),(431,NULL,'gahb5u4mgbhq8tn7f6lcsg1a5d','2018-08-20 03:42:45'),(432,NULL,'kfplncbnatthjb066fdup97fbd','2018-08-20 03:42:46'),(433,NULL,'j7pjon3144173telclvhilh7bf','2018-08-20 03:42:47'),(434,NULL,'cadhe7ev3jocd5675k3i4t5hkn','2018-08-20 03:42:48'),(435,NULL,'k11vg8unhns1thb2khvq5un4bj','2018-08-20 03:42:49'),(436,NULL,'f6rtk1dfdee6jc01qe6mc3tjej','2018-08-20 03:42:50'),(437,NULL,'vvnb3kje8hv9gmvggcocrbsihb','2018-08-20 03:42:51'),(438,NULL,'066hjfooprp7t05qtl7bg8e06m','2018-08-20 03:42:52'),(439,NULL,'la6451fgajomhab377usfspg63','2018-08-20 03:42:54'),(440,NULL,'tou0gkavakc59retluqs1m28it','2018-08-20 03:42:55'),(441,NULL,'5h6eimpc736dd84oenpfb0k6it','2018-08-20 03:42:56'),(442,NULL,'c47lc38vqkcp8fj16vg6ee6trk','2018-08-20 03:42:57'),(443,NULL,'b2n9fu8idr3j3782rrve0ukfl8','2018-08-20 03:42:58'),(444,NULL,'a7vbkmq4gj3egn2l2ghvm75oho','2018-08-20 03:42:59'),(445,NULL,'qr4takjq0nsccsr5k0cmbrm7ni','2018-08-20 03:43:00'),(446,NULL,'napl53lqiv112j8bibof6jblgd','2018-08-20 03:43:01'),(447,NULL,'2p609aaav17qfmg2d640ssudf4','2018-08-20 03:43:02'),(448,NULL,'l4hk9fr24dna2k2qj35fthdag2','2018-08-20 03:43:03'),(449,NULL,'t78d5vbkpao4rin1cql4b25b6v','2018-08-20 03:43:04'),(450,NULL,'sjnnnp798045pmf9ogoq5aqc17','2018-08-20 03:43:05'),(451,NULL,'pj3tk8ct4lbh9lh0dcfo9oujg1','2018-08-20 03:43:06'),(452,NULL,'3ptmufsgbvatievjb90u2j4c9a','2018-08-20 03:43:07'),(453,NULL,'ckjg018gktgnu0knlraab8d7kl','2018-08-20 03:43:08'),(454,NULL,'8qe0rebck08cs9h5e0ak33olqo','2018-08-20 03:43:10'),(455,NULL,'1k2os46djcrv0b846giujc8dg8','2018-08-20 03:43:11'),(456,NULL,'gq5jnm1r7goka6jef2mehorf1c','2018-08-20 03:43:12'),(457,NULL,'dduijaoaujcbhuhelg1nual4l6','2018-08-20 03:43:13'),(458,NULL,'i3ogtvmqv9to0ghlj2j5oqaq84','2018-08-20 03:43:14'),(459,NULL,'t039v6g0ucjlr7l0a01ps9t57n','2018-08-20 03:43:15'),(460,NULL,'a3c489d094ubsvi49nmgnii6nc','2018-08-20 03:43:16'),(461,NULL,'77ovunlkot7mqskjm302jkkc6v','2018-08-20 03:43:17'),(462,NULL,'4sb5ef5alfkedlbf2t383ec5q3','2018-08-20 03:43:18'),(463,NULL,'tkf08am3u9fi0t0gh6nvfotu9g','2018-08-20 03:43:19'),(464,NULL,'3jhmsgk46k19tktl29s4ril822','2018-08-20 03:43:20'),(465,NULL,'2ebqvvqu5icadsbi3n8p392vbn','2018-08-20 03:43:21'),(466,NULL,'jjuqltscn29rpq8srfg298kh3e','2018-08-20 03:43:22'),(467,NULL,'p0id7vkq9k84ooc4adf6dmkba7','2018-08-20 03:43:23'),(468,NULL,'hcjs8eat2g1ihig11khi3vbn7v','2018-08-20 03:43:25'),(469,NULL,'qdhfhi52g1e6kf3e5sd140gsot','2018-08-20 03:43:26'),(470,NULL,'1ailqmn64i6f3poskgn8lompk8','2018-08-20 03:43:27'),(471,NULL,'ps7fvs02svg3vsq7caopvbhlmh','2018-08-20 03:43:28'),(472,NULL,'kp24vbltpn9bj1u3lv37s9i99c','2018-08-20 03:43:29'),(473,NULL,'dje06uk681flkmj8jv38apa314','2018-08-20 03:43:30'),(474,NULL,'13h0a5cacjtu5stjrf6r4agrm5','2018-08-20 03:43:31'),(475,NULL,'rnht2hn8f8eb3c3d12u00sat83','2018-08-20 03:43:32'),(476,NULL,'jhbrqressrc14s4bk0jihv6fig','2018-08-20 03:43:33'),(477,NULL,'3m2mgsk25atss1fr94m0orp828','2018-08-20 03:43:34'),(478,NULL,'2cpghqero9lmanesnset7llmtk','2018-08-20 03:43:35'),(479,NULL,'u2v4fuqungo6tdobb64vimlj41','2018-08-20 03:43:36'),(480,NULL,'blr668h7uvnpsfbmvg6je5o8gs','2018-08-20 03:43:37'),(481,NULL,'uabqtpdp7mbvq6drlm7q47bcj5','2018-08-20 03:43:38'),(482,NULL,'d3sls6d1q27n1nnl6b4p17crdu','2018-08-20 03:43:39'),(483,NULL,'8ba44smt6giets1hil1a5ij8im','2018-08-20 03:43:40'),(484,NULL,'mfsi94berks3svng8iieekeeul','2018-08-20 03:43:41'),(485,NULL,'v97oq9bsrbu63rr7m3kvpe820p','2018-08-20 03:43:42'),(486,NULL,'gsjq4sa4svdi85nl7m3se0cpf1','2018-08-20 03:43:43'),(487,NULL,'j37cmmi5ho23bscdv04bkubvkn','2018-08-20 03:43:45'),(488,NULL,'1b32ujjpnos1m1qa1f7hp9me8c','2018-08-20 03:43:46'),(489,NULL,'cnm1hr2a6sa3p6k58uruj47vkp','2018-08-20 03:43:47'),(490,NULL,'32dqmok27kdgvig5bbh0fthofj','2018-08-20 03:43:48'),(491,NULL,'ef5d7s4hfj1n6gfkib09pep18u','2018-08-20 03:43:49'),(492,NULL,'q420349rjm7eajte8m5lav5khd','2018-08-20 03:43:50'),(493,NULL,'16a5ofuno2dg095av1q80ufp96','2018-08-20 03:43:51'),(494,NULL,'fg5d1ktfue87s7oflgureguh75','2018-08-20 03:43:52'),(495,NULL,'9i6l9l2rgi7qp04d9l8p9dp78s','2018-08-20 03:43:53'),(496,NULL,'25gh7be69m38m4j002hfpc4805','2018-08-20 03:43:54'),(497,NULL,'s94kh0a8adejkr2a1f29b930kc','2018-08-20 03:43:55'),(498,NULL,'bhojlg6t25c9k3bel2pngm3h0t','2018-08-20 03:43:56'),(499,NULL,'nuqtqkaorrgm37v0uek2hld955','2018-08-20 03:43:57'),(500,NULL,'mbtc5mav9nejqebrf6lrjc42kp','2018-08-20 03:43:59'),(501,NULL,'ic4atdqchvlmautfc8s2jr7k3p','2018-08-20 03:44:00'),(502,NULL,'7g0ghjmrsooqql49t3gkukn5s2','2018-08-20 03:44:01'),(503,NULL,'l4ujq4gvgppime8qch060po8af','2018-08-20 03:44:02'),(504,NULL,'rupe5rlsut06srt35ranf6k1u0','2018-08-20 03:44:03'),(505,NULL,'06092cuectrf7cmej7bjj2uh6j','2018-08-20 03:44:04'),(506,NULL,'bdi9sslbkg2389t9fhj05dhukn','2018-08-20 03:44:05'),(507,NULL,'j5rvcqd1g6vt389nh19gp4q5m3','2018-08-20 03:44:06'),(508,NULL,'nqjpf7nh3crp64c9llgacv3svd','2018-08-20 03:44:07'),(509,NULL,'k11j6cj5c13ietq10ksdressoh','2018-08-20 03:44:08'),(510,NULL,'eg8kb5n1b8k3l1mq6gl07n27gq','2018-08-20 03:44:09'),(511,NULL,'3b62bimdj76jh24v5a7dpfqnde','2018-08-20 03:44:10'),(512,NULL,'cremkgt5kph3fdsbtopfr34rgr','2018-08-20 03:44:11'),(513,NULL,'50869bpa2smbdh4h4nkdlq60tb','2018-08-20 03:44:12'),(514,NULL,'mqg3vok6u2ktjvuchv1lrk802b','2018-08-20 03:44:14'),(515,NULL,'9ns29ch15e9lac7uvlh2aro9l3','2018-08-20 03:44:15'),(516,NULL,'k77uhb3ofoldpd891ip3709dh2','2018-08-20 03:44:16'),(517,NULL,'35r1l5r5a1rbs6bmrj2o35lle2','2018-08-20 03:44:17'),(518,NULL,'builq7q7cjksljad8ohe3gqukb','2018-08-20 03:44:18'),(519,NULL,'9q9pbr827dkjf3f52lvh86ita7','2018-08-20 03:44:19'),(520,NULL,'nkkvtee0iruss2edeug3tdhs44','2018-08-20 03:44:20'),(521,NULL,'iu133np1ob40a3oe126d50rgeg','2018-08-20 03:44:21'),(522,NULL,'t89ne4kvld1ojjqveihfsslgkt','2018-08-20 03:44:22'),(523,NULL,'l23m3bu7v0n5ej0to150t1ie9s','2018-08-20 03:44:23'),(524,NULL,'ke5dlo7noarmmbn228an5i9eeg','2018-08-20 03:44:24'),(525,NULL,'c7t0khde33cvv44pu2j6kqd6gl','2018-08-20 03:44:26'),(526,NULL,'mqgvc3srvbvsvr8o9hus9uejau','2018-08-20 03:44:27'),(527,NULL,'oguf03u7rfd1jjmo8m7sjnq7ic','2018-08-20 03:44:28'),(528,NULL,'lgv20c9g8nq3i7ask3hfet8eh7','2018-08-20 03:44:29'),(529,NULL,'uqh9v89cgj8phqdopqbc8mbpvk','2018-08-20 03:44:30'),(530,NULL,'dtmbg0e54q93j9oesa3k35snq2','2018-08-20 03:44:31'),(531,NULL,'bf9pjcbggieboepl2qo0t0o1bp','2018-08-20 03:44:32'),(532,NULL,'pr6444gqi5in7j3nb19q0fek00','2018-08-20 03:44:33'),(533,NULL,'svutmtaittclt6lonl24h8jlhk','2018-08-20 03:44:34'),(534,NULL,'agijvqfr31hfv8lac12u9mkunv','2018-08-20 03:44:36'),(535,NULL,'inl0hbflknt6tub6gkgod7d29g','2018-08-20 03:44:37'),(536,NULL,'35t2763ka1g3bbr9hpdhq9f2v8','2018-08-20 03:44:38'),(537,NULL,'ov22q6gmi0e58mke293jnbp40a','2018-08-20 03:44:39'),(538,NULL,'q81tsvu8o548v3ggmu7923251r','2018-08-20 03:44:40'),(539,NULL,'ojf06sikohp2luve2fp0tftbeg','2018-08-20 03:44:41'),(540,NULL,'9evqcenspn4g7hft51g7thf1gp','2018-08-20 03:44:42'),(541,NULL,'drdndiikjbmd2humd4ogg7569u','2018-08-20 03:44:43'),(542,NULL,'3gp531ejtoua98cgum4i3a58v5','2018-08-20 03:44:44'),(543,NULL,'h2qe2clsrhoh9jf1tlmmhkds7b','2018-08-20 03:44:45'),(544,NULL,'he2kk4khj36jhnbgs6j1k6k6ri','2018-08-20 03:44:46'),(545,NULL,'vn8skaqf4bpj41dcrkmp0mtnq0','2018-08-20 03:44:47'),(546,NULL,'qe1gt3ofjntiel88d488uvqihj','2018-08-20 03:44:48'),(547,NULL,'std7jhjkiov5m2ava4ud9jnfks','2018-08-20 03:44:49'),(548,NULL,'e2glghvgil2q5d4l2t541qlb8s','2018-08-20 03:44:51'),(549,NULL,'49445ujmdq0rv2eoi47lu94tej','2018-08-20 03:44:52'),(550,NULL,'aesrut6vtismn8ftathn62cbn5','2018-08-20 03:44:53'),(551,NULL,'1uuvhor89qs1cdgh6334je0bdt','2018-08-20 03:44:54'),(552,NULL,'b6einvjmaq51s61qik4tki3jea','2018-08-20 03:44:55'),(553,NULL,'23430eb5rbeeogjj81k96ihqr2','2018-08-20 03:44:56'),(554,NULL,'5rguvk9p91d887vqvokqmstlpb','2018-08-20 03:44:57'),(555,NULL,'rtduun2rjjv20r2d9jlsorsg6t','2018-08-20 03:44:58'),(556,NULL,'8qaib2ecunb884khbda095pb6q','2018-08-20 03:44:59'),(557,NULL,'a8fn486gnrjs0ujvq70rq8cuh5','2018-08-20 03:45:00'),(558,NULL,'jfc00fkcuaa6b49ea95vl0i0ir','2018-08-20 03:45:01'),(559,NULL,'fc49skm3ghlgdrdkld35501kvv','2018-08-20 03:45:02'),(560,NULL,'rt7bc5cst1q6o8rvghf5pibhrf','2018-08-20 03:45:03'),(561,NULL,'8dk48ndmj00dm97douq62nmdvc','2018-08-20 03:45:04'),(562,NULL,'dv1lb5jfkuinkvvke9t2bis26m','2018-08-20 03:45:05'),(563,NULL,'bf5ueh79764vtr8icplqhohe16','2018-08-20 03:45:06'),(564,NULL,'2gvuk4tb37bvh25n8a96frja7p','2018-08-20 03:45:08'),(565,NULL,'od1ll2dqeo4hf1fmnco6tmvmr2','2018-08-20 03:45:09'),(566,NULL,'jknogtcan56flmjmetfaj9c2uq','2018-08-20 03:45:10'),(567,NULL,'se9918js4krnlf3auot5n4hqj0','2018-08-20 03:45:11'),(568,NULL,'1gk6o7nsvded37doumir431pn1','2018-08-20 03:45:12'),(569,NULL,'rntdg7jv0iqfgelnn5tslg4na8','2018-08-20 03:45:13'),(570,NULL,'pqj3blnpvkjmm0t1edlas1i09h','2018-08-20 03:45:14'),(571,NULL,'gk33dp5pkrbnbd7mr4po2ksn00','2018-08-20 03:45:15'),(572,NULL,'s7stef725hj3pv9uhcnd4slds2','2018-08-20 03:45:16'),(573,NULL,'9trbna5iccot0j3f80p9hj0pce','2018-08-20 03:45:17'),(574,NULL,'69s4ce6rthhh6bvuipkl2a7547','2018-08-20 03:45:19'),(575,NULL,'155ku802np9aggds417c68ok5d','2018-08-20 03:45:20'),(576,NULL,'1u63u7dsbvmdsjbruamu2uq8a4','2018-08-20 03:45:21'),(577,NULL,'f6uk9b3aon334fpfm8jnsiahlm','2018-08-20 03:45:22'),(578,NULL,'fm2a9r9jcmbfhcjgafra0jqr51','2018-08-20 03:45:23'),(579,NULL,'gi62966s36bsefakgvj2rdfkuu','2018-08-20 03:45:24'),(580,NULL,'6afojheab55f5tqcnh3svlo20d','2018-08-20 03:45:25'),(581,NULL,'hh13d6jtpru9jkm0eq20c5dik9','2018-08-20 03:45:26'),(582,NULL,'a1rnm8cr07518ilpbk8gaidfku','2018-08-20 03:45:27'),(583,NULL,'p4qrcrgr67c6is6v07fg281gv0','2018-08-20 03:45:28'),(584,NULL,'8lkl6nf25suavi6hsugkeq3g6e','2018-08-20 03:45:29'),(585,NULL,'7rrfqqec4sj2mkqge8qdppkgu0','2018-08-20 03:45:30'),(586,NULL,'k3hhu5o4lbgclibve17bth5gb2','2018-08-20 03:45:31'),(587,NULL,'jnlv1tuhen5pulthf389gi6bgi','2018-08-20 03:45:32'),(588,NULL,'bjmo5nj2mvde7h5pt7mgq52qj9','2018-08-20 03:45:33'),(589,NULL,'jb8rcffbpbtpn5fdm9imvltdci','2018-08-20 03:45:34'),(590,NULL,'1j6jicqci5q2mnqm2p534ujprr','2018-08-20 03:45:35'),(591,NULL,'kdhi2g3t4em5b45kqqk0uod2ns','2018-08-20 03:45:36'),(592,NULL,'341nkt0p0q120hi603a0l3kur6','2018-08-20 03:45:37'),(593,NULL,'lh63v52h8b6pr33rnirm16bch5','2018-08-20 03:45:38'),(594,NULL,'5276puj2odjc0q7nbik2jdli2r','2018-08-20 03:45:39'),(595,NULL,'i61ni5q1j6mlafjfrfveetg89p','2018-08-20 03:45:40'),(596,NULL,'s9tq3jo81fj2h85vnhdr8lrue0','2018-08-20 03:45:41'),(597,NULL,'npv6tc1kgcvfpb3c5h5fs2kplm','2018-08-20 03:45:43'),(598,NULL,'1dknb1rpnih4evms01stuinp5i','2018-08-20 03:45:44'),(599,NULL,'tue7j3at7jtilccoorn8nv91ra','2018-08-20 03:45:45'),(600,NULL,'icnrk4djojcagn7jjriald15ek','2018-08-20 03:45:46'),(601,NULL,'5l28gnsli7vpinu1b1g6vq6glf','2018-08-20 03:45:47'),(602,NULL,'lebef8v599h5vbtfoa4vg9va37','2018-08-20 03:45:48'),(603,NULL,'5oc3i3mc5u408ngm3i420lgcm7','2018-08-20 03:45:49'),(604,NULL,'ojs3or2i6svebj4hjlm8a25c1r','2018-08-20 03:45:50'),(605,NULL,'t700ouo8gci4bjrfekh4v6sdna','2018-08-20 03:45:51'),(606,NULL,'40jtjmblt6cnogaph5fembm99o','2018-08-20 03:45:52'),(607,NULL,'e1dvm34lraaf1173pon6qp2d1f','2018-08-20 03:45:54'),(608,NULL,'6s1663qtk2gn01onqop3niusrt','2018-08-20 03:45:55'),(609,NULL,'44mkje7n68aaqm5d34anefns6e','2018-08-20 03:45:56'),(610,NULL,'t6bf8i9mdhgmcskfkjf1d8hih1','2018-08-20 03:45:57'),(611,NULL,'55dpna2uo6dudvhiiqfiirb4la','2018-08-20 03:45:58'),(612,NULL,'bnqmv7iajqh1bafes8t8kovr80','2018-08-20 03:45:59'),(613,NULL,'s9jql1vbnm07m4le40d8bit4hs','2018-08-20 03:46:00'),(614,NULL,'8oh266cickd6l1eus1f364epmm','2018-08-20 03:46:01'),(615,NULL,'ha2qo3km00fq189s9a4k7p3dvv','2018-08-20 03:46:02'),(616,NULL,'ggvdohf6in2tj3r0hvjthkkr5g','2018-08-20 03:46:03'),(617,NULL,'0rmh1q9ii9kjjmum7e2a05al83','2018-08-20 03:46:05'),(618,NULL,'1dpilk3sd78q1oqq12tp87qvub','2018-08-20 03:46:06'),(619,NULL,'bprcino6bfgjoru459560raf8g','2018-08-20 03:46:07'),(620,NULL,'lv0perilgtcc7agpkdgashfhsb','2018-08-20 03:46:08'),(621,NULL,'1me2dbtng8hg1nmmt8ue6b50cl','2018-08-20 03:46:09'),(622,NULL,'o4o1lvija08dct3jao9scc35f2','2018-08-20 03:46:10'),(623,NULL,'meto66kfoqhicomlo0trdj6cjg','2018-08-20 03:46:11'),(624,NULL,'85abfil0jljov600teodkkrond','2018-08-20 03:46:12'),(625,NULL,'l7d6h85au4riquqp8hgt532npd','2018-08-20 03:46:14'),(626,NULL,'0s96rrm01mb33jbcgt42jhua8l','2018-08-20 03:46:15'),(627,NULL,'mqpv85dncvtfpb1bkb3fqv6c3r','2018-08-20 03:46:16'),(628,NULL,'0qp2rt2u9f651deb53phpn2pcq','2018-08-20 03:46:17'),(629,NULL,'n7l266jie4732un6eoqsvo82er','2018-08-20 03:46:18'),(630,NULL,'mhoao4r71ujc6669rpmj7h0vci','2018-08-20 03:46:19'),(631,NULL,'1bd9c4bfe7vg9sb3qs3a74b92k','2018-08-20 03:46:20'),(632,NULL,'nt9k2vj33q2fgqc844e3a57v13','2018-08-20 03:46:21'),(633,NULL,'je5r9o4grrlgsb7e7hkmrd1li3','2018-08-20 03:46:22'),(634,NULL,'jo31vj6imce1oe5qn0j3hmq0fs','2018-08-20 03:46:23'),(635,NULL,'09vr1mbl6k6m13ibd1vpj2bauj','2018-08-20 03:46:24'),(636,NULL,'53hmd9fcddbk5rnh287uu7pu6g','2018-08-20 03:46:25'),(637,NULL,'l904ktsl766pe274qvfnef2hik','2018-08-20 03:46:26'),(638,NULL,'j00l4odu51ie0lk2tlpt34oodh','2018-08-20 03:46:27'),(639,NULL,'uik3pqcf5p8hou6n6suuqqouep','2018-08-20 03:46:28'),(640,NULL,'q8fkbrdq3sp4iqr6kg0h18ls2q','2018-08-20 03:46:29'),(641,NULL,'ocl23b17ovf6pm687sg1t3jscn','2018-08-20 03:46:30'),(642,NULL,'9pilj27b1skefjafmc1ban201o','2018-08-20 03:46:31'),(643,NULL,'acanqemgni1gtvkkp0k3b2spn2','2018-08-20 03:46:33'),(644,NULL,'i06aluhr75m027e8esqopn4dkm','2018-08-20 03:46:34'),(645,NULL,'kfuthaatm4fvt26fl9ffot3u5o','2018-08-20 03:46:35'),(646,NULL,'mvv4ah9a62ugiark1sgj92pjum','2018-08-20 03:46:36'),(647,NULL,'tua7a76uj7lre1vjm3cl7a2s50','2018-08-20 03:46:38'),(648,NULL,'2tsqqdptsm50vbopc330a4gt0a','2018-08-20 03:46:40'),(649,NULL,'eoo3or6utrl1v03bm873t4mbqk','2018-08-20 03:46:41'),(650,NULL,'1n54dv4q3kr0nbkftfec9lbv17','2018-08-20 03:46:42'),(651,NULL,'c5le0mt23hk891agr8ccf8g3eq','2018-08-20 03:46:43'),(652,NULL,'fjtjk26thk79b5c8pk4rau58mc','2018-08-20 03:46:44'),(653,NULL,'0bit4hv8ae3h9p1evfakv1pt2l','2018-08-20 03:46:45'),(654,NULL,'8h86aj133ei4386kdfp312qliv','2018-08-20 03:46:46'),(655,NULL,'l305uq9jctpq9o5nq5fbq5eshu','2018-08-20 03:46:47'),(656,NULL,'kir92q55o8r3m9cbm0ti1on62v','2018-08-20 03:46:48'),(657,NULL,'aq87vpbh9h7q4mkap4gs05n6ii','2018-08-20 03:46:49'),(658,NULL,'99eoeqi0o547aoq0q064mr982f','2018-08-20 03:46:50'),(659,NULL,'39456sslr8b1738g051caooq9o','2018-08-20 03:46:51'),(660,NULL,'u0rd6uc967o9t0gh9au0emsoc6','2018-08-20 03:46:52'),(661,NULL,'5sns450o2b8v5mjb4mingt4ae6','2018-08-20 03:46:54'),(662,NULL,'g5npcrmo5nhnqu1kbd7gc5bccn','2018-08-20 03:46:55'),(663,NULL,'9qi1d86gbkk39k6h98ej26k0b8','2018-08-20 03:46:56'),(664,NULL,'dkqarpqv1sfu2hqklr5nojcogb','2018-08-20 03:46:57'),(665,NULL,'a9h0ijn3nuoiecboeene3c0h48','2018-08-20 03:46:58'),(666,NULL,'0k9abp9ha8jo1gdvk7j3316ha5','2018-08-20 03:46:59'),(667,NULL,'e2gb9hjq9og4rc9tlv9k552c5e','2018-08-20 03:47:00'),(668,NULL,'t1bdbf6g3qaguohirk09mtsbln','2018-08-20 03:47:01'),(669,NULL,'j71rjtngc6f5ilkvnfie5pi0lk','2018-08-20 03:47:02'),(670,NULL,'f7rr0380cgnk52o2d9dehh5ji3','2018-08-20 03:47:04'),(671,NULL,'uearabj0b4qb9tmh8929pss3je','2018-08-20 03:47:05'),(672,NULL,'nungcg7gldtqtq2bve8rbcga2t','2018-08-20 03:47:06'),(673,NULL,'qibcm8atc4l8j003lndqvpui5h','2018-08-20 03:47:07'),(674,NULL,'7pe4m09p7lfbf5uofg6la45d89','2018-08-20 03:47:08'),(675,NULL,'uv51jc00un3c7k9eo6v63inv4l','2018-08-20 03:47:09'),(676,NULL,'4t93pqph2uthdqqbeomaarvljq','2018-08-20 03:47:11'),(677,NULL,'7u1k9od5eubsmv9ri716r490m1','2018-08-20 03:47:12'),(678,NULL,'lisbjr8d6u2nfbju2hhkqbp5mf','2018-08-20 03:47:13'),(679,NULL,'4q204p0aqavvf5e3qlskk69ldg','2018-08-20 03:47:14'),(680,NULL,'38ejjv25nq98cbe6lapgkp0ljn','2018-08-20 03:47:15'),(681,NULL,'6kuhp22qs3jega3aqnq52dcel9','2018-08-20 03:47:16'),(682,NULL,'ujdvmuumd5ovb3ogqgn7fidhcq','2018-08-20 03:47:17'),(683,NULL,'kka06u20o9attnjla805g4rp5d','2018-08-20 03:47:18'),(684,NULL,'58cab24sq1locr1r1cjbrbq72l','2018-08-20 03:47:19'),(685,NULL,'eggefqluijtb6bqteefaegje9n','2018-08-20 03:47:21'),(686,NULL,'en28o4c1uq69ki37nrg92htic5','2018-08-20 03:47:22'),(687,NULL,'q9psch4q8u58skhm1vig8mt8g4','2018-08-20 03:47:23'),(688,NULL,'13qa7l55ll1eok7qoc8g12ngjl','2018-08-20 03:47:24'),(689,NULL,'fqgrk869jm9dcrb1cu48a0vgfl','2018-08-20 03:47:25'),(690,NULL,'s413ctpq6u7dshvmskindg3c9j','2018-08-20 03:47:26'),(691,NULL,'mnlag7d6jv5cd39hmpgldtdc7f','2018-08-20 03:47:27'),(692,NULL,'srdsmkqhltqgpmc7qulf7fjofn','2018-08-20 03:47:29'),(693,NULL,'65q3h8gla30662riq372l9f0dq','2018-08-20 03:47:30'),(694,NULL,'d90kg8u51d663hq31aoj27104b','2018-08-20 03:47:31'),(695,NULL,'5698ib2jo8q7g0jvp1jo2g05f4','2018-08-20 03:47:32'),(696,NULL,'7fdguqac1psp0q96t57bc1sv6e','2018-08-20 03:47:33'),(697,NULL,'dckls2jkbgcalf1n7efllq3cil','2018-08-20 03:47:34'),(698,NULL,'btce50jat3vb5nd7u3rf46bsp5','2018-08-20 03:47:35'),(699,NULL,'sb4boc4blgss01kvnf7gpog6gd','2018-08-20 03:47:36'),(700,NULL,'48tt58f5cdfvq7emk65q2s4dtg','2018-08-20 03:47:37'),(701,NULL,'5gf934ll4f44nohuin1do9j8l0','2018-08-20 03:47:38'),(702,NULL,'5ikqg86t2g0ioi5942hd1gdoed','2018-08-20 03:47:40'),(703,NULL,'jg7j9bnjea5tk17trjlgakc4gv','2018-08-20 03:47:41'),(704,NULL,'vvf9uprsb3pvjk067uhn6630ts','2018-08-20 03:47:42'),(705,NULL,'m4luvem44qucafdrv5boiuk0oe','2018-08-20 03:47:43'),(706,NULL,'u77nlcupri4k5m00i1b25ies45','2018-08-20 03:47:44'),(707,NULL,'7v54ttc0g54efgvsk7al2j1b4u','2018-08-20 03:47:45'),(708,NULL,'56trs7souln3pvsoveuqmh88qu','2018-08-20 03:47:46'),(709,NULL,'m5kq2ufavkrk1j14apn5chkmdp','2018-08-20 03:47:47'),(710,NULL,'n11bvfu31l68fnpsahqd0f9st9','2018-08-20 03:47:48'),(711,NULL,'73mob92rqbenh7jbbj610csovf','2018-08-20 03:47:49'),(712,NULL,'ljvqe3rvkn2vapbl6do7bfhfhq','2018-08-20 03:47:50'),(713,NULL,'p5u373bg7gph62mo77an968771','2018-08-20 03:47:51'),(714,NULL,'c8h1rekhfm684t3oul0075dpq4','2018-08-20 03:47:53'),(715,NULL,'cqgtg6hkjacf5dj4a8iv63jnk0','2018-08-20 03:47:54'),(716,NULL,'2u4hf5k33n2absv3sib1vc5ev9','2018-08-20 03:47:55'),(717,NULL,'moo10asg45uau9j03t3v5is7du','2018-08-20 03:47:56'),(718,NULL,'fq5om0qe3rnnk0mp4gmvvqlih1','2018-08-20 03:47:57'),(719,NULL,'eojkfmat2sqql43al26le7kg4f','2018-08-20 03:47:58'),(720,NULL,'8b1v6sngnsq19cq5ab0g41i49j','2018-08-20 03:47:59'),(721,NULL,'2pv0u83rohiv8fk5m93aln9ah3','2018-08-20 03:48:00'),(722,NULL,'54pmhgk5epdpk93kvsji3m2mro','2018-08-20 03:48:01'),(723,NULL,'1ebsrkjuur3bhofq2psfs7t4mt','2018-08-20 03:48:02'),(724,NULL,'rs7ct3ditai9h7vpdkss0jhk85','2018-08-20 03:48:03'),(725,NULL,'5tfeigfq1q0cjc74l5g0eeipm1','2018-08-20 03:48:05'),(726,NULL,'41fpc4k2ev09ek1hei9htdc1ul','2018-08-20 03:48:06'),(727,NULL,'016hjmntbbdkklnt6b6095b2d0','2018-08-20 03:48:07'),(728,NULL,'pp7ajma6nkcpgbti6s7hbtecte','2018-08-20 03:48:08'),(729,NULL,'f23a8q5o3ri0vs0sbv2n9r936q','2018-08-20 03:48:09'),(730,NULL,'848tgm061r74jttvb89qh9umdv','2018-08-20 03:48:10'),(731,NULL,'ubciq0o66qjl47jq9cakveg2rk','2018-08-20 11:57:08'),(732,NULL,'044pltcfnh11g1djebec1fi8nl','2018-08-20 17:53:25'),(733,NULL,'1lgukoci7mkahkq39juieeun1b','2018-08-20 17:55:06'),(734,NULL,'7vs2frmol2k2sn1sv0mr90g4bt','2018-08-20 20:30:42'),(735,NULL,'lv62nql70cvqdg6jvrj7mtbm3m','2018-08-21 03:54:01'),(736,NULL,'r9c3k1kj5pjbui1o3hqtp2jfco','2018-08-21 04:58:09'),(737,NULL,'4cqhledo20ccogd0pbe8qv2th6','2018-08-21 04:58:10'),(738,NULL,'uiqsocj709in2ols42o5clr7h9','2018-08-21 04:58:11'),(739,NULL,'8gthlivgq7i3rah3lds7cp3g96','2018-08-21 04:58:11'),(740,NULL,'0f268kium3hdg8sijc6vorlghl','2018-08-21 07:34:28'),(741,NULL,'4308485eitr9dbaggb92k37gge','2018-08-21 10:28:14'),(742,NULL,'0pqns4affbrcokk6agechubjv3','2018-08-21 11:52:32'),(743,NULL,'83svlub504o4f891edves5a6vk','2018-08-21 13:00:59'),(744,NULL,'gku5a68nc43noobjaonrpb7ekj','2018-08-21 13:04:44'),(745,NULL,'rgb7htmqg22sjeqnujq9tdkc2g','2018-08-21 13:04:45'),(746,NULL,'l11gq9pflli0nh8n6ns3boc7jc','2018-08-22 08:47:49'),(747,NULL,'6p7qh7us3b5bs18nr8dsik8pog','2018-08-22 09:54:20'),(748,NULL,'r657ti8hegn5e6qoo8eh0vcpop','2018-08-22 12:59:06'),(749,NULL,'8n14hltpp9mss08noo8rc2rri3','2018-08-22 12:59:07'),(750,NULL,'fcnhri7fiivtdba24lg0kno84o','2018-08-22 12:59:08'),(751,NULL,'g258nf70sj8b45k2o0ch3ppbc6','2018-08-22 12:59:09'),(752,NULL,'t2l2v713s8dollqdec9aslfauf','2018-08-22 12:59:09'),(753,NULL,'3di2qos1gudc0vg6o7u85p5shu','2018-08-22 12:59:10'),(754,NULL,'ak2cat6vdgpsvpct2o532e4lpe','2018-08-22 12:59:11'),(755,NULL,'chsqt5js5tmgvpnd1tdmuq3bjc','2018-08-22 12:59:12'),(756,NULL,'94ehvn3s0bos10iv90pl6f4cdd','2018-08-22 12:59:12'),(757,NULL,'8hi50niquh1427448hv02h117f','2018-08-22 12:59:13'),(758,NULL,'gs32kn8kp02rsprr94m48c82oe','2018-08-22 12:59:14'),(759,NULL,'u6akofblqhui7j8vapv0gthb40','2018-08-22 12:59:15'),(760,NULL,'fiithcge31no2n9qm67qctdmhr','2018-08-22 12:59:15'),(761,NULL,'915ktn62ti3ph98t4r85rfi1c3','2018-08-22 12:59:16'),(762,NULL,'th02672shfr8lobtivb7d4r72l','2018-08-22 12:59:17'),(763,NULL,'8e2nj19faa29u5l8aj4r4s0que','2018-08-22 12:59:17'),(764,NULL,'cablpaqvil3cb2bs5h8ainu42l','2018-08-22 12:59:18'),(765,NULL,'qg39gsjag1uhm1pbj73nf4ltto','2018-08-22 12:59:19'),(766,NULL,'tql43nfm2adn257a3ehvr27jlv','2018-08-22 12:59:20'),(767,NULL,'lm9c0bo1rvpsajk9l4g6e89t35','2018-08-22 12:59:20'),(768,NULL,'o90n5ghkm8qr3510fbvt8db40r','2018-08-22 12:59:21'),(769,NULL,'ioc7f5lr4o7e4484mn0ta3hrkt','2018-08-22 12:59:22'),(770,NULL,'qim44j58jb6pdus9npbs3r09gn','2018-08-22 12:59:23'),(771,NULL,'1ggjol1sgr7sphb7rrb28u8kcd','2018-08-22 12:59:23'),(772,NULL,'h8krp633d1eeu4rhtmam2vmh52','2018-08-22 12:59:24'),(773,NULL,'7ck3k49dvkb7esko98augl9kvk','2018-08-22 12:59:25'),(774,NULL,'b41dtcfcruod1imn22s1ekvur5','2018-08-22 12:59:26'),(775,NULL,'9l4aqoj92au3rg8jkq65stnltp','2018-08-22 12:59:26'),(776,NULL,'ar1o5gc2g2s2m1q6b8130n00kk','2018-08-22 12:59:27'),(777,NULL,'6rrhv25eg3kj2i025mq03v8re5','2018-08-22 12:59:28'),(778,NULL,'gmiqr4vrb9umhruros8v9b2qnp','2018-08-22 12:59:28'),(779,NULL,'udmshqpvkgdvr7fp9h8bq6j2qf','2018-08-22 12:59:29'),(780,NULL,'90insc6ivropu453rbf67sfl7o','2018-08-22 12:59:30'),(781,NULL,'2jr5ql60pellhmqfjv3rpdarlg','2018-08-22 12:59:31'),(782,NULL,'3nbtpvno6m622r8ml438giplqg','2018-08-22 12:59:31'),(783,NULL,'00ufaqqtgj4mmd5eglg88vjq81','2018-08-22 12:59:32'),(784,NULL,'g7la4dqn45a1oa4egg1kvlu2u3','2018-08-22 12:59:33'),(785,NULL,'04ahc1dhng8l46af5lkgdrpgj4','2018-08-22 12:59:34'),(786,NULL,'9qvfpp9mfiml8mvs8f8f6jh343','2018-08-22 12:59:34'),(787,NULL,'jgvmbmeje3kepnanif5394864n','2018-08-22 12:59:35'),(788,NULL,'njcvrm4doksfnt6ned1tj98nkl','2018-08-22 12:59:36'),(789,NULL,'afmd38be2c4e6k3evspbb1v20a','2018-08-22 12:59:36'),(790,NULL,'m0e6scpich6no8neipim1minon','2018-08-22 12:59:37'),(791,NULL,'0s7cvkobg9c8t9ntpokd6j4dco','2018-08-22 12:59:38'),(792,NULL,'098ve1prs558r1j8n9j62damee','2018-08-22 12:59:39'),(793,NULL,'qj6fqrurlb55ejjo1sii4ausst','2018-08-22 12:59:39'),(794,NULL,'kdvgp1ctbkrf8odqpvurs31n8i','2018-08-22 12:59:40'),(795,NULL,'db42hnp93qodmi92bn9at8j8tv','2018-08-22 12:59:41'),(796,NULL,'2q6kgndu3nrm1i91c9ecg4une9','2018-08-22 12:59:42'),(797,NULL,'7d3qo0crdo7cafg67orunmqjme','2018-08-22 12:59:42'),(798,NULL,'50j0k5nmlnoahc5eb9ngem5jaf','2018-08-22 12:59:43'),(799,NULL,'dh74e81qaav4bgic8u4gb57mi8','2018-08-22 12:59:44'),(800,NULL,'hg99q48kmoqnim0madgpueijnr','2018-08-22 12:59:45'),(801,NULL,'3p718a93g8ikpulft1ulpf2h98','2018-08-22 12:59:45'),(802,NULL,'8jpnmrqv2pdai3b7pksn601d2g','2018-08-22 12:59:46'),(803,NULL,'h9e7tddc7ag18h8ekl5pj1to3n','2018-08-22 12:59:47'),(804,NULL,'sk94pru9uh6911al2rpbigb9iu','2018-08-22 12:59:47'),(805,NULL,'674sqhiuv7kfft0i2lsufukc9q','2018-08-22 12:59:48'),(806,NULL,'m25qb0ceudd1eu214j3r5v0bj1','2018-08-22 12:59:49'),(807,NULL,'28141ofi0vb80d0btr44lsrrr2','2018-08-22 12:59:50'),(808,NULL,'ekmjntv1n47ph7a1brknjfqavb','2018-08-22 12:59:50'),(809,NULL,'6g4l98k9j9ddfq4fnj5uhbbv2v','2018-08-22 12:59:51'),(810,NULL,'rl3p2fvvnequd1oppl72qsmbbd','2018-08-22 12:59:52'),(811,NULL,'4q8cgaahrgtliluofkp2irrtb2','2018-08-22 12:59:53'),(812,NULL,'7n8p4ukqpv2p4hou198ois9mbo','2018-08-22 12:59:53'),(813,NULL,'4v4vt5hu2qhd6c9c7mvt8i0143','2018-08-22 12:59:54'),(814,NULL,'qc2gkqd8a7gh018us796sssa0q','2018-08-22 12:59:55'),(815,NULL,'f13cqs7chfgtba8nr66a38lsts','2018-08-22 12:59:56'),(816,NULL,'tqduccdds3tvkpaohrh666kklk','2018-08-22 12:59:56'),(817,NULL,'0fh7hsprs8qlbdm3r687p4bjkb','2018-08-22 12:59:57'),(818,NULL,'qqppq1g6m7mn3je15b88ch14ca','2018-08-22 12:59:58'),(819,NULL,'viqgrs9l8hd07ti3p1006h1vg5','2018-08-22 12:59:58'),(820,NULL,'q8edjkqnpujipc46kuqg227ii0','2018-08-22 12:59:59'),(821,NULL,'cqi0sdflmd6oe72mi7ncbgm41j','2018-08-22 13:00:00'),(822,NULL,'gs1alo9hn08h229pkqed1noqfj','2018-08-22 13:00:01'),(823,NULL,'b5rctl2no292sokrcfran0s8sb','2018-08-22 13:00:01'),(824,NULL,'r3q1gjjtehi6sqn785tpmu8j6n','2018-08-22 13:00:02'),(825,NULL,'oj0qrbef4dkt42tsj09bgrf7rv','2018-08-22 13:00:03'),(826,NULL,'sse7ld5dbd30rct8ebfs0siti8','2018-08-22 13:00:04'),(827,NULL,'mp61t66ptidb7ufegohnaa8dau','2018-08-22 13:00:04'),(828,NULL,'0lb7pqjh87ree1bj2poivt14dc','2018-08-22 13:00:05'),(829,NULL,'rn7fcbioi0p96m4b14oih05o85','2018-08-22 13:40:08'),(830,NULL,'bo2sn751lue50qeioinvnn2770','2018-08-22 23:52:26'),(831,NULL,'cq4u9300ntqpa60f866q4hvhej','2018-08-23 02:06:59'),(832,NULL,'quuhsfd4if1pscv4h7hhjl5v3l','2018-08-23 02:07:00'),(833,NULL,'60q2rgg6id49a7oor14qfkqma4','2018-08-23 02:07:01'),(834,NULL,'ufsr9hl4e77s7m1d8l0sfk0oro','2018-08-23 02:07:02'),(835,NULL,'1pfmmp2ss4omf0kumet6b612c3','2018-08-23 02:07:02'),(836,NULL,'o1odh4tdia7tfjd2de8qirs3ad','2018-08-23 02:07:03'),(837,NULL,'2fksjfdf2o2l2fdfoho5lhrsoq','2018-08-23 02:07:04'),(838,NULL,'iobd4s2cbupm3doudutismgaqj','2018-08-23 02:07:05'),(839,NULL,'qvrv6vgffo5sk2kquaf3gqiqvg','2018-08-23 02:07:06'),(840,NULL,'rnq08t3nhfijaiuh4v6utrbo3v','2018-08-23 02:07:06'),(841,NULL,'tuumvh37oo39p4l7uqocu621sr','2018-08-23 02:07:08'),(842,NULL,'amdkjhckd9jro6aobg12sh7027','2018-08-23 02:07:10'),(843,NULL,'64bmmnb4r4m4f6vk1sj16f7ngs','2018-08-23 02:07:11'),(844,NULL,'32hglh45p90nrvjq2iaq7b5f1o','2018-08-23 02:07:15'),(845,NULL,'en0idq4i4kclegmjrpvr0uu9s2','2018-08-23 02:07:16'),(846,NULL,'beb71geiscag82pjlb7rhn0mji','2018-08-23 02:07:16'),(847,NULL,'5rnjekakdc464p59915h3puq6c','2018-08-23 02:07:19'),(848,NULL,'2raca3ihuvk8p8fumojlbvads7','2018-08-23 02:07:20'),(849,NULL,'bojbujpag44r5h85enbiu04r9a','2018-08-23 02:07:21'),(850,NULL,'bb7nn7pl9l2e964um82dj4ab61','2018-08-23 02:07:21'),(851,NULL,'alhtm49tskmcdgbpfvg24k779v','2018-08-23 02:07:23'),(852,NULL,'ah1ljl5hlcnmnl4sqtqjo5o1ib','2018-08-23 02:07:24'),(853,NULL,'0ksr7mpf4voig02rts9jkntf8m','2018-08-23 02:07:24'),(854,NULL,'jaa8iul8v59puphc64cuev1f4f','2018-08-23 02:07:25'),(855,NULL,'tpveef7jj94pfcnq20kibc7p51','2018-08-23 02:07:27'),(856,NULL,'45j1b98uoflmt2bbqponkrk9o6','2018-08-23 02:07:28'),(857,NULL,'lcsq7ve1bao33cnil897krdlcq','2018-08-23 02:07:29'),(858,NULL,'ubbk63v207u2uoa1bi40s9ql09','2018-08-23 02:07:29'),(859,NULL,'f2omc0kl08ifrioghipmqo0t2h','2018-08-23 02:07:31'),(860,NULL,'3uc4rtvedof51tppsdrujmjlk7','2018-08-23 02:07:32'),(861,NULL,'7ueq6cb2k4hrd78tf80qlahaek','2018-08-23 02:07:32'),(862,NULL,'ui9pqodviduc9v2vdf7fc5u999','2018-08-23 02:07:33'),(863,NULL,'4h62s5e5anmb7jqpogmg107tii','2018-08-23 02:07:34'),(864,NULL,'vur8q1oo1non51t2g0n0f7hrcj','2018-08-23 02:07:35'),(865,NULL,'d0e0rdjavk7hh70ih51dv2e6cd','2018-08-23 02:07:36'),(866,NULL,'riub7vv6gj6uh3vpckoc11u73e','2018-08-23 02:07:36'),(867,NULL,'31ed60s95n8b6153lt51j0qehr','2018-08-23 02:07:37'),(868,NULL,'c8sm5r72jqld598oslc10a67hb','2018-08-23 02:07:38'),(869,NULL,'am7g64mv99ma4gg90fnsi2nmfu','2018-08-23 02:07:39'),(870,NULL,'stkt04h61q78o340u2lp59b3gk','2018-08-23 02:07:40'),(871,NULL,'c76urjdds5lnjodlduthe974s2','2018-08-23 02:07:40'),(872,NULL,'ikja7ib3pesvft2ukc3f76b681','2018-08-23 02:07:41'),(873,NULL,'45f9726lon69451qhqif4cj1q5','2018-08-23 02:07:42'),(874,NULL,'qalouloiove5b7idl374c5t71n','2018-08-23 02:07:43'),(875,NULL,'e05js6kko1ihgt14jr2ot40co1','2018-08-23 02:07:43'),(876,NULL,'ulveh3b2eto05enmppv7gh7qfq','2018-08-23 02:07:44'),(877,NULL,'skdvtipec9d42u85rdgaqc3pfn','2018-08-23 02:07:45'),(878,NULL,'otj1a2g0qfq348hs3fjndcd9o0','2018-08-23 02:07:46'),(879,NULL,'g7n846751q9rifmuo9oromsd97','2018-08-23 02:07:47'),(880,NULL,'2eun37qrm1l2po4ang7pki3jnm','2018-08-23 02:07:47'),(881,NULL,'vn2ovkfraaociup149q7qs3qkk','2018-08-23 02:07:49'),(882,NULL,'p9c9klctm2hb9hfudrnrpalb5a','2018-08-23 02:07:51'),(883,NULL,'34degj8j1cnajqu39079176n0o','2018-08-23 02:07:51'),(884,NULL,'8hmme5vc26um36uvddn8al8tos','2018-08-23 02:07:52'),(885,NULL,'f2190nuhdvhv8jgpqc1itnms31','2018-08-23 02:07:55'),(886,NULL,'7l1nv1to5nota97fcc4m2eqfkv','2018-08-23 02:07:56'),(887,NULL,'h4ruc9kfd62m606u3fgusccqdo','2018-08-23 02:07:57'),(888,NULL,'cb1amb4d4kbskpnro97uecmpjh','2018-08-23 02:07:59'),(889,NULL,'p4c1fkgfngejmnaqtmi29v9ahm','2018-08-23 02:08:00'),(890,NULL,'13uso7nof9qbiqka4i4a32iltq','2018-08-23 02:08:01'),(891,NULL,'0q3j8qh5dn0abupg40n3816up5','2018-08-23 02:08:01'),(892,NULL,'2ihrk65nguq65iidrqdovn8j0k','2018-08-23 02:08:03'),(893,NULL,'mp8msqd8cq6rsfgpc20qcddbr0','2018-08-23 02:08:03'),(894,NULL,'63kqjspdc8ag9ck5jf4gn4oui6','2018-08-23 02:08:04'),(895,NULL,'cki86icj55o6q7el293togp7ra','2018-08-23 02:08:05'),(896,NULL,'673d7t0n5sp38k6b255shqih6a','2018-08-23 02:08:06'),(897,NULL,'f384pt1hvdnvrl2aptpumhqj75','2018-08-23 02:08:07'),(898,NULL,'026adiooscqbcaeav196fadc5l','2018-08-23 02:08:08'),(899,NULL,'vecngkbddcd99bbcdn6n0013fk','2018-08-23 02:08:09'),(900,NULL,'n33v71rkvv0tp9n9plamfiqko9','2018-08-23 02:08:09'),(901,NULL,'44ofari6q0pk1kiqp5q6jmm6gt','2018-08-23 02:08:11'),(902,NULL,'4qq24nl0om669edpk7metg9ac2','2018-08-23 02:08:12'),(903,NULL,'bqt9vhq82bjcddl9vikb32fsbv','2018-08-23 02:08:12'),(904,NULL,'14sqkjov8ovr9ac6qr7jp933i6','2018-08-23 02:08:13'),(905,NULL,'46svvp65ojjgd3aphl16s4gm69','2018-08-23 02:08:15'),(906,NULL,'8idntb6m5abi1lngkb6d0ug5l8','2018-08-23 02:08:15'),(907,NULL,'qnm53pgm262599a25fbh4d8apr','2018-08-23 02:08:16'),(908,NULL,'lvnriha6u9ghhkebafl0usppst','2018-08-23 02:08:17'),(909,NULL,'5kd89i9qrd2sq231svaankpeav','2018-08-23 02:08:18'),(910,NULL,'85gb468lsbngd2794ju4geqgtg','2018-08-23 10:37:33'),(911,NULL,'0c41a5p24af0os8fgbg419fltm','2018-08-23 16:15:27'),(912,NULL,'efbjtghp1eb2hosggej21cr9ra','2018-08-23 21:52:51'),(913,NULL,'f2snd17apu2n8hrf2425ugio2a','2018-08-24 01:28:06'),(914,NULL,'ip38909d80d80p103v68m82906','2018-08-24 01:28:24'),(915,NULL,'t6isdgoub0d6kgg432ljk2ija1','2018-08-24 01:33:58'),(916,NULL,'cc21ksm010trgtlpdbt5hiadkv','2018-08-24 01:34:13'),(917,NULL,'ve4kc3mndlup3nfk04o19cgvk4','2018-08-24 15:20:31'),(918,NULL,'2jti8blbl09bivhn6drsdlrlo1','2018-08-24 15:30:22'),(919,NULL,'b39ovh38afaf9kgiak3cm6u2d9','2018-08-25 01:02:14'),(920,NULL,'a0k3811vfv53me3npr8j2e7snf','2018-08-25 05:56:45'),(921,NULL,'7qhkvo6ovenjvb1pgkcvb4afog','2018-08-25 05:56:47'),(922,NULL,'q6murcruj2gi40qmu7kbmop374','2018-08-25 11:24:11'),(923,NULL,'qffrvdtlancgd9jq6urj9jn8vr','2018-08-25 11:24:12'),(924,NULL,'r3m24j52cgos1fnergc5c8i4j0','2018-08-25 11:24:13'),(925,NULL,'1kcdib34jq5cd1ggla8j2kmq3i','2018-08-25 11:24:13'),(926,NULL,'tqfrrmgm6kcko3j1s3guhlpnfq','2018-08-25 11:24:14'),(927,NULL,'gbl0sorqq803njq9gj0hh5nj5s','2018-08-25 11:24:15'),(928,NULL,'l8orjk0hq4vcvj44peteldcu1a','2018-08-25 11:24:16'),(929,NULL,'hmk825921pf7qh5vdp1ic8bsj7','2018-08-25 11:24:16'),(930,NULL,'co6ap0cvd52cu1a669opicssis','2018-08-25 11:24:17'),(931,NULL,'5lu1lhp0f03qsvj3gtfjp0b7f3','2018-08-25 11:24:18'),(932,NULL,'1jqistbed6ulu4hrkt3odpovb6','2018-08-25 11:24:18'),(933,NULL,'517e76mt0vc8ftblag1070t15b','2018-08-25 11:24:19'),(934,NULL,'ls0tebc86135o4gr9eklhre30p','2018-08-25 11:24:20'),(935,NULL,'sjfif3bnce1f7jr12tfk69v5bm','2018-08-25 11:24:21'),(936,NULL,'2t54iuoli2p1fveqk48oehtjvr','2018-08-25 11:24:21'),(937,NULL,'ars56qbpb33o3uhkiruq1ks1ob','2018-08-25 11:24:22'),(938,NULL,'35inn0t5m6a50pe3qtiak77314','2018-08-25 11:24:23'),(939,NULL,'a95sviasv8b4v5bnnc9ehbt7n1','2018-08-25 11:24:23'),(940,NULL,'u6peolqngaa495glnnbkjiidm2','2018-08-25 11:24:24'),(941,NULL,'86mkqc38kllcm3ecdmq6qok7fm','2018-08-25 11:24:25'),(942,NULL,'u1uj1kefns0j3uncahp9vkjv3l','2018-08-25 11:24:25'),(943,NULL,'la1lnd8a58v6bfrkbut5b48aq4','2018-08-25 11:24:26'),(944,NULL,'e3cgf7e8emib4mq11koam72m55','2018-08-25 11:24:27'),(945,NULL,'cgaf1msa1v26frniqhqupou7sf','2018-08-25 11:24:28'),(946,NULL,'r5hugfqo1b85q02550n7n2kc01','2018-08-25 11:24:28'),(947,NULL,'jrv3e4jmlt47qcu8q0fctmenb0','2018-08-25 11:24:29'),(948,NULL,'hjsg1359r3aet7p9c3im781r4g','2018-08-25 11:24:30'),(949,NULL,'ak58gi4atp65u4tspq4ieup31r','2018-08-25 11:24:30'),(950,NULL,'btc93khnpcd4rt8gblgai5f2ph','2018-08-25 11:24:31'),(951,NULL,'giih0637btiuk0dkmtduve31i9','2018-08-25 11:24:32'),(952,NULL,'2aicm7anbhqri1adf6vbbkd673','2018-08-25 11:24:32'),(953,NULL,'fu6kbdjqcd94h73ef7nest231q','2018-08-25 11:24:33'),(954,NULL,'3li2t5l256bch02q75bbmbqq8g','2018-08-25 11:24:34'),(955,NULL,'afdnvdu1ldijd2aoflm0v6k0ea','2018-08-25 11:24:35'),(956,NULL,'ropitmd692cnomnv45ijkf2ueb','2018-08-25 11:24:35'),(957,NULL,'l1ut99qum60uabmsjdu3plt2dp','2018-08-25 11:24:36'),(958,NULL,'bi5uju34o0to5ph4n3ijm3m9qf','2018-08-25 11:24:37'),(959,NULL,'1f1pjj5t33ij1r2lp751msts89','2018-08-25 11:24:38'),(960,NULL,'m7theq1bv297i0h1tt4gqp8ked','2018-08-25 11:24:39'),(961,NULL,'t4nkdqk4othith2s58ggo0of2o','2018-08-25 11:24:40'),(962,NULL,'jpa3gg8ga0kuoah450qlb6ok7i','2018-08-25 11:24:41'),(963,NULL,'kf5496586c18qdeomqi0n6b7k4','2018-08-25 11:24:41'),(964,NULL,'vti3vjg4aonuip5j2f27igs7jh','2018-08-25 11:24:42'),(965,NULL,'d2fimbc2f92apgelogtf4m0mgd','2018-08-25 11:24:43'),(966,NULL,'8i9g17o4iisa51cu6sh721qbfg','2018-08-25 11:24:43'),(967,NULL,'stt1uuslna78gh5vtk1je12igo','2018-08-25 11:24:44'),(968,NULL,'e3848au5m5tus1ui163mecgpc1','2018-08-25 11:24:45'),(969,NULL,'uqo8kaicpi8eqj0n4fl9vtg6ih','2018-08-25 11:24:45'),(970,NULL,'9thtp24f2t628dfsvm54e0baht','2018-08-25 11:24:46'),(971,NULL,'0uiqt8ffksr5v80bbihhoec98u','2018-08-25 11:24:47'),(972,NULL,'3f4ahe37dboi9hbrhdg8kfh2fa','2018-08-25 11:24:47'),(973,NULL,'igrp0vkj8r88g56jf4ov9k0cde','2018-08-25 11:24:48'),(974,NULL,'ftej1mhk2sqsnu30smtmp5l9ck','2018-08-25 11:24:49'),(975,NULL,'ok3aaad2cpd015s3o3jo94ug3f','2018-08-25 11:24:50'),(976,NULL,'0ad99qfklhrvk9dk0q60bpe6cu','2018-08-25 11:24:50'),(977,NULL,'tn9c1bg00odg6i6qfkc4286rki','2018-08-25 11:24:51'),(978,NULL,'6dl02jd4s6hmgtlr1tkh7f9mmb','2018-08-25 11:24:52'),(979,NULL,'rbu80icninl729fmksnvbsejrf','2018-08-25 11:24:52'),(980,NULL,'ptstog2qtssap3jmbs8c538pcb','2018-08-25 11:24:53'),(981,NULL,'lbhr2u1pug479mdhspl8s70gea','2018-08-25 11:24:54'),(982,NULL,'stj5191lfqv0b91l6h3fc55b78','2018-08-25 11:24:54'),(983,NULL,'mpa1oslklst4s5qv5hrd9rjrr4','2018-08-25 11:24:55'),(984,NULL,'32ruutc85n1u482edntrj5bmfh','2018-08-25 11:24:56'),(985,NULL,'oc611cot3k6sb81bctbop34ebh','2018-08-25 11:24:57'),(986,NULL,'l6q90cfp3h5p463rb1toarlhoj','2018-08-25 11:24:57'),(987,NULL,'r6uf5e7qqho1iio4cvden3ovj6','2018-08-25 11:24:58'),(988,NULL,'njpvnf870i8gqsel188g3s3ih5','2018-08-25 11:24:59'),(989,NULL,'a3lultjkckr9iij5au3co6fi6d','2018-08-25 11:24:59'),(990,NULL,'2e5di8bqqa0a94utn5lvmksotk','2018-08-25 11:25:00'),(991,NULL,'qtafaeuc5dr0jhe1mbovcc0quk','2018-08-25 11:25:01'),(992,NULL,'3book2i2be9g6kfech3gsgs1pl','2018-08-25 11:25:02'),(993,NULL,'ejn4pc4jjj32mnln6mbosi56pv','2018-08-25 11:25:02'),(994,NULL,'og09ausn65t7sem862mvhrni4d','2018-08-25 11:25:03'),(995,NULL,'pudt5tt3e73o36tnro9ko8bkk8','2018-08-25 11:25:04'),(996,NULL,'b57tm4apvokgse6gn0cjijo48b','2018-08-25 11:25:04'),(997,NULL,'8q6smpkqii571v0cqs20kut1pd','2018-08-25 11:25:05'),(998,NULL,'8upndnub00nou7ha2o9fe1dm3c','2018-08-25 11:25:06'),(999,NULL,'2avv95k8pdp6i636arua2br9dh','2018-08-25 11:25:07'),(1000,NULL,'qt6ohl5us6ej62n38uf8tiaj3k','2018-08-25 11:25:07'),(1001,NULL,'050jhk3r7cs2oller6etk2718j','2018-08-25 11:25:08'),(1002,NULL,'i0p29748d6bc5ufesk1e9acioj','2018-08-25 11:25:09'),(1003,NULL,'d46duc94oqf9jpl69k4u4qilpr','2018-08-25 16:00:30'),(1004,NULL,'hdkd0hd06t9tct2lcb1i0rgi7q','2018-08-25 18:49:45'),(1005,NULL,'qdqpk6cu48mv8e2d3e4cnkgpk1','2018-08-25 18:49:45'),(1006,NULL,'rbjssguftfv7h8levngdl53qcv','2018-08-25 19:19:25'),(1007,NULL,'1b5jv397vjn8209h58e0ao1i3g','2018-08-25 18:49:49'),(1008,NULL,'bgma5teksfn5q75naeljbujiqa','2018-08-25 18:49:49'),(1009,NULL,'7irun3r444kuu3u9bgmapspvmb','2018-08-25 18:52:34'),(1010,NULL,'no4liclsg56j5ko0snp8rde98d','2018-08-25 18:52:36'),(1011,1,'iat3nld9jn0cj7hcc1tnavfj37','2018-08-25 18:54:22'),(1012,1,'lobh1cvnqcqtoskc1lfjavkjov','2018-08-25 19:25:55'),(1013,NULL,'pcmlrsb6ujhtonu395i899bu9n','2018-08-25 20:10:59'),(1014,NULL,'i14cpmnnn4ub1hd4gblsrvet09','2018-08-26 09:08:43'),(1015,NULL,'3g17l6giupj5879v9s0s8p1kjs','2018-08-26 15:31:02'),(1016,NULL,'j30vduv2ephabfvr4qoqdlordr','2018-08-26 17:05:16'),(1017,NULL,'kcoqnn168et63p9ljfi1u4713m','2018-08-27 19:53:50'),(1018,NULL,'vjjiehfsjksae223ri2hunc8f1','2018-08-27 20:06:21'),(1019,NULL,'bi4h550k5qph1l6aes58hlm633','2018-08-27 20:06:23'),(1020,NULL,'5jipfi9soff894mefduik4sfuj','2018-08-27 20:06:23'),(1021,NULL,'r8b81rdakgg5223619nl7e4eap','2018-08-27 20:06:24'),(1022,NULL,'idqvtop3hdd0so6k6agu16ia95','2018-08-27 20:19:39'),(1023,NULL,'qptb08b53mq1jodjdj6lgkpva0','2018-08-27 20:19:40'),(1024,NULL,'qk8rdn6q022kq2b2nnd1u1u03t','2018-08-27 20:19:40'),(1025,NULL,'cj7jqlvbkptnvbh95si4c022ua','2018-08-27 20:19:40'),(1026,NULL,'8d9brqgq197cbdiv979hj0le9p','2018-08-27 20:19:42'),(1027,NULL,'uobhkgbc1us57dt97rcpvrhjpf','2018-08-27 20:19:42'),(1028,NULL,'jik4298ucr3d6lgmo8attbv8c9','2018-08-27 20:19:42'),(1029,NULL,'b84ejltq4iutugq20p2io2bima','2018-08-27 20:19:42'),(1030,NULL,'425pgv6rj0juscb0af7mrt4csd','2018-08-27 20:19:43'),(1031,NULL,'hchlqkcoa73uqtro8pb986lmua','2018-08-27 20:19:44'),(1032,NULL,'aegfrv1l98k5k8lvjovv6jnlqd','2018-08-27 20:19:45'),(1033,NULL,'j28hi1kt5maf8167kbfnhjhvlp','2018-08-27 20:19:45'),(1034,NULL,'ne3fjmv1s4hu3hdu2grun0dhsq','2018-08-27 20:19:45'),(1035,NULL,'2op5kuiibmsr9uuvtt81ju67qk','2018-08-27 20:19:45'),(1036,NULL,'anrdehkolc90l3act5h9r6batv','2018-08-27 20:19:46'),(1037,NULL,'j307ni0u8689km6liu24sgcgou','2018-08-27 20:19:47'),(1038,NULL,'ip50d1f65d5ssriq68rgjmkl3o','2018-08-27 20:19:47'),(1039,NULL,'4kjva09a2lksc7afer1akbb7i9','2018-08-27 20:19:49'),(1040,NULL,'gcce36go48dn7f2ocdeqklf606','2018-08-27 20:19:49'),(1041,NULL,'p1i8cnhtuik244mc2bigipk9p2','2018-08-27 20:19:49'),(1042,NULL,'ko29hrl0ievme3usl23rl5vfml','2018-08-27 20:19:49'),(1043,NULL,'pqtcql0firv7h1epnoc6vquh3j','2018-08-27 20:19:49'),(1044,NULL,'eaqtm92l8mptm8atb4s1t7uf8c','2018-08-27 20:19:50'),(1045,NULL,'g1hinn211r0v46m1pq947iisju','2018-08-27 20:19:53'),(1046,NULL,'vlq5lruus9can84ro13qfebt07','2018-08-27 20:19:53'),(1047,NULL,'qgco3a9td9med530heg0mnatq0','2018-08-27 20:19:54'),(1048,NULL,'cj3k7g4k5rrelq55vfcfdmj7v5','2018-08-27 20:19:54'),(1049,NULL,'g422rv6nd7ri76pn3oofqufpt7','2018-08-27 20:19:54'),(1050,NULL,'n0fkhqp1n6qjsi832ko9sknag7','2018-08-27 20:19:54'),(1051,NULL,'93u9v8r15o216gcfekifqppug1','2018-08-27 20:19:57'),(1052,NULL,'plnelupr9hi0vkav60u5vid5f3','2018-08-27 20:19:58'),(1053,NULL,'3biudh20rgheve09v3d7hsla83','2018-08-27 20:19:59'),(1054,NULL,'ftvq094pe795dqbm9i0aelv6i1','2018-08-27 20:19:59'),(1055,NULL,'ja320ltjljbiiud24nk0c4tn25','2018-08-27 20:19:59'),(1056,NULL,'9uer1n3b6s5t48h3snhens7tgt','2018-08-27 20:19:59'),(1057,NULL,'hta42uerpttdf93j5p6v54beoh','2018-08-27 20:20:01'),(1058,NULL,'gct5gjj1av37usfp1qiapa5kvh','2018-08-27 20:20:04'),(1059,NULL,'5uec6n8rfgfaj5fgmp539qk0r9','2018-08-27 20:20:06'),(1060,NULL,'q3f2dmip7r3mbbs14sj7eqm3qf','2018-08-27 20:20:06'),(1061,NULL,'82qhpg1iu31ru785pahl924213','2018-08-27 20:20:06'),(1062,NULL,'klevfu6qdhepnagmgc0e2aoa3i','2018-08-27 20:20:06'),(1063,NULL,'43lej7cnrs1in300i5b3rv5gne','2018-08-27 20:20:07'),(1064,NULL,'tk4chrpaeiaccfqajevu5c6g27','2018-08-27 20:20:11'),(1065,NULL,'s6nl0tccvuoc5k7vac951up289','2018-08-27 20:20:13'),(1066,NULL,'d7lvtmchsnsc31j7ug4uo5q4fq','2018-08-27 20:20:13'),(1067,NULL,'mgl427daniu5ht914sgr6eo2h7','2018-08-27 20:20:13'),(1068,NULL,'tc9ovgo71cs3le77cr52rd94t2','2018-08-27 20:20:13'),(1069,NULL,'hvutg46hrhbti9lecd1m0nrkea','2018-08-27 20:20:14'),(1070,NULL,'rda1c6d2g2u5no5lan0j1vige1','2018-08-27 20:23:37'),(1071,NULL,'e6o0hti2umpc3np15blms81e3c','2018-08-27 20:23:37'),(1072,NULL,'s9mjbicbc28lo2h6f8fkb1cka9','2018-08-27 20:23:37'),(1073,NULL,'7oe7c1ai1grl5m5s7vbq98oh5v','2018-08-27 20:23:37'),(1074,NULL,'rgb2hdvifnharjfvl7c8mjjnn2','2018-08-27 20:23:38'),(1075,NULL,'jv96epbftj9un4as7i5ppj05np','2018-08-27 20:23:38'),(1076,NULL,'2v7f11h4vtejvpvl5bb9bo7vh8','2018-08-27 20:23:38'),(1077,NULL,'flon3ihhmspr0j6u1o4hcv28b6','2018-08-27 20:23:38'),(1078,NULL,'51c3rvdlkusbmt19tc0sa8kalf','2018-08-27 20:23:39'),(1079,NULL,'ip4o68fj1uhrv151eu05bsimp9','2018-08-27 20:23:40'),(1080,NULL,'9keaqsbcc9v2m3vt2v9evscqnm','2018-08-27 20:23:40'),(1081,NULL,'q19rt739a1j8u5vvetjrp9m5pq','2018-08-27 20:23:40'),(1082,NULL,'nu794d4mk4es8ksnnrcbkcf8r8','2018-08-27 20:23:40'),(1083,NULL,'mhnfj821f1hp01k9u75uo6ogge','2018-08-27 20:23:41'),(1084,NULL,'5iqd7pcpcr90mdcaracmbimg70','2018-08-27 20:23:42'),(1085,NULL,'r3s4rpov88n6fqptt05bg5m6g5','2018-08-27 20:23:43'),(1086,NULL,'85jm5lodtasae598l6n80iq97v','2018-08-27 20:23:43'),(1087,NULL,'pvgtlkdjlqvn9pc148rul47e6n','2018-08-27 20:23:43'),(1088,NULL,'rql3rpa4n3oh817143e824lqet','2018-08-27 20:23:43'),(1089,NULL,'mebc1er3khvi1k92fm7l0655gf','2018-08-27 20:23:43'),(1090,NULL,'va2ak877bpi0qaqfv0m6i4ampl','2018-08-27 20:23:45'),(1091,NULL,'nstcqku099c225ij8m1c2hllqv','2018-08-27 20:23:46'),(1092,NULL,'u24ds4892trq06qnc721oua83h','2018-08-27 20:23:46'),(1093,NULL,'tli7pvduk5653a6ks2v6eauokb','2018-08-27 20:23:47'),(1094,NULL,'jftishtl08bj4i090bsptd48in','2018-08-27 20:23:47'),(1095,NULL,'7uf5gkk5fg1t19t7uckcj8m0m2','2018-08-27 20:23:47'),(1096,NULL,'l1pvr77fooa1ngnrlk13na664t','2018-08-27 20:23:48'),(1097,NULL,'df9kg8bcj5armpqgp0gsdf1e0s','2018-08-27 20:23:50'),(1098,NULL,'erel8546q5s29g07entlej9tor','2018-08-27 20:23:50'),(1099,NULL,'mnl7elh0mck8ubds47p828a2i1','2018-08-27 20:23:51'),(1100,NULL,'kcrl7euaqdjtft49ecdogb0jt0','2018-08-27 20:23:52'),(1101,NULL,'f4ehme9e1i6drqg40scku5ngnk','2018-08-27 20:23:53'),(1102,NULL,'vnq417pj123q106149pu90j4dd','2018-08-27 20:23:53'),(1103,NULL,'7ia2pfcf2frq6u36es6ro0q284','2018-08-27 20:23:53'),(1104,NULL,'k0csosftdgbbjjjk4d9lbmvj19','2018-08-27 20:23:55'),(1105,NULL,'ml6dn6mpa4he47uhqeusc7abbg','2018-08-27 20:23:57'),(1106,NULL,'02k2mbfn7ogmju9lkjbef407ps','2018-08-27 20:23:58'),(1107,NULL,'aribr82qvqnjabeb3ks70vg0gi','2018-08-27 20:23:59'),(1108,NULL,'6rea4tgt7370mia7i2n38fmlvj','2018-08-27 20:23:59'),(1109,NULL,'fh5ha010dvpu5ih29q2rk0p6a4','2018-08-27 20:23:59'),(1110,NULL,'v0fcmvlk0qc3dltm2f2drbb83h','2018-08-27 20:24:01'),(1111,NULL,'opstiodldgbf0u841qhrbfp9s7','2018-08-27 20:24:04'),(1112,NULL,'l6u8uh4n88i4n773aa85mdekl0','2018-08-27 20:24:04'),(1113,NULL,'1htpelbcfdjqfrng34hs85lpp8','2018-08-27 20:24:06'),(1114,NULL,'qfroaokg4sqltlj6c4t1nf23b4','2018-08-27 20:24:06'),(1115,NULL,'prv64ij60kr7fp31vq48qmram9','2018-08-27 20:24:06'),(1116,NULL,'aljcfq4vb3ecaqt8tp98k71cce','2018-08-27 20:24:08'),(1117,NULL,'r58o5ppuiprl9t6cc90tsmoqoi','2018-08-27 20:24:11'),(1118,NULL,'55jr0vuh188hsd1pug6aeot4ib','2018-08-27 20:29:27'),(1119,NULL,'1rdnp6jgkalupcpb5gi8oarnhr','2018-08-27 20:29:28'),(1120,NULL,'4qpq1tv3004vjv0j94eq5al91g','2018-08-27 20:29:30'),(1121,NULL,'hcomt657estdttlmkojlghto8d','2018-08-27 20:29:33'),(1122,NULL,'c7rmtaf0ck7l1ofln7jva5u496','2018-08-27 20:29:37'),(1123,NULL,'sgi2pfu2s6mb7hk38q72mg68vb','2018-08-27 20:29:41'),(1124,NULL,'qo34ubrna99hnmf8a0v85gesd2','2018-08-27 20:29:47'),(1125,NULL,'ld07mkrqph10c4latgr3q0k41m','2018-08-27 20:29:54'),(1126,NULL,'kdaqjr4kqv3g90gfk74vaarfgj','2018-08-27 20:42:36'),(1127,NULL,'unfnftm9pn670o6ivgu0b96rhb','2018-08-27 20:42:37'),(1128,NULL,'pjud556h1e14uuqe8tliu9e8k8','2018-08-27 20:42:39'),(1129,NULL,'2s9ktl7lperuabs71a8u240n3k','2018-08-27 20:42:42'),(1130,NULL,'kd4kaok7ku95ah9ahjo1gu0m7b','2018-08-27 20:42:46'),(1131,NULL,'7fvs4tgaest95hi8d7m6t4moms','2018-08-27 20:42:50'),(1132,NULL,'6rlntmb91mbbj96h0qe3ccaci4','2018-08-27 20:42:56'),(1133,NULL,'43a7au61koivtrsjfcbl0bt2si','2018-08-27 20:43:03'),(1134,NULL,'6q5dh1a9ofjeqc5ooevipftim9','2018-08-27 20:46:24'),(1135,NULL,'q8k6khs4u2kg1s265flveoff81','2018-08-27 20:46:25'),(1136,NULL,'fk27gqr9kdvhmud26hqv1ult6d','2018-08-27 20:46:27'),(1137,NULL,'70ocf0vpgk5ggnpbb0fc487rmq','2018-08-27 20:46:30'),(1138,NULL,'ecv8mu0c9jiprfgjsdjn1e2535','2018-08-27 20:46:34'),(1139,NULL,'emlkh8negmnm8o0rt2196up6n2','2018-08-27 20:46:39'),(1140,NULL,'sopnpcob97i9pkhkugbhf6neue','2018-08-27 20:46:45'),(1141,NULL,'ube19c8lgnq38pvjkoiq7ae9nl','2018-08-27 20:46:52'),(1142,NULL,'bdpbulumavtor9da8798na0vvn','2018-08-27 20:48:22'),(1143,NULL,'3j8vo4nhfc636vu09okf6go0ug','2018-08-27 20:48:23'),(1144,NULL,'dgu5v2883cvodrpgvnrirn5avf','2018-08-27 20:48:25'),(1145,NULL,'ctnoitefkve31inioanhdgjfqu','2018-08-27 20:48:28'),(1146,NULL,'e44cbbjqorepho2jk8ui7ibdq8','2018-08-27 20:48:41'),(1147,NULL,'9519mh0ldsuf5odj8n0i55nie0','2018-08-27 20:48:42'),(1148,NULL,'tpasaunco22cl92buvbcmef8vc','2018-08-27 20:48:44'),(1149,NULL,'scnshc53h200oob82dl2cr7kq0','2018-08-27 20:48:47'),(1150,NULL,'9q71cgm7g681m1gv1o465gbsgn','2018-08-27 20:48:51'),(1151,NULL,'8enpvvloinf0gailut2tdckflk','2018-08-27 20:48:56'),(1152,NULL,'fc9abrb1unl9tl57m6n1tqdvp8','2018-08-27 20:49:02'),(1153,NULL,'2r82m44hpjdkvjlpo7n6bsakpb','2018-08-28 07:06:15'),(1154,NULL,'nf0g26c7u1tunuqi5de2av95rs','2018-08-28 08:46:20'),(1155,NULL,'mblnals52sgub13qjacoa4ilrs','2018-08-28 08:46:21'),(1156,NULL,'4gkelp4qgpjtsk11ipv0dl3gr4','2018-08-28 08:46:23'),(1157,NULL,'p59dhdemcn13c5ug444nq3fqnp','2018-08-28 08:46:24'),(1158,NULL,'7nqdtu7t94t6tm947i6ubfdsqn','2018-08-28 08:46:25'),(1159,NULL,'ndolsah4thc774soh6gjgvgpf1','2018-08-28 08:46:27'),(1160,NULL,'i4f9dlr186v77de533nmtd025r','2018-08-28 12:31:43'),(1161,NULL,'12qq1v7k3du76j9d7pi4s3s49v','2018-08-28 20:12:32'),(1162,NULL,'ohjbf3ieap3ds2dp2p6gqn4g5i','2018-08-28 20:12:32'),(1163,NULL,'0hglsdd0104fodabrd6skn9dpd','2018-08-28 20:12:39'),(1164,NULL,'duvv2lu032c2fff8qodic7vlat','2018-08-28 21:16:20'),(1165,NULL,'4ha4n7b8k22vj9k87v2vga7tog','2018-08-28 20:12:39'),(1166,NULL,'7ku5ceai35h653rk29hr2nrd05','2018-08-30 19:20:45'),(1167,NULL,'an51kcqrqhd5ih3nohcb3btp21','2018-08-30 19:20:52'),(1168,NULL,'spg12heh71tmtb7v8ls04b553h','2018-08-30 21:09:47'),(1169,NULL,'qq6n576j876uof8bvnuf0bu2ug','2018-08-31 17:43:59'),(1170,2,'5khftvaejnchp84rd6n3ej31qo','2018-08-31 21:02:43'),(1171,NULL,'8aqc3r3m54bqhejtt4kgvc70pg','2018-09-01 13:44:46'),(1172,NULL,'s4scm82kbta6ugd9590tndbn8d','2018-09-01 19:58:16'),(1173,NULL,'6nej4bsq0am0u4vpufkkfk3eip','2018-09-01 19:58:16'),(1174,2,'n668ngq3ar20dbgs3tp289p9do','2018-09-01 21:16:01'),(1175,NULL,'4s365pfbgbqb5i3cbm6kh3bqje','2018-09-01 19:58:24'),(1176,NULL,'id1aapbufqqoj471f291srmmgo','2018-09-02 09:19:59'),(1177,2,'inu204k3m5aikrcrmusbq8kks7','2018-09-02 10:45:52'),(1178,NULL,'s9m7e9rf62t06ecgin0iv2pgmj','2018-09-02 17:12:34'),(1179,NULL,'ivnvha38qi8n6n5c0rcv02kcu7','2018-09-03 19:39:35'),(1180,NULL,'9k5u0ngq9kglq0eunme5q5ak7r','2018-09-03 19:39:35'),(1181,NULL,'c2du3afjr53gf9n0mlg6a0svn4','2018-09-03 21:07:49'),(1182,2,'8tckvhn7aoqqor00mrjgeqqohn','2018-09-03 22:01:13'),(1183,NULL,'q7ll71lpjatmj7skfbvq2a3rfi','2018-09-03 21:07:52'),(1184,NULL,'vifr010228qg0k798sae3e20ue','2018-09-03 21:07:52'),(1185,NULL,'ln0fvkti08raju8cdpdc0q6jqp','2018-09-04 20:15:27'),(1186,NULL,'mr92uoepq7pc4iu2oavt5s32k2','2018-09-04 20:15:27'),(1187,NULL,'nvmit3cqst68a9f340fcth5vja','2018-09-04 20:15:27'),(1188,NULL,'nvmit3cqst68a9f340fcth5vja','2018-09-04 20:44:39'),(1189,2,'bt2tb823vgnluk48clcnf9ga6h','2018-09-04 21:10:34'),(1190,NULL,'dbp4895qj73ms6masc33rnvj49','2018-09-04 23:15:03'),(1191,NULL,'d8usmb5ipp3bbsudna410dsgq8','2018-09-04 23:15:09'),(1192,NULL,'ui0hrt8qacpn2htj5i5hibp0se','2018-09-05 17:56:30'),(1193,NULL,'g6ur181hgc0t42j8vithqvr3js','2018-09-05 22:17:12'),(1194,NULL,'n9v8h33j3c8alv99qdcm3h2uo0','2018-09-05 22:17:20'),(1195,NULL,'jh5ek72egtvj57gvvp5lt8st8i','2018-09-07 19:23:24'),(1196,NULL,'d5hdf836fq91ng11f9uji4oq9d','2018-09-07 22:48:23'),(1197,NULL,'pvev39o1ha39a5c076e1vpbb42','2018-09-08 22:12:45'),(1198,NULL,'2vk8vqgtvuu47dutf2uq1jngeg','2018-09-08 22:12:48'),(1199,NULL,'m5lnkm8m2mv73l8bc86b7hlci0','2018-09-08 22:25:03'),(1200,NULL,'hijs67uvk30gd1luv1efnt7deh','2018-09-08 22:12:49'),(1201,NULL,'6nmpocbr9bddq3agugqqge3hfj','2018-09-09 10:47:59'),(1202,NULL,'spante1rq7ma8ii4t5qnvrj5v3','2018-09-09 10:47:59'),(1203,NULL,'3bsrbrm65civd3fo8tcb6abe1b','2018-09-10 19:30:35'),(1204,NULL,'8dnoetkqkic8jjtg0uf2qpjj54','2018-09-10 19:30:35'),(1205,NULL,'lai59o4fe17j21d4e8tuhlko39','2018-09-10 19:30:43'),(1206,NULL,'28fii2re4dl1v1t8cv7o0re840','2018-09-10 19:30:43'),(1207,NULL,'uuaevel63sife8mf5c68ca5obk','2018-09-18 19:52:11'),(1208,NULL,'94s06p6h6sgjrra1lmlj83burh','2018-09-18 19:52:12'),(1209,NULL,'6qvk7212nlbj0nrh9vh6hs57fk','2018-09-18 19:52:14'),(1210,NULL,'ljcgm6sbnnl57u2kbon5thf6m9','2018-09-18 19:52:14'),(1211,NULL,'2pl353c4civtt2hbuopfotr132','2018-10-15 20:51:05'),(1212,NULL,'39m9q1saidn2rvucivjif63rrk','2018-10-15 20:51:05'),(1213,NULL,'klbdofj3kbopdtobe2ktm4f8d6','2018-10-15 20:51:08'),(1214,NULL,'03gori4stforjfrjj6l6kk5hh7','2018-10-15 20:51:47'),(1215,NULL,'jeonqjp8gm39j5vr084kk2ca9i','2018-10-16 09:11:02'),(1216,NULL,'l925jr9iboq0po3sdubqg5gqo0','2018-10-16 09:11:02'),(1217,NULL,'bn9oughvn1loqb0cv6m3gurtdm','2018-10-16 09:40:24'),(1218,NULL,'aq8lpbnu9br5j6596fcm4f6lmp','2018-11-18 00:53:12'),(1219,NULL,'9sv626qvv82a02luhosl6eonin','2018-11-20 14:06:11'),(1220,NULL,'v1jadsce4i8fk40t2lp45e13e7','2018-11-20 16:30:14'),(1221,NULL,'q2qg6qijvp62nnhbo64mmvn7a8','2018-11-20 19:43:20'),(1222,NULL,'h6lmgpnnp5arh3pmrk5kvq07m1','2018-11-20 22:37:54'),(1223,NULL,'dncle26n81hrtk7nslgkh9hoot','2018-11-21 21:48:32'),(1224,NULL,'5us8thg70ccn2fvmk0aeqkksrg','2018-11-22 00:00:22'),(1225,NULL,'3njokbvue541a85e4smd6vtkbp','2018-11-24 13:13:58'),(1226,NULL,'t8snhv2je3gfcu1gaqt4s9i46i','2018-11-27 14:55:11'),(1227,NULL,'vums6nk5c9a2rt0rcbr6bor62l','2018-11-27 16:46:08'),(1228,3,'595j9jp4l15unu5vcablun7psj','2018-11-27 22:59:10'),(1229,2,'7tq7enu7cvgcslnnnt860vvtef','2018-12-01 20:18:23'),(1230,2,'m6v6dkf45s3u5oct6lfnhucljn','2018-12-03 06:57:46'),(1231,2,'67g4u31amq7v00qst4gjsammd0','2018-12-03 14:32:39'),(1232,2,'596cmk2icb6puvunl3coadjc1s','2018-12-03 14:40:52'),(1233,2,'8dcq7ts8tkpk2i4h0ocl88k2gr','2018-12-03 14:54:09'),(1234,2,'dpnr1q8rjrigr22hep5hav1cuu','2018-12-03 14:59:15'),(1235,2,'6hj6so23bl5gu311pe1a5q7nuo','2018-12-03 15:08:04'),(1236,2,'5mtabv36ge7nsi7gffte9vnpfc','2018-12-03 15:20:49'),(1237,2,'n0coc3u3b1t7gri1s68e8skse3','2018-12-03 16:18:11'),(1238,2,'3o2j3gh7nlu7jd2orhc46s8s2c','2018-12-03 16:30:02'),(1239,NULL,'klql60qm9fkk57evr7afcn7tke','2018-12-03 18:52:56'),(1240,2,'3cr33qrcgbdhi0env2mma65da9','2018-12-03 21:38:25'),(1241,NULL,'778v1rgjk7gsj354cit82gmmub','2018-12-11 00:46:46'),(1242,NULL,'4hqsm0hgn0m3a7pfrkos3fkvfl','2018-12-12 11:30:32'),(1243,NULL,'4hqsm0hgn0m3a7pfrkos3fkvfl','2018-12-12 13:12:45'),(1244,NULL,'o56kesgqtu6f1j141hic4mth3r','2018-12-12 12:58:25'),(1245,NULL,'4hqsm0hgn0m3a7pfrkos3fkvfl','2018-12-12 15:19:12'),(1246,NULL,'mlvoeoel7cguk1gkama2rm4btu','2018-12-12 14:39:36'),(1247,NULL,'fqvkuhekjijs3cec9hsf96u6m7','2018-12-12 15:24:07'),(1248,2,'i5hecf3uhf150o74qfb81rur2v','2018-12-13 10:49:14'),(1249,NULL,'ou7no8jkdc7uqaeihlt84um2rm','2018-12-15 21:21:08'),(1250,NULL,'oi32q0geneuj2p0iai8ptujr9d','2018-12-15 22:43:30'),(1251,2,'qo6do0dppmg7rodjuaohi1rrv5','2018-12-16 15:47:01'),(1252,NULL,'3q1it935blq45i991i5fccm58f','2018-12-16 16:44:28'),(1253,NULL,'e85ukasq88ohalsdn624234mep','2018-12-16 18:50:15'),(1254,NULL,'jn1v4hsskmamjk36foljldg0ph','2018-12-16 21:51:06'),(1255,NULL,'9uph6pda0tu44vjmm3a39apmtn','2018-12-17 07:58:17'),(1256,NULL,'g4rprt5lfphhrss9do0b2g0a7b','2018-12-17 10:56:20'),(1257,NULL,'2j29s2lkeipq6hf1e4ngp0edhb','2018-12-17 11:31:59'),(1258,NULL,'uu8apncuhcvtcho6du45lmdg69','2018-12-17 11:38:28'),(1259,NULL,'9aa7c0pp9rosfvu2jj0hebheu8','2018-12-17 11:45:35'),(1260,NULL,'28b1fvpnnu9c9qh4t5093rk8sc','2018-12-17 14:03:29'),(1261,NULL,'r4opcdj9d33s8chvfojbs2n6rq','2018-12-17 17:26:05'),(1262,NULL,'qht8el03boubulgdmp6fl1dnic','2018-12-17 18:09:01'),(1263,NULL,'uvegb72ijc2ka6ied5v852u8gb','2018-12-18 08:02:49'),(1264,2,'g67ng6njugbmovjkgvh91ptia5','2019-01-01 19:07:56'),(1265,2,'ue7avtgkclls5bof3gevp8rm1q','2019-01-01 23:55:36'),(1266,2,'m6ivp73sb3ptvcmgqd09and95d','2019-01-01 23:57:19'),(1267,2,'bcbkn4fkquclao7gi4vk15urd4','2019-01-03 11:14:22'),(1268,2,'qm9pi994hekju6f1kgh9bk2goa','2019-01-03 14:23:00'),(1269,2,'fb8enmm2foilvcl5ecsa3kgke8','2019-01-03 16:28:00'),(1270,NULL,'ai9o31lfech4qghcvkt5am8egt','2019-01-11 19:18:25'),(1271,2,'fbiveuibcipbki26vnh04779i1','2019-03-06 19:55:24'),(1272,2,'rteb4p5ifhb5eprcd2okrtn9ms','2019-03-09 17:00:02'),(1273,NULL,'i7ma2ttm88rmuibdhdrrp3vfbi','2019-03-09 20:35:07'),(1274,NULL,'2sabf5c7jq8pkcnoe3c03enaov','2019-03-09 23:06:27'),(1275,NULL,'mfda1l39920sikl7ook39d3f63','2019-03-11 12:55:42'),(1276,NULL,'1irsekipdng8hj79pjorehuf32','2019-03-11 18:38:19'),(1277,NULL,'mhmveot9p3n1seo4n44urht0b4','2019-03-11 20:05:39'),(1278,NULL,'mhmveot9p3n1seo4n44urht0b4','2019-03-11 21:16:43'),(1279,2,'j99707rvq93icj1tv9g258a0aa','2019-03-11 22:34:27'),(1280,2,'qf6bttdogl8i4if6s2r06db4dl','2019-03-15 19:57:06'),(1281,2,'409q4f1ct9fetf50nr3s8a03fh','2019-03-15 21:46:33'),(1282,NULL,'21sg824di148kbpvbnk7o9urd0','2019-03-16 14:44:54'),(1283,2,'49eel9i6l9m2nk68d3pmucoi48','2019-03-16 17:07:59'),(1284,2,'3si6c1vu1pek0tatqnk95ig336','2019-03-16 18:05:10'),(1285,2,'9v10gqpde5vrv29fctpjoe0h4t','2019-03-16 19:46:31'),(1286,2,'d3tl90mj0frpb4n390pcb64kjn','2019-03-16 21:53:28'),(1287,2,'e1e1ks2e8da5thpt34r091i7hh','2019-03-16 22:58:00'),(1288,2,'62148uf74k4bgocl87fm3vel9i','2019-03-16 23:32:06'),(1289,4,'qcuumqfdu875vg8b18c9jl6h3s','2019-03-16 23:16:06'),(1290,2,'gjucvtklbc6rr1d0it2tpne81j','2019-03-18 00:16:57'),(1291,2,'fqpqfas2m7k6lf99kiii7ck6ep','2019-03-18 11:07:56'),(1292,2,'3bsgj7342o3mk6jj9els73ufc0','2019-03-18 12:32:21'),(1293,2,'3bsgj7342o3mk6jj9els73ufc0','2019-03-18 13:26:16'),(1294,2,'em9qubg4atol8mgb0gg7soml4k','2019-03-18 16:50:31'),(1295,2,'es904daf37rsin7h1m1col798a','2019-03-18 17:55:18'),(1296,2,'4v62255taaghkq4ib2u0v8nc16','2019-03-18 21:18:05'),(1297,2,'i22uvcg2l794830g11gu64nlm8','2019-03-19 09:03:04'),(1298,2,'ckamehm91gev2u7fqmf70963cl','2019-03-19 10:57:14'),(1299,2,'8tc4tfohuu2rufrh4sq7672d13','2019-03-19 14:41:20'),(1300,5,'br96tk9lvc73termh33ch0idc9','2019-03-19 17:08:49'),(1301,5,'gtaiuoukuo84u7lt7dq2480695','2019-03-19 18:35:20'),(1302,5,'lruelb9em3fua9494io9chtctm','2019-03-19 19:58:37'),(1303,5,'a44g40aq7o4ck8hgk3dr3nn5k6','2019-03-19 22:00:07'),(1304,5,'4pagvunjmtjnpfro6brhefb7r1','2019-03-20 23:04:57'),(1305,5,'ih5j9s3gei7f692s6u2r0tv68c','2019-03-21 13:24:34'),(1306,5,'l862tnk0ivq8ggvlq7v61ct16u','2019-03-22 15:01:40'),(1307,NULL,'6uirb2fe6k7766p9e76a9h2e1p','2019-03-22 23:45:22'),(1308,5,'ile4r0ii1eaqmfs07mh9n6k7l3','2019-03-23 19:17:40'),(1309,5,'olercm4lucpfefndpcdivpqv2o','2019-03-23 23:13:45'),(1310,5,'28sjid81l72l5n5040qb2b2q3j','2019-03-24 11:36:10'),(1311,NULL,'uk8315nqicspm8qf0c6ah2g4h3','2019-03-24 13:19:45'),(1312,NULL,'7bdne1bvqe8qpqr965on1eomcb','2019-03-24 17:26:12'),(1313,5,'5g8ml64a0um4so839ch28ehhiu','2019-03-24 21:13:00'),(1314,5,'a8dijfptnorbsqfojcisa917mc','2019-03-24 22:56:53'),(1315,NULL,'5nrm6gm4m059pvlgo25tbvj1he','2019-03-24 22:14:33'),(1316,5,'40aqn36je831ch02bcc9efhe70','2019-03-25 11:19:20'),(1317,NULL,'j3eebo13be224m90livns1jd2g','2019-03-25 12:56:33'),(1318,NULL,'4ftqhkpe4dnquem1apbn96ihju','2019-03-25 15:38:00'),(1319,NULL,'j3eebo13be224m90livns1jd2g','2019-03-25 19:52:29'),(1320,5,'4nu05k8reu74vvuuskcb69ofg5','2019-03-26 10:49:56'),(1321,NULL,'4nu05k8reu74vvuuskcb69ofg5','2019-03-26 12:07:42'),(1322,NULL,'4nu05k8reu74vvuuskcb69ofg5','2019-03-26 12:45:42'),(1323,NULL,'q01hsnqk5bfhr3j7019qqqcnlr','2019-03-26 15:30:15'),(1324,NULL,'76g7tgnvqdaqk619gt5h78r1pe','2019-03-26 17:17:08'),(1325,NULL,'0q50ckadqhg4rhssqfqp58tesg','2019-03-26 18:49:44'),(1326,5,'igi20rje681blkm340ofb57cr3','2019-03-26 22:28:03'),(1327,5,'avo5juouec6ua9u89cq9g2lht0','2019-03-27 11:22:53'),(1328,5,'c2hldule6t9t5qt2fkkks09hq3','2019-03-27 13:28:43'),(1329,5,'8lf7obtbnts9udottmu9e1994l','2019-03-27 18:28:15'),(1330,5,'cf771bhd2u0q5r5j6u31leb7lf','2019-03-27 21:33:17'),(1331,5,'g6b2jpoftgvb50ntd8dp1mgb1l','2019-03-27 21:45:39'),(1332,5,'1nmk2cbsm7jl1m0sv3i6r744gu','2019-03-28 19:41:26'),(1333,NULL,'bo7oth6jqnsvkprmf6f60rk9l9','2019-03-28 20:33:54'),(1334,NULL,'c0a49sq8df6n96v0o7jqmkff43','2019-03-28 22:48:33'),(1335,NULL,'gved5bc9kvrhuc2icgqc3jj6vi','2019-03-29 18:40:08'),(1336,5,'b1hjnmcgv277v58n2b16f3o768','2019-04-01 17:28:09'),(1337,NULL,'ts4iu77e4ahe83ldf6qas1t37u','2019-04-02 09:22:55'),(1338,3,'pf7c9sbgamcgiqls62drmrm357','2019-04-03 08:54:30'),(1339,5,'kovo1vn077om7ig933rt5djv33','2019-04-03 08:55:05'),(1340,5,'jmrf6nvkc2jeee0ak5ai6mbi0m','2019-04-04 10:49:14'),(1341,3,'iu489vj05m0dpcv23n59rljkpd','2019-04-08 11:19:42'),(1342,5,'smi8fg79icklmdembrt5gisu7l','2019-04-08 13:38:47'),(1343,5,'5it0t5vikd6bt637rrg28qcish','2019-04-08 15:40:54'),(1344,5,'9hs6rne72gca943odhu6f2ob66','2019-04-08 17:53:41'),(1345,NULL,'9hs6rne72gca943odhu6f2ob66','2019-04-08 18:49:39'),(1346,5,'kej61b6am50lnnk7lrqaqj0ch0','2019-04-09 11:07:58'),(1347,5,'92fr6ga7ujipfr2sr99odtupfk','2019-04-09 14:25:55'),(1348,NULL,'fahmffn7iid43ojp9o5gqbippf','2019-04-12 13:48:57'),(1349,NULL,'n13o2r1sp6epdfv6c93gv4oec0','2019-04-12 13:48:57'),(1350,NULL,'g77nb68m94l58k2r6vco8g3i14','2019-04-12 13:48:58'),(1351,NULL,'607j3qa1p5ag89qre7nupl6l29','2019-04-12 13:48:58'),(1352,NULL,'5a2l6914ej1phbka6cl0psq1ck','2019-04-12 13:48:59'),(1353,NULL,'uft6f8k84dsmip7g4bt7ieva0a','2019-04-12 13:48:59'),(1354,NULL,'tfbq4mfv7cu3lv13994pi6qj55','2019-04-12 13:49:00'),(1355,NULL,'n7a4p97p2qr9bs2e9rrl4hoer7','2019-04-12 13:49:00'),(1356,NULL,'ace56f55b4ka1a5004v2ckq67m','2019-04-12 13:49:01'),(1357,NULL,'2r6kci76cs6423atvaokm1rg3d','2019-04-12 13:49:01'),(1358,NULL,'t26k8br0ppch8t500j89odds0e','2019-04-12 20:00:19'),(1359,NULL,'gm1f7p0godf7hauncdvlabuktd','2019-04-12 20:00:24'),(1360,NULL,'nhh0v883kulcq8448g100ed8nb','2019-04-12 20:00:28'),(1361,NULL,'nsuph33jim3qlka69l9etb3k40','2019-04-12 20:00:32'),(1362,NULL,'1q5djputhn6vm82chnrnre714j','2019-04-12 20:00:36'),(1363,NULL,'k1k1hs7e29eep0g5kvurh4cvfg','2019-04-12 20:00:40'),(1364,NULL,'9pvdgskfbt02h32392lg5h3gce','2019-04-12 20:00:44'),(1365,NULL,'4a5ua8dbpv1m5outqcitk5tcq9','2019-04-12 20:00:52'),(1366,NULL,'cof310dcbl5ic944b8ccvg7l1l','2019-04-12 20:00:56'),(1367,NULL,'lmi37ecd98e8eb53eio0kuevo7','2019-04-12 20:01:08'),(1368,NULL,'4ketnsvs2vkcabpp3ia6u7t2df','2019-04-14 15:10:17'),(1369,NULL,'fplnhk0pbnrniv9dntieg1bbqj','2019-04-15 12:57:52'),(1370,NULL,'6me9718mp93t55h5pddn70jkbr','2019-04-15 12:57:54'),(1371,NULL,'i9avm4fj9vo3khtpbsorq6u2ds','2019-04-15 12:57:55'),(1372,NULL,'j8lkoho88rblqm9boaln0iqj9c','2019-04-15 12:57:56'),(1373,NULL,'79ei6c3dgr591gjgm9k0mna638','2019-04-15 12:57:57'),(1374,NULL,'ugeh5uh8k7pq6rlmp0ld0ttav6','2019-04-15 12:58:01'),(1375,NULL,'i4dsb59efmp0mbov6bg84f1nv3','2019-04-15 12:58:02'),(1376,NULL,'ikktvtsuo5d5gn9gsn2j6op8oe','2019-04-15 12:58:03'),(1377,NULL,'675fd8tso5ka551hf7fnfk7g1e','2019-04-15 12:58:05'),(1378,NULL,'k31rd76cgsm4b1g2a48khtrdo0','2019-04-15 12:58:06'),(1379,5,'oneea4564ah5hvgobhror13l7d','2019-04-15 14:51:57'),(1380,NULL,'fss5ru201f7ipvk1rhamkvasf9','2019-04-15 16:20:15'),(1381,NULL,'3umk5levt8a2cltvvilfdh8l5f','2019-04-16 05:05:27'),(1382,NULL,'r3ohendtksrd157j89rpjukvnu','2019-04-16 05:05:29'),(1383,NULL,'5ghrit52e1ltavd96eg0pgvjau','2019-04-16 05:05:30'),(1384,NULL,'p00v8336v6g0rflvilbhbp2j02','2019-04-16 05:05:31'),(1385,NULL,'mrr59e9skltoik7rfc5nbhrrse','2019-04-16 05:05:33'),(1386,NULL,'18g4pb06ukmnq86efnqs0g9i4s','2019-04-16 05:05:34'),(1387,NULL,'f3hmerruuhmtk3nnv9m70sirgc','2019-04-16 05:05:35'),(1388,NULL,'kl0e421fugm9ocnuv3lvfp9f8n','2019-04-16 05:05:37'),(1389,NULL,'ukd2k2o2dhahgldhctsgq6r27r','2019-04-16 05:05:38'),(1390,NULL,'ll7vc0t4vd0732thb9ig51ir8d','2019-04-16 05:05:39'),(1391,NULL,'be8f4dr57fdicusronrpvq5l4n','2019-04-16 13:38:58'),(1392,NULL,'4ogp6fdvg8cs0e8n466q9gjlkk','2019-04-16 13:38:59'),(1393,NULL,'hgujrm3e0vh8p94sdppqo7ttg9','2019-04-16 13:39:00'),(1394,NULL,'u541vp2ckit7a3rnlpjo3a1qcv','2019-04-16 13:39:02'),(1395,NULL,'rh817dc5d4np689701s8o2titu','2019-04-16 13:39:04'),(1396,NULL,'hd0vkofb1sbt4chjr9oaohkd27','2019-04-16 13:39:05'),(1397,NULL,'5m5ka3pk8ldm6quskdsqnpkm7f','2019-04-16 13:39:06'),(1398,NULL,'4j9ubeg0p50u8o57pcd0l3bdm1','2019-04-16 13:39:08'),(1399,NULL,'2hoido1m2g3ghp1ko9dh3mpo42','2019-04-16 13:39:09'),(1400,NULL,'9hc4dhjehm9u3rdvf44rvlokg1','2019-04-16 18:17:13'),(1401,NULL,'9gs4faso3epncjimkcrqm9pgkv','2019-04-16 18:17:17'),(1402,NULL,'57p7he027g8oa4k0a32equunb1','2019-04-16 18:17:18'),(1403,NULL,'od8pr7v7jmhenmbr6dc8v3r8c7','2019-04-16 18:17:21'),(1404,NULL,'squg5o07i4ngc0e5e73rta87t2','2019-04-16 18:17:22'),(1405,NULL,'d0bhh21lmf5pht95dm0c55us5s','2019-04-16 18:17:25'),(1406,NULL,'65j588tf3podghskm6rdp5sa1f','2019-04-16 18:17:26'),(1407,NULL,'afggls7f06a2ncufhvfmou5lpo','2019-04-16 18:17:29'),(1408,NULL,'pajqmlpl3nephvmdi25i162egc','2019-04-16 18:17:30'),(1409,NULL,'7ndf27kd5m8t4np80knenjdaec','2019-04-16 18:17:33'),(1410,NULL,'3lb5qno5etlqb07itils12sjo0','2019-04-22 17:44:51'),(1411,NULL,'qqelbg8t2htsa41jrvus13ute6','2019-04-24 17:47:34'),(1412,NULL,'c1ennej5m46980q0c6m0requ6m','2019-04-24 23:59:45'),(1413,NULL,'mog7jfbp8ktnvrcq8kso9li0r8','2019-04-25 09:35:05'),(1414,NULL,'fr9tdongau4bttmsdsngjtqc1a','2019-04-25 10:06:46'),(1415,5,'t1l0gm332ibp1r9odfbtb1mi5v','2019-04-25 13:11:48'),(1416,NULL,'edderm70n8jc47519nnbuu56n0','2019-04-26 08:18:47'),(1417,NULL,'rqhg8c2l9ke56n8sma8gpi0isv','2019-04-26 10:34:54'),(1418,NULL,'obf68vcdrbotofk7ru8t2615qm','2019-04-27 06:28:55'),(1419,NULL,'oobgctbac1cselsakuc1dqqpca','2019-04-27 06:28:57'),(1420,NULL,'hfvasvjs9b5j0i305egk2v5jkf','2019-04-27 06:28:58'),(1421,NULL,'qejakg7e1s4a9mhg5jb7s4i3ed','2019-04-27 06:28:58'),(1422,NULL,'jg33als9gi4r3ambd1fmmon9qe','2019-04-27 06:29:00'),(1423,NULL,'pepo45515sqrk1moh0q4cta5sm','2019-04-27 06:29:01'),(1424,NULL,'eu5eg5cidav1j3uv7k4bi57f0k','2019-04-27 06:29:02'),(1425,NULL,'6n0fr8ti8ejo6605kmj891st4s','2019-04-27 06:29:03'),(1426,NULL,'0q1fn5624bcte1c8rlkbhhhquh','2019-04-27 06:29:03'),(1427,NULL,'6aofpe76qbr2t05fs2q6l6vjmu','2019-04-27 06:29:04'),(1428,NULL,'a4jrhucmbabos7o0de5k0seuu5','2019-04-29 02:43:45'),(1429,NULL,'u85t7jrv5ousr54it4ji5a5ja4','2019-04-29 02:43:46'),(1430,NULL,'tur5lamo9487dgd0mdptrvs3p7','2019-04-29 02:43:48'),(1431,NULL,'bqs6696fba5nmpcoa9mtk3c665','2019-04-29 02:43:52'),(1432,NULL,'951bvugi9oagnsri1pcaehbvhf','2019-04-29 02:43:56'),(1433,NULL,'4pf7tuve5u2b2gr7jd7lddoqdc','2019-04-29 02:43:59'),(1434,NULL,'d3fl10tb8of02mcn3400cua5pd','2019-04-29 02:44:00'),(1435,NULL,'f0jtlg888i490rfftikp5k3muq','2019-04-29 02:44:01'),(1436,NULL,'jq3k2gbrdn9dai3jc3j9sucrm7','2019-04-29 09:17:54'),(1437,NULL,'a7t2tnl3u2gh8m9a6noedg9n9b','2019-04-29 10:43:39'),(1438,5,'9afhg4bjdl1gd5lvcs2ris76gd','2019-04-29 17:18:40'),(1439,NULL,'17l4cq2bmcldb82cb1ehhd6knf','2019-04-29 18:40:13'),(1440,NULL,'5qnvc4st40thppljg2ar9q34tp','2019-04-29 18:40:14'),(1441,NULL,'unih8mcdj0g57juagi9s1he6vq','2019-04-29 18:40:15'),(1442,NULL,'5poh52j6h96jc3bl49m0gogq76','2019-04-29 18:40:17'),(1443,NULL,'9i9lur5gocdv3o1aa38sh3acql','2019-04-29 18:40:18'),(1444,NULL,'knhtht8u8skkkpu4iqbo1oc2ju','2019-04-29 18:40:18'),(1445,NULL,'odk5l6u1qr5smaqitv2cvnc805','2019-04-29 18:40:19'),(1446,NULL,'fq5vv12upphblijirhi49up7ck','2019-04-29 18:40:20'),(1447,NULL,'d5as1d8miino3uvg978qe3oh96','2019-04-29 18:40:21'),(1448,NULL,'m3t3467nmdsv03e89mog4sg69e','2019-04-29 18:40:21'),(1449,NULL,'6jmqjig219h564e8ob6i7t9t3h','2019-04-29 21:14:29'),(1450,NULL,'alr87pngdl3ilbm44cs8fn5uh0','2019-04-29 21:14:31'),(1451,NULL,'8fq1o6uac4jstr2dhfhji2fuuf','2019-04-29 21:14:32'),(1452,NULL,'jmv6itqrn3j22g43vpe79i99jl','2019-04-29 22:47:01'),(1453,NULL,'5a65hpfhlnk2jp1gmaglgt5bo6','2019-04-29 22:47:02'),(1454,NULL,'rac7mit32ujl3goek6v9kpe5sp','2019-04-29 22:47:03'),(1455,NULL,'naguat9n336s7ce7snp7seamdf','2019-04-29 22:47:05'),(1456,NULL,'quq0222h2au1ctfeusba6sph2j','2019-04-29 22:47:06'),(1457,NULL,'m8vedp240d844managr2kpt7vp','2019-04-29 22:47:07'),(1458,NULL,'nfq6nu9mkjiip2nf7ke49b4v7v','2019-04-29 22:47:09'),(1459,NULL,'k1940cqulu3dli5cnmgc3biudn','2019-04-29 22:47:10'),(1460,NULL,'anj09ralfsqad9p634pt21epc2','2019-04-29 22:47:11'),(1461,NULL,'d516ktv0hmdic9irjvhglca71j','2019-04-29 22:47:12'),(1462,5,'ckc9qriae1t4eu4rugprn91hqh','2019-04-30 13:54:03'),(1463,NULL,'ud4cacm1ngs2jqf8hqo8g7tr9l','2019-04-30 10:27:52'),(1464,NULL,'v9v4t2kpkt9dc3d97aqs2s9vah','2019-04-30 11:59:59'),(1465,NULL,'evr80scrbt6utqq4bfouprekru','2019-05-02 03:00:55'),(1466,NULL,'5th7psmafftmgi6c4ahmeli6fo','2019-05-02 03:00:55'),(1467,NULL,'5bogg764b32ia984m9ffr2qf1o','2019-05-02 03:00:56'),(1468,NULL,'30vuu9i5c4s1ma69f7nvk32dga','2019-05-02 03:00:57'),(1469,NULL,'tnieas911geo3if1gl03b228p3','2019-05-02 03:00:57'),(1470,NULL,'m9vsabhvi5ntbhalbqume7aogm','2019-05-02 03:00:58'),(1471,NULL,'30a589ghveeejn2ojkh0q6ta07','2019-05-02 03:00:58'),(1472,NULL,'fd5t9s20plr6672tls7km7ana1','2019-05-02 03:00:59'),(1473,NULL,'7j6pet98jf7ocep8b6er6rkr7r','2019-05-02 03:01:00'),(1474,NULL,'hvq05u1kscgurdbbt45gor6fi7','2019-05-02 03:01:00'),(1475,NULL,'l6q92efprv99db9kjc8ee0u4is','2019-05-02 11:02:55'),(1476,NULL,'11t4ou735bd5a6hct4d73vt63v','2019-05-02 11:02:58'),(1477,NULL,'rmeauqg8mhhiq7rn2cijo7tjl4','2019-05-02 11:02:58'),(1478,NULL,'op5r9rephd4khq3l8kl1uob78e','2019-05-02 11:02:59'),(1479,NULL,'50066p793qnbti7o5lt67nopal','2019-05-02 11:03:01'),(1480,NULL,'3s0kakgbpc89iod1c526500a1p','2019-05-02 11:03:02'),(1481,NULL,'at0tn11c3gc82uqphc6vkmausq','2019-05-02 11:03:03'),(1482,NULL,'c5pntvepp1n3rvrbbcehf7si5q','2019-05-02 11:03:04'),(1483,NULL,'i0cgff3l7avpqkpa4qrmnk7ri7','2019-05-02 12:41:19'),(1484,5,'fd87in38p8idnm1d1gjdpr7pdc','2019-05-02 13:17:35'),(1485,NULL,'a70j1mqdgukf9pudde2fp7kjsr','2019-05-03 20:34:54'),(1486,NULL,'h1uv7qtmk72uuc770v85oio9h0','2019-05-03 20:34:55'),(1487,NULL,'7hbubgbo0fsnmlu05fq7568c0k','2019-05-03 20:34:55'),(1488,NULL,'us1c0c9h0b4oeebo9r4un330hc','2019-05-03 20:34:56'),(1489,NULL,'flk4qe4kjpu3jlreak17ekmu99','2019-05-03 20:34:57'),(1490,NULL,'hnotmc6fidrvu87k581cvn841o','2019-05-03 20:34:57'),(1491,NULL,'urpajdhj1avh0rjt2bheo3s5n9','2019-05-03 20:34:58'),(1492,NULL,'gnihtn07965q2ft90ejtr6pngp','2019-05-03 20:34:59'),(1493,NULL,'gjkrgd6003sjsnemghso5a27e3','2019-05-03 20:35:00'),(1494,NULL,'bi2t5e6sje1nib7etg3rfhlouc','2019-05-03 20:35:00'),(1495,NULL,'dd15oeoc9mhfkbkbcjdql931av','2019-05-06 11:29:06'),(1496,NULL,'eolum8ffnqamg2d575e3diquc6','2019-05-06 11:29:07'),(1497,NULL,'23e2cp27fgf6p31qjm88giqr6b','2019-05-06 11:29:08'),(1498,NULL,'6u6s9b7stt458gd0oif2vkpr7u','2019-05-06 11:29:10'),(1499,NULL,'0p92emkt6jii3mv6gck923jqhs','2019-05-06 11:29:12'),(1500,NULL,'rbtvbl8gdg5m6qv1g1sg5snj0b','2019-05-06 11:29:13'),(1501,NULL,'8n1b73ng0883hsq68m68tlta35','2019-05-06 11:29:14'),(1502,NULL,'0fvhk0o5qkgrgdm4jbv8j79ocg','2019-05-06 11:29:15'),(1503,NULL,'1vkjnomun019nsh21tbmlqao7p','2019-05-06 11:29:16'),(1504,NULL,'l2iq6t0m15v7c470rnarj5cgc6','2019-05-06 11:29:17'),(1505,5,'46od6asghmgdsp5pu5egggob8k','2019-05-07 11:08:13'),(1506,NULL,'jtb03e228uokbi42316numfn7q','2019-05-08 21:24:53'),(1507,NULL,'qj0ebd0sj1gtjo69osl454nr8q','2019-05-08 21:24:57'),(1508,NULL,'dmka3d2tciq4qtnmviisp9h1i4','2019-05-09 18:17:08'),(1509,NULL,'v3kipk3cs9a9dgthl7us5csh47','2019-05-09 18:19:03'),(1510,NULL,'9ko7m74vkd88rdsr9aahe1i9m7','2019-05-09 18:21:36'),(1511,NULL,'su1d839mbeurl2o3i8bmegs536','2019-05-10 00:20:54'),(1512,NULL,'9al2rfqfq1snce74cb9qfee4do','2019-05-10 00:20:57'),(1513,NULL,'9bfubb9lccgpte53ta15tifs6n','2019-05-10 00:20:59'),(1514,NULL,'gilmfte4bdidph00207l76pddu','2019-05-10 00:21:01'),(1515,NULL,'gk8hnqujhmsdvib0tk3bihe389','2019-05-10 00:21:03'),(1516,NULL,'9erfdusdbm2si16eorp3o9bh8p','2019-05-10 00:21:05'),(1517,NULL,'peh34rl8ckkvff1dfv0jug63l4','2019-05-10 00:21:07'),(1518,NULL,'9kc1daigvreah08290oa4e97g6','2019-05-10 00:21:09'),(1519,NULL,'93qvduf1it2ct5laf0eobit80h','2019-05-10 00:21:11'),(1520,NULL,'4l0e447nlbsutttp6ra9uegs86','2019-05-10 00:21:13'),(1521,NULL,'cnniv965j0vpup8blab1fgsnpr','2019-05-11 17:00:16'),(1522,NULL,'1cvr02ujul83528pk3sujo0u6e','2019-05-11 17:00:19'),(1523,NULL,'p85l7r68ukluqml96fa6sqdb4r','2019-05-11 17:00:20'),(1524,NULL,'ecmv9bq27sdlpc4l7v1i059m7d','2019-05-11 17:00:24'),(1525,NULL,'dnqcbp14cac7t2qv0g2uu6e0rn','2019-05-11 17:00:27'),(1526,NULL,'sk1hvnh2v2ope1mvkhhdhbrj2a','2019-05-11 17:00:29'),(1527,NULL,'gjvvht0ns6k5tloj12f50qcsi1','2019-05-11 17:00:31'),(1528,NULL,'a3i04141mdvpu5rnfi4fc82g61','2019-05-11 17:00:32'),(1529,NULL,'lk2camoevss3eirvl2chrp97na','2019-05-12 01:40:47'),(1530,NULL,'ksfu8jn4l2bjcqi7cb3io2i8m1','2019-05-12 01:40:56'),(1531,NULL,'h7m8cugg5ble79p8p30pmhit58','2019-05-12 01:41:29'),(1532,NULL,'ir5unu0ilvs6o00j9bqun004e5','2019-05-12 01:41:30'),(1533,NULL,'4erulcoi74o6ir0qmb1afhrfv4','2019-05-12 01:41:43'),(1534,NULL,'f5hg58nkgp6vfi9cc8jpfg38r4','2019-05-12 01:41:58'),(1535,NULL,'6k2qc7l9gtikr3elso2t0qeoq2','2019-05-12 01:42:49'),(1536,NULL,'qi4c98u4771b01dj3a5lti8lra','2019-05-12 01:43:04'),(1537,NULL,'emsq2ej4u0s43r1n1hscmggea4','2019-05-12 04:40:42'),(1538,NULL,'br3o2mmr4clil1j6mocv0gmm9b','2019-05-12 04:40:43'),(1539,NULL,'5q3da94d73f57id74jufsaotii','2019-05-12 04:40:45'),(1540,NULL,'9blbf11rldrndsu5dujghr2n2u','2019-05-12 04:40:46'),(1541,NULL,'a4oupf9etc3693djv6boposceu','2019-05-12 04:40:47'),(1542,NULL,'lbhnstu2blrv6ur0ecfimm3m0s','2019-05-12 04:40:48'),(1543,NULL,'1tpo616cqijp5bsr5n5oktuuep','2019-05-12 04:40:50'),(1544,NULL,'ssvpets7pm5734oibg69lr98cq','2019-05-12 04:40:51'),(1545,NULL,'sgdgm2kol8hcdqkjfcpq1635oc','2019-05-12 04:40:52'),(1546,NULL,'vc1rimk7hrks03u7gqd9scebdv','2019-05-12 04:40:53'),(1547,NULL,'93oahmm4l20ol7cqqkfl2mg5gg','2019-05-13 17:55:22'),(1548,NULL,'68bjpgvleg21f84jd6ka044uo6','2019-05-13 17:55:23'),(1549,NULL,'hnrqmo7n60rvo6j3tqvigdkm6q','2019-05-13 17:55:24'),(1550,NULL,'7tmu5nlha06jkufkohriknm53r','2019-05-13 17:55:25'),(1551,NULL,'u1v4bskspe0kr1an5pbr9k7uru','2019-05-13 17:55:26'),(1552,NULL,'4mercesr13ibm40u3lf3gu0ucd','2019-05-13 17:55:26'),(1553,NULL,'kp2uo3lr235t3k7hl8brpi3ock','2019-05-13 17:55:27'),(1554,NULL,'iv1tj0pmopbbg495s4cmjggo1r','2019-05-13 17:55:31'),(1555,NULL,'r3rl9pvib86tbc02rq225tcshl','2019-05-13 17:55:35'),(1556,NULL,'jecp9kf5ilaagjghnkv8dolbam','2019-05-13 17:55:39'),(1557,NULL,'1u8khvop5n1e7ustofm45julbq','2019-05-14 23:11:11'),(1558,NULL,'sfqe9mk719an3dcdno9d17eoen','2019-05-14 23:11:15'),(1559,NULL,'knvup379fjvpknk7fmfa3ei9un','2019-05-14 23:11:15'),(1560,NULL,'vcj4rp1m17mnn27tstq7ksmrs3','2019-05-14 23:11:17'),(1561,NULL,'rekd2bmgh7tb9g7bgj25fdvtgb','2019-05-14 23:11:18'),(1562,NULL,'v4vm8v8f5r9bd651q4u1tneduf','2019-05-14 23:11:19'),(1563,NULL,'q8n9dk3sv7sd6rhq21dqi8a4o6','2019-05-14 23:11:21'),(1564,NULL,'lkmdeqf46npjlvt98lm6pmuiqq','2019-05-14 23:11:22'),(1565,NULL,'uvvf36s21g2gjjo8v9aif3a64n','2019-05-14 23:11:23'),(1566,NULL,'2d7c7beidmkq84380jp3opoggb','2019-05-15 08:22:10'),(1567,NULL,'737a1ks72n83uhjdau3lm9u680','2019-05-15 08:22:12'),(1568,NULL,'qu8ddhufigvglf1h5cl4rdued4','2019-05-15 08:22:13'),(1569,NULL,'5qoo3ss4033viq7s70u2q7t0ea','2019-05-15 08:22:14'),(1570,NULL,'ggircuk50029uce4466jmdivfi','2019-05-15 08:22:15'),(1571,NULL,'a328ldmdcg3tbi1vhj7sb3cbbj','2019-05-15 08:22:16'),(1572,NULL,'efv1ihutl2l2afm8augfi7h8nt','2019-05-15 08:22:18'),(1573,NULL,'0nlp4ikq7b4th5h5q1tr5782bu','2019-05-15 08:22:20'),(1574,NULL,'ogu3vmu693cgf2usd2p8jsqn78','2019-05-15 08:22:21'),(1575,NULL,'resgdsef8et0ammu9ct50pos92','2019-05-15 13:09:51'),(1576,NULL,'obm7hng34ujuu6iinksjc71eb0','2019-05-15 13:09:52'),(1577,NULL,'g7t5rco66rcvg2oaj8lkgaeusq','2019-05-15 13:10:21'),(1578,NULL,'35ammah2eerq6qnnap3slqmcf7','2019-05-17 02:14:47'),(1579,NULL,'dbneoe02lj2g6gr73fd1k8duql','2019-05-17 02:14:47'),(1580,NULL,'q3u9fdijnp4q46njr9osve1bn6','2019-05-17 02:14:49'),(1581,NULL,'05gcjmqeu2jh9ei21nmk6g10ng','2019-05-17 02:14:58'),(1582,NULL,'gff31rgg3b3ot1jq1in7jpn64j','2019-05-17 02:14:58'),(1583,NULL,'pqvr5jsvm0t4cimue4qjbiunav','2019-05-17 02:14:59'),(1584,NULL,'lnvgdocfkddapem01sjgqqt2gh','2019-05-17 02:14:59'),(1585,NULL,'doceoe1ngpc9k2qurmtocmhg2o','2019-05-19 06:48:38'),(1586,NULL,'laccnslombq3696vk9kf6e6vb1','2019-05-19 06:48:39'),(1587,NULL,'s7sdegiuq3q409hbp3i18jg98d','2019-05-19 06:48:40'),(1588,NULL,'der0adfbf5irmue4ce5kji9ttf','2019-05-19 06:48:41'),(1589,NULL,'mkle876jkr969hllgktq6j4p4a','2019-05-19 06:48:42'),(1590,NULL,'n0mpkjpn2u9h0pr0m5ds9veo10','2019-05-19 06:48:44'),(1591,NULL,'akkk2bb0roarb2i929ao04g42s','2019-05-19 06:48:45'),(1592,NULL,'klg6cic74mvij9g2k33vde5el3','2019-05-19 06:48:46'),(1593,NULL,'pb43mvc01t7qm0li9tldb2ju5t','2019-05-19 06:48:46'),(1594,NULL,'m3613c6ftdilgm2s9tlkos6lne','2019-05-19 11:32:34'),(1595,NULL,'79a3ed8ldqq9gl1n5eho4uoms6','2019-05-19 11:32:38'),(1596,NULL,'t1hpdshfuhigccobt29utkj4a8','2019-05-19 11:32:38'),(1597,NULL,'prrn0cjn2hnork1uqdrvgppuk0','2019-05-19 11:32:39'),(1598,NULL,'udn17jnhskmq42rkdsiqs1upe9','2019-05-19 11:32:40'),(1599,NULL,'v38vf82hm5potmoc467mghjo63','2019-05-19 11:32:41'),(1600,NULL,'vo9f2pden41ub6ac0nthcnfm91','2019-05-19 11:32:41'),(1601,NULL,'7r33bkmm22dvb0grbqh9m759jr','2019-05-19 11:32:42'),(1602,NULL,'p2r9pnom4vbqvepmajqk1v2an7','2019-05-19 11:32:43'),(1603,NULL,'6uhsn4e0s5vm2eftikq12phoou','2019-05-20 21:07:15'),(1604,NULL,'hmb6j5grj6vuk4r67ik3u432bk','2019-05-20 21:07:59'),(1605,NULL,'078ks5chgvnqgs27qlinr1rvb2','2019-05-20 21:08:00'),(1606,NULL,'9r47kgtjq3isa4oc42k295dfuq','2019-05-20 21:08:00'),(1607,NULL,'0s9gnisg902rc4pr15h46f2s8m','2019-05-20 21:08:04'),(1608,NULL,'iigq2sc7u5h11nn9hcvn1c1948','2019-05-20 21:08:05'),(1609,NULL,'0l8u009npggh8bq6e3dl5rvu63','2019-05-21 01:18:12'),(1610,NULL,'ujeskt13v9vjm6j2tqr1u5h1ki','2019-05-24 14:56:13'),(1611,NULL,'8as1fcie03rbr3c5ukbqfu6pu9','2019-05-27 23:25:03'),(1612,NULL,'l8hdq3aolvadc84n3gljstl0be','2019-05-27 23:25:03'),(1613,NULL,'rgfsqssbrs16cssp5n5t3r8ire','2019-05-27 23:25:07'),(1614,NULL,'c711rku3fmp2bdmecfd4pq2m30','2019-05-27 23:25:11'),(1615,NULL,'58phfl9als2h681eue3p41tpf7','2019-05-27 23:25:12'),(1616,NULL,'dgsghmtla5hg7kj0g7icg7sjea','2019-05-27 23:25:15'),(1617,NULL,'71cucfj1ruhmfj6k1sv4obb0cg','2019-05-27 23:25:16'),(1618,NULL,'i0qlo8uiagaqboaluk2i3r0peb','2019-05-27 23:25:19'),(1619,NULL,'37nsbthjoln07tei62r4ejsagc','2019-05-27 23:25:20'),(1620,NULL,'lrlntgkdl8mfen6h9e94si4t0h','2019-05-27 23:25:23'),(1621,NULL,'23tr9is6piist2p3pr1ib93qfa','2019-05-29 12:42:56'),(1622,NULL,'jap99tulhdjcc76lg9le1ovdve','2019-05-29 12:50:21'),(1623,NULL,'qlfcuae30el6sj18dro39are38','2019-05-29 12:50:22'),(1624,NULL,'ue3sote396r5e21lprfottvjgh','2019-05-29 12:50:23'),(1625,NULL,'8tjg79dvmvonuooq2vojdvmaeo','2019-05-29 12:50:23'),(1626,NULL,'5gdipqbpdapuhubhg693ovdh9b','2019-05-29 12:50:24'),(1627,NULL,'i2m8l7hs9dedtakdp6snhgde5d','2019-05-29 12:50:25'),(1628,NULL,'98ipm64p6t194eflf1mvdivtln','2019-05-29 12:50:25'),(1629,NULL,'u498gsap0d5qaq22m3ejgdi33p','2019-05-29 12:50:26'),(1630,NULL,'bmb6ql7om7g4f44rcm8875380b','2019-05-29 12:50:27'),(1631,NULL,'73eo8qmd3ddhp3s9oajm8g0jcr','2019-05-29 12:50:27'),(1632,NULL,'rhr905gp3qi2325lgsm0ds7vri','2019-05-29 19:00:39'),(1633,NULL,'09c5fma26vcfilar2uvj8i34m0','2019-05-31 02:40:05'),(1634,NULL,'un1v2c9nbvhlcibovovl0ma5c1','2019-05-31 02:40:06'),(1635,NULL,'52qsrrjag8jj49pr3s4r42hbgk','2019-05-31 02:40:10'),(1636,NULL,'e6avrmt23d7q70e00qvlqbni9p','2019-05-31 02:40:12'),(1637,NULL,'iab3pp61j7c04c5or7043dg6es','2019-05-31 02:40:14'),(1638,NULL,'jum0o5e65qpal01tj0h2and46n','2019-05-31 02:40:16'),(1639,NULL,'j3mhpafnboqs03lub8jq2lop5h','2019-05-31 02:40:19'),(1640,NULL,'t0v52koveld9egm0dfs9cc50lg','2019-05-31 02:40:20'),(1641,NULL,'na3qr5qbej9kjf4h3hd6q7302m','2019-05-31 02:40:20'),(1642,NULL,'lqevfetotdrfscd296082n40l1','2019-05-31 02:40:21'),(1643,NULL,'h95mjef0mtpkf7sv7mojli7kmh','2019-05-31 18:45:42'),(1644,NULL,'1r7kvppoe9of4s8ietdtnhj9jm','2019-06-01 13:00:57'),(1645,NULL,'q8v33pd20fsn4r55cdamitgocu','2019-06-01 13:01:09'),(1646,NULL,'jhmmf755m5ca8pa8arbddson17','2019-06-01 14:53:53'),(1647,NULL,'54gdj0m5e8k4monmbl3hl58oup','2019-06-02 01:32:55'),(1648,NULL,'q6f7c1deik61kp2sj6fr6th0jk','2019-06-04 08:34:12'),(1649,NULL,'5ji0kivrc88cfmqc9mdc15fkch','2019-06-04 08:34:13'),(1650,NULL,'b59o09fed62r33q44cq7fad1ut','2019-06-04 08:34:14'),(1651,NULL,'2qqqkp79qeb6unrlo510e63gbs','2019-06-04 08:34:16'),(1652,NULL,'5bun4ap1sl2s07mbvr92djohod','2019-06-04 08:34:23'),(1653,NULL,'h1uhmij78u87a9d7snvsm75ctb','2019-06-04 08:34:24'),(1654,NULL,'c04esdmdh60q20jppc9nj6geak','2019-06-04 08:34:27'),(1655,NULL,'njt5r5c3umkfd5okg72p45suos','2019-06-04 08:34:28'),(1656,NULL,'4l6rcgsmh3tak70vmmnaiuljqj','2019-06-04 08:34:29'),(1657,NULL,'c7mdp2uodf0psa25tqhf56g5b7','2019-06-04 08:34:30'),(1658,NULL,'cdgoama6eord4oa745be95d5eo','2019-06-04 21:55:05'),(1659,NULL,'rqnuorcq26c83dnkds3js8fgqp','2019-06-04 21:55:09'),(1660,NULL,'ms8per9rijvdjgr9nuoun4ktt0','2019-06-04 21:55:13'),(1661,NULL,'b9lj9q3ncr1amtu9s3nirifdna','2019-06-04 21:55:14'),(1662,NULL,'jbupgi96am0qvaieiflk7dcqa8','2019-06-04 21:55:17'),(1663,NULL,'htsp3bgmo3q87kbjjcubb4us1v','2019-06-04 21:55:18'),(1664,NULL,'jli5jc9l78vglh6emnl48bent3','2019-06-04 21:55:21'),(1665,NULL,'vdbtd9prhg21j4ufpc6uqk68pq','2019-06-04 21:55:22'),(1666,NULL,'chmt89oj4m7bdtnajpiisrh4t5','2019-06-04 21:55:22'),(1667,NULL,'fsudck2gdh1vm5fqatlbtp5ael','2019-06-04 21:55:25'),(1668,NULL,'np9hjtmkohurqpmvlh67bhnopv','2019-06-04 23:34:58'),(1669,NULL,'rd7ermosmasbffpciv82dgh2ab','2019-06-04 23:34:59'),(1670,NULL,'e4p6uc4mujmm23frsea498c0pt','2019-06-04 23:35:02'),(1671,NULL,'ovgh294jdur88aei98mdmpa7pg','2019-06-04 23:35:03'),(1672,NULL,'jnv1knrcs4s27ptqnc2pd2icrc','2019-06-04 23:35:04'),(1673,NULL,'7d3jigbl7ekb29tuk5occplvmc','2019-06-04 23:35:06'),(1674,NULL,'08g9a7ktpn1man63g7i0rinpso','2019-06-04 23:35:07'),(1675,NULL,'t0eh4qg6h6d5jq02d16psoujhi','2019-06-04 23:35:08'),(1676,NULL,'q4qu1ept3qint21sujsep8mfv0','2019-06-04 23:35:09'),(1677,NULL,'uj7q1qunpi9sr4avimcgmf9ef5','2019-06-04 23:35:10'),(1678,NULL,'2hbqq98aic5fqnfssk6cdbq302','2019-06-05 08:30:03'),(1679,NULL,'me7g4180rvrt50p74h8faparmr','2019-06-05 08:30:05'),(1680,NULL,'opd3vep1aqm1n518j5g8clq8uv','2019-06-05 08:30:29'),(1681,NULL,'gsu88h729pub9gilvipsll17ds','2019-06-05 08:30:31'),(1682,NULL,'hl5o20v3a2iqdq9hffh9s4bo9u','2019-06-05 08:30:32'),(1683,NULL,'6fpeahgmoi29cadqgjaae2u3pj','2019-06-05 08:30:49'),(1684,NULL,'igfs2g97fdkd8ir6644cqi1601','2019-06-09 08:06:28'),(1685,NULL,'nragfvqm3frf5j5k88hq0a8h8a','2019-06-09 08:06:32'),(1686,NULL,'8ocmr5ftn7aqq7hag7cqud7lds','2019-06-09 08:06:32'),(1687,NULL,'d4euka0ngugi18essppgv5lnsq','2019-06-09 08:06:33'),(1688,NULL,'a2u63ko7svut9a7mngrgpjte3u','2019-06-09 08:06:34'),(1689,NULL,'hk9041na4j3vu85bfh8dfljsf1','2019-06-09 10:01:23'),(1690,NULL,'jocauk9h24aoq2h9447a4qvtno','2019-06-09 10:01:23'),(1691,NULL,'38b3icfh791nofnchp49mld7gg','2019-06-09 10:01:24'),(1692,NULL,'ofandvj0p76eoigl0plcnghvk8','2019-06-09 10:01:25'),(1693,NULL,'ns4knjai2fdv9l1061a8uqcgr7','2019-06-09 10:01:27'),(1694,NULL,'bama9b1gs8j1pq6ejpodvrqcnv','2019-06-09 10:01:28'),(1695,NULL,'ib17ssld614bqks29gnbtmvps2','2019-06-09 10:01:29'),(1696,NULL,'vr0b1i80h0tai77tsdfnmc0rac','2019-06-09 10:01:31'),(1697,NULL,'bad6f701ons0g99moj0ohbugcm','2019-06-09 10:01:32'),(1698,NULL,'rmcl2v2i0mntmb7u3tnnbr2gtk','2019-06-10 03:14:51'),(1699,NULL,'su3mq8toai2vosfl5r914bfson','2019-06-10 03:14:56'),(1700,NULL,'hfr1i529925a2invnaejdu58du','2019-06-10 03:15:00'),(1701,NULL,'31dhcoups39v0l4kvggv5dif0k','2019-06-10 03:15:07'),(1702,NULL,'mj20gp6blor8ai6p5ju34thqbo','2019-06-10 03:15:12'),(1703,NULL,'654mugto29bbnn9anph4q55jj4','2019-06-11 04:57:02'),(1704,NULL,'rpjcluvm91627cigsuob8ngln0','2019-06-11 04:57:02'),(1705,NULL,'beh9vgrk59sefsm94vgv35ung1','2019-06-11 04:57:03'),(1706,NULL,'6u1ollivrsuqksafedpf0a8dp0','2019-06-11 04:57:04'),(1707,NULL,'htlh56fvta6cubf1cceq421uf4','2019-06-11 04:57:05'),(1708,NULL,'leg3b7bo296n8mf20l7794nvfn','2019-06-11 04:57:05'),(1709,NULL,'22qq950q7c3k9h3f6pdctgp742','2019-06-11 04:57:06'),(1710,NULL,'9tp7joejh428btb9cegdrofmlk','2019-06-11 04:57:07'),(1711,NULL,'gnvkuo8p356hlll9nag4nl7u2s','2019-06-11 04:57:07'),(1712,NULL,'mmrj6odrm1qh74q4ujs557ol30','2019-06-11 04:57:08'),(1713,NULL,'dcpi8dha62e7t2i53vnecoousa','2019-06-11 06:26:08'),(1714,NULL,'ibrk7pmgga8f5hacquc6jrdivt','2019-06-11 06:26:23'),(1715,NULL,'l1gfcdpe01as71rh4qdn35gqbh','2019-06-11 12:30:48'),(1716,NULL,'7mm2pcijr0h1vtouijtaeepj2c','2019-06-11 12:30:50'),(1717,NULL,'9aeetm8ubnvkb7651k0boi72up','2019-06-11 12:30:58'),(1718,NULL,'ua7ej0j79l5foucntacbnb2qgu','2019-06-11 12:31:02'),(1719,NULL,'2stcl83gq7u8pau85q8jg2ofrf','2019-06-11 12:31:06'),(1720,NULL,'l58tpmb08ua1880m8a6tsqmbg5','2019-06-11 12:31:10'),(1721,NULL,'an2grg647gpvle65oteusd8lu8','2019-06-11 12:31:14'),(1722,NULL,'mas4149htn95hgmg0g21uk0kpm','2019-06-11 12:31:22'),(1723,NULL,'ed2t4jamoj6dar40oqkj5790ok','2019-06-11 12:31:26'),(1724,NULL,'cqrt1h32fnsoit5gm5erhhpiia','2019-06-11 17:18:10'),(1725,NULL,'p1spp45ghu0aumi3hg3ttjlm1d','2019-06-17 06:29:31'),(1726,NULL,'aj1ea1penbsj5di38fm2509cui','2019-06-17 06:29:44'),(1727,4,'md53dva0qjvq6t0hgojbfg345g','2019-06-18 13:29:00'),(1728,4,'dsq9hn3svl485fh4trpgbbdb0p','2019-06-18 13:30:55'),(1729,NULL,'i3dscki39226m1ptga9qa926ck','2019-06-19 00:44:39'),(1730,NULL,'kscv80cft7m0ccufmccb4a7uqa','2019-06-19 00:44:41'),(1731,NULL,'3fg0gq1kcgpn0o62q1lr5r8r5o','2019-06-19 00:44:43'),(1732,NULL,'6vfucgddboh3p07mf5lbicc01r','2019-06-19 00:44:45'),(1733,NULL,'jp4o348kllk78q1e8ar361a0c3','2019-06-19 00:44:46'),(1734,NULL,'uo3h6riihml3uvcst6hsd663tr','2019-06-19 00:44:47'),(1735,NULL,'3hp3a5dm0dah1r651b3c33dbi9','2019-06-19 00:44:47'),(1736,NULL,'vr65q0r16o7gfdm73thjruk4o0','2019-06-19 00:44:49'),(1737,NULL,'3mbaj3cibfsbjm5pft3u5fcmro','2019-06-19 00:44:50'),(1738,NULL,'e9rmrf50gqtgg8hc7c7olusgba','2019-06-19 00:44:51'),(1739,NULL,'h6tn8jo10b7urgriabt3tid25v','2019-06-20 02:02:57'),(1740,NULL,'vqv9lfbp92hkmtnivmjs99mevp','2019-06-22 19:11:36'),(1741,NULL,'tt2tcdvn0r5cubs73u919vosb0','2019-06-22 19:11:40'),(1742,NULL,'b98kajol6rdvhpq4vavqefo7m4','2019-06-22 19:11:44'),(1743,NULL,'61mnajkoen2cgghevold754ufl','2019-06-22 19:11:45'),(1744,NULL,'9l7melb7ub0rt81neaa52plq39','2019-06-22 19:11:48'),(1745,NULL,'tuladh97griv7319vqga53m7e1','2019-06-22 19:11:49'),(1746,NULL,'4bnt4ncmtthssbba8vn59crs2c','2019-06-22 19:11:49'),(1747,NULL,'q1rd48q5i9v7k0qkae6dmttqd7','2019-06-22 19:11:52'),(1748,NULL,'nu7vrea01kkdfv1n0f9mt42r16','2019-06-22 19:11:56'),(1749,NULL,'4mghi3lf8sl3gb2p837j2dsi4j','2019-06-27 20:39:41'),(1750,NULL,'58rql6hjdc016lqbbqkcighbmc','2019-06-30 17:56:28'),(1751,NULL,'r1afnkfc2tlvhq4rk5bg699u01','2019-06-30 17:56:28'),(1752,NULL,'70rk2eevqcmv9umub86dfi2gt2','2019-06-30 17:56:30'),(1753,NULL,'4sesbpcn351g64kenmiu58guul','2019-06-30 17:56:32'),(1754,NULL,'dvjchc1ka0649uomo8gpvpli5h','2019-06-30 17:56:33'),(1755,NULL,'jv0f1vnc0mf42s9aibuvq1lghn','2019-06-30 17:56:34'),(1756,NULL,'bhv2fln8upddvcu2i588ocgnlr','2019-06-30 17:56:38'),(1757,NULL,'lj2a0uijd6helc047t1qhmejdf','2019-06-30 17:56:42'),(1758,NULL,'pnkslk1nevsmn5i9khfkaviv8t','2019-06-30 17:56:46'),(1759,NULL,'b0dkn63o9835b7vq2gjp5fng4r','2019-06-30 18:08:28'),(1760,NULL,'l0nuipqh8be5ed1svr4te19su2','2019-06-30 18:09:22'),(1761,NULL,'avu0n1rl6g5e5bc52kkd6uttqs','2019-06-30 18:11:37'),(1762,NULL,'2mlon53vfs5hr7kcfqaoi7e36j','2019-06-30 21:41:45'),(1763,NULL,'knntc1nmla0ihcihf1ukiqgh99','2019-06-30 21:41:48'),(1764,NULL,'d9pbjtjf9mh3kgkrkv5ubcncvb','2019-06-30 21:41:49'),(1765,NULL,'1ok8uh13tbllutb12imqro717i','2019-06-30 21:41:52'),(1766,NULL,'jh61mj46eff4bmlq4qh1g0vp8f','2019-06-30 21:41:52'),(1767,NULL,'qpn74vi9c37845lvala2p1s3hq','2019-06-30 21:41:53'),(1768,NULL,'7n9ojhb66i2r4savhglqfc9li9','2019-06-30 21:41:54'),(1769,NULL,'jjf685tikeopkbsrv1l2sf7vic','2019-06-30 21:41:56'),(1770,NULL,'tr170j0g8fdqbk8rfqoi99mqc2','2019-06-30 21:41:56'),(1771,NULL,'5dfnpkn25ceei4rs0eccpq4e7i','2019-06-30 21:41:57'),(1772,NULL,'f6l07p1jebbqhc5vk4d7ghkquc','2019-07-01 11:37:04'),(1773,NULL,'sj7l0vd7tnul3ik5oflgbaa9kk','2019-07-01 11:37:05'),(1774,NULL,'v9903ch9rblp4f3l82gclv6i6j','2019-07-01 11:37:06'),(1775,NULL,'a9996kbq7nerko3l0n33bp1p9g','2019-07-01 11:37:07'),(1776,NULL,'5oqhh1h0embqgd5dueuljl0cqm','2019-07-01 11:37:07'),(1777,NULL,'mdjg631ujdtotebvkj1ab7mr57','2019-07-01 11:37:08'),(1778,NULL,'bv2brolepka4i15pekm8ius81e','2019-07-01 11:37:10'),(1779,NULL,'mn4tefvh2m5i4gqhl8v8kg4tmg','2019-07-01 11:37:12'),(1780,NULL,'iokll54fqafdlvk29ds1mrql6q','2019-07-01 11:37:14'),(1781,NULL,'7qv3djfsetmu7o4klae5gpo1la','2019-07-01 11:37:15'),(1782,NULL,'moqf1897u7kji33ens09ib6kq1','2019-07-01 20:26:33'),(1783,NULL,'j3b5vlndh9mjgcibb4i2ihb52b','2019-07-01 20:26:34'),(1784,NULL,'io2unigr5v8e3a5u1eqggv604b','2019-07-01 20:26:34'),(1785,NULL,'53dbanpibfl2bqupm2968t1g9j','2019-07-01 20:26:35'),(1786,NULL,'1qbvda984ns09j2cjr86ugnbu2','2019-07-01 20:26:38'),(1787,NULL,'6g4ulvv8uojm7fac8dj6jj3j13','2019-07-01 20:26:39'),(1788,NULL,'gnt6r3lnccae2uubgs9d7ji9et','2019-07-01 20:26:39'),(1789,NULL,'3uv1qksa5d4b2q9j338pm1hros','2019-07-01 20:26:40'),(1790,NULL,'m7di4pvjje6psru1m4q9en4v3d','2019-07-01 20:26:41'),(1791,NULL,'7vgn10mgmtuqd32obu7q1hukpi','2019-07-01 20:26:41'),(1792,NULL,'ftul0sjm3qk3cpjbgcbsnmjv5j','2019-07-04 07:10:04'),(1793,NULL,'482pncm74na9idq1ksr6snfcpb','2019-07-04 07:10:05'),(1794,NULL,'mus1ik4869hdkqab2f628vnon3','2019-07-04 07:10:06'),(1795,NULL,'jpq4kteddfmouuembsaao3pcfk','2019-07-04 07:10:07'),(1796,NULL,'2nc2i5daavod2i4nj0g1rv6g3v','2019-07-04 07:10:08'),(1797,NULL,'810u21im6fughldiuots6g3q1t','2019-07-04 07:10:08'),(1798,NULL,'1h9u7vt9lbogqote3ak6pf1pr5','2019-07-04 07:10:09'),(1799,NULL,'hk67gdabd7rt8l4u9jivjidqqa','2019-07-04 07:10:10'),(1800,NULL,'j4832sq5l4k0n67fgs2n073gjj','2019-07-04 07:10:10'),(1801,NULL,'k5nh5rjuqejjs4ad67iuu62ij1','2019-07-04 07:10:11'),(1802,4,'so4noouvhpholdlmmmiftvgd63','2019-07-04 10:25:47'),(1803,NULL,'3o6n7t9bt598n4hd6p3sijs2ul','2019-07-05 17:00:40'),(1804,NULL,'m9o85h222tkohj0dt3h78l78lr','2019-07-08 00:13:54'),(1805,NULL,'grro3vm0gk2rpui62ih1erqt79','2019-07-08 00:13:55'),(1806,NULL,'5ej6ehpqiaceeag7jsf9111hhh','2019-07-08 00:13:58'),(1807,NULL,'ar0ltk3h42ajuoa65f34dok3uj','2019-07-08 00:13:58'),(1808,NULL,'58bq1u2qm7qogbfv87opcqj0c4','2019-07-08 00:13:59'),(1809,NULL,'mqdgdbpcqmh18pvuostcic39ik','2019-07-08 00:14:02'),(1810,NULL,'vu0cc1932o6uku7ap1719cf0mj','2019-07-08 00:14:03'),(1811,NULL,'m2311sa8k7sdl21ml75jq6icor','2019-07-08 00:14:03'),(1812,NULL,'lkhr2bvhotl9aa3bed7gsqmlrf','2019-07-08 00:14:06'),(1813,NULL,'2hbvgbj3m2h61ebanh6if6r0lr','2019-07-08 00:14:07'),(1814,4,'leg55in58v116qrjnrrdcatejh','2019-07-08 10:41:55'),(1815,NULL,'2mhm7ah5e0i42t35vb66pbi9si','2019-07-11 01:17:40'),(1816,NULL,'efrgq0iablcqnvor1g52k7qlqn','2019-07-11 01:17:43'),(1817,NULL,'hll86u4n5uj8iv2u32nqvo5fgq','2019-07-11 01:17:48'),(1818,NULL,'rvmuubmqmuo69oo9s0kehllrr0','2019-07-11 01:17:51'),(1819,NULL,'la15qc26lihk9ti7hgu8qd74i6','2019-07-11 01:17:55'),(1820,NULL,'4lop6jsupjksjp7qe45v5621ir','2019-07-11 01:17:59'),(1821,NULL,'iuebpoagkjfk24n69g0g3vl8lp','2019-07-11 01:18:03'),(1822,NULL,'gi975qhv88f2uorfti9s8ddmkh','2019-07-11 21:51:11'),(1823,NULL,'65a3jkuggq4iem1ahjhdr4rk2b','2019-07-14 16:08:47'),(1824,NULL,'87iaafra3bdv2amr9a8drhkjrg','2019-07-14 16:08:49'),(1825,NULL,'n8qk4e7avj1mmaueid4ug9gghq','2019-07-14 16:08:51'),(1826,NULL,'9l9c8i7du48ef9lr5kivoobvv4','2019-07-14 16:08:52'),(1827,NULL,'n04lrflckb68joru5huj7hj8rq','2019-07-14 16:08:54'),(1828,NULL,'sifgqci0qlm0voqa277j8nf5jf','2019-07-14 16:08:55'),(1829,NULL,'s2q7lp7mkk8pukai3k4k9db185','2019-07-14 16:08:56'),(1830,NULL,'90uitme7bs1485hlc0rlrttus3','2019-07-14 16:08:57'),(1831,NULL,'9fetutq2aie843o1qd3668jbc4','2019-07-14 16:08:58'),(1832,NULL,'p20sq0t3kufsmt9tvoihl6fk79','2019-07-14 16:09:02'),(1833,NULL,'t71p6bh96jupg0di5qt033fu4c','2019-07-15 00:44:46'),(1834,NULL,'f4n51h9a6hvcah8sdbp8bl4o15','2019-07-15 00:44:50'),(1835,NULL,'85sib9i8bqpctemuhasl0va6m2','2019-07-15 00:44:50'),(1836,NULL,'d7d1l6pl0s82kkkikeum85hua0','2019-07-15 00:44:51'),(1837,NULL,'89iqljh351vqu9cmrj7oon3eb2','2019-07-15 00:44:53'),(1838,NULL,'fqu7kr6ujpg4rcto7nti8cjjme','2019-07-15 00:44:54'),(1839,NULL,'jmujrrcame104hh8mmcdji4a3b','2019-07-15 00:44:54'),(1840,NULL,'s04uopfgd3r5u2fpdkpb45j8bp','2019-07-15 00:44:55'),(1841,NULL,'prjr13jbac6ggdrb3vefvvl57r','2019-07-15 14:47:53'),(1842,NULL,'pu9ef4h9drid768jo8i9f6huut','2019-07-15 14:47:54'),(1843,NULL,'09q1dutknajs9gheqqgc3rr985','2019-07-15 14:47:55'),(1844,NULL,'19ngd3jrck0is75thf8crshd50','2019-07-15 14:47:56'),(1845,NULL,'a4v7b2r46g5ikheoc6rncprj29','2019-07-15 14:47:57'),(1846,NULL,'s82esi9se0o78ae5sb29i5vkf6','2019-07-15 14:47:58'),(1847,NULL,'lvevn5ceinqm1dqe3fksiommcn','2019-07-15 14:47:59'),(1848,NULL,'550csl924v382vr7akoaqbgds2','2019-07-15 14:48:00'),(1849,NULL,'30f8uil6cjsjbfh8etkurtdmi7','2019-07-15 14:48:01'),(1850,NULL,'0392vofho5re9rpqol50u15ii8','2019-07-15 14:48:02'),(1851,NULL,'260jmn1qjiaoj4mrjnbp0lknar','2019-07-16 12:55:12'),(1852,NULL,'p7om1vimb2npjf4dkf8697dm7u','2019-07-16 12:55:12'),(1853,NULL,'1gs7pa1dvnbemjs8fppp7ae5nc','2019-07-16 12:55:14'),(1854,NULL,'lh1or05h1dts5i8un8mdses3ql','2019-07-16 12:55:14'),(1855,NULL,'lden7ngudtanue5e88vdle12mq','2019-07-16 12:55:15'),(1856,NULL,'p5l62sk65jvivn91m91mq9lqbb','2019-07-16 12:55:20'),(1857,NULL,'mgp1v4tfuavm0560hb5aqtlb27','2019-07-16 12:55:23'),(1858,NULL,'ihe3cg584hb7sc1p11mdp1rh47','2019-07-16 12:55:24'),(1859,NULL,'uvnldvlmcehgol2om239clv5ah','2019-07-16 12:55:27'),(1860,NULL,'c231udko7rnb7ecc0vo3mn4dpq','2019-07-16 12:55:28'),(1861,NULL,'shde1v0qc4euj5df1lcdc6d4oi','2019-07-16 13:44:32'),(1862,NULL,'shde1v0qc4euj5df1lcdc6d4oi','2019-07-16 14:31:40'),(1863,NULL,'c7tb8vrquh7qu0ifeoq2mrhcun','2019-07-18 04:51:02'),(1864,NULL,'vdhdeljs8f44vceicvhg1h2u39','2019-07-18 04:51:04'),(1865,NULL,'komktotm1be749cncjl4n7v7oi','2019-07-18 04:51:04'),(1866,NULL,'b4r9gjemmmpg7dhsou3le8ided','2019-07-18 04:51:07'),(1867,NULL,'m3m1kmt396v876kuo065fo4vlh','2019-07-18 04:51:07'),(1868,NULL,'qm87rsv6bima4vokvobvqq2026','2019-07-18 04:51:09'),(1869,NULL,'tb05bat66259ofllljf7qhpbs5','2019-07-18 04:51:11'),(1870,NULL,'41m2p2pgu5qj6np385bskutphe','2019-07-18 04:51:12'),(1871,NULL,'st17i575amdhcdqh631niuuv9n','2019-07-18 04:51:15'),(1872,NULL,'rfq6kaonqusklh928av5jj4nno','2019-07-19 19:20:56'),(1873,NULL,'pqtgbeib08hc4fp8pr1lhse1a7','2019-07-19 19:21:03'),(1874,NULL,'q4uvu7ct0fh2g6letqinth4an6','2019-07-19 19:23:34'),(1875,NULL,'ttvjski63tfnhcnkbenm54s3s3','2019-07-19 19:24:31'),(1876,NULL,'tj6br9si9pvpbuomhd3gkp28en','2019-07-19 19:25:14'),(1877,NULL,'o7nbsnp9asp65iun06n19im0ha','2019-07-19 19:25:59'),(1878,NULL,'qd47hkstglam63pdsekds9jlt7','2019-07-19 19:26:51'),(1879,NULL,'232dp9flj6jov14vaf3uuba2ab','2019-07-19 19:27:35'),(1880,NULL,'p6i8mf0i36g1vthruu60g8utc3','2019-07-19 19:28:19'),(1881,NULL,'e0kvbkbut75jf205o3gcak6u4p','2019-07-21 14:55:13'),(1882,NULL,'hlm0tj6k4ldi14okier269rufo','2019-07-21 14:55:17'),(1883,NULL,'9onf591iu2jmdm67linbv7ju8k','2019-07-21 14:55:18'),(1884,NULL,'au9p4ikhcjhth27of80o3v1geb','2019-07-21 14:55:19'),(1885,NULL,'684oc68bo87jt6a1theoilkhm4','2019-07-21 14:55:19'),(1886,NULL,'jnfsd8vobruaig2ifsq61c3ps6','2019-07-21 14:55:21'),(1887,NULL,'faf7d072qpgmnbn3pr8t5ldsdr','2019-07-21 14:55:22'),(1888,NULL,'5glc431q6ij2r5h8lha82krfq1','2019-07-21 14:55:23'),(1889,NULL,'qfmu5cam21vdi7naq34m1k03f0','2019-07-21 15:48:07'),(1890,NULL,'lvs4svh2k44pl5cqemj0jg8t7h','2019-07-21 15:48:08'),(1891,NULL,'ngoqqj6e4utt0l0s5u8p89ndqj','2019-07-21 15:48:09'),(1892,NULL,'5lt45f8h5vouha6je3vnuu2ita','2019-07-21 15:48:10'),(1893,NULL,'rj1latve605h0kscju8ieb4kpc','2019-07-21 15:48:10'),(1894,NULL,'s43v70l858i1r4r3us2148305n','2019-07-21 15:48:11'),(1895,NULL,'6e3uu1q9b3mmha7lko9l2td8s2','2019-07-21 15:48:12'),(1896,NULL,'vor7qv81nq7tfejt8fe7u8db69','2019-07-21 15:48:13'),(1897,NULL,'sa8bep1cbfnm7pp6sit5gq3fag','2019-07-21 15:48:14'),(1898,NULL,'nae2ts8pks8rjdr80u0ni4s1p7','2019-07-21 15:48:14'),(1899,NULL,'hcma7avor3e9ljup3knr3f5t86','2019-07-22 14:04:48'),(1900,NULL,'6scc01865qca6f8k9n4opsmt09','2019-07-22 14:04:49'),(1901,NULL,'fqth1fmkip16sj6t624ifs4e5s','2019-07-22 14:04:50'),(1902,NULL,'68d3bdt4fgaet3r5rqkqifag4b','2019-07-22 14:04:50'),(1903,NULL,'7acfffrucf0vjg5uqli52odrg0','2019-07-22 14:04:51'),(1904,NULL,'itlvhlh0kt65memf774bkrev32','2019-07-22 14:04:52'),(1905,NULL,'c1o5d6qhkila0htsqfur06029k','2019-07-22 14:04:53'),(1906,NULL,'seflm2l1u748p327jpd560469q','2019-07-22 14:04:53'),(1907,NULL,'p383d4sgijjmqsd80sbre3k0i6','2019-07-22 14:04:55'),(1908,NULL,'f9e31mk7m04ocjm5bnpd8s20ad','2019-07-22 14:04:55'),(1909,NULL,'hf2uniuqq01tn9bam5vl4euo5d','2019-07-25 23:22:46'),(1910,NULL,'v5js8690tdthirgku1beri2c81','2019-07-25 23:22:47'),(1911,NULL,'66gmfs9lucipl95dl1uo7eo00u','2019-07-25 23:22:48'),(1912,NULL,'5ktimm7fsh1jrc4c50detho1oh','2019-07-25 23:22:48'),(1913,NULL,'u3a8t2edvea24sue1d27hth1ql','2019-07-25 23:22:49'),(1914,NULL,'j7mgtci27f04rh3fs8r77i4b62','2019-07-25 23:22:54'),(1915,NULL,'miium6uv2c6a5pc2kmtq5lam0f','2019-07-25 23:22:58'),(1916,NULL,'evtuc64fru7s7f59avnmu6avnv','2019-07-25 23:23:02'),(1917,NULL,'beokpjgjebii3v5flvk2p8ursl','2019-07-25 23:23:02'),(1918,NULL,'hqntfpbqekpdost66pao9hrurt','2019-07-26 07:44:02'),(1919,NULL,'dcs4pk8pcqtekp24k9i3aubsiv','2019-07-26 07:44:25'),(1920,NULL,'jt1907111a61duojegl5h3fjom','2019-07-26 07:44:57'),(1921,NULL,'14oo4lgsv5lq7b851kemtl0p0h','2019-07-27 06:24:41'),(1922,NULL,'sud8mvo9m8tvjb4jvs1c18vfs4','2019-07-27 06:24:44'),(1923,NULL,'f1mfsvedtg3vf7slvp4sqbkavi','2019-07-27 06:24:46'),(1924,NULL,'7phrkkhfqpoglpqurr4pu87jh0','2019-07-27 06:24:47'),(1925,NULL,'h1gdf30ejqqbe7cro64361t6ev','2019-07-27 06:24:48'),(1926,NULL,'bn5ocdto3hdvlh173ennj9fgkb','2019-07-27 06:24:49'),(1927,NULL,'vcfaslkcolhl1oofg9ghpghpp8','2019-07-27 06:24:50'),(1928,NULL,'7jr07g1qe9ekkjvg00blr6ms5f','2019-07-27 06:24:51'),(1929,NULL,'uana2dq8ogti3hk2fn2rl7dg04','2019-07-29 04:52:43'),(1930,NULL,'38pkd51omluu1d2jgijb4b9i63','2019-07-29 04:52:44'),(1931,NULL,'eaq9r7rbthkfpskilh4o5tftgc','2019-07-29 04:52:46'),(1932,NULL,'m95n2k5pk9kd7l7fm3arorbtep','2019-07-29 04:52:47'),(1933,NULL,'2gq5hfuvfcutt9iinca4cm9t0a','2019-07-29 04:52:47'),(1934,NULL,'d717ns1qebq2so6i9ejbfunllu','2019-07-29 04:52:48'),(1935,NULL,'p9vukpc3gskff5kd1mam7lv4lh','2019-07-29 04:52:49'),(1936,NULL,'9d07hjs5gh2foqhueu6l03focq','2019-07-29 04:52:50'),(1937,NULL,'n5c4il9tn35g97ipdh7n0i50o0','2019-07-29 04:52:50'),(1938,NULL,'jupf8igbkc9i4vd0iu3cn2lmpe','2019-07-29 04:52:51'),(1939,NULL,'qskrcr73ckopu028c20oc5b5kt','2019-07-29 08:29:44'),(1940,NULL,'a0h6n2nbtit3eovarn1af2pg9t','2019-07-29 08:29:45'),(1941,NULL,'s5s0adrt4ubbp1onnqh9svuflb','2019-07-29 08:29:46'),(1942,NULL,'kkpahrs21ggmn342qg5v9ov83t','2019-07-29 08:29:47'),(1943,NULL,'04v4l7pvsfcgj7cjmes4l4ifpm','2019-07-29 08:29:48'),(1944,NULL,'0mndpoter8mekaq40hl3e6tmj9','2019-07-29 08:29:56'),(1945,NULL,'ia6q1djbplk8k5fnl799r63c81','2019-07-29 08:29:57'),(1946,NULL,'42eitnvkot7bug6k7s0u557s7u','2019-07-29 08:29:58'),(1947,NULL,'8gk343d9clgn5fkl4ic0s3l6in','2019-07-29 08:29:58'),(1948,NULL,'kj72jue4g5ju1t96tklt5jm3gg','2019-07-30 02:08:40'),(1949,NULL,'6np2aeov4f3ivnbd18mlgfgbd7','2019-07-30 02:08:41'),(1950,NULL,'tr33k7v5ofsn0sqfqtpklr303v','2019-07-30 02:08:42'),(1951,NULL,'5kv5nfmiegeloujno8jbpud439','2019-07-30 02:08:44'),(1952,NULL,'25oc2ddci0pgkg7ft6nme40go0','2019-07-30 02:08:47'),(1953,NULL,'ak6lsb6n1rdhlcha7t3o1eoonq','2019-07-30 02:08:48'),(1954,NULL,'ee2f8pi4j5o9lhg3d6d9kl1cqu','2019-07-30 02:08:49'),(1955,NULL,'0plb6oqf18idif47mpj6nbmfgk','2019-07-30 02:08:52'),(1956,NULL,'7mflo2fpf6ui8fsd45cju5o01b','2019-07-30 10:50:16'),(1957,NULL,'neku8rucsgasccngape58a8div','2019-07-30 10:50:17'),(1958,NULL,'n51ukdskm6nq2hjvj60kg8gf10','2019-07-30 10:50:20'),(1959,NULL,'1mg22kqbk1hjrpn6nst74p37f5','2019-07-30 10:50:21'),(1960,NULL,'6bcog4661fff4sud60l9r98458','2019-07-30 10:50:21'),(1961,NULL,'e0q0mq5fc5r0fqfio5baih4pag','2019-07-30 10:50:24'),(1962,NULL,'jvgipl14o0ss94duptnfer57mb','2019-07-30 10:50:25'),(1963,NULL,'9sf5ot9qti047pkipjtfotib5g','2019-07-30 10:50:28'),(1964,NULL,'u1il72vtn8rum66jrufvjgdgp6','2019-07-30 10:50:29'),(1965,NULL,'spvqfac1lt47k0hec58pvfeb7b','2019-07-30 17:41:52'),(1966,NULL,'6ifbudb4hahooocrcc5bhhuogk','2019-07-30 17:41:53'),(1967,NULL,'mmklp90oh2905ek2a2kom53deb','2019-07-30 17:41:54'),(1968,NULL,'np43qrv0prj1u9epmg6j9ejrto','2019-07-30 17:41:56'),(1969,NULL,'mucsvpftjo2lla1qblfqucgpq4','2019-07-30 17:42:01'),(1970,NULL,'of1op9vhd5j5m52sp2f8jl9r0s','2019-07-30 17:42:02'),(1971,NULL,'444mte1u6gvdvltf3kiek6i0du','2019-07-30 17:42:05'),(1972,NULL,'o4e0o70rsqrmk0quou3ouuu5f4','2019-07-31 21:02:06'),(1973,NULL,'39mangh6jj0fpmpbi66ice8uvu','2019-07-31 21:02:09'),(1974,NULL,'h8v79p5sde2kjmkspue4f21ubq','2019-07-31 21:02:10'),(1975,NULL,'6psaaoa6vlpvivbh86a84krtsh','2019-07-31 21:02:11'),(1976,NULL,'5m9chmm3bk1lsdtg3n0ui7vo5t','2019-07-31 21:02:12'),(1977,NULL,'6crj8dk4r6gl5ucjos77qvkdvh','2019-07-31 21:02:13'),(1978,NULL,'1u1o3ifhaint2gf8ejjn39nldd','2019-07-31 21:02:14'),(1979,NULL,'lfkc97h2cccphq0j35pt3i2rhp','2019-07-31 21:02:14'),(1980,NULL,'ujaakle0ua1nuqqbkgug7kn9fl','2019-07-31 21:02:15'),(1981,NULL,'cpcdca5e891jmrb2vvjhp3s974','2019-08-01 03:27:04'),(1982,NULL,'uetqlr4e1ejimomuibuf89digk','2019-08-01 03:27:06'),(1983,NULL,'qf0vsamvu2n0lrku60c6l7g005','2019-08-01 03:27:07'),(1984,NULL,'qs8anofe3h4clnjj1mvf7p2oc1','2019-08-01 03:27:08'),(1985,NULL,'lm4v9l1gm85jfrn516jeq7dsie','2019-08-01 03:27:09'),(1986,NULL,'hj7nlkus6hgm33bsons2agk2gs','2019-08-01 03:27:09'),(1987,NULL,'oefhdd4lb1ut7nqho4qkkev0ud','2019-08-01 03:27:10'),(1988,NULL,'r2mlrirjn8vqiresmttpm3fjoo','2019-08-01 03:27:11'),(1989,NULL,'4tqonptn92hjp82o06q3v75ofu','2019-08-01 03:27:11'),(1990,NULL,'qirep8vg242f8f8rl5pv32na4e','2019-08-01 03:27:12'),(1991,NULL,'rtmlepnk66j13jk5c7babrl5el','2019-08-02 08:10:50'),(1992,NULL,'4618i52qmaga2rhthhohf4ihbd','2019-08-02 08:10:59'),(1993,NULL,'pmr3ji1ju1vksd2c4krv72lsg5','2019-08-02 08:11:53'),(1994,NULL,'nvh27eaa2g1ckpoesnqq47u27r','2019-08-02 08:54:31'),(1995,NULL,'nq6r7ujg8kcdjfdj2qt413l8e3','2019-08-05 18:28:51'),(1996,NULL,'jfjqd1ugo513mtb4ggv2djflq4','2019-08-05 18:28:52'),(1997,NULL,'oqsu1t1qech8hdfu9n0veiohdv','2019-08-05 18:28:53'),(1998,NULL,'0omh28g1nfc1908vlj90k7hjcj','2019-08-05 18:28:54'),(1999,NULL,'rrp9tk1v10odbomgbhne21v0oa','2019-08-05 18:28:54'),(2000,NULL,'5sk0vj6qp2goumeuvv7r1kc7nk','2019-08-05 18:28:55'),(2001,NULL,'ftjiuqvendpjod8d6s8vs0li22','2019-08-05 18:28:56'),(2002,NULL,'9irks69402o7agd96gm4k5mvrb','2019-08-05 18:28:57'),(2003,NULL,'urt4cdt6phhtqp1sckrib0gtim','2019-08-05 18:28:57'),(2004,NULL,'9qqj8i59qi1gpi2hb5ubkj9kjq','2019-08-05 18:28:58'),(2005,NULL,'t5acpn3doc3cvrfcd4umkd9k1o','2019-08-06 15:56:13'),(2006,NULL,'lbaril72h9sfqsn7ft88srft7s','2019-08-06 15:56:14'),(2007,NULL,'5md72o4m69sujsbojs0o13bnns','2019-08-06 15:56:17'),(2008,NULL,'ucaltknp7pk7lvp7673lgvvcga','2019-08-06 15:56:18'),(2009,NULL,'blctb101t8nfrqifsm5cihnt16','2019-08-06 15:56:19'),(2010,NULL,'r190gclcvcog7bchrqab6hmj7e','2019-08-06 15:56:20'),(2011,NULL,'3ickb8hajgmobg1pp3oap82sb9','2019-08-06 15:56:21'),(2012,NULL,'9c6dsr4qp8c72fb8vvrpjvbig1','2019-08-06 15:56:26'),(2013,NULL,'1eip0dkllb1pq2srmcool6grn6','2019-08-06 15:56:27'),(2014,NULL,'ub7lrgqglk96l1de6o13sabrgg','2019-08-07 09:49:22'),(2015,NULL,'6vkevtqbgdfg9t32q5bj35m8im','2019-08-08 05:40:48'),(2016,NULL,'4bplcvdj85edjn20d8aehhbjrv','2019-08-09 12:27:38'),(2017,NULL,'iid4ptpromitbdju20ikphakva','2019-08-09 19:13:06'),(2018,NULL,'40jdqep4k4s0j1bm7ddqvf0r1n','2019-08-11 08:09:06'),(2019,NULL,'he00i8ak0bnp07bh8jjmmu1kgt','2019-08-11 08:09:15'),(2020,NULL,'hu4rhocogn96q1g6v3bu6n1rhg','2019-08-11 08:09:19'),(2021,NULL,'up6uv3fjd6pfbarlltv0iio9m8','2019-08-11 08:09:23'),(2022,NULL,'kq5om616p13acj2rua1at2f53a','2019-08-11 08:09:24'),(2023,NULL,'iq2stijqpbv8cpob1lip4p4r2o','2019-08-11 08:09:27'),(2024,NULL,'nqiihig4gja4fob6ju1busus3t','2019-08-11 08:09:28'),(2025,NULL,'d7lvgh1bphfruqtb1c4n9tnjhg','2019-08-11 08:09:31'),(2026,NULL,'iovn66rotg1m9ghu47ht317o96','2019-08-17 21:13:26'),(2027,NULL,'p0ljmo5js3jl3uua75nu19b470','2019-08-17 21:13:27'),(2028,NULL,'6mfvf6qtt9qp7o8b6alcj1utu3','2019-08-17 21:13:28'),(2029,NULL,'lrl5i9obp10pss832tml8i67i4','2019-08-17 21:13:28'),(2030,NULL,'nfcbgv8ffcjvtrju1t5ckevfh6','2019-08-17 21:13:29'),(2031,NULL,'8bb819sdq745ik40t26h8v0q33','2019-08-17 21:13:29'),(2032,NULL,'7og6oiq584qb5kiqgdiipu4e17','2019-08-17 21:13:30'),(2033,NULL,'m9oqi9hnf6b29nir8qhrc69ro7','2019-08-17 21:13:31'),(2034,NULL,'aop5r1dss9fsgbttv0hncp1cm5','2019-08-17 21:13:32'),(2035,NULL,'gcrc4dda9jd8csl1o73t1pgkkr','2019-08-17 21:13:32'),(2036,NULL,'74snno566grb52etsnh25eltv2','2019-08-18 16:14:49'),(2037,NULL,'30b3c6aq0s3gv9mvidontq90pk','2019-08-18 16:14:50'),(2038,NULL,'255gaq71gjrhv4c9k8bneuuu37','2019-08-18 16:14:51'),(2039,NULL,'hp0tp9hlmb1iut61fv1qip5p2r','2019-08-18 16:14:51'),(2040,NULL,'dmckdki2d0h2m9jjv117kue5nb','2019-08-18 16:14:53'),(2041,NULL,'oaep9slafjbtmifml7a1lbc9cq','2019-08-18 16:14:54'),(2042,NULL,'lquhpgnipirjlgm2dk8pqmn456','2019-08-18 16:14:54'),(2043,NULL,'cp4f1crp8iufn0ema07t48hntn','2019-08-18 16:14:55'),(2044,NULL,'mvk94ged1b8apdv8cbtt04vktq','2019-08-18 16:14:57'),(2045,NULL,'asjtbkmri25lv2pu0cbmshomv6','2019-08-18 16:14:58'),(2046,NULL,'qohj8uaav2r21257ivbb8uus7e','2019-08-21 17:53:29'),(2047,NULL,'40qq3qib0nhnljc092brooc9c3','2019-08-21 17:53:30'),(2048,NULL,'hpd04v9av3i7u63t86scbv68fn','2019-08-21 17:53:31'),(2049,NULL,'iekfgv37kja7hfgme307qqr10q','2019-08-21 17:53:32'),(2050,NULL,'57992di41ghnq5sdvbr9ms2qen','2019-08-21 17:53:33'),(2051,NULL,'qe91rt85t4mnbsl2rul4og0udf','2019-08-21 17:53:34'),(2052,NULL,'cu5nt9amgcd7cgmkkppbe37bl1','2019-08-21 17:53:35'),(2053,NULL,'3qhtfm2s1eidt2pjgp44fkptn5','2019-08-21 17:53:36'),(2054,NULL,'sfbl65ots9h62iudi9l912rr8t','2019-08-21 17:53:37'),(2055,NULL,'s8u4bc0pv2cig93hc9akp66oo6','2019-08-21 17:53:38'),(2056,NULL,'jne03d2eha4m3pt22cb715mtmt','2019-08-22 13:09:27'),(2057,NULL,'3qbjt82firclb80mmjtblmsc53','2019-08-22 22:50:08'),(2058,NULL,'usk6t8u0lnt52v5gtv7crkjass','2019-08-22 22:50:13'),(2059,NULL,'hpbtt36s8arpr82a992rvel84e','2019-08-22 22:50:17'),(2060,NULL,'51th3hjdmf7g9rplv4gs3310sh','2019-08-22 22:50:18'),(2061,NULL,'1c4uq954qm9rkta9s77o0q0sgi','2019-08-22 22:50:21'),(2062,NULL,'d54ofjmvaesatsfbngt169h4t0','2019-08-22 22:50:22'),(2063,NULL,'dtheqb4m9c3kleuu7rdau0qj39','2019-08-22 22:50:25'),(2064,NULL,'42bvulbukaiu0p4p1mm44dfefm','2019-08-22 22:50:26'),(2065,NULL,'sdbkjild7lpl7jh9qj5eh94thb','2019-08-22 22:50:29'),(2066,NULL,'jqaj5fe87ha905nsimct4ikvim','2019-08-24 18:11:17'),(2067,NULL,'fh8d2sqa9l64061omcfla70la1','2019-08-24 18:11:26'),(2068,NULL,'g90gpv1q8dv89thkh1od4p0n09','2019-09-01 01:40:11'),(2069,NULL,'lncik46nlcm0tvqh5h2idul8ua','2019-09-01 01:40:11'),(2070,NULL,'vncpfefccuthcl3jfkab4igqms','2019-09-01 01:40:13'),(2071,NULL,'ndjhmub2atbjpt0ljvfmohqtj4','2019-09-01 01:40:14'),(2072,NULL,'vd2ciegtj32a1fjhj0dlcde5ec','2019-09-01 01:40:14'),(2073,NULL,'pfpnfhbijt3lode0fc0l62m8er','2019-09-01 01:40:14'),(2074,NULL,'83hmipa3tvavvhbkpf9g2hbb2l','2019-09-01 01:40:14'),(2075,NULL,'abqn0v7o3eedtu8b8ganu38jem','2019-09-01 01:40:17'),(2076,NULL,'91b4omc5pu17e5mib1i3pq10ts','2019-09-01 01:40:17'),(2077,NULL,'k1alv7b5gk698d87cmugenuhh2','2019-09-01 01:40:18'),(2078,NULL,'sbdeg9elq3jus3ikd279omu425','2019-09-03 00:41:01'),(2079,NULL,'277af9ii010tg65suo14sjqfrs','2019-09-03 00:41:02'),(2080,NULL,'kq58mmil8j0mruqbl6ggtv664r','2019-09-03 00:41:06'),(2081,NULL,'gflfuesidb8ea6n05o8nvmg631','2019-09-03 00:41:10'),(2082,NULL,'l2m3gjsmknajtt4ug4vmlj23ud','2019-09-03 00:41:14'),(2083,NULL,'mlqv12p5si40msf6ge59g1i07k','2019-09-03 00:41:18'),(2084,NULL,'ocq7sr607mfvr9vp6q9op3dpoh','2019-09-03 00:41:22'),(2085,NULL,'h0t2cc8afdgfeb871rf86mdv30','2019-09-03 00:41:26'),(2086,NULL,'pumub09b72fhshhc5ruretspij','2019-09-03 00:41:27'),(2087,NULL,'0odna8p89u2hm73f3td9k5mg50','2019-09-13 03:22:36'),(2088,NULL,'b9u31gadk88auqqccgeqfb8fpr','2019-09-13 03:22:41'),(2089,NULL,'d6trf7s6nll2nf9jbntpkvd2k2','2019-09-13 03:22:44'),(2090,NULL,'9ermeit6kq26uv6onmfg67k2ga','2019-09-13 03:22:45'),(2091,NULL,'sdab3vo5221cbn6ikfib1imsco','2019-09-13 03:22:48'),(2092,NULL,'sb9k2r3op7i13nkmna0ng3l9ds','2019-09-13 03:22:49'),(2093,NULL,'mr32qi6ka6oa8hjbhk2qoeq0cs','2019-09-13 03:22:52'),(2094,NULL,'s8lngtnjtcclumc0i9d98chtmm','2019-09-13 03:22:53'),(2095,NULL,'h160k5b6l9m2hl7e8o8dcd7kq3','2019-09-13 14:13:29'),(2096,NULL,'k27cl6qr06l44mselksu7cfcuu','2019-09-14 11:47:30'),(2097,NULL,'k4q6410pfrvlib1pn0tm3g3og8','2019-09-14 11:47:31'),(2098,NULL,'0p2guirn443p6k15ca6io7pge9','2019-09-14 11:47:32'),(2099,NULL,'uign71ch217cj41rvhb7301mp6','2019-09-14 11:47:32'),(2100,NULL,'cjs325cia4h53hjhjs7qetcbnb','2019-09-14 11:47:33'),(2101,NULL,'f2rmm2ks4fm16nl491ghp34so9','2019-09-14 11:47:33'),(2102,NULL,'ritf2bab1mvbundhds64n35qk4','2019-09-14 11:47:34'),(2103,NULL,'j403u38679aci64p9nkqhe8375','2019-09-14 11:47:35'),(2104,NULL,'00hdtchdaf7nl1sv5jsf1d5947','2019-09-14 11:47:35'),(2105,NULL,'rr12kg1mktid3c1hp98m432dd1','2019-09-14 11:47:36'),(2106,NULL,'7afb6a28dun9lbgv22ina0jn4s','2019-09-14 19:05:53'),(2107,NULL,'6hlltudr2bg2n5uuc1vr337adi','2019-09-14 19:05:54'),(2108,NULL,'neugrvqml1uqo39oj24arrguvb','2019-09-14 19:05:55'),(2109,NULL,'92ainqrd265jik49bduqfoe8ao','2019-09-14 19:05:56'),(2110,NULL,'bdb1rgq4plfir10iu6a5q275v1','2019-09-14 19:05:56'),(2111,NULL,'aqn5qrfef8tesvh6k6os8bv1ll','2019-09-14 19:05:57'),(2112,NULL,'l9jh5puihop06jnq6rpe43eaqv','2019-09-14 19:05:57'),(2113,NULL,'idaihoq7pl2l24jv2nvh94r5sr','2019-09-14 19:05:58'),(2114,NULL,'ddhfrgc7vcugbvdcg4079i1b92','2019-09-14 19:05:59'),(2115,NULL,'7isro9iookj7p6afi66s2lrv0l','2019-09-14 19:06:00'),(2116,NULL,'26ka7v1otdvuerad4fniaj00um','2019-09-18 08:44:02'),(2117,NULL,'mnn476rar6hs1o00r2g8ptgad8','2019-09-18 08:44:03'),(2118,NULL,'sbpaeus8vmpkbra6re876lkr9j','2019-09-18 08:44:05'),(2119,NULL,'or4l7tmom5si7hgp7gkejsoqvu','2019-09-18 08:44:06'),(2120,NULL,'bro19d9ns7kak841g7u3p1khnf','2019-09-18 08:44:08'),(2121,NULL,'dg0pvm5a32rq6h8s9ggu8jc9qj','2019-09-18 08:44:10'),(2122,NULL,'qso5svn3s3m88rclvn1a1c40ed','2019-09-18 08:44:12'),(2123,NULL,'nrhg0s6q0tnq3jj31f5hvabvca','2019-09-18 08:44:14'),(2124,NULL,'s03jfkenpt60fttnv5n0v2iakj','2019-09-18 08:44:17'),(2125,NULL,'jkov9qli0cb2fafrv2v6nsko1u','2019-09-18 08:44:18'),(2126,NULL,'5g7h1nv5pga7nf23cra42v062u','2019-09-23 08:54:16'),(2127,NULL,'j949q6afvbtqkfo95e7jgmjsjq','2019-09-23 08:54:17'),(2128,NULL,'vadcofhlnogg5c5jq3f9srbbcr','2019-09-23 08:54:18'),(2129,NULL,'6gnnlumk24u9an9roir5t0v215','2019-09-23 08:54:22'),(2130,NULL,'h7ip0vjb7mnncc12i40crs81rl','2019-09-23 08:54:23'),(2131,NULL,'h3n8efugpq58l4iq83qsa7k465','2019-09-23 08:54:24'),(2132,NULL,'v0v81ffcumjjd7sjfn3u44h21q','2019-09-23 08:54:32'),(2133,NULL,'uj2sv4cl8eocesh11avdomu653','2019-09-23 22:18:30'),(2134,NULL,'qgk7cidqsr643rf3i6kth2f78e','2019-09-23 22:18:32'),(2135,NULL,'fln8ikk3nfauomnbvkfva5e6p8','2019-09-23 22:18:36'),(2136,NULL,'h6j2d6llolgiiki10dm39fqofl','2019-09-23 22:18:38'),(2137,NULL,'m0u8f92ppt30tr3lbuqj1qi6lk','2019-09-23 22:18:40'),(2138,NULL,'gf6nt9ch6eukchhcjs4slrb2ub','2019-09-23 22:18:42'),(2139,NULL,'p6l5t9q3ta356e4f72trg1vhd9','2019-09-23 22:18:43'),(2140,NULL,'h230e4957sfdu8g0ladspm39ug','2019-09-23 22:18:44'),(2141,NULL,'sd9vg9r71ap0367oe4n60d0o1p','2019-09-23 22:18:46'),(2142,NULL,'rdr1ciicfmrhvhc0c41026fgb8','2019-09-23 22:18:48'),(2143,NULL,'729nadglurabm2gg5fcbtrl1gs','2019-09-25 09:42:32'),(2144,NULL,'fvfgi83kklvmgchsfpvle0i3qv','2019-09-25 09:42:33'),(2145,NULL,'62nbj234rfoinfdhd224jdbuf9','2019-09-25 09:42:36'),(2146,NULL,'rmala2j62mj3hvdeb3vq2rnmr4','2019-09-25 09:42:37'),(2147,NULL,'5ecivfrodl4hq2de9emhgq6sv2','2019-09-25 09:42:37'),(2148,NULL,'irvb95fedrieb64vdt340spmf7','2019-09-25 09:42:40'),(2149,NULL,'so12k5bnue1h4fvmbupsm0dd45','2019-09-25 09:42:40'),(2150,NULL,'6jfq2g3k9m3ukjkrn2eo4dup5i','2019-09-25 09:42:41'),(2151,NULL,'7f6mevlasnhlmbk3mf0qiljq00','2019-09-25 09:42:44'),(2152,NULL,'hduq2usioduvesh9a9hhfhpm7p','2019-09-29 16:20:19'),(2153,NULL,'21aoir8qh2l5tmhfmbqrh9ahmr','2019-09-29 16:20:21'),(2154,NULL,'90eandnsjvi7qt94ua5qb5805n','2019-09-29 16:20:22'),(2155,NULL,'nfa8m0oivou5gcksball0iqjhr','2019-09-29 16:20:23'),(2156,NULL,'b3rsjcndoa40udss10u2vtqcf0','2019-09-29 16:20:24'),(2157,NULL,'hdt093gmd8t2uv11a1drgp5vh6','2019-09-29 16:20:26'),(2158,NULL,'rfidf2s9qt1amgsrqqai88u826','2019-09-29 16:20:27'),(2159,NULL,'pofhehaioofa0a43agcmaujlca','2019-09-29 16:20:29'),(2160,NULL,'0db1sci7stpp7hi2pbugbvprp0','2019-09-29 16:20:30'),(2161,NULL,'9doj16d0cp55j2d5vjr8kl756j','2019-10-02 21:09:38'),(2162,NULL,'oig9jfl022p0ia19u4imscuv3l','2019-10-02 21:09:50'),(2163,NULL,'m1uki10ijnmrisj43p37fr7jrl','2019-10-02 21:09:53'),(2164,NULL,'h6340mlksiq0g06k5n16h0n25h','2019-10-02 21:09:57'),(2165,NULL,'uo5g0a4huth9og96gnafg52hdh','2019-10-02 21:10:01'),(2166,NULL,'bb6at9i0h4051bnpnlo9kipm0j','2019-10-02 21:10:05'),(2167,NULL,'c11brd6rg5053n0rtpm3ap8ev6','2019-10-02 23:00:18'),(2168,NULL,'beggei4vn49foknk9r9mb1ks5u','2019-10-02 23:00:19'),(2169,NULL,'vmec2ufssqkfp4ib6jgb9rjvae','2019-10-02 23:00:20'),(2170,NULL,'nglhdq0jpfp8da7sb1hd1n3dbt','2019-10-02 23:00:24'),(2171,NULL,'huiodon0vqnhumpsj9k4i5sfsh','2019-10-02 23:00:25'),(2172,NULL,'fvjgr83vdvudhq96brcsjhpk6i','2019-10-02 23:00:25'),(2173,NULL,'6co13uopss6mifbm213mus94fu','2019-10-02 23:00:26'),(2174,NULL,'mr1lpaokgt9a4nh0ncja466ou1','2019-10-02 23:00:28'),(2175,NULL,'9u35c6nsomjfjv70bek0a8cf27','2019-10-02 23:00:29'),(2176,NULL,'05549n0gjtg4vhn43i3q71i6j9','2019-10-02 23:00:29'),(2177,NULL,'plhfmm19o1gb8cs69fnfns6ts7','2019-10-04 08:00:48'),(2178,NULL,'u6jd9t4mgm7lavgtu1jmqdn4qd','2019-10-04 08:00:58'),(2179,NULL,'r343n4e7nnqo71ik5g9mir6tps','2019-10-04 08:01:02'),(2180,NULL,'v323p11or3v9lm6o9d4vhsh4qc','2019-10-04 08:01:06'),(2181,NULL,'094hulu3i7o6td278th9hkoslf','2019-10-04 08:01:10'),(2182,NULL,'e27mq929j9ogs6njp796r3rerk','2019-10-04 08:01:18'),(2183,NULL,'orvlqj5ba4bfr0b3i9v5c8vcfb','2019-10-06 19:31:27'),(2184,NULL,'4qjrlvcs637g2tbi4sp356o355','2019-10-06 19:31:29'),(2185,NULL,'8pdgg2keu5dd6jjud89e4kfidf','2019-10-06 19:31:30'),(2186,NULL,'71qnrf1jgdjrpoggsbv2duuu0e','2019-10-06 19:31:30'),(2187,NULL,'r7js3pqfior7qhpnbftg38vs1p','2019-10-06 19:31:31'),(2188,NULL,'2rhjrrdscv4imepub6i7ftlgfs','2019-10-06 19:31:33'),(2189,NULL,'tvlgrlhcercig0qhe01bf417oe','2019-10-06 19:31:33'),(2190,NULL,'m1mv9556c1jqt9dsc9tm71nhs9','2019-10-06 19:31:34'),(2191,NULL,'l9ln3tfookeios1no660n9ble1','2019-10-06 19:31:34'),(2192,NULL,'h5qpnc9abp443557c6vjlnpg0d','2019-10-07 06:04:07'),(2193,NULL,'oc2hnqavf6lg3k3e0l9ec20nut','2019-10-07 06:04:11'),(2194,NULL,'0fku4jt11l9shvbpvrrhrh8tgr','2019-10-07 06:04:15'),(2195,NULL,'bk08b24inrelq44pejcvnefrot','2019-10-07 06:04:16'),(2196,NULL,'vrvns1acbbu2o9nn5obrh5aak3','2019-10-07 06:04:19'),(2197,NULL,'vmionf59m4pdqkmisttkdtbh22','2019-10-07 06:04:20'),(2198,NULL,'hrdcpp4jgmomh8eo1td3jocem3','2019-10-07 06:04:23'),(2199,NULL,'icberrelidsh85ap167m8lt4e4','2019-10-07 06:04:24'),(2200,NULL,'12hq5o6kqa2a62dcera0ib32t1','2019-10-08 00:28:58'),(2201,NULL,'hs61dangf8ikiv47p84jisb3tn','2019-10-08 00:29:01'),(2202,NULL,'m08jcbtdncf03gi3kfu6sa167b','2019-10-08 00:29:01'),(2203,NULL,'lndkic8031hkg2auj48vr2hfn4','2019-10-08 00:29:02'),(2204,NULL,'bcof51nii5a0tcub47g9141t9f','2019-10-08 00:29:03'),(2205,NULL,'tvq681p35uvm0mrfqssrbid90i','2019-10-08 00:29:05'),(2206,NULL,'7ip1f9vt5kcki76l1u3n4h4gch','2019-10-08 00:29:05'),(2207,NULL,'tnpkcob7um8bd2rtfumr469ncc','2019-10-08 00:29:06'),(2208,NULL,'d7eajf72jc6n9600vdvor44gpj','2019-10-08 00:29:06'),(2209,NULL,'chv4reh77aquhrr9mrpffn6s78','2019-10-08 00:29:10'),(2210,NULL,'uchh3i8no4frgvq8dutete43rg','2019-10-08 06:12:19'),(2211,NULL,'puj8gri9o32k2gppc4s66ti22j','2019-10-08 06:12:21'),(2212,NULL,'9f0hrmnv9h0f9iih275ugl3tad','2019-10-08 06:12:25'),(2213,NULL,'j0if6srj76f4kjni9g3dthhcmm','2019-10-08 06:12:34'),(2214,NULL,'evut9savqkc84ib64bjfq80g83','2019-10-08 06:12:34'),(2215,NULL,'8hm32bu8ok3ts7p9cj8652j8ao','2019-10-08 06:12:37'),(2216,NULL,'g3pg160ceti5999s2m0a7oapcf','2019-10-08 06:12:38'),(2217,NULL,'q2m3ikci3n8bo3q5s2gnk1f7n6','2019-10-08 06:12:41'),(2218,NULL,'st9kg3i8m5omajscolcnrljvsp','2019-10-08 06:12:42'),(2219,NULL,'42fia7m01d3025919pv8d7mo11','2019-10-10 07:47:02'),(2220,NULL,'blpc8e60jqn3bei1iergcfhd6e','2019-10-10 07:47:06'),(2221,NULL,'j5vobud0t56rgv3uh75fqvedlp','2019-10-10 07:47:10'),(2222,NULL,'ciqu8rr8bhdvq8cstfneh0slav','2019-10-10 07:47:14'),(2223,NULL,'n65kmfnu5mu41pm0rlr2o8cugm','2019-10-10 07:47:18'),(2224,NULL,'c6b1lqkll8ee11dd0bqdc2dnqo','2019-10-10 07:47:22'),(2225,NULL,'i3jhllvrt29gq810mafi53678j','2019-10-10 07:47:26'),(2226,NULL,'mpibgq01tc9fnfnsn24er32rpl','2019-10-10 07:47:27'),(2227,NULL,'alrjlsdchj392aj4si0774348d','2019-10-10 07:47:30'),(2228,NULL,'f2q2q6g08cpp21ti4fdasimh50','2019-10-11 19:08:35'),(2229,NULL,'ol527lt6n5phmiua6nvoo6ibf2','2019-10-11 19:08:35'),(2230,NULL,'pcl8klaetj5usd6u3js3np7bvl','2019-10-11 19:08:36'),(2231,NULL,'g5b5tc6oi6bdtimodj3a4u95kr','2019-10-11 19:08:37'),(2232,NULL,'0cooulvcl16li2budnijd783sc','2019-10-11 19:08:38'),(2233,NULL,'d5k4j2ssk166buasqio309pbah','2019-10-11 19:08:38'),(2234,NULL,'lldk34ip8sfmk4lh4eug6f0b9f','2019-10-11 19:08:39'),(2235,NULL,'8u5k0itdkbmn0abikrv75nhoco','2019-10-11 19:08:39'),(2236,NULL,'hhe1e0fa61sfsa4336pbnorl08','2019-10-11 19:08:41'),(2237,NULL,'nepvgkhpjiiuchvnj7di4f019n','2019-10-13 02:27:42'),(2238,NULL,'880c1ap8kgc44dm02cjoj1g4m4','2019-10-13 02:27:43'),(2239,NULL,'b7veb8oi5r2dt1d8m4jm5524q2','2019-10-13 02:27:44'),(2240,NULL,'6hgiekcf1ftlded9q84sifpq33','2019-10-13 02:27:45'),(2241,NULL,'bcbec32pblvhfjc55u5qtandpk','2019-10-13 02:27:45'),(2242,NULL,'9mbn9001sugunr4fe6vpaom88m','2019-10-13 02:27:46'),(2243,NULL,'0hiq62l6dordvs4ovo868ngmkq','2019-10-13 02:27:51'),(2244,NULL,'5tfvukeo3asv7c9kl6loq70fm0','2019-10-13 02:27:52'),(2245,NULL,'n2uq7sm03js48gsb22b70gesnj','2019-10-13 02:27:55'),(2246,NULL,'qfjst42spju8q6395cs4utftvd','2019-10-14 14:18:01'),(2247,NULL,'d4g7hu7ghlod7hn2ie8088p9ml','2019-10-14 16:19:25'),(2248,NULL,'dob9gs0vph3fd6291prb7vuvtj','2019-10-14 17:16:31'),(2249,NULL,'vd0a0dkcnh11nk44fh1d2os4mn','2019-10-22 12:14:57'),(2250,NULL,'csuc89gbpo8lr4rleqj9i2sfqo','2019-10-25 07:05:42'),(2251,NULL,'rdrb630ib58o92a3mq395bm3ma','2019-10-25 07:05:44'),(2252,NULL,'4j6io6t3rh114t2om34pvj7nr8','2019-10-25 07:05:50'),(2253,NULL,'eo77fiarlruma81r00466aigko','2019-10-25 07:05:51'),(2254,NULL,'1tfoulres92uvf70nnajc1h9ki','2019-10-25 07:05:52'),(2255,NULL,'vnma4sbldtttr2in0ktnnb347o','2019-10-25 07:05:53'),(2256,NULL,'p99m5ft5q8055qur75i7phq8f4','2019-10-25 07:05:53'),(2257,NULL,'3jhgdg0hc7qilqk1vk6jhdfqjc','2019-10-25 07:05:55'),(2258,NULL,'8ccfe5eossc06hnlbnbvdkvm2g','2019-10-25 07:05:55'),(2259,NULL,'v2c80u0cstkm1sr4u5vj2r1gsl','2019-10-25 07:05:56'),(2260,NULL,'eqsc1qom77kkuvic4d33sid60c','2019-10-27 02:22:19'),(2261,NULL,'gie242l1b975ecn28l69v8ecb4','2019-10-27 02:22:20'),(2262,NULL,'c9ikevkk1inid6o8rj64pch426','2019-10-27 02:22:21'),(2263,NULL,'q3u98q518fr1l6i1e6b47rki7e','2019-10-27 02:22:22'),(2264,NULL,'g21lqmu1ihnn03amf1jvq5diaf','2019-10-27 02:22:23'),(2265,NULL,'6f8bqghapdnhj7l6p7ktdcttpc','2019-10-27 02:22:24'),(2266,NULL,'ec3naakikg1vcq4eaj9748apvo','2019-10-27 02:22:24'),(2267,NULL,'hdc6n5l6cc1ko5cul0ng6jftgl','2019-10-27 02:22:25'),(2268,NULL,'3mmvhr97p5n3uheid2ht0smg9g','2019-10-27 02:22:26'),(2269,NULL,'pelskaedu7548oq4nk24sdpnu1','2019-10-27 02:22:27'),(2270,NULL,'02r9rb6f6hm2rq0lahsm6utr8h','2019-10-27 05:32:19'),(2271,NULL,'hqu13kbre45cjt6v28d72bfj1d','2019-10-28 15:30:54'),(2272,NULL,'6s6sjgekcsht300hf5qnkvlm1e','2019-10-28 15:30:55'),(2273,NULL,'50qb899f04lkkdaoe2jel91bm6','2019-10-28 15:30:56'),(2274,NULL,'3c3r5n1qqdt9fmfqtm237hr64m','2019-10-28 15:30:58'),(2275,NULL,'q4tjf17omv51ol594pu9bsp27a','2019-10-28 15:30:59'),(2276,NULL,'lpmilo17a6615s06tm9nnekj0b','2019-10-28 15:31:00'),(2277,NULL,'6n2q5ctmf58jjef9cfmg8ahi0q','2019-10-28 15:31:01'),(2278,NULL,'v5nvd2v29njitou1kkvrbdrqfe','2019-10-28 15:31:02'),(2279,NULL,'bbbip558v9r6qaueeq53b2o843','2019-10-29 05:44:20'),(2280,NULL,'6ovio6vaq7qrvlmnnjt8lgs9a9','2019-10-29 05:44:23'),(2281,NULL,'3mgqcv3t16qs9kjd2rhkli29pq','2019-10-29 05:44:24'),(2282,NULL,'23jlsghiutndu395s87qum97t8','2019-10-29 05:44:27'),(2283,NULL,'3k8163509l64u1vbd2p6s4vf4j','2019-10-29 05:44:28'),(2284,NULL,'9j4gkgt2001lgf116cmng6kn43','2019-10-29 05:44:28'),(2285,NULL,'5n0uc4jk6mfbcf7jjtl843kekv','2019-10-29 05:44:32'),(2286,NULL,'kcv1ff5rgoqndja2q11i1uhbn6','2019-10-29 05:44:34'),(2287,NULL,'gdbpbstnp91bc2afctfoav9879','2019-10-29 05:44:35'),(2288,NULL,'3h1sgeq9ndsa39uh00kph9p9g1','2019-11-03 01:32:49'),(2289,NULL,'tkh5pg6oi0uiksivfe98aq120k','2019-11-03 01:32:51'),(2290,NULL,'pm4h0eb1uojuv2aphjoh78hsld','2019-11-03 01:32:53'),(2291,NULL,'bohe8tmt8pubp26h2h34hhs52p','2019-11-03 01:32:55'),(2292,NULL,'4kv0j4kki6iq88vrbv5fuln2cg','2019-11-03 01:32:58'),(2293,NULL,'cm3jl1oe31d94e24i7hmj98omd','2019-11-03 01:32:59'),(2294,NULL,'kljpt4j5ti5a883bt5sgv20nih','2019-11-03 01:33:00'),(2295,NULL,'rb1rkn50osheaco264rb9m06fi','2019-11-03 01:33:01'),(2296,NULL,'a6644bdgtoiccnqbnaueldtikr','2019-11-03 01:33:04'),(2297,NULL,'ten43ubc43dsjve1k04b8f112r','2019-11-03 16:16:54'),(2298,NULL,'9cj7vu1m9umgjk805ugieivkin','2019-11-03 16:16:58'),(2299,NULL,'855ado9k31051oo8rd3suh5844','2019-11-03 16:17:02'),(2300,NULL,'ib7l6vfo8dg974ijdhjks6k2bq','2019-11-03 16:17:04'),(2301,NULL,'t7bmt1cf14uaj9ccitubcdht7j','2019-11-03 16:17:06'),(2302,NULL,'jjpif27grlhhlmmbbk1fcmcgdg','2019-11-03 16:17:07'),(2303,NULL,'obqbgudo48bvdfqjhugmbo9ofd','2019-11-03 16:17:11'),(2304,NULL,'4dr9225i81g633532vdqdviqaf','2019-11-03 16:17:11'),(2305,NULL,'b5d4h95dtpcj2sch5r2e24h3e4','2019-11-03 16:17:14'),(2306,NULL,'qsge1q03brshub5mvnd5h85evh','2019-11-09 14:09:29'),(2307,NULL,'bu6dr833o7847hnuhmn8uuiffv','2019-11-09 14:09:30'),(2308,NULL,'3msgl24k576b0srd9qkb4ptthn','2019-11-09 14:09:32'),(2309,NULL,'mied477jn9ri33gop3cpvcm4dq','2019-11-09 14:09:33'),(2310,NULL,'7jf7n7e3okr1qjl92iqjt3n2lf','2019-11-09 14:09:34'),(2311,NULL,'ha0v4o68l40clkss29qvrg2m8d','2019-11-09 14:09:35'),(2312,NULL,'a6c59svkpbtho9tdpi9h516kr6','2019-11-09 14:09:36'),(2313,NULL,'2h3pdl0kiucuq0cp1vn6ft0e5n','2019-11-09 14:09:37'),(2314,NULL,'eaf6lrp6f2s8ofvk4qevc7f0rc','2019-11-09 14:09:37'),(2315,NULL,'it8mddaf288jte2e35v4tf5lqg','2019-11-09 14:09:38'),(2316,NULL,'tiv1l66fivc5o2f7b82hamo3qi','2019-11-11 16:34:19'),(2317,NULL,'c6a6111ovt8h0bu77ltjr1nb2i','2019-11-11 16:34:20'),(2318,NULL,'2svp8ot65mhnrmvmshdl1u973e','2019-11-11 16:34:21'),(2319,NULL,'v8ri8lqan29kg9b9bq6r1or0qk','2019-11-11 16:34:22'),(2320,NULL,'7gj3la42ltln8tqfck2h70pq67','2019-11-11 16:34:22'),(2321,NULL,'d599ti98v0ti0fuj8ihtm4aflb','2019-11-11 16:34:23'),(2322,NULL,'3ii0j7ql5tf9vj4p42p535irlo','2019-11-11 16:34:23'),(2323,NULL,'s5pvtudtjrcogg2rmemhv4c5d9','2019-11-11 16:34:24'),(2324,NULL,'adbpvv8384v6tfff8gkmb20e11','2019-11-11 16:34:25'),(2325,NULL,'lqev7v32r3mt18cuc4a1lki1pb','2019-11-11 16:34:25'),(2326,NULL,'accpvlumikhlcbper9vkte1pu1','2019-11-12 22:16:03'),(2327,NULL,'kks0sn9er35is78921j831o310','2019-11-13 10:43:41'),(2328,NULL,'ahivgvntvr95n1ucglhq825kiu','2019-11-15 05:54:39'),(2329,NULL,'84ob5ba1f1gouqmvhjkfbdqsv0','2019-11-15 05:54:41'),(2330,NULL,'sijo1e17ip0anq4kvp6dp5igda','2019-11-15 05:54:42'),(2331,NULL,'qlefn6icf7mvqbolpmu61hj16r','2019-11-15 05:54:43'),(2332,NULL,'9rprj855of9bsli0vhgp7bco9t','2019-11-15 05:54:44'),(2333,NULL,'gbtrtdbuv4l0shl2kvpuimeoj0','2019-11-15 05:54:44'),(2334,NULL,'t6bkc598g1coqjaid2bkf5cs01','2019-11-15 05:54:45'),(2335,NULL,'qvm515p098prb707tjtqnokg5e','2019-11-15 05:54:46'),(2336,NULL,'aoa2tidrge87pqmpl16kbicjm0','2019-11-15 05:54:47'),(2337,NULL,'svlap0r00qp92faj4h4gk6pfkc','2019-11-15 05:54:47'),(2338,NULL,'au14pncbkpcp3prahpopgdjo31','2019-11-17 10:23:17'),(2339,NULL,'s4083qm5u34tigkdoqm766jqdm','2019-11-17 10:23:23'),(2340,NULL,'46s6rud20ajdbf1s40l4ftv8vm','2019-11-17 10:23:33'),(2341,NULL,'kmp6g3r7v3r9m5b4057opos2eh','2019-11-17 10:23:36'),(2342,NULL,'dvtsb2g6mmog5030r5s5ff31vu','2019-11-17 10:23:39'),(2343,NULL,'vd9ch54eojogt2acgc1r97slhl','2019-11-17 10:23:43'),(2344,NULL,'2h6pcndpqeakqtbl1pedftcil6','2019-11-17 10:23:47'),(2345,NULL,'99dggo46g79q876pdsvec7k3u2','2019-11-17 10:23:56'),(2346,NULL,'as1a4948lknf1dp07mmquh2kb6','2019-11-17 10:23:58'),(2347,NULL,'k458fksklg98bae12ap22sf5ah','2019-11-17 10:24:01'),(2348,NULL,'9siofr61cbf1p18l3a0u3ca0g4','2019-11-19 05:44:46'),(2349,NULL,'r95ulafk7casa5pdh7br4r7203','2019-11-19 05:44:47'),(2350,NULL,'84cchbilunsrqog811bpnei0km','2019-11-19 05:44:48'),(2351,NULL,'h8505q6i6al1vresbsmvsb4q6u','2019-11-19 05:44:48'),(2352,NULL,'9vcv8laa4qbtm5tqk0rb3lfs8r','2019-11-19 05:44:50'),(2353,NULL,'sgvg1j2h8n6ij38kljqf4cfm0l','2019-11-19 05:44:51'),(2354,NULL,'aiossnlk9s3qoc79b7lc2mb985','2019-11-19 05:44:52'),(2355,NULL,'dce8bpf2ofmgjf4f9stjgcb0a8','2019-11-19 05:44:53'),(2356,NULL,'0e0imkcjeukakqenhkrr6udvo4','2019-11-19 05:44:54'),(2357,NULL,'p5k49l3v3sfpea42u3g5p78e3m','2019-11-19 05:44:55'),(2358,NULL,'4c8n0pce9u6lvs063177m5jqui','2019-11-19 07:01:53'),(2359,NULL,'flejh8453g89gq7ut1oai1hbsh','2019-11-20 13:23:30'),(2360,NULL,'jpd7neur9jda123afon4tvve82','2019-11-24 17:11:31'),(2361,NULL,'af7qjbl4u1lodtk2dveuin5p9o','2019-11-24 17:11:31'),(2362,NULL,'r0ilvv1u1td1ngegvd3d5m0412','2019-11-24 17:11:32'),(2363,NULL,'77l2i05m0fboomadmtfleblqps','2019-11-24 17:11:33'),(2364,NULL,'3qqrdf9v2u5pk7gu6foir5imna','2019-11-24 17:11:33'),(2365,NULL,'4u7msg4q249a1738u7lnnjll3u','2019-11-24 17:11:34'),(2366,NULL,'gg396njo4juvrpv761c3m1560h','2019-11-24 17:11:35'),(2367,NULL,'8hns3jv07bm3ghh9jm8nh1d1e9','2019-11-24 17:11:35'),(2368,NULL,'efbso1dmd8uempv00c62uqn8q5','2019-11-24 17:11:36'),(2369,NULL,'q5of38n7m2p0dkec208lkscjn9','2019-11-24 17:11:36'),(2370,NULL,'co22nr9vphckmo007tlb1pl99d','2019-11-25 07:00:58'),(2371,NULL,'q74otcov2st5l6mlnms51s41ki','2019-11-25 07:01:00'),(2372,NULL,'l04e19uuc396rh9ipf8p6afhgq','2019-11-25 07:01:01'),(2373,NULL,'ci6t04fnggi0e6qbna8vlt6iq5','2019-11-25 07:01:04'),(2374,NULL,'rigl20lse5ohmmljjk5tmomrc3','2019-11-25 07:01:05'),(2375,NULL,'3ebon0893msdnpmsfum5tv1jcg','2019-11-25 07:01:06'),(2376,NULL,'cb65lrs1dnugeeniiqc1jau4tf','2019-11-25 07:01:08'),(2377,NULL,'binbebcm7rait25dj6oujdhnuv','2019-11-25 07:01:09'),(2378,NULL,'sqfef6oojfgg3i7lcqa3c605vu','2019-11-25 07:01:10'),(2379,NULL,'ct915vji546s76ke8qcii1c8v6','2019-11-25 11:13:00'),(2380,NULL,'bc8tmjc6onnarvil2q5737k4ri','2019-11-25 11:13:02'),(2381,NULL,'bq1rfjt6auhatbhn7bue0fn1kq','2019-11-25 11:13:03'),(2382,NULL,'qp2hd3jdqlrlm7uac1mtc8kjqn','2019-11-25 11:13:12'),(2383,NULL,'p7ve1fo3u0q7tpugo2mi18qqu8','2019-11-25 11:13:12'),(2384,NULL,'shbu40ol7iri0b34qvmenu099k','2019-11-25 11:13:13'),(2385,NULL,'rs7rdg957jtokptclmklpqrv6c','2019-11-25 11:13:14'),(2386,NULL,'is1gg7tn2137lck8mfeg2rgh7n','2019-11-25 11:13:14'),(2387,NULL,'idb6n6khuc960b629b04odn58c','2019-11-26 16:12:21'),(2388,NULL,'6kh69l4f1ng4uvcfv01s0ovt7n','2019-11-26 16:12:22'),(2389,NULL,'6j7lv6dqt2qkpn1ogj0703l2j7','2019-11-26 16:12:23'),(2390,NULL,'1qjukcsdhd78qv3qdhp4rejefr','2019-11-26 16:12:23'),(2391,NULL,'g9p7tqjvkju85rggkdi9mq2s85','2019-11-26 16:12:24'),(2392,NULL,'tj9n3ajth1mb5dg86rgt4ffgoh','2019-11-26 16:12:24'),(2393,NULL,'tpmcg0g35kssc3u83sififq8sd','2019-11-26 16:12:25'),(2394,NULL,'66o3fsrf5qokfnrqiiujjmfh7q','2019-11-26 16:12:26'),(2395,NULL,'bjb0hcvuhpv0brvq14aicea330','2019-11-26 16:12:26'),(2396,NULL,'uptl7m6cfe8u6f1c4421hs821k','2019-11-26 16:12:27'),(2397,NULL,'5gsp6g5ccq1je11l1r1chjd6iu','2019-11-28 12:50:33'),(2398,NULL,'cncgqcrqfobskglkt82c340s3i','2019-11-28 12:50:33'),(2399,NULL,'euucou7a5i1n5ehdib1ts9g77n','2019-11-28 12:50:34'),(2400,NULL,'k571e9gop5qtuopq2fch6mr85i','2019-11-28 12:50:35'),(2401,NULL,'7drlden8chb15mnqo9jv97k1bq','2019-11-28 12:50:36'),(2402,NULL,'sj0l7o478ue1nijmrg6ug8mtjr','2019-11-28 12:50:37'),(2403,NULL,'j3re66p2jtogqlq5p1gifq1s60','2019-11-28 12:50:37'),(2404,NULL,'tvudta1jj8f9ji0ur69h222si5','2019-11-28 12:50:38'),(2405,NULL,'vfk0176rrsb5cbf83da3b3fabt','2019-11-28 12:50:39'),(2406,NULL,'a4la2jajefe7djltk02e5qasnj','2019-11-28 12:50:40'),(2407,NULL,'23u4ht103ahlur9v01kq97dvv1','2019-11-29 21:05:43'),(2408,NULL,'2nm07184rnk8ttjkhgp9t9vt8t','2019-11-29 21:05:45'),(2409,NULL,'murhfbc59ahi8fo4eskntmcpf5','2019-11-29 21:05:46'),(2410,NULL,'6m0lc3rs5t792qf4iemvarhgvq','2019-11-29 21:05:47'),(2411,NULL,'bttcvq58o5n2vkmd6i0q40ppo0','2019-11-29 21:05:47'),(2412,NULL,'77hki6pnh9n1osuaijgi5an0b5','2019-11-29 21:05:49'),(2413,NULL,'7j3s2vogm62lcju60tmpnsfb5v','2019-11-29 21:05:50'),(2414,NULL,'5gvji5dvdncel882rnnh67aqr8','2019-11-29 21:05:51'),(2415,NULL,'mstslolofejk9hbn2viul2atar','2019-11-29 21:05:51'),(2416,NULL,'ub51qsttajmkj8t0ob8g9vhpis','2019-12-01 02:17:22'),(2417,NULL,'a2g0cvj5klfjh3ocltju8prreh','2019-12-02 16:21:20'),(2418,NULL,'flp2s6lbrujlfnr6m1qp12ab7c','2019-12-02 16:21:21'),(2419,NULL,'0dbo540qnkm2ru1hk498c0pnh8','2019-12-02 16:21:23'),(2420,NULL,'0hjfhlbr09d5lftrch3sssdenk','2019-12-02 16:21:23'),(2421,NULL,'9qlav1301l9jhnn7laaot711og','2019-12-02 16:21:24'),(2422,NULL,'klt8pakpnndts34eklv2129ch9','2019-12-02 16:21:25'),(2423,NULL,'982n0gdm815mr1gp8nhh347s4p','2019-12-02 16:21:26'),(2424,NULL,'i64ti0m2m273ubdkojkjicvdm4','2019-12-02 16:21:27'),(2425,NULL,'2f4e6bnsp58jubs75cd8o5o48i','2019-12-02 16:21:28'),(2426,NULL,'u48rq4a59s3v6l2fff5pdokvp9','2019-12-02 16:21:28'),(2427,NULL,'qk4khabikrgcv34rqn6gcvplqk','2019-12-02 22:30:50'),(2428,NULL,'jl34hevhjq5n5pc5e9mnjcnbnq','2019-12-02 22:30:51'),(2429,NULL,'2m3k5u5igdi5b26o2bc74nth4q','2019-12-02 22:30:53'),(2430,NULL,'u6pr6d9titesl9rvg2ai0bfj5s','2019-12-02 22:30:55'),(2431,NULL,'c87ikf8ln024r358425j6qr07f','2019-12-02 22:30:56'),(2432,NULL,'hi9uitjeloi9at0k8vc4ekl935','2019-12-02 22:30:57'),(2433,NULL,'fr77cav1g6u199ip4905j4e93g','2019-12-02 22:30:58'),(2434,NULL,'beuai5pdo5gc4e79ijnuk11vfa','2019-12-02 22:30:59'),(2435,NULL,'chpp1fh9id0rdkq0lb9dppk58r','2019-12-02 22:31:00'),(2436,NULL,'8fnpgnkivt14e695im9rps4gve','2019-12-07 11:31:46'),(2437,NULL,'6dfd9k5qimrd726td5uii0762g','2019-12-07 13:55:14'),(2438,NULL,'q84a3nnfsbjlj4obv14equh8b7','2019-12-07 13:55:17'),(2439,NULL,'ju5mrmkfl2us3a25d8kopgtnbf','2019-12-07 13:55:21'),(2440,NULL,'cqjblrrco61i9jrcc70u268ktj','2019-12-07 13:55:22'),(2441,NULL,'4budo3r1sb7vlip85b2bejj909','2019-12-07 13:55:24'),(2442,NULL,'6oi3p31mbe0asme9oaq9beqgj2','2019-12-07 13:55:25'),(2443,NULL,'8n9bqo9n8d94hudfnibjf44uqi','2019-12-07 13:55:29'),(2444,NULL,'rcnd0jinfkmt8anlin4irv2c2l','2019-12-07 13:55:30'),(2445,NULL,'e9qsjq20ug5bvrsp65tq5onjeh','2019-12-07 19:03:06'),(2446,NULL,'roaqe8lf0622qdptnl94mlk0et','2019-12-09 03:48:59'),(2447,NULL,'p866nd6ii0f9bifjip3kb9ak4q','2019-12-09 03:49:00'),(2448,NULL,'snqbf69ntilfi8sfp12i4km5v1','2019-12-09 03:49:02'),(2449,NULL,'9oiemr5js183kni4ntvnq376pt','2019-12-09 03:49:03'),(2450,NULL,'he2tsssuecebomtaem2q2mj9nj','2019-12-09 03:49:03'),(2451,NULL,'v6isushelbqm7tvjujq7rrn9vk','2019-12-09 03:49:06'),(2452,NULL,'pti62l9iku49cjvv09vdd60na0','2019-12-09 03:49:06'),(2453,NULL,'53qbsr7u39h30b0rrnb5dou366','2019-12-09 03:49:07'),(2454,NULL,'tno1simc6vtu0g41o07mq55a8c','2019-12-09 03:49:08'),(2455,NULL,'aiqodlkenb4i8rkbf0ndm73s4a','2019-12-09 09:57:39'),(2456,NULL,'147m1ip406crudjc5qsgsdacu8','2019-12-09 09:57:40'),(2457,NULL,'1mcripbv585crfovtopprsehj7','2019-12-09 09:57:42'),(2458,NULL,'bsml32kripil7t8lr9q72t9geu','2019-12-09 09:57:43'),(2459,NULL,'fi6t39c3na06n5gcdpmcsdjhns','2019-12-09 09:57:44'),(2460,NULL,'89e286m0c411fq1af2ftoe4m9i','2019-12-09 09:57:47'),(2461,NULL,'am6u3ok6rf7liktmjnon4cagmk','2019-12-09 09:57:47'),(2462,NULL,'diavf08j0a76qco7ord6cn2mnc','2019-12-09 09:57:49'),(2463,NULL,'ijfi0ukpg50j9ovhvtsil1h8av','2019-12-09 09:57:50'),(2464,NULL,'4aaha1ptop53l68rs1a050tjms','2019-12-09 09:57:51'),(2465,NULL,'jo1bvmir3jjei85nhu6k8mkfqc','2019-12-09 11:16:13'),(2466,NULL,'5ju6tnusuu579m3dgs3vpvjalf','2019-12-09 13:00:42'),(2467,NULL,'9lq8a2p6b5g5cr3paoflml2bl7','2019-12-13 10:09:58'),(2468,NULL,'mh8n8088ld20lipu062s3161mh','2019-12-13 11:28:23'),(2469,NULL,'asr39n04aid4bvd71ur5ofl93s','2019-12-15 18:45:05'),(2470,NULL,'5i1gc512i530kirvlbom8hnnp7','2019-12-15 18:45:08'),(2471,NULL,'ulbe5lsa2u02anvgnm6hr19n1k','2019-12-15 18:45:10'),(2472,NULL,'fgo751djv2ghob57nuc7qot3f7','2019-12-15 18:45:14'),(2473,NULL,'2plr0qgfkr1ftihqordrvt0st5','2019-12-15 18:45:16'),(2474,NULL,'j1fs926u8ghbthvhbh7dg3mu7c','2019-12-15 18:45:20'),(2475,NULL,'a65gfcs1fu22mg0pi3jk0f9m8s','2019-12-15 18:45:21'),(2476,NULL,'pds881pu3k9fgm0kam3ho8nqvg','2019-12-15 18:45:22'),(2477,NULL,'gtiok8rrdsvng2kl3ffskh4ta9','2019-12-16 09:26:43'),(2478,NULL,'tmf86b67pr4j6675qu3vf6i86a','2019-12-16 13:00:46'),(2479,NULL,'lo7ig7nod58jhd6d5dr4ki71vn','2019-12-16 13:00:46'),(2480,NULL,'ldnff40cc7gtiulmo5l6e0oeum','2019-12-16 13:00:50'),(2481,NULL,'kfk3idmrk3njak87el4br1jl4v','2019-12-16 13:00:50'),(2482,NULL,'4q424u6935m2kjdqhlg78mbsvo','2019-12-16 13:00:53'),(2483,NULL,'1kutscs5cbv6dnkohi03revvqp','2019-12-16 13:00:54'),(2484,NULL,'kc8oki2shk01ehq6qih81k7nj4','2019-12-16 13:00:57'),(2485,NULL,'fcst48jlbb33k8jvdtm3cqhemj','2019-12-16 13:00:58'),(2486,NULL,'kqa76hkbcseucq7r5t2du8mpl9','2019-12-16 13:01:01'),(2487,NULL,'n2bae6lk0i1v7mbfof32r1csuc','2019-12-16 13:01:02'),(2488,NULL,'ou7eiq0p0u2ebofps9abgaa8m1','2019-12-17 09:29:55'),(2489,NULL,'qn116jtuf5h2t01e79fp97ur1g','2019-12-20 11:40:32'),(2490,NULL,'9ov25dpd5ivon4kf6jnqjm9eim','2019-12-20 11:40:34'),(2491,NULL,'47juj8g9trfkmnr6qeevnfn6rm','2019-12-20 11:40:43'),(2492,NULL,'er8spujs09rvf8luerja08cub3','2019-12-20 11:40:43'),(2493,NULL,'aq51hn3sr9sa7ubeas9u23r074','2019-12-20 11:40:45'),(2494,NULL,'n5trdiu1kgp3j2ckv8v5ai6jn9','2019-12-20 11:40:49'),(2495,NULL,'1iu62us29vk5th14q55rc3416m','2019-12-20 11:40:50'),(2496,NULL,'gddeisvv5gveti6vh68dk3so1i','2019-12-20 11:40:55'),(2497,NULL,'i5q78bfj9prg5b18ic7meitv24','2019-12-20 11:40:56'),(2498,NULL,'umo26mgrq0fp5hv4hsmd78ppol','2019-12-20 11:40:58'),(2499,NULL,'2rbe1r2ibp97gn6g5dg6dgleka','2019-12-21 12:53:35'),(2500,NULL,'2t5n7nffmf58spi1jlhrshll9o','2019-12-21 12:53:36'),(2501,NULL,'tgrpufdsdomi6306i1c2kpt8ri','2019-12-21 12:53:37'),(2502,NULL,'pk4a14r7vr68fu11lbegtc1tkv','2019-12-21 12:53:37'),(2503,NULL,'mb0m2oklnj3al8jefst7igcqt7','2019-12-21 12:53:38'),(2504,NULL,'e55fnl89op6te6jgu69a7i3du4','2019-12-21 12:53:38'),(2505,NULL,'u86vcb3tnavbgqmdqv5vlk7iu9','2019-12-21 12:53:40'),(2506,NULL,'sgh51rpnlrhreh5v0joq8i6f77','2019-12-21 12:53:40'),(2507,NULL,'a6m7iurujmn1ushqs98oqdna57','2019-12-21 12:53:41'),(2508,NULL,'v15nk3klln9uugjg01vroqc5dr','2019-12-21 12:53:42'),(2509,NULL,'8r453a2mjetlju5fpmmjhqe93u','2019-12-22 19:26:47'),(2510,NULL,'99i6q64tj379bv2a2u81nrr0ak','2019-12-22 19:26:51'),(2511,NULL,'uafef3fa5k3p35p6ojv9dlq3o9','2019-12-22 19:26:52'),(2512,NULL,'6pb9g103qstr00ajfl7eblsauk','2019-12-22 19:26:55'),(2513,NULL,'a8jndpdjavobddbgp4pv31vma4','2019-12-22 19:26:56'),(2514,NULL,'ir0glge7hsnitki7p8ue02ie3g','2019-12-22 19:26:57'),(2515,NULL,'5fpo5irhpl03lr0oetth0n8sl2','2019-12-22 19:26:57'),(2516,NULL,'9otqrti8cfoeei6nvar1e525mi','2019-12-22 19:26:59'),(2517,NULL,'i2bsruoq1s1etb198b8turf0ff','2019-12-22 19:27:03'),(2518,NULL,'uo989epc0sqelapqsv6ev9a7fn','2019-12-24 16:13:37'),(2519,NULL,'ar9gis7scp8g3pps54gr80rbqp','2019-12-24 16:13:39'),(2520,NULL,'vs1u1bjhaljum18odaje8go28a','2019-12-24 16:13:40'),(2521,NULL,'lur9d3tcg2egj33fkq8fat016o','2019-12-24 16:13:40'),(2522,NULL,'p3j8oqn6ssfh623qpq7erk2uam','2019-12-24 16:13:41'),(2523,NULL,'pekqg6ch8fjrr0dtd9ecbrghud','2019-12-24 16:13:41'),(2524,NULL,'ra0p4pi81iauke2uktpcgemdo7','2019-12-24 16:13:42'),(2525,NULL,'1tjofbrtm63vm716v6njr7pg1p','2019-12-24 16:13:43'),(2526,NULL,'tiqm7mu9lhfku31knr991mg3c9','2019-12-24 16:13:47'),(2527,NULL,'99cb8bc7slj6bqikip6fatbeei','2019-12-24 21:21:54'),(2528,NULL,'suneb0mn4ec65jk835fsiqvpnm','2019-12-24 21:21:55'),(2529,NULL,'vl9c2u6p8ua9hfj87u6rjtpjf0','2019-12-24 21:22:02'),(2530,NULL,'5d2dvbst7geounrn53r2fkf7d3','2019-12-24 21:22:02'),(2531,NULL,'4hkj1p1s3g3i9vut0257mvrgfc','2019-12-24 21:22:06'),(2532,NULL,'bvampt917u0ri1s5utsv2c6esg','2019-12-24 21:22:11'),(2533,NULL,'3mo041m1q83l4l0d02944o20pf','2019-12-24 21:22:11'),(2534,NULL,'86e65hphq5cnbtv2i840c0r4t5','2019-12-24 21:22:14'),(2535,NULL,'cm758c5ftg6va315stodf5muvk','2019-12-24 21:22:15'),(2536,NULL,'ef3vh0jav5cj11v7n3nka7t3ik','2019-12-24 21:22:16'),(2537,NULL,'50d8j3k4kjbcgacp2q6c4mmcj4','2019-12-28 03:49:38'),(2538,NULL,'o5cqgqc3dljft6rdtv9pjohe8g','2019-12-28 05:08:01'),(2539,NULL,'vei3li7l5gous8gihgh4i8cvjj','2019-12-28 05:08:03'),(2540,NULL,'a99uad1tragrfe5hplr9l5954c','2019-12-28 05:08:04'),(2541,NULL,'j466q4g1ci1a9qrvahuosqhb1b','2019-12-28 05:08:11'),(2542,NULL,'vkana699nl9cbq8nus08lonhq9','2019-12-28 05:08:11'),(2543,NULL,'l393pfvequv31ci6u845orct72','2019-12-28 05:08:15'),(2544,NULL,'6ilef9or7bjgve9bpfrn5q0roq','2019-12-28 05:08:23'),(2545,NULL,'5l8q1nvu0rm6k7ig0srkos70o7','2019-12-28 05:08:23'),(2546,NULL,'db4m7s1qjhudofubblbofd2p0i','2019-12-28 05:08:27'),(2547,NULL,'nim362vsc8701pv2jhb7dp6q44','2019-12-28 07:04:49'),(2548,NULL,'75897o8cvuhgti0oj8t82c7jlj','2020-01-02 05:22:58'),(2549,NULL,'eovcbjhl5vvk7oshibg1tr0q0g','2020-01-03 02:55:54'),(2550,NULL,'74h5qlfc2qst91q5pcnbbgkat6','2020-01-04 22:49:53'),(2551,NULL,'0rfgn48sik4ktefpg453u0iphq','2020-01-04 22:50:20'),(2552,NULL,'elfpf4gikvrlhe0mk4265rpr8u','2020-01-04 22:50:21'),(2553,NULL,'5i0m0325048ud9f3l02vu8iqk1','2020-01-04 22:50:22'),(2554,NULL,'jp0hp9a4fg16uthivhk60kfriu','2020-01-05 03:51:45'),(2555,NULL,'evsdr19eso15vb0db4kdj9nd6n','2020-01-05 03:51:46'),(2556,NULL,'jkn6i5tkctg0q33gmq0t8hurs6','2020-01-05 03:51:50'),(2557,NULL,'801tup854kurgbbdq1150l43o4','2020-01-05 03:52:00'),(2558,NULL,'ps0d8t1k5q61lapc7tahenn8rq','2020-01-05 03:52:01'),(2559,NULL,'7jl7cbja9bdgj8b6tho1ethigt','2020-01-05 03:52:02'),(2560,NULL,'uihbojifv29uh1ctlfrr90nij5','2020-01-05 03:52:03'),(2561,NULL,'2vfkujv6k101eopvjuktdj39pj','2020-01-05 04:06:00'),(2562,NULL,'vj1qg6klscke5v0hhbut3ua0jc','2020-01-05 04:06:03'),(2563,NULL,'2r9o5ktpi1r7p63ivhd579po1r','2020-01-05 04:06:06'),(2564,NULL,'riq3foiofkoimg4f7g09aihbp3','2020-01-05 04:06:07'),(2565,NULL,'tulqf22aa3qk6s9iqtt0gqn5qq','2020-01-05 04:06:07'),(2566,NULL,'lgpj60gtf2gafi6c6gjqllesml','2020-01-05 04:06:11'),(2567,NULL,'p1i266bsljcoisl863ic4v42kp','2020-01-05 04:06:11'),(2568,NULL,'k167en984t46gfon6ei4fnvobl','2020-01-05 04:06:12'),(2569,NULL,'h7q8qp0o73k590v88hnhimuj2l','2020-01-10 05:34:21'),(2570,NULL,'9nsrq6l871pvo2pf8t1qt73itt','2020-01-10 05:34:22'),(2571,NULL,'5f0lel95igcojat81nrp1c08om','2020-01-10 05:34:23'),(2572,NULL,'av193o7ek78p17kkpnnqrvge5q','2020-01-10 05:34:25'),(2573,NULL,'kkb24vcmho3l402so81qf0p7r4','2020-01-10 05:34:27'),(2574,NULL,'52m2evfj5k3jss2t29esbo6nf9','2020-01-10 05:34:28'),(2575,NULL,'pv79kvl99d5sjh9fvoqucs13jr','2020-01-10 05:34:33'),(2576,NULL,'m0d7bjbvejptdi1ebk06fu8a90','2020-01-10 05:34:35'),(2577,NULL,'9g52m9prid1p46aeb5no82fopd','2020-01-10 05:34:35'),(2578,NULL,'9lr9ss3qlldhgk1uq722iikj0f','2020-01-12 21:09:45'),(2579,NULL,'jpgbvlrl5dv0jofauln4gn67d2','2020-01-12 21:09:46'),(2580,NULL,'d1mfb6uevfhsofu1afc99jb75n','2020-01-12 21:09:47'),(2581,NULL,'0mn1iogmm8ov88i2vo8teq57ib','2020-01-12 21:09:47'),(2582,NULL,'rrkuf2dnt06p18gi99l9l2evvr','2020-01-12 21:09:50'),(2583,NULL,'6cq1ukjemvsuuq5gc4htrn0qok','2020-01-12 21:09:50'),(2584,NULL,'tos79am9pgfs3bda2fdo4156jo','2020-01-12 21:09:51'),(2585,NULL,'sii4o6n5j0233kitc4okcj5iio','2020-01-12 21:09:52'),(2586,NULL,'1m0usn1p55i3hjj7p253fitgpa','2020-01-12 21:09:53'),(2587,NULL,'34j9nfg3mg238dou346ol9mob0','2020-01-17 05:08:55'),(2588,NULL,'8vlm5udud9fefor2vst20tatsb','2020-01-25 05:10:15'),(2589,NULL,'99hdnos7hi73dp0c1oo7nlo67b','2020-01-27 04:05:07'),(2590,NULL,'gbpl4t21clf3ue8849ueme1nrp','2020-01-27 04:05:13'),(2591,NULL,'dsd4sl5p01e61jfq7d8u2m04a6','2020-01-27 13:15:58'),(2592,NULL,'egcsn6m2nf09o4neq563pnro13','2020-01-30 01:48:05'),(2593,NULL,'5ppnp6geqd17g2d0rosgaqacd3','2020-01-30 01:48:07'),(2594,NULL,'efij4larlkf1v9foh6tr57699a','2020-01-31 05:39:12'),(2595,NULL,'7agmgqglon5ccj4cgl9pq830ig','2020-01-31 19:39:21'),(2596,NULL,'p344jr861s5fblehv4l9o67b93','2020-01-31 19:39:26'),(2597,NULL,'u4f6t0spb9ps84h2rfl6u856m0','2020-02-01 00:47:25'),(2598,NULL,'hg63kaflqen1jt9evsblo013e4','2020-02-01 08:54:54'),(2599,NULL,'nvdt1mo6k3ftr32hnlvuc2t5al','2020-02-04 17:08:51'),(2600,NULL,'ttj14b04h0komth6m275te72qq','2020-02-04 17:51:10'),(2601,NULL,'pfsj9fu3qdj8narhu77rlcejs7','2020-02-05 00:32:55'),(2602,NULL,'s035lje90ojfl2psndm4pd1ha9','2020-02-06 00:56:49'),(2603,NULL,'6509h1303d5c5s36q4de143pem','2020-02-08 12:16:10'),(2604,NULL,'kpd77s6qtm5o011v6kgo1ltguk','2020-02-08 20:31:52'),(2605,NULL,'912ltuhmge2tndsi3t0e1voqec','2020-02-09 11:43:25'),(2606,NULL,'ervsa01lvnnhsd6u4hfjj0hheq','2020-02-09 23:30:22'),(2607,NULL,'8k95961a822djcl5158jivlan8','2020-02-11 13:11:44'),(2608,NULL,'8scm20qi88flh9eh121697i96b','2020-02-13 07:16:39'),(2609,NULL,'2kpsdt4odhn12p1kdue5gk0ecs','2020-02-15 07:15:08'),(2610,NULL,'3uqpfcdfh2hndqm2vl4gacjpe7','2020-02-15 16:32:24'),(2611,NULL,'ob1guc686lbrcip45tk145q0uq','2020-02-15 16:32:26'),(2612,NULL,'e9k8gcl0jdenm92t9eplcbqus4','2020-02-16 05:15:44'),(2613,NULL,'pej9mbae1vecd516t3ogc05ql4','2020-02-16 15:01:52'),(2614,NULL,'d0g45pb2rg6o7nl296stdnj05i','2020-02-16 22:27:40'),(2615,NULL,'77os1ke602apd9eka7p7t1h8nq','2020-02-17 19:42:27'),(2616,NULL,'1v6atiork8uc59pqvoqg8bai39','2020-02-18 19:59:24'),(2617,NULL,'k2mfutb22c2bc2to53phbd4gvp','2020-02-18 19:59:28'),(2618,NULL,'4bh1ne4sc2cufdqvc8a0h8ebhp','2020-02-19 02:20:58'),(2619,NULL,'lk79ej4fijcq4ruip2bi9ihvee','2020-02-19 10:55:12'),(2620,NULL,'b8ned9tffoee5r4apkecl1dd2b','2020-02-25 16:07:39'),(2621,NULL,'97gvtp94q54onnnoqq6e7b89td','2020-02-25 18:59:26'),(2622,NULL,'1j5v5a8ojll9houqjcj6gc6mdt','2020-02-25 22:53:28'),(2623,NULL,'i951the3sl1mfjpa9vqmo28jlh','2020-02-26 12:55:23'),(2624,NULL,'5m9rdijumkmucp1gjrlmq04hi4','2020-02-26 17:40:28'),(2625,NULL,'hdhke3fi75mqtnq3eg36cj9op5','2020-02-27 07:54:21'),(2626,NULL,'ojl76cuqfls3dedco3nephfqvn','2020-02-27 15:33:13'),(2627,NULL,'m52lsvefch5tig0q5ls9v4fal1','2020-02-27 20:13:08'),(2628,NULL,'eljgm46btejjulpn4v5vabc90a','2020-02-28 08:09:45'),(2629,NULL,'m3m4rjnffglaabb96vqafs1vml','2020-02-29 12:22:11'),(2630,NULL,'21kl8hv4s78o25vfkla1d28p7r','2020-02-29 14:39:32'),(2631,NULL,'dgpoumcvrimivestsldd3qifhp','2020-02-29 14:39:37'),(2632,NULL,'tn0d68ljivleva8sokraam776g','2020-02-29 18:13:19'),(2633,NULL,'2co0fa2hmm086ne75cvlk26pnc','2020-03-01 07:06:20'),(2634,NULL,'lu6htmtmt469th0qgfgadfajgb','2020-03-02 15:53:56'),(2635,NULL,'2qgffit1jh24dlc6pieoctajpe','2020-03-03 12:47:00'),(2636,NULL,'p87mnhqoku13evj1h8lmkt22n9','2020-03-03 16:20:25'),(2637,NULL,'kib9i1lf12i4953b6fht2dkir2','2020-03-03 17:05:55'),(2638,NULL,'8oi40j15qo38lq0tactomrrqgd','2020-03-04 12:07:54'),(2639,NULL,'iamrjkmtfp9js0nhcotpcs6b13','2020-03-04 12:15:13'),(2640,NULL,'rcmehur8iavv2raqvt9cq095d1','2020-03-04 12:43:03'),(2641,NULL,'m8akuqlbc7pgla09i2l05godgj','2020-03-04 12:54:07'),(2642,6,'efj949lmqm2mgcgshpdd74kh6s','2020-03-05 15:56:03'),(2643,NULL,'k65dej9b6jn6h7jpc8lujes608','2020-03-06 12:40:27'),(2644,NULL,'crpgq5k04136np5vil5et9o3i5','2020-03-06 18:28:37'),(2645,NULL,'37ct96l7f0fpftcgai1df4quos','2020-03-07 20:56:41'),(2646,NULL,'oai95l25q339pl0f3o2caojr0f','2020-03-08 05:54:19'),(2647,NULL,'ke59baturk4qitnfu7v2u64gpj','2020-03-08 15:08:06'),(2648,4,'jtebpql8b6eitbv1lscfi04rb0','2020-03-08 19:54:52'),(2649,NULL,'sk7kocrspb8866hk8hd6hrpv9f','2020-03-08 20:55:05'),(2650,NULL,'d9m6s0h6io9s95odsd1rurn8pr','2020-03-09 05:05:15'),(2651,NULL,'s94aqc9jp5sb09c23md2t80bcg','2020-03-09 05:05:17'),(2652,NULL,'gnm2idhldleqsf05rpv0r4v2gb','2020-03-09 13:06:53'),(2653,NULL,'e8pvbthare8nhpgfm2dhfa28a4','2020-03-10 01:15:38'),(2654,NULL,'0gjuhqbe8lb59una5te6up2kd6','2020-03-10 01:15:40'),(2655,NULL,'8t33ge5ahm4he4u3filqim9d81','2020-03-10 07:30:23'),(2656,NULL,'agf98j3i37jlv52l0tmfabg1s4','2020-03-10 07:30:25'),(2657,NULL,'olpgpj5k5qfrk23akhuv51tdn7','2020-03-10 14:48:10'),(2658,NULL,'um4b6dltsn9d9dgjv0eeridn58','2020-03-10 16:45:01'),(2659,NULL,'emgntpl64spmmdufuolkdcl4i7','2020-03-10 23:34:06'),(2660,NULL,'4req0tu4m08ht1j1u5l9n41pq1','2020-03-11 06:53:50'),(2661,NULL,'27pjrloq467umh126gkb8a5hbl','2020-03-11 09:17:08'),(2662,NULL,'nf8c1a0l9mof1au2inanniuncf','2020-03-11 15:07:35'),(2663,NULL,'ujj51t4fs73fuo1hc4u5iuang6','2020-03-11 15:22:56'),(2664,NULL,'ab3cs49q35ct1n0fh6d7qercou','2020-03-11 22:42:46'),(2665,NULL,'63bm68oqponsjticfdrc7ohqfb','2020-03-12 04:17:47'),(2666,NULL,'ivasd6c2rc0a9v9jof4hqpl6ml','2020-03-12 08:25:13'),(2667,NULL,'j9au8u4fj12o2oljc4n6j9jimr','2020-03-12 08:25:16'),(2668,NULL,'648qk45rrpr0mkf88jtdfp2d6p','2020-03-12 13:16:49'),(2669,NULL,'9jda0ad2c27761mo3d40ei43g8','2020-03-12 17:51:03'),(2670,NULL,'us0mos42f6jrcut55da7kvhqlh','2020-03-12 19:45:50'),(2671,NULL,'b2u7al3499srjp07tapcf1mo6t','2020-03-13 00:13:37'),(2672,NULL,'d3ia53eua8bhlstm2m30q8v75i','2020-03-13 08:13:39'),(2673,NULL,'80ddc1fhbn1qsitfmprhatfkmj','2020-03-13 16:20:24'),(2674,NULL,'hvdqs7jo3e8sqqs46070nucp2f','2020-03-13 23:44:32'),(2675,NULL,'sqvsthc1kvb7ipnk2ius5nn7fn','2020-03-14 03:56:23'),(2676,NULL,'4vejekj5u15djaalfg8amrnj3n','2020-03-14 07:37:51'),(2677,7,'rtgnoldcvsihkf9dfn68j1id2f','2020-03-14 14:17:12'),(2678,NULL,'gdbkjlo0h9jtkl2o8lst48fhce','2020-03-14 15:46:31'),(2679,NULL,'ch0v8tvrl47vr9f4h56jh9ic8i','2020-03-14 23:12:41'),(2680,NULL,'f6k33hpluu6uh88tihvc58n968','2020-03-14 23:20:18'),(2681,NULL,'2nelac4lnc9980not97sf2c4g9','2020-03-16 01:19:57'),(2682,NULL,'rkf0tvn6vq5lnbqnj7kpdplv6g','2020-03-16 03:37:57'),(2683,NULL,'7nsnqnfrn7j0nj9vsqtsdp8rvi','2020-03-16 08:50:01'),(2684,NULL,'fp19qudtlke3bjh1gl0kneds5g','2020-03-16 11:12:40'),(2685,NULL,'oau2tjknr6r17v33hg4u0kd3lu','2020-03-16 11:12:46'),(2686,NULL,'jv9f9tn4cf8fvaek0ig08pqf9s','2020-03-16 16:59:39'),(2687,NULL,'b0f367drb7k0c4gid5v0kivmuk','2020-03-16 17:14:07'),(2688,NULL,'eecjp8eb50fd42ceta222fq7qi','2020-03-16 17:30:08'),(2689,NULL,'ruvp2fphngbfd77gf5mn3trc2e','2020-03-17 00:55:52'),(2690,NULL,'s4injgnhrhq8ecsd5eq37pdd49','2020-03-17 03:16:21'),(2691,NULL,'fq3pird8qk6ov9tah152sbvnle','2020-03-17 11:04:58'),(2692,7,'7krg46kl8nfuobu5qd9hu41l3b','2020-03-17 17:05:28'),(2693,7,'mr26s8miemse88dchdqf4ef8cg','2020-03-17 17:35:33'),(2694,NULL,'oach8ubt6deqh1efccg168j6gj','2020-03-17 17:24:42'),(2695,NULL,'snn3e70u95pije579caabcuqau','2020-03-18 01:13:54'),(2696,NULL,'qet6h81jj08s07mkcvs6le05v2','2020-03-18 09:15:37'),(2697,NULL,'1bvp96vurutmce3cqirgkpuofn','2020-03-18 10:53:02'),(2698,7,'ti690cvplprnrtnjc17qfor27e','2020-03-18 11:17:55'),(2699,NULL,'97haqbaflndrn4jcln9bj51j3n','2020-03-18 11:20:52'),(2700,7,'dd1rn2231jpnr1el2hf6bcg47u','2020-03-18 11:24:15'),(2701,NULL,'8ftlbulticptea2ihab5vr6nqp','2020-03-18 11:52:53'),(2702,NULL,'sscch9kv9hv1pv8rlq0h0kkai6','2020-03-18 11:52:58'),(2703,NULL,'9666blqkg2efdp6oqj6u29096k','2020-03-18 17:03:07'),(2704,NULL,'0u84s1plqf45jsn8aohs0gq1fi','2020-03-18 23:39:02'),(2705,NULL,'n9o9118mihbg6gtkkls22ccquu','2020-03-19 01:13:23'),(2706,7,'onufcpfqqm68v7n52l8qi8iuql','2020-03-19 01:54:19'),(2707,NULL,'e2aicposfqhqm5h6rmspl1bavf','2020-03-19 03:45:17'),(2708,7,'nsgiritcgbqth4kkok6s6q4qn1','2020-03-19 12:49:51'),(2709,7,'n99mq1fcsipjitc1ug220vsg9h','2020-03-19 06:02:26'),(2710,NULL,'816fqr6c64rte7phv6h7aa5h3k','2020-03-19 09:06:05'),(2711,7,'62nipj7b9bqod4p6lvjjerjd68','2020-03-19 10:12:56'),(2712,7,'2jikvbp2cfdojlvotfkbald0og','2020-03-19 12:18:10'),(2713,7,'cevkpa25c026gv3i472cgm3eb3','2020-03-19 12:52:23'),(2714,7,'vnrr67fgkrfgacs52og6jgj3hh','2020-03-19 12:52:24'),(2715,7,'6goq4tjbvdnp21km5o7h0j1dme','2020-03-19 14:11:19'),(2716,7,'pq8r0o3vu93gifeb9lrtqp5gco','2020-03-19 15:10:57'),(2717,7,'q8f7vpq7k4kfe0mmg4vpeni5fk','2020-03-19 14:07:41'),(2718,6,'rh5ndopmurrvoltji5q1sdv1v5','2020-03-19 14:58:06'),(2719,6,'gema8g7sbf38ql4p5pic4255ld','2020-03-19 18:58:39'),(2720,7,'2fnjcuuhg1u2vjqm38geo2bci8','2020-03-19 19:19:00'),(2721,7,'ap69aeut2vk8a8o1qkeom5a8lt','2020-03-19 20:10:06'),(2722,7,'sde913ifmlhp2ubi2184s3is3d','2020-03-19 20:06:58'),(2723,7,'q2ckgunrdu7jep7ghaj615aj9n','2020-03-20 05:58:30'),(2724,NULL,'ibigrameadu78tsuqe9ege2qju','2020-03-20 10:48:25'),(2725,NULL,'ug865vvsnjvd8p2ile3c8fkat0','2020-03-20 11:48:10'),(2726,7,'mvqml4l3vfjstnbbpbqutjomas','2020-03-20 16:44:12'),(2727,7,'havdigttsv5ocoqvtp9pbu5o2t','2020-03-20 16:24:53'),(2728,7,'nocfjklvgn8g95lsj85rbcmn71','2020-03-20 18:30:39'),(2729,NULL,'ksnkqv2g403htfhk68n2bsm195','2020-03-20 19:23:31'),(2730,NULL,'m3qqd803ggcphtd6neqifhbrkr','2020-03-21 02:50:11'),(2731,NULL,'0b9j1ahn082nmqcomneg396ia0','2020-03-21 12:59:45'),(2732,NULL,'82av51psn9pd41apslqk056g9u','2020-03-21 15:44:05'),(2733,NULL,'7139plpkg8vu8qb67jtkj9fnqn','2020-03-21 23:21:43'),(2734,NULL,'rlrrebd8ueemqt7evkru06g7tk','2020-03-22 00:39:10'),(2735,NULL,'ccis18nmpmq5i1eb5a44vaduq5','2020-03-22 06:52:55'),(2736,NULL,'4rqh5osqpilnhr4pemo3t2ki4j','2020-03-22 17:56:44'),(2737,NULL,'acig2m1cmjd93kfecqcgb8dpl6','2020-03-22 23:36:52'),(2738,7,'gamgr3c367pqj5t5m1hs88to2o','2020-03-23 12:44:30'),(2739,7,'4kkhehmq42v1cohrc8ajt7c7t2','2020-03-23 12:04:57'),(2740,NULL,'3amfnhoa5rfmavecgulencobth','2020-03-23 15:35:58'),(2741,NULL,'253fesafd6pvm86t4ubur4nt82','2020-03-23 23:14:18'),(2742,NULL,'7ft51fi4jig6sisaohb5bjor5n','2020-03-24 06:58:28'),(2743,NULL,'vov7s59ai488vt5mqjnj5fs5ok','2020-03-24 10:58:58'),(2744,NULL,'sl1ttvp7gohk5ie3k0ep15488j','2020-03-24 14:44:51'),(2745,NULL,'or42on50n1p00ddddfd7jksgt6','2020-03-24 21:35:50'),(2746,NULL,'og7b3m2qfu6oa1u398p825qsj1','2020-03-24 22:35:45'),(2747,NULL,'13eap1p6hitodhlj4mj57r714d','2020-03-24 23:03:33'),(2748,NULL,'7alg4mh4vsplnjmnk4m8j2a1n7','2020-03-25 06:40:33'),(2749,NULL,'7bkaje95nhk3ahtt4ptc1k6sgh','2020-03-25 14:41:33'),(2750,NULL,'jnosa9jlk6qh1l7atisqlhejmn','2020-03-26 14:44:38'),(2751,NULL,'b7btt79nal5o2808k2svv1oqil','2020-03-27 04:32:08'),(2752,NULL,'f3k0oetf2ajpobkhlk93oc6oga','2020-03-27 13:27:59'),(2753,NULL,'7ls1qgld93ou5rpg3cdod0u9tt','2020-03-27 21:46:41'),(2754,NULL,'atsd2v5tengpei5bmr27qlj6gu','2020-03-28 06:07:35'),(2755,NULL,'e4d6peotmosplr7br8vetuq87n','2020-03-28 14:29:59'),(2756,NULL,'m8sbqh9hpjp3r5kloa239pe20p','2020-03-28 22:29:21'),(2757,NULL,'5681viqdvvpe0ilupieko90pde','2020-03-29 06:05:06'),(2758,7,'296csv3d0hjntn8jb1qjvl86vp','2020-03-29 13:08:40'),(2759,NULL,'ipku2terht5q8ufctnvp9beg32','2020-03-29 14:04:37'),(2760,NULL,'8a9p8olig6tutt4sa9me30t9og','2020-03-29 18:16:15'),(2761,NULL,'qqqno1p3dqafhvq9scmuquik4t','2020-03-29 18:38:00'),(2762,NULL,'2js9ga16nq4dsgjgfc91kh5d13','2020-03-29 20:47:18'),(2763,NULL,'tnqn35gt9cmoe5tb1et6cp7fl2','2020-03-29 23:41:03'),(2764,NULL,'5gr8qg5ce323ffa4vcl549tvdi','2020-03-30 01:31:59'),(2765,7,'hav4spju6pi2jsar978onu1j4h','2020-03-30 07:24:28'),(2766,NULL,'ifirk90nbhmefqnfjrpr067f4l','2020-03-30 15:41:49'),(2767,NULL,'v91s8rmbnl4e0iuv4r1phq7gkm','2020-03-31 01:32:56'),(2768,NULL,'iebg87d72hscuc1ln81ph9bckc','2020-03-31 09:18:30'),(2769,NULL,'pma4j3scn4ngh2d7djadusp3fi','2020-03-31 13:14:58'),(2770,NULL,'ql55k4n57oe8afd9tu5n6v7f6l','2020-03-31 18:11:22'),(2771,NULL,'7si3vl4q37d33lef1mea1pbv7d','2020-04-01 02:19:17'),(2772,NULL,'p8ob9fckoc7u0o4650h1uvess0','2020-04-01 10:16:13'),(2773,NULL,'ck8pa3amgb8kehljsro08vrjig','2020-04-02 02:33:41'),(2774,NULL,'urpvl13lp7otni8ande3l1mgs8','2020-04-02 10:27:28'),(2775,NULL,'943h3rm4t1jigfl2r0c6c1phd5','2020-04-02 18:42:03'),(2776,NULL,'ocqsrkd3ei420pm4hemphabdds','2020-04-03 02:45:43'),(2777,NULL,'2nh9tvpujq8ffajvngof4el5ju','2020-04-03 09:38:10'),(2778,NULL,'al1glaeifm6us14nnejb51e47e','2020-04-03 10:45:41'),(2779,NULL,'ofr5kqdajm6oi9cgkve76n95lm','2020-04-03 13:13:49'),(2780,NULL,'4ievh13h0bhb82jmuto5v9gv5i','2020-04-04 02:25:05'),(2781,NULL,'8onljrenk9piuk5l4p8ueg5p43','2020-04-04 03:07:49'),(2782,NULL,'issage7s1ogc33pdomgajr7hjc','2020-04-04 21:37:16'),(2783,NULL,'0it4i2h3dtb61ge55tmh0abu03','2020-04-05 05:00:56'),(2784,NULL,'vvlej94gjhqpm8pm9if7rq178u','2020-04-05 12:04:49'),(2785,NULL,'0vqtgrr6kfcplv2j05gl8j4cc7','2020-04-06 00:02:43'),(2786,NULL,'9mncvue2s8dmf80drq7hvce2im','2020-04-06 07:53:43'),(2787,NULL,'htp7r3e9ttv4p9df2va8841leb','2020-04-06 16:03:46'),(2788,NULL,'f4f6vihjv5qad6bdljvo8atapa','2020-04-06 18:58:41'),(2789,NULL,'dq6qcntv56jj4i88ti4vf8nusl','2020-04-07 00:05:03'),(2790,NULL,'pmufg2hch93fvdub1ft2hqqjid','2020-04-07 08:08:34'),(2791,NULL,'f0r2mor1m49qph8ju0q47gsq9h','2020-04-07 16:13:44'),(2792,NULL,'bjschfv081klidj1rdo87mpc4r','2020-04-07 16:53:02'),(2793,NULL,'coun4nsstmkcr256rqq9a0dhtm','2020-04-07 22:57:11'),(2794,NULL,'dj1dqgveski9uqtcq2rp47i97e','2020-04-08 00:59:16'),(2795,NULL,'t077o2k02c1unbfu63jg90a86o','2020-04-08 00:59:30'),(2796,NULL,'7mg39ei09luqjvqqntm5ut1dfq','2020-04-08 04:08:18'),(2797,NULL,'1phjuolqhchvetl73phleadgjk','2020-04-08 14:21:37'),(2798,NULL,'et0c94jp68hr4naj2as9sitgac','2020-04-08 18:27:58'),(2799,NULL,'qq3da2hov5qmgqf4moaqfpjsn0','2020-04-08 22:02:21'),(2800,NULL,'kt8tbnqq2rg6v8ve0gt5ggnnf0','2020-04-08 22:02:33'),(2801,NULL,'d2g3ikqteidbr2q5q8jd65bgs2','2020-04-09 01:32:33'),(2802,NULL,'8r1d50q8h8uumncfn1ircrnm9o','2020-04-09 08:47:12'),(2803,NULL,'l7sfskgphaq32dmqnd7gvis957','2020-04-09 12:14:18'),(2804,NULL,'b0dgja1iv8g28q5oh12mqhqicb','2020-04-09 20:47:59'),(2805,NULL,'p37a01d6n4j10h5np9b09jlvm0','2020-04-09 22:55:27'),(2806,NULL,'fqlujvbkcaef9vkno3as84qfn1','2020-04-10 05:12:06'),(2807,NULL,'0m1t8u5isvli1o3vr2cjeumolh','2020-04-10 06:36:26'),(2808,NULL,'m9rsud9anb28q4c79ot9g6bpa3','2020-04-10 13:34:41'),(2809,NULL,'2fub8u462f9mrhp54ee8ctdsvg','2020-04-10 14:40:17'),(2810,NULL,'8i7bjuflrn6hld8t436cgrqork','2020-04-10 19:12:55'),(2811,NULL,'h7ndghnbdpufppepcakm9e8mdc','2020-04-10 22:02:07'),(2812,NULL,'gkupsfn3sjpp99rp6dh1opvv34','2020-04-10 23:03:49'),(2813,NULL,'a6c25rji0c2r3a9i7jbe5u00ah','2020-04-11 04:55:46'),(2814,NULL,'geooppg00hjuqj3iqmusafmfbl','2020-04-11 07:10:34'),(2815,NULL,'frch3ghvr9p1f5kh50jq68a70f','2020-04-11 12:31:51'),(2816,NULL,'2ph1rqgapui9hvsf2nj909v6em','2020-04-11 20:34:47'),(2817,NULL,'f9svjm71lfounaekljfrhpgjc0','2020-04-12 05:12:25'),(2818,NULL,'lc2jnnl3bc2cgnj16fru84c9hb','2020-04-12 05:45:58'),(2819,NULL,'4in9gvjvmakerc2gct059d73cl','2020-04-12 10:54:47'),(2820,NULL,'sfapsi9kph8o6souua70rt3tq4','2020-04-12 19:24:28'),(2821,NULL,'og8vsqronag58lhigdlm4i1s0v','2020-04-12 21:07:17'),(2822,NULL,'vnt0qe5jfjdttkr6hcsupdgngh','2020-04-13 04:09:05'),(2823,NULL,'affiofqpo7lre0jqe2basudtg3','2020-04-13 04:37:46'),(2824,NULL,'621m9b9ghv7vv5hkpdfrk0ufms','2020-04-13 05:22:21'),(2825,NULL,'emn3jpgib9os7ce4t43mt2tlr0','2020-04-13 12:31:52'),(2826,NULL,'o4pethfcrushnf72eqf1ce7rku','2020-04-13 12:53:12'),(2827,NULL,'o8ijsks9kupsghm5gcusq5mloc','2020-04-13 21:27:30'),(2828,NULL,'7biq0gt4cu8as0hdpot0jc4ksi','2020-04-13 21:30:04'),(2829,NULL,'l18esp7lcl98sqn689c6ftfgql','2020-04-14 05:32:14'),(2830,NULL,'afts9l86oh32q7189gi93ndv9f','2020-04-14 05:45:27'),(2831,NULL,'bms43iengqcc5lc3vpr642tih1','2020-04-14 14:36:01'),(2832,NULL,'6c89bt0hg162i0luba2n8q43nd','2020-04-14 22:09:38'),(2833,NULL,'88umvnq72deck83r844ojpe25r','2020-04-14 23:06:36'),(2834,NULL,'6j175vhqpsrbuohr54adhoendi','2020-04-15 03:58:20'),(2835,NULL,'m06bsjb2059sveh64qst79n9fm','2020-04-15 07:28:50'),(2836,NULL,'cisvi3sqdscsd6lm0dqpb6sijj','2020-04-15 13:25:31'),(2837,NULL,'clou42rnp1t7b7l59kt7h612te','2020-04-15 21:44:38'),(2838,NULL,'gq1kdk4ocka74so3p2dv4ocnra','2020-04-16 02:42:09'),(2839,NULL,'59eb86ad9qge31hkdsp5dkkse3','2020-04-16 06:04:46'),(2840,NULL,'7u6vt0rq1ll8oipeab2fpgrq5g','2020-04-16 14:23:27'),(2841,NULL,'9q6j08b3p24pcvfhg0o6mmm707','2020-04-16 17:46:21'),(2842,NULL,'6l18lmlc0baogrfjssd2um853g','2020-04-16 22:36:14'),(2843,NULL,'cbientbrg70n116gpfd1v1p0so','2020-04-17 01:29:01'),(2844,NULL,'e8kmg8oqad2uu13mb4icstpo6v','2020-04-17 07:10:51'),(2845,NULL,'7da1p5nuvvrig3hf0smkkd50t8','2020-04-17 09:17:20'),(2846,NULL,'rgvhtjc37uug7q1vjn7kcsvv26','2020-04-17 15:45:58'),(2847,NULL,'34re0sappbhf1rqf6ml930ftm8','2020-04-17 17:53:27'),(2848,NULL,'1chs2qa00t5kb8fvth29r98088','2020-04-18 02:19:30'),(2849,NULL,'gorb5ei18mf8pome250h1n2dg5','2020-04-18 04:07:46'),(2850,NULL,'4dkmg6oujc4qejlmkak7di4pla','2020-04-18 10:36:40'),(2851,NULL,'1mc98bq994ht37relpgg9rnk6i','2020-04-18 12:15:55'),(2852,NULL,'61c6jh3ilqg40obp1oc0dl2c0s','2020-04-18 13:55:14'),(2853,NULL,'07giplm0jbis7agvl9ues8j1aa','2020-04-18 18:10:22'),(2854,NULL,'b58mvkdgar5ivhd94r0tc4rrtq','2020-04-18 18:10:27'),(2855,NULL,'3e7cettu6oj326hjfpl4ta40n4','2020-04-18 18:48:09'),(2856,NULL,'9mr1cvdioas1psnmhq38rugfo6','2020-04-18 20:31:41'),(2857,NULL,'bpo5s1svoliqt51vvroc0psrsq','2020-04-19 03:08:58'),(2858,NULL,'ot9lor650handrnvkit3lmnq3f','2020-04-19 03:56:38'),(2859,NULL,'n12kdtfai28372vd5f170s3g5g','2020-04-19 06:26:22'),(2860,NULL,'m62ou3v28f31vqp4c49utd7m81','2020-04-19 11:32:11'),(2861,NULL,'a3hkkfa6vq35rqc8qs7bhr91d1','2020-04-19 11:53:33'),(2862,NULL,'a3888h71djhh226ceug0kpu1lq','2020-04-19 19:40:47'),(2863,NULL,'vmcvmr865bkk6f0i8oid2k1rbo','2020-04-19 19:51:34'),(2864,NULL,'h1v37j80rvgvmp7pjirmd0a7fc','2020-04-20 09:06:01'),(2865,NULL,'nlk2lr11ie90s5emeqpffjjqrm','2020-04-20 17:32:50'),(2866,NULL,'07emfftag0qbnd8tre42173f4q','2020-04-20 19:27:21'),(2867,NULL,'mihb0vhl8lca7tabe2s5adsk0a','2020-04-21 02:03:19'),(2868,NULL,'tchb0ecqgr89itv33lm2qpgaac','2020-04-21 02:58:00'),(2869,NULL,'7nlqc9dsr5nrf9vhqoevedok87','2020-04-21 10:07:47'),(2870,NULL,'d4cgqek2lan95dlqchev1mgft2','2020-04-21 18:23:07'),(2871,NULL,'uvlcbl80n8bmtoi6t1a2e5qiu4','2020-04-21 20:23:34'),(2872,NULL,'08m18fllj01njp206houtg85of','2020-04-22 04:44:26'),(2873,NULL,'7sqms4tq1q39llf6h1kfbkvi89','2020-04-22 06:31:34'),(2874,NULL,'jq7v16ke9k4rp0bvh5bf9aj4ui','2020-04-22 07:15:31'),(2875,NULL,'avflr3uk0s0sfstsep4bifldng','2020-04-22 12:53:29'),(2876,NULL,'1vaih0t804a9nehcigbglc540a','2020-04-22 13:51:05'),(2877,NULL,'erpa0ovru9vqavpn39j4f6mbqj','2020-04-22 16:13:10'),(2878,NULL,'sqak5g10ju7tml2ftovob4emec','2020-04-23 00:32:33'),(2879,NULL,'seeslra3jgcgrmhruuu6f2sg6l','2020-04-23 00:35:09'),(2880,NULL,'a97meoqk0l8o3l5tkum9jktk6j','2020-04-23 03:38:57'),(2881,NULL,'veu3pj42jodle2kl5587g5qm8g','2020-04-23 07:22:51'),(2882,NULL,'gu0i4vknebbn04djhd1lnocass','2020-04-23 09:08:02'),(2883,NULL,'2ntqdc5jvdiuon17gmkn6a1n31','2020-04-23 15:23:37'),(2884,NULL,'0t2oo1o4usq05cjgsv52jlo9ju','2020-04-23 21:52:34'),(2885,NULL,'hkfgd5arkvkihe6mfstq53e6br','2020-04-24 00:15:17'),(2886,NULL,'bsua1oie24hu9r8kkhbrop54oa','2020-04-24 17:28:26'),(2887,NULL,'quchkp7gvsk90toqpli238bskd','2020-04-24 20:30:06'),(2888,NULL,'519s1d0o2d8otf6urt4s8bu098','2020-04-25 01:05:35'),(2889,NULL,'uau7h3b3r5lba9q9khpepkqebg','2020-04-25 02:27:07'),(2890,NULL,'ru1qsarapeva9543ui9t7dl539','2020-04-25 03:37:28'),(2891,NULL,'v7jmu3k9aiv5r7us5bcf0mprba','2020-04-25 08:53:48'),(2892,NULL,'q8ua4ihjfd825gcon3037hbdlv','2020-04-25 11:47:28'),(2893,NULL,'s0m7l1qf4h2e5hbet8jsbnnj43','2020-04-25 17:06:19'),(2894,NULL,'runtulu0a2mek0cspo9d19spva','2020-04-25 19:27:19'),(2895,NULL,'rt0k1vkcmvcatht1dvs269mrt8','2020-04-26 01:17:43'),(2896,NULL,'qslfdntuen36ipp402an8nuqd2','2020-04-26 01:31:55'),(2897,NULL,'lfp07p0npqga6sqpq4gq39phrp','2020-04-26 06:26:43'),(2898,NULL,'ckftc235tctgb202lhhrgviq2b','2020-04-26 14:42:33'),(2899,NULL,'tah3uoqohgekig5u9blutv2o3j','2020-04-26 16:55:32'),(2900,NULL,'sl0e4priohm19oend02k2uj05o','2020-04-26 22:57:03'),(2901,NULL,'qbhrl1tdt7tm1h1a83k4btjbt8','2020-04-27 00:38:07'),(2902,NULL,'oiuu4eeho1dgss789t6blp87j9','2020-04-27 04:25:29'),(2903,NULL,'llavcmh7bqn4g7odep3dupd2d5','2020-04-27 12:40:53'),(2904,NULL,'fi53efu1fnv7od4e4115l7ngnr','2020-04-27 14:10:39'),(2905,NULL,'ef79g9derbpfmj0pom2fg3lm0p','2020-04-27 16:43:33'),(2906,NULL,'jo8fbjrkj643ub4a7ucf9iidu1','2020-04-27 20:52:46'),(2907,NULL,'b11v942sfvp1r5jsb5k8ip6uuq','2020-04-27 22:18:58'),(2908,NULL,'up822j91jmbhgt1qgf4fd4529h','2020-04-28 05:27:21'),(2909,NULL,'r7h3ott05updieps2u9cg1ktna','2020-04-28 09:40:47'),(2910,NULL,'83anp1ohih6c4qtsavgu4bnfmb','2020-04-28 13:37:34'),(2911,NULL,'4v19fhc5m2terv0gn328cd7p56','2020-04-28 15:45:57'),(2912,NULL,'ih3sbkul9r2ccbba9jos4vmeuf','2020-04-28 21:52:18'),(2913,NULL,'3viopp3iji8mgadbq7vcqq2979','2020-04-29 00:20:38'),(2914,NULL,'h8i6vad0chrgvffus76689qo91','2020-04-29 06:01:19'),(2915,NULL,'rteffpjigl695i4nt2clsc1nnj','2020-04-29 07:52:32'),(2916,NULL,'6la0sd5td0k4ei01dcr1eucfo7','2020-04-29 16:06:42'),(2917,NULL,'vuajl70v8e8dio6sl4b2qt4a18','2020-04-29 17:19:41'),(2918,NULL,'tagrgu0rt5td5l5g47ea9acrmh','2020-04-30 00:20:54'),(2919,NULL,'gu7hloesad5s2j2n699tbgdaqg','2020-04-30 00:33:22'),(2920,NULL,'s9g2f3lfff50nfasmt71gnh8lp','2020-04-30 07:45:53'),(2921,NULL,'jgr8kq62ppmba67skcakh5lv03','2020-04-30 08:27:27'),(2922,NULL,'m8mikfr713hcd5us0o1dh4uto5','2020-04-30 11:50:09'),(2923,NULL,'9k30rp1m91j7o37de6qoqggfdk','2020-04-30 20:01:29'),(2924,NULL,'qn5ebqkmstna6s2nev15ou5q7f','2020-04-30 20:54:23'),(2925,NULL,'717api2u11tsj82csnleg8uupg','2020-04-30 21:30:06'),(2926,NULL,'5al5amf88lnp83035dmekquslk','2020-04-30 21:30:11'),(2927,NULL,'dni5e1jegfbt7r59ctdg1cb9rr','2020-05-01 04:00:04'),(2928,NULL,'j9duqpur917k12ialkr9c9ui9m','2020-05-01 04:04:43'),(2929,NULL,'e3bcq4v6a4vli0ufui0h3nrus2','2020-05-01 08:47:48'),(2930,NULL,'l56cvpkcg6qg7pn218cfbhmndu','2020-05-01 08:51:31'),(2931,NULL,'6e1ol08cgfid558k2pkuum88lg','2020-05-01 11:08:34'),(2932,NULL,'vt6nge5e04muj05lvikhu5e4m1','2020-05-01 11:45:34'),(2933,NULL,'i52i7rh6on8o08rhg4o3hlr6g2','2020-05-01 18:25:55'),(2934,NULL,'j7cr90d52tqoi0bm15umiauo7l','2020-05-01 19:48:56'),(2935,NULL,'nmb8a0fqbn5831fktm6l3oht23','2020-05-02 01:35:40'),(2936,NULL,'e7ht08no50nn0fjn8ht3g9tkd9','2020-05-02 03:56:49'),(2937,NULL,'shcqcm484ad3i9p6bptmba39ug','2020-05-02 08:45:24'),(2938,NULL,'u0jvmuhpg9f2org3jfdmb1b5k7','2020-05-02 12:01:49'),(2939,NULL,'mb8onq9ukb5mmc8s6mr53nmeae','2020-05-02 14:03:20'),(2940,NULL,'3jgucq2f45avmjniq9912n65l7','2020-05-02 20:58:54'),(2941,NULL,'493ghljpig3ceoai73arfog3r1','2020-05-02 22:17:06'),(2942,NULL,'snhdvgsd1tjlc37rfkg45bl3ef','2020-05-02 22:59:25'),(2943,NULL,'uh18pf0mkkvh0mtmqt283c5fnf','2020-05-02 23:05:08'),(2944,NULL,'mha8mjpb5dtacg6qn7ahgt1691','2020-05-03 06:02:17'),(2945,NULL,'j6jgqfndp9k8sjju4fio59k762','2020-05-03 06:24:06'),(2946,NULL,'l8uaccmsk4u78f4dmtk65bua9s','2020-05-03 13:09:51'),(2947,NULL,'1pshg8t0if2drlln5qs4c3hi8i','2020-05-03 14:32:11'),(2948,NULL,'k2n42uiqtahr5d7jc45s8nhtb2','2020-05-03 18:18:54'),(2949,NULL,'ioqng9l0kodvhsvkjsdm4j5v2c','2020-05-03 19:57:24'),(2950,NULL,'g5qrsl6jkfaqnk281h8reaehio','2020-05-03 22:45:19'),(2951,NULL,'8qcelj5mk7mkvou5867praeq1v','2020-05-04 00:08:38'),(2952,NULL,'gt7pko19fj9jjaqauaiknq6loq','2020-05-04 02:15:46'),(2953,NULL,'6846aabmatbn1itmb1cgtvbalm','2020-05-04 05:55:45'),(2954,NULL,'idrf8hsh42ak2g67p5qskn20oi','2020-05-04 06:52:04'),(2955,NULL,'sbagl6tkhv5bmn2dutfatmpj47','2020-05-04 11:33:16'),(2956,NULL,'b0ghjuc3vi2adsrebvtq01kp64','2020-05-04 11:33:18'),(2957,NULL,'02l1m1l7ntb09qs7s6a7rfuf4l','2020-05-04 15:47:59'),(2958,NULL,'qa4h3dvth2l13hn4954i28qgta','2020-05-04 17:07:58'),(2959,NULL,'7l76os3tgqiaf6g664ga0qg6bt','2020-05-04 22:43:39'),(2960,NULL,'mlbf1b22f6cdh7gjetg2h1r5qh','2020-05-05 00:54:33'),(2961,NULL,'md2vr13giasu3e76qh1gts3i50','2020-05-05 04:36:35'),(2962,NULL,'9q3j8ch8ncsqv92jm50t5fofc8','2020-05-05 07:20:10'),(2963,NULL,'qoql2ib0k1q2ehjc0mem8k7r1r','2020-05-05 07:20:14'),(2964,NULL,'k52ff5j0j61nj3sut9e43h7en6','2020-05-05 09:01:45'),(2965,NULL,'fmmjl905ni7t0koepl8lashhd7','2020-05-05 13:02:12'),(2966,NULL,'0uk7icn10kptq16csjrcrrtpkl','2020-05-05 17:15:01'),(2967,NULL,'c0tdmb7de08d18clfc5hkhsodb','2020-05-05 21:13:20'),(2968,NULL,'vvisiia4m6op2ttrk75co6dc63','2020-05-06 01:37:40'),(2969,NULL,'nlsvi4ppqev7javdeudjjc53lr','2020-05-06 05:32:32'),(2970,NULL,'mh5o3go92hrckm6hvgf368s967','2020-05-06 05:42:09'),(2971,NULL,'uacfr3n5coluu9e0iv5u6ap9eg','2020-05-06 09:56:54'),(2972,NULL,'h24buv1f9506lvqfierijqulsj','2020-05-06 14:18:39'),(2973,NULL,'67mdg9arapbdd68d0b30e4ustl','2020-05-06 18:55:26'),(2974,NULL,'41g1lmsor7crllsnbeqtanhlsg','2020-05-06 22:25:57'),(2975,NULL,'vjj46oj3n8367i03ld82tsclhu','2020-05-07 02:20:26'),(2976,NULL,'4amp260sjmql8pkk2csai4abe1','2020-05-07 06:00:21'),(2977,NULL,'38v4564uvuk4t2q682e8evfg0s','2020-05-07 09:49:49'),(2978,NULL,'5r898i0q6kibu8tm4nkh3v9ud2','2020-05-07 17:27:56'),(2979,NULL,'3cm8as9sg9k3i79tt226qni4n3','2020-05-08 00:50:37'),(2980,NULL,'8m959m10kqh9vsgbu5u54vqfib','2020-05-08 05:38:58'),(2981,NULL,'u7tjq86lojac9kjl9e7o3rnl6v','2020-05-08 07:17:24'),(2982,NULL,'bcm1slp5m3mf9fda4hekbbshb4','2020-05-08 15:06:27'),(2983,NULL,'g14qiso59aka39ltsbppgh5d6p','2020-05-08 15:40:20'),(2984,NULL,'l5ldh6hkcbfnebh8d4taj5cdol','2020-05-08 18:26:43'),(2985,NULL,'8cdb62ld1qi2upacpjgfc93tbo','2020-05-08 23:49:40'),(2986,NULL,'tioulnsg2bo3mtd64qa4eir5gg','2020-05-09 01:30:18'),(2987,NULL,'q8rhn0o3ifr1b3rr2nbpo66ijj','2020-05-09 05:33:26'),(2988,NULL,'gp48nno8c76lug842110507ja0','2020-05-09 09:17:26'),(2989,NULL,'nr4rmor0quoihmo1vd5m8b0ngt','2020-05-09 12:08:01'),(2990,NULL,'29qe316vfq3ljpcs0q8emttdng','2020-05-09 13:45:42'),(2991,NULL,'fvj8n57ecppa904t948k43e9pv','2020-05-09 17:21:15'),(2992,NULL,'hioptqatko96hirqeecrpeoj0o','2020-05-09 21:05:36'),(2993,NULL,'kamuhidpklm2a72dv5utuog6pf','2020-05-10 04:25:20'),(2994,NULL,'r05qs8gtj8b86f9bae6vhuvnfi','2020-05-10 08:51:01'),(2995,NULL,'hjfictlv6iaeu4tkcau3g8gjlm','2020-05-10 12:02:51'),(2996,NULL,'erfaslc938sntkhgrma7861jkp','2020-05-10 19:34:35'),(2997,NULL,'9nno4ea6era0b0u7hoekqn9gud','2020-05-10 21:49:10'),(2998,NULL,'nqm042qe6bqpknn84a829p5joe','2020-05-11 03:07:51'),(2999,NULL,'jb2og8bml8gmqmj08lh1chmfsn','2020-05-11 04:16:51'),(3000,NULL,'0k4gva81684l4uo7ds0cvgksl3','2020-05-11 09:10:10'),(3001,NULL,'nfcf5u4didda0hj4hnct9pn77k','2020-05-11 16:52:21'),(3002,NULL,'h86gncsgt352cp3185ege5e1r4','2020-05-11 17:44:04'),(3003,NULL,'ab471majf1j6srvau12klu58sm','2020-05-12 00:53:05'),(3004,NULL,'jj0jg618pg5v8qab6ggol4fg4l','2020-05-12 01:40:43'),(3005,NULL,'ov5gcr2940tk6t6dm3pg1k58h6','2020-05-12 08:34:05'),(3006,NULL,'g0ns956j66rli21pdu7trhmq4o','2020-05-12 09:10:19'),(3007,NULL,'2i7up8ove2if367840bs3dj5jf','2020-05-12 16:26:54'),(3008,NULL,'qr60sf8sfd81j2ia4tiuv7vs8l','2020-05-12 16:28:09'),(3009,NULL,'pcuij43cim9m16gc5349qpvquc','2020-05-12 23:15:33'),(3010,NULL,'ihnlsmvi1mh10tpetae1d3eusd','2020-05-13 00:04:43'),(3011,NULL,'dlrtfbhb998hrqmub841gvdcjf','2020-05-13 06:02:11'),(3012,NULL,'p8okg71imqit6p16pjd2mc9g1i','2020-05-13 07:43:37'),(3013,NULL,'spc9vhf387g3up4f1tl3oooull','2020-05-13 12:07:51'),(3014,NULL,'5kaoh4ckq31pval2d0eg7dr77h','2020-05-13 15:27:27'),(3015,NULL,'445f7qrm53houdn4jdrij4die0','2020-05-13 16:26:26'),(3016,NULL,'kip74qivfk0tnr308ag653685l','2020-05-13 18:41:39'),(3017,NULL,'3jvjmndrr06a1c2et0td3o5shi','2020-05-14 02:31:02'),(3018,NULL,'p6og0lkdecv9pkinda56ar4hl3','2020-05-14 03:19:43'),(3019,NULL,'vqqdg1qafkonk48044fak2mtjl','2020-05-14 04:24:35'),(3020,NULL,'1mhf19qbuiksl23td76n75gnpj','2020-05-14 10:16:52'),(3021,NULL,'o26n0dm6cd77qaici4cdobdst2','2020-05-14 12:01:34'),(3022,NULL,'0qir23p42gviqaqegftuc5cmfm','2020-05-14 18:16:18'),(3023,NULL,'9mlfpdehfu9sogvcoscmepda8m','2020-05-14 19:35:18'),(3024,NULL,'bpjt6vqkfv707iliiis3pv0vvl','2020-05-14 20:40:53'),(3025,NULL,'94ipi01hj3l2okaedkiq1ruqmr','2020-05-14 20:49:59'),(3026,NULL,'r6noghbhceka1ghfdcsntuq569','2020-05-15 02:12:13'),(3027,NULL,'1omr3to9s30c342egp67jclipr','2020-05-15 03:18:11'),(3028,NULL,'8luta7o8g6abefqcep8d8rsvjf','2020-05-15 09:49:58'),(3029,NULL,'g52ius9ajcqou1eshq9ntts6el','2020-05-15 10:58:52'),(3030,NULL,'jtn05va5605p1nibdmdoq06e48','2020-05-15 18:02:32'),(3031,NULL,'b90s2kv1cpr080rto5rg5ng6lm','2020-05-15 18:41:50'),(3032,NULL,'hdrn7r4lmk8m9q79trudl323so','2020-05-16 01:20:41'),(3033,NULL,'8hjcd818hqt2nmlrkoqn9fl7ro','2020-05-16 01:53:43'),(3034,NULL,'slq1qgtohv1h3ak2j7u008028h','2020-05-16 06:46:57'),(3035,NULL,'fmd7hmu9igdur375dgaa52kdbl','2020-05-16 09:54:48'),(3036,NULL,'dv93ijr25icli43tupgu0rpr5c','2020-05-16 15:49:20'),(3037,NULL,'ubrrf97b43kg01pdcgktn26f29','2020-05-17 06:19:20'),(3038,NULL,'190e2fsepe80so5lruf5s3q849','2020-05-17 14:24:59'),(3039,NULL,'qeqrk3u6i0oio0ns17ah2l0hsk','2020-05-17 16:27:45'),(3040,NULL,'1te2bp942e8b6jnpv9hiib3n60','2020-05-17 22:08:06'),(3041,NULL,'p9pfh9tb0g40k1n8r5pb72ii49','2020-05-17 22:37:42'),(3042,NULL,'ql3d7d5lo3blf2ena2hcreaasn','2020-05-17 23:28:26'),(3043,NULL,'m2orbh0d3ng5e61jcp2adj8tmc','2020-05-18 06:50:32'),(3044,NULL,'k2i482kregt9nlcn59751tnod2','2020-05-18 07:02:40'),(3045,NULL,'mmrj1bmpp2k43abu5d7ovuk8g7','2020-05-18 09:03:08'),(3046,NULL,'sqmubrm7ok65uuefle58tg0mi8','2020-05-18 10:24:27'),(3047,NULL,'9du02qr36vgjh9j52b19631rms','2020-05-18 14:55:17'),(3048,NULL,'779i6gs0ov0uid3f8t38rsc2kp','2020-05-18 15:05:07'),(3049,NULL,'97ecq8cirkkthsdchc10a1ma2r','2020-05-18 22:47:58'),(3050,NULL,'dibm2b8j9vfe9nnpqb3n64ug6r','2020-05-18 23:09:06'),(3051,NULL,'1i4cbao5p4hbe0nckk7k10rec8','2020-05-19 06:45:54'),(3052,NULL,'35vrh16lqd1a8v6q4v15779qmt','2020-05-19 06:50:30'),(3053,NULL,'qmc4gosqk4nl2qk66uj9rp0a8r','2020-05-20 00:04:32'),(3054,NULL,'i724qa9vlmiqf66iqjush5vm2g','2020-05-20 09:14:35'),(3055,NULL,'dk8ltsogn0gr0e5cgvsfo3foqe','2020-05-20 17:59:56'),(3056,NULL,'jfukdltus0shio9q18c6lh9c3k','2020-05-21 02:49:44'),(3057,NULL,'9l4dn06s0f3dp6pififadcuqgc','2020-05-21 05:28:03'),(3058,NULL,'gtuccvam21ciqn6166pg8303hp','2020-05-21 11:45:00'),(3059,NULL,'48pg9qs6tmj56crdp4vhmhjm7j','2020-05-21 13:26:00'),(3060,NULL,'d05r4vl6ohljrtfuo3mpl31ude','2020-05-21 14:10:54'),(3061,NULL,'otcmbnd91kg0741gjlf3r5583r','2020-05-21 20:08:10'),(3062,NULL,'mirh2gm91oplru2a9dij56efar','2020-05-21 20:57:54'),(3063,NULL,'rop1a6evght718e6lk5ok4ut5r','2020-05-21 22:36:27'),(3064,NULL,'48kpdtnpme92eg6hrtdg8j7aqu','2020-05-22 03:42:33'),(3065,NULL,'cb0norill4ln492dhuffh9vq50','2020-05-22 04:42:28'),(3066,NULL,'pvc8juri1avrbviv1bqbksj4st','2020-05-22 13:02:08'),(3067,NULL,'s4riblis9gcqp1j91v3v75cv4g','2020-05-22 18:43:51'),(3068,NULL,'j2qgmbjs0od13jr97j73l6m0kn','2020-05-22 21:15:36'),(3069,NULL,'1runogrcp8v0r5ju55h1uo0ve9','2020-05-23 05:32:18'),(3070,NULL,'5cjvi4p35ragusf6qgsa0hj2lo','2020-05-23 09:48:39'),(3071,NULL,'n9qinms61pj5364cpg0a8u1ud0','2020-05-23 13:44:05'),(3072,NULL,'3hn6cgb1n6kqhvkcvuqh1860cr','2020-05-23 15:17:59'),(3073,NULL,'agpqp4engrp0643odcij4kj201','2020-05-23 18:19:00'),(3074,NULL,'uikpvri6168kii38e1kqb2h8rd','2020-05-23 22:16:44'),(3075,NULL,'tlm0m05s8me6i6hq0devfl2f0k','2020-05-24 02:09:05'),(3076,NULL,'esvrsl0a2qj6krvq26qhrjalhe','2020-05-24 05:12:35'),(3077,NULL,'p2jcvl5vajlutkjqs5jie9elj2','2020-05-24 10:24:54'),(3078,NULL,'88aemtrvnhqm95t5uh8p0s2r90','2020-05-24 12:17:35'),(3079,NULL,'pm6b23ni68058h3e9mgt71bplu','2020-05-24 19:29:18'),(3080,NULL,'6v3lminurp6qqv1ltqqsa8avvk','2020-05-25 03:00:17'),(3081,NULL,'5otaagc60od34cc7n56hp4cbck','2020-05-25 04:41:21'),(3082,NULL,'2r8h3tgoo2l3gmdi1a1lk6rme7','2020-05-25 10:33:46'),(3083,NULL,'45sqa5k67chn2uu6jithrerptd','2020-05-25 12:06:19'),(3084,NULL,'1e5kk6kutqgvj0koq46nqivgbb','2020-05-25 19:51:21'),(3085,NULL,'fk4u404etvmkmv2oj232glhrda','2020-05-26 02:07:01'),(3086,NULL,'jqq9qpl15298gs2sa3j2roakcc','2020-05-26 02:07:04'),(3087,NULL,'ki9crh6s9cs52hl8peuidg1au8','2020-05-26 03:29:24'),(3088,NULL,'upt6q097scjgl8g846a76v177g','2020-05-26 10:25:30'),(3089,NULL,'9fojufqqa2n7nht3hlsveihh52','2020-05-26 11:02:09'),(3090,NULL,'ec0g3kg6l8i4i8thg1u8gg2f5b','2020-05-26 18:47:33'),(3091,NULL,'vru3qpe3bfcqa5bk02pldj30rs','2020-05-27 02:13:25'),(3092,NULL,'lkt5fo0sfdpp6r3j2bihhfgjk1','2020-05-27 09:44:17'),(3093,NULL,'a5k3b5m71crffshmgh4thmcv24','2020-05-27 14:33:28'),(3094,NULL,'751l91a51lg2efhofi5grtuvl8','2020-05-27 16:53:39'),(3095,NULL,'gi6b8hoc3hll91fgkgefk636ec','2020-05-27 22:13:34'),(3096,NULL,'vo9vvb9hsuf127ki538b047rms','2020-05-28 00:12:45'),(3097,NULL,'1nqgsrvv73aras0dsa2q9uve05','2020-05-28 06:06:28'),(3098,NULL,'bhd6u8mcdeh88r32vvjk3u94v4','2020-05-28 07:16:53'),(3099,NULL,'37skj1tm7j4lmepa32lb58gk9c','2020-05-28 14:00:10'),(3100,NULL,'k60c98n93c535qft9ais1hle1h','2020-05-28 14:50:31'),(3101,NULL,'nuusc4feo0fhs0v2ko443v489b','2020-05-28 21:51:01'),(3102,NULL,'3evl8ka078k97037ktsm3u3mli','2020-05-28 22:01:37'),(3103,NULL,'vqgve5jb4u4ivb2jbuglfgd888','2020-05-29 05:10:20'),(3104,NULL,'m2kbnlcfm8qo8tgqlncrllhf4d','2020-05-29 05:38:09'),(3105,NULL,'fm9d07cl3efsjmrjlg7l39m9vp','2020-05-29 11:16:51'),(3106,NULL,'i4ij3k4nuq2vom0ai4hgvpiuor','2020-05-29 12:24:22'),(3107,NULL,'23h4i8vel4gu8okq85eguq2m32','2020-05-29 20:04:56'),(3108,NULL,'154n7vdcjcnmf8m232hobunvoe','2020-05-29 21:58:02'),(3109,NULL,'k8fcv0pua0tjlpu8dbog48s7fu','2020-05-30 01:14:59'),(3110,NULL,'p0jnre2nmaftvirb8gvsu977i0','2020-05-30 03:52:48'),(3111,NULL,'lg3ruqq88ah6m5hn156aneirqa','2020-05-30 11:40:48'),(3112,NULL,'u3o07akc7314ouf2bd8f951ieg','2020-05-30 15:19:42'),(3113,NULL,'1lauqdesthlq0nirlfcusliee5','2020-05-30 19:33:01'),(3114,NULL,'0ftjhfo1vbn8gpv208slsjljv2','2020-05-31 03:36:03'),(3115,NULL,'4mfodh1vb1prdl9t5626cjircl','2020-05-31 08:47:36'),(3116,NULL,'bo7m81rok7t9kfp5oaihd8555o','2020-05-31 17:28:14'),(3117,NULL,'d3qrfj1o1h1lqjdfk0eidd2p1b','2020-06-01 02:06:36'),(3118,NULL,'8iuli81roj8jj6api39kln6b2c','2020-06-01 10:42:29'),(3119,NULL,'d13qme0jonoln6mukrrsh3aogn','2020-06-01 19:21:36'),(3120,NULL,'t9gnh2ebju5he4c9mgrnh1st9d','2020-06-02 03:12:26'),(3121,NULL,'dmh2innjkqqa0sp97q7g9krs2d','2020-06-02 05:16:44'),(3122,NULL,'6m3pir95qbv4fa2jmr5vq59ddl','2020-06-02 10:44:02'),(3123,NULL,'ip22t50umdp7ql363599l982d4','2020-06-02 18:18:32'),(3124,NULL,'spn1dulhbke40ki0madikj202d','2020-06-03 01:45:16'),(3125,NULL,'sqklhol6qi81d1fufvb13lejgm','2020-06-03 04:25:01'),(3126,NULL,'3gepba7efrgpe0luek8meu53p2','2020-06-03 11:44:53'),(3127,NULL,'k1madarhaivkaptrvnv5ln9gt5','2020-06-03 19:46:16'),(3128,NULL,'jd7dj2m7hu94g2o78p1lo89iai','2020-06-04 03:11:08'),(3129,NULL,'r5l1ubk8bqr3ft29undgbpk7m9','2020-06-04 10:48:55'),(3130,NULL,'m3edsdepbf8qtvrhn17k7nmgtu','2020-06-04 18:31:49'),(3131,8,'l5nl2jj9a2iqdq2e87kgctu2bn','2020-06-04 21:09:56'),(3132,NULL,'18jc97hq3cs4pi9hmd5fj2tg7p','2020-06-05 02:16:04'),(3133,NULL,'8u6kb6bbn3uh4n21l05atoabhj','2020-06-05 10:03:14'),(3134,NULL,'dva3lutilu3o6qvkuc1j4kikd3','2020-06-05 15:51:50'),(3135,NULL,'pvt4mr3bdndcuoqufnd894s0pt','2020-06-06 00:04:55'),(3136,NULL,'7smgfoq17tbgd0vcpa6o91vk41','2020-06-06 07:09:04'),(3137,NULL,'u0lsgth3s00749l3aaku659qh0','2020-06-06 15:56:25'),(3138,NULL,'afhfb9gdr8771k2ten5t7evmu7','2020-06-07 00:49:36'),(3139,NULL,'86eeemonpq89odl6hobten3lsm','2020-06-07 10:01:23'),(3140,NULL,'79r2ld545heblo3aongp9pom6l','2020-06-07 18:31:17'),(3141,NULL,'vj0a44c24j607q4fk4q607eiat','2020-06-08 03:09:57'),(3142,NULL,'g1fin1jocfgf9ljihphv0safsc','2020-06-08 04:44:24'),(3143,NULL,'4g39k03suo14n5f7movtltban9','2020-06-08 11:51:56'),(3144,NULL,'qk5en36o33lprrol3p4bkigjdj','2020-06-08 20:33:40'),(3145,NULL,'ro3e06nd16lj84rlk9c21a3or5','2020-06-09 05:43:56'),(3146,NULL,'1ff496o4pgfo6m2m4ndvmrj9g6','2020-06-09 14:40:49'),(3147,NULL,'8ph8ngaqqlp4k4666529v0kvs5','2020-06-09 23:41:35'),(3148,NULL,'gqjjpfepofa3qebtk15gsf81ph','2020-06-10 02:17:26'),(3149,NULL,'ca56j72460k61ictlg7i4q9hkc','2020-06-10 08:31:22'),(3150,NULL,'jufvqo3i768g8bq7avfv0f1mb6','2020-06-10 17:24:57'),(3151,NULL,'ambp8dk4fler36d1ogbeoinsge','2020-06-11 02:12:22'),(3152,NULL,'akb1s9aqrepq0dil4dbagh0n7v','2020-06-11 11:01:41'),(3153,NULL,'ulv39tl049id92ufaokdcm0kov','2020-06-11 17:33:30'),(3154,NULL,'aa35l172lc3b56obrbc4520aa8','2020-06-12 02:45:18'),(3155,NULL,'5umlra5kc2edrfmigfacvi3u97','2020-06-12 11:58:26'),(3156,NULL,'pbrurhfpb45mpgjtf1hq901sf0','2020-06-12 21:07:25'),(3157,NULL,'c7n8hbr5rubb8mqpg55ebpbk46','2020-06-13 05:18:35'),(3158,NULL,'chm0odbit2ujk24thvh44dago2','2020-06-13 05:56:28'),(3159,NULL,'el8oeo5knik6q803l9ttjchrkt','2020-06-13 14:01:39'),(3160,NULL,'aqd32oq1gla6t3c4ierom0eck2','2020-06-13 22:42:35'),(3161,NULL,'cuusogupmijq5fukpdg83tpm9i','2020-06-14 06:34:06'),(3162,NULL,'rin3s4qrq4fb2nj120j4nbvr27','2020-06-14 14:28:00'),(3163,NULL,'1n9u4k883u9orl0jtf6c4oda22','2020-06-15 13:57:16'),(3164,NULL,'aliave08d1qchaet2jluj36qv1','2020-06-15 19:32:35'),(3165,NULL,'cpqupohujhrrrjst36toefoq0k','2020-06-16 04:24:45'),(3166,NULL,'h65f6b389e9ibq8aubedl723ms','2020-06-16 13:18:02'),(3167,NULL,'k7o7ebebtafu52a5sq7q9bcsrq','2020-06-16 21:47:30'),(3168,NULL,'am6obhqemkbg0738hl51hj5vnp','2020-06-16 22:07:11'),(3169,NULL,'7gqirqco3uiqkur7s7804legso','2020-06-17 06:52:30'),(3170,NULL,'dagv1tvirelr5i4jndonu4hgfa','2020-06-17 15:36:26'),(3171,NULL,'hdvaer62v80sps5f1i4tid79ae','2020-06-17 20:16:41'),(3172,NULL,'fh1k1b54bulij5hsma6j3mt4i8','2020-06-18 00:11:18'),(3173,NULL,'vnmersqmnq2pfjpc5iulc4vmdf','2020-06-18 08:45:41'),(3174,NULL,'3eaikm18vfq6e9ma0cd0atg3rh','2020-06-18 14:50:07'),(3175,NULL,'i38bmtiq1g89jjvggld6kbjf3m','2020-06-18 23:31:05'),(3176,NULL,'kg3skhseb83ahbk8uf0jqn8c1r','2020-06-19 08:24:46'),(3177,8,'n5kon67dfs76317qqdspb60k24','2020-06-19 15:34:08'),(3178,NULL,'5176fnk6la68l5pkh5vdu77sn2','2022-06-22 16:57:11');

--
-- Table structure for table `design_change`
--

CREATE TABLE `design_change` (
  `design_change_id` int NOT NULL AUTO_INCREMENT COMMENT 'Design Change ID',
  `store_id` smallint unsigned NOT NULL DEFAULT '0' COMMENT 'Store ID',
  `design` varchar(255) DEFAULT NULL COMMENT 'Design',
  `date_from` date DEFAULT NULL COMMENT 'First Date of Design Activity',
  `date_to` date DEFAULT NULL COMMENT 'Last Date of Design Activity',
  PRIMARY KEY (`design_change_id`),
  KEY `DESIGN_CHANGE_STORE_ID` (`store_id`),
  CONSTRAINT `DESIGN_CHANGE_STORE_ID_STORE_STORE_ID` FOREIGN KEY (`store_id`) REFERENCES `store` (`store_id`) ON DELETE CASCADE
) ENGINE=InnoDB DEFAULT CHARSET=utf8mb3 COMMENT='Design Changes';

--
-- Dumping data for table `design_change`
--


--
-- Table structure for table `design_config_grid_flat`
--

CREATE TABLE `design_config_grid_flat` (
  `entity_id` int unsigned NOT NULL COMMENT 'Entity ID',
  `store_website_id` int DEFAULT NULL COMMENT 'Store_website_id',
  `store_group_id` int DEFAULT NULL COMMENT 'Store_group_id',
  `store_id` int DEFAULT NULL COMMENT 'Store_id',
  `theme_theme_id` varchar(255) DEFAULT NULL COMMENT 'Theme_theme_id',
  PRIMARY KEY (`entity_id`),
  KEY `DESIGN_CONFIG_GRID_FLAT_STORE_WEBSITE_ID` (`store_website_id`),
  KEY `DESIGN_CONFIG_GRID_FLAT_STORE_GROUP_ID` (`store_group_id`),
  KEY `DESIGN_CONFIG_GRID_FLAT_STORE_ID` (`store_id`),
  FULLTEXT KEY `DESIGN_CONFIG_GRID_FLAT_THEME_THEME_ID` (`theme_theme_id`)
) ENGINE=InnoDB DEFAULT CHARSET=utf8mb3 COMMENT='design_config_grid_flat';

--
-- Dumping data for table `design_config_grid_flat`
--

INSERT INTO `design_config_grid_flat` VALUES (0,NULL,NULL,NULL,'6'),(1,1,NULL,NULL,'6'),(2,1,1,1,'6'),(3,1,1,2,'6'),(4,1,1,3,'6'),(5,1,1,4,'6'),(6,1,1,5,'6'),(7,1,1,6,'6'),(8,1,1,7,'6'),(9,1,1,8,'6');

--
-- Table structure for table `directory_country`
--

CREATE TABLE `directory_country` (
  `country_id` varchar(2) NOT NULL COMMENT 'Country ID in ISO-2',
  `iso2_code` varchar(2) DEFAULT NULL COMMENT 'Country ISO-2 format',
  `iso3_code` varchar(3) DEFAULT NULL COMMENT 'Country ISO-3',
  PRIMARY KEY (`country_id`)
) ENGINE=InnoDB DEFAULT CHARSET=utf8mb3 COMMENT='Directory Country';

--
-- Dumping data for table `directory_country`
--

INSERT INTO `directory_country` VALUES ('AD','AD','AND'),('AE','AE','ARE'),('AF','AF','AFG'),('AG','AG','ATG'),('AI','AI','AIA'),('AL','AL','ALB'),('AM','AM','ARM'),('AN','AN','ANT'),('AO','AO','AGO'),('AQ','AQ','ATA'),('AR','AR','ARG'),('AS','AS','ASM'),('AT','AT','AUT'),('AU','AU','AUS'),('AW','AW','ABW'),('AX','AX','ALA'),('AZ','AZ','AZE'),('BA','BA','BIH'),('BB','BB','BRB'),('BD','BD','BGD'),('BE','BE','BEL'),('BF','BF','BFA'),('BG','BG','BGR'),('BH','BH','BHR'),('BI','BI','BDI'),('BJ','BJ','BEN'),('BL','BL','BLM'),('BM','BM','BMU'),('BN','BN','BRN'),('BO','BO','BOL'),('BQ','BQ','BES'),('BR','BR','BRA'),('BS','BS','BHS'),('BT','BT','BTN'),('BV','BV','BVT'),('BW','BW','BWA'),('BY','BY','BLR'),('BZ','BZ','BLZ'),('CA','CA','CAN'),('CC','CC','CCK'),('CD','CD','COD'),('CF','CF','CAF'),('CG','CG','COG'),('CH','CH','CHE'),('CI','CI','CIV'),('CK','CK','COK'),('CL','CL','CHL'),('CM','CM','CMR'),('CN','CN','CHN'),('CO','CO','COL'),('CR','CR','CRI'),('CU','CU','CUB'),('CV','CV','CPV'),('CW','CW','CUW'),('CX','CX','CXR'),('CY','CY','CYP'),('CZ','CZ','CZE'),('DE','DE','DEU'),('DJ','DJ','DJI'),('DK','DK','DNK'),('DM','DM','DMA'),('DO','DO','DOM'),('DZ','DZ','DZA'),('EC','EC','ECU'),('EE','EE','EST'),('EG','EG','EGY'),('EH','EH','ESH'),('ER','ER','ERI'),('ES','ES','ESP'),('ET','ET','ETH'),('FI','FI','FIN'),('FJ','FJ','FJI'),('FK','FK','FLK'),('FM','FM','FSM'),('FO','FO','FRO'),('FR','FR','FRA'),('GA','GA','GAB'),('GB','GB','GBR'),('GD','GD','GRD'),('GE','GE','GEO'),('GF','GF','GUF'),('GG','GG','GGY'),('GH','GH','GHA'),('GI','GI','GIB'),('GL','GL','GRL'),('GM','GM','GMB'),('GN','GN','GIN'),('GP','GP','GLP'),('GQ','GQ','GNQ'),('GR','GR','GRC'),('GS','GS','SGS'),('GT','GT','GTM'),('GU','GU','GUM'),('GW','GW','GNB'),('GY','GY','GUY'),('HK','HK','HKG'),('HM','HM','HMD'),('HN','HN','HND'),('HR','HR','HRV'),('HT','HT','HTI'),('HU','HU','HUN'),('ID','ID','IDN'),('IE','IE','IRL'),('IL','IL','ISR'),('IM','IM','IMN'),('IN','IN','IND'),('IO','IO','IOT'),('IQ','IQ','IRQ'),('IR','IR','IRN'),('IS','IS','ISL'),('IT','IT','ITA'),('JE','JE','JEY'),('JM','JM','JAM'),('JO','JO','JOR'),('JP','JP','JPN'),('KE','KE','KEN'),('KG','KG','KGZ'),('KH','KH','KHM'),('KI','KI','KIR'),('KM','KM','COM'),('KN','KN','KNA'),('KP','KP','PRK'),('KR','KR','KOR'),('KW','KW','KWT'),('KY','KY','CYM'),('KZ','KZ','KAZ'),('LA','LA','LAO'),('LB','LB','LBN'),('LC','LC','LCA'),('LI','LI','LIE'),('LK','LK','LKA'),('LR','LR','LBR'),('LS','LS','LSO'),('LT','LT','LTU'),('LU','LU','LUX'),('LV','LV','LVA'),('LY','LY','LBY'),('MA','MA','MAR'),('MC','MC','MCO'),('MD','MD','MDA'),('ME','ME','MNE'),('MF','MF','MAF'),('MG','MG','MDG'),('MH','MH','MHL'),('MK','MK','MKD'),('ML','ML','MLI'),('MM','MM','MMR'),('MN','MN','MNG'),('MO','MO','MAC'),('MP','MP','MNP'),('MQ','MQ','MTQ'),('MR','MR','MRT'),('MS','MS','MSR'),('MT','MT','MLT'),('MU','MU','MUS'),('MV','MV','MDV'),('MW','MW','MWI'),('MX','MX','MEX'),('MY','MY','MYS'),('MZ','MZ','MOZ'),('NA','NA','NAM'),('NC','NC','NCL'),('NE','NE','NER'),('NF','NF','NFK'),('NG','NG','NGA'),('NI','NI','NIC'),('NL','NL','NLD'),('NO','NO','NOR'),('NP','NP','NPL'),('NR','NR','NRU'),('NU','NU','NIU'),('NZ','NZ','NZL'),('OM','OM','OMN'),('PA','PA','PAN'),('PE','PE','PER'),('PF','PF','PYF'),('PG','PG','PNG'),('PH','PH','PHL'),('PK','PK','PAK'),('PL','PL','POL'),('PM','PM','SPM'),('PN','PN','PCN'),('PS','PS','PSE'),('PT','PT','PRT'),('PW','PW','PLW'),('PY','PY','PRY'),('QA','QA','QAT'),('RE','RE','REU'),('RO','RO','ROU'),('RS','RS','SRB'),('RU','RU','RUS'),('RW','RW','RWA'),('SA','SA','SAU'),('SB','SB','SLB'),('SC','SC','SYC'),('SD','SD','SDN'),('SE','SE','SWE'),('SG','SG','SGP'),('SH','SH','SHN'),('SI','SI','SVN'),('SJ','SJ','SJM'),('SK','SK','SVK'),('SL','SL','SLE'),('SM','SM','SMR'),('SN','SN','SEN'),('SO','SO','SOM'),('SR','SR','SUR'),('ST','ST','STP'),('SV','SV','SLV'),('SX','SX','SXM'),('SY','SY','SYR'),('SZ','SZ','SWZ'),('TC','TC','TCA'),('TD','TD','TCD'),('TF','TF','ATF'),('TG','TG','TGO'),('TH','TH','THA'),('TJ','TJ','TJK'),('TK','TK','TKL'),('TL','TL','TLS'),('TM','TM','TKM'),('TN','TN','TUN'),('TO','TO','TON'),('TR','TR','TUR'),('TT','TT','TTO'),('TV','TV','TUV'),('TW','TW','TWN'),('TZ','TZ','TZA'),('UA','UA','UKR'),('UG','UG','UGA'),('UM','UM','UMI'),('US','US','USA'),('UY','UY','URY'),('UZ','UZ','UZB'),('VA','VA','VAT'),('VC','VC','VCT'),('VE','VE','VEN'),('VG','VG','VGB'),('VI','VI','VIR'),('VN','VN','VNM'),('VU','VU','VUT'),('WF','WF','WLF'),('WS','WS','WSM'),('XK','XK','XKX'),('YE','YE','YEM'),('YT','YT','MYT'),('ZA','ZA','ZAF'),('ZM','ZM','ZMB'),('ZW','ZW','ZWE');

--
-- Table structure for table `directory_country_format`
--

CREATE TABLE `directory_country_format` (
  `country_format_id` int unsigned NOT NULL AUTO_INCREMENT COMMENT 'Country Format ID',
  `country_id` varchar(2) DEFAULT NULL COMMENT 'Country ID in ISO-2',
  `type` varchar(30) DEFAULT NULL COMMENT 'Country Format Type',
  `format` text NOT NULL COMMENT 'Country Format',
  PRIMARY KEY (`country_format_id`),
  UNIQUE KEY `DIRECTORY_COUNTRY_FORMAT_COUNTRY_ID_TYPE` (`country_id`,`type`)
) ENGINE=InnoDB DEFAULT CHARSET=utf8mb3 COMMENT='Directory Country Format';

--
-- Dumping data for table `directory_country_format`
--


--
-- Table structure for table `directory_country_region`
--

CREATE TABLE `directory_country_region` (
  `region_id` int unsigned NOT NULL AUTO_INCREMENT COMMENT 'Region ID',
  `country_id` varchar(4) NOT NULL DEFAULT '0' COMMENT 'Country ID in ISO-2',
  `code` varchar(32) DEFAULT NULL COMMENT 'Region code',
  `default_name` varchar(255) DEFAULT NULL COMMENT 'Region Name',
  PRIMARY KEY (`region_id`),
  KEY `DIRECTORY_COUNTRY_REGION_COUNTRY_ID` (`country_id`)
) ENGINE=InnoDB AUTO_INCREMENT=654 DEFAULT CHARSET=utf8mb3 COMMENT='Directory Country Region';

--
-- Dumping data for table `directory_country_region`
--

INSERT INTO `directory_country_region` VALUES (1,'US','AL','Alabama'),(2,'US','AK','Alaska'),(3,'US','AS','American Samoa'),(4,'US','AZ','Arizona'),(5,'US','AR','Arkansas'),(6,'US','AE','Armed Forces Africa'),(7,'US','AA','Armed Forces Americas'),(8,'US','AE','Armed Forces Canada'),(9,'US','AE','Armed Forces Europe'),(10,'US','AE','Armed Forces Middle East'),(11,'US','AP','Armed Forces Pacific'),(12,'US','CA','California'),(13,'US','CO','Colorado'),(14,'US','CT','Connecticut'),(15,'US','DE','Delaware'),(16,'US','DC','District of Columbia'),(17,'US','FM','Federated States Of Micronesia'),(18,'US','FL','Florida'),(19,'US','GA','Georgia'),(20,'US','GU','Guam'),(21,'US','HI','Hawaii'),(22,'US','ID','Idaho'),(23,'US','IL','Illinois'),(24,'US','IN','Indiana'),(25,'US','IA','Iowa'),(26,'US','KS','Kansas'),(27,'US','KY','Kentucky'),(28,'US','LA','Louisiana'),(29,'US','ME','Maine'),(30,'US','MH','Marshall Islands'),(31,'US','MD','Maryland'),(32,'US','MA','Massachusetts'),(33,'US','MI','Michigan'),(34,'US','MN','Minnesota'),(35,'US','MS','Mississippi'),(36,'US','MO','Missouri'),(37,'US','MT','Montana'),(38,'US','NE','Nebraska'),(39,'US','NV','Nevada'),(40,'US','NH','New Hampshire'),(41,'US','NJ','New Jersey'),(42,'US','NM','New Mexico'),(43,'US','NY','New York'),(44,'US','NC','North Carolina'),(45,'US','ND','North Dakota'),(46,'US','MP','Northern Mariana Islands'),(47,'US','OH','Ohio'),(48,'US','OK','Oklahoma'),(49,'US','OR','Oregon'),(50,'US','PW','Palau'),(51,'US','PA','Pennsylvania'),(52,'US','PR','Puerto Rico'),(53,'US','RI','Rhode Island'),(54,'US','SC','South Carolina'),(55,'US','SD','South Dakota'),(56,'US','TN','Tennessee'),(57,'US','TX','Texas'),(58,'US','UT','Utah'),(59,'US','VT','Vermont'),(60,'US','VI','Virgin Islands'),(61,'US','VA','Virginia'),(62,'US','WA','Washington'),(63,'US','WV','West Virginia'),(64,'US','WI','Wisconsin'),(65,'US','WY','Wyoming'),(66,'CA','AB','Alberta'),(67,'CA','BC','British Columbia'),(68,'CA','MB','Manitoba'),(69,'CA','NL','Newfoundland and Labrador'),(70,'CA','NB','New Brunswick'),(71,'CA','NS','Nova Scotia'),(72,'CA','NT','Northwest Territories'),(73,'CA','NU','Nunavut'),(74,'CA','ON','Ontario'),(75,'CA','PE','Prince Edward Island'),(76,'CA','QC','Quebec'),(77,'CA','SK','Saskatchewan'),(78,'CA','YT','Yukon Territory'),(79,'DE','NDS','Niedersachsen'),(80,'DE','BAW','Baden-Württemberg'),(81,'DE','BAY','Bayern'),(82,'DE','BER','Berlin'),(83,'DE','BRG','Brandenburg'),(84,'DE','BRE','Bremen'),(85,'DE','HAM','Hamburg'),(86,'DE','HES','Hessen'),(87,'DE','MEC','Mecklenburg-Vorpommern'),(88,'DE','NRW','Nordrhein-Westfalen'),(89,'DE','RHE','Rheinland-Pfalz'),(90,'DE','SAR','Saarland'),(91,'DE','SAS','Sachsen'),(92,'DE','SAC','Sachsen-Anhalt'),(93,'DE','SCN','Schleswig-Holstein'),(94,'DE','THE','Thüringen'),(95,'AT','WI','Wien'),(96,'AT','NO','Niederösterreich'),(97,'AT','OO','Oberösterreich'),(98,'AT','SB','Salzburg'),(99,'AT','KN','Kärnten'),(100,'AT','ST','Steiermark'),(101,'AT','TI','Tirol'),(102,'AT','BL','Burgenland'),(103,'AT','VB','Vorarlberg'),(104,'CH','AG','Aargau'),(105,'CH','AI','Appenzell Innerrhoden'),(106,'CH','AR','Appenzell Ausserrhoden'),(107,'CH','BE','Bern'),(108,'CH','BL','Basel-Landschaft'),(109,'CH','BS','Basel-Stadt'),(110,'CH','FR','Freiburg'),(111,'CH','GE','Genf'),(112,'CH','GL','Glarus'),(113,'CH','GR','Graubünden'),(114,'CH','JU','Jura'),(115,'CH','LU','Luzern'),(116,'CH','NE','Neuenburg'),(117,'CH','NW','Nidwalden'),(118,'CH','OW','Obwalden'),(119,'CH','SG','St. Gallen'),(120,'CH','SH','Schaffhausen'),(121,'CH','SO','Solothurn'),(122,'CH','SZ','Schwyz'),(123,'CH','TG','Thurgau'),(124,'CH','TI','Tessin'),(125,'CH','UR','Uri'),(126,'CH','VD','Waadt'),(127,'CH','VS','Wallis'),(128,'CH','ZG','Zug'),(129,'CH','ZH','Zürich'),(130,'ES','A Coruсa','A Coruña'),(131,'ES','Alava','Alava'),(132,'ES','Albacete','Albacete'),(133,'ES','Alicante','Alicante'),(134,'ES','Almeria','Almeria'),(135,'ES','Asturias','Asturias'),(136,'ES','Avila','Avila'),(137,'ES','Badajoz','Badajoz'),(138,'ES','Baleares','Baleares'),(139,'ES','Barcelona','Barcelona'),(140,'ES','Burgos','Burgos'),(141,'ES','Caceres','Caceres'),(142,'ES','Cadiz','Cadiz'),(143,'ES','Cantabria','Cantabria'),(144,'ES','Castellon','Castellon'),(145,'ES','Ceuta','Ceuta'),(146,'ES','Ciudad Real','Ciudad Real'),(147,'ES','Cordoba','Cordoba'),(148,'ES','Cuenca','Cuenca'),(149,'ES','Girona','Girona'),(150,'ES','Granada','Granada'),(151,'ES','Guadalajara','Guadalajara'),(152,'ES','Guipuzcoa','Guipuzcoa'),(153,'ES','Huelva','Huelva'),(154,'ES','Huesca','Huesca'),(155,'ES','Jaen','Jaen'),(156,'ES','La Rioja','La Rioja'),(157,'ES','Las Palmas','Las Palmas'),(158,'ES','Leon','Leon'),(159,'ES','Lleida','Lleida'),(160,'ES','Lugo','Lugo'),(161,'ES','Madrid','Madrid'),(162,'ES','Malaga','Malaga'),(163,'ES','Melilla','Melilla'),(164,'ES','Murcia','Murcia'),(165,'ES','Navarra','Navarra'),(166,'ES','Ourense','Ourense'),(167,'ES','Palencia','Palencia'),(168,'ES','Pontevedra','Pontevedra'),(169,'ES','Salamanca','Salamanca'),(170,'ES','Santa Cruz de Tenerife','Santa Cruz de Tenerife'),(171,'ES','Segovia','Segovia'),(172,'ES','Sevilla','Sevilla'),(173,'ES','Soria','Soria'),(174,'ES','Tarragona','Tarragona'),(175,'ES','Teruel','Teruel'),(176,'ES','Toledo','Toledo'),(177,'ES','Valencia','Valencia'),(178,'ES','Valladolid','Valladolid'),(179,'ES','Vizcaya','Vizcaya'),(180,'ES','Zamora','Zamora'),(181,'ES','Zaragoza','Zaragoza'),(182,'FR','1','Ain'),(183,'FR','2','Aisne'),(184,'FR','3','Allier'),(185,'FR','4','Alpes-de-Haute-Provence'),(186,'FR','5','Hautes-Alpes'),(187,'FR','6','Alpes-Maritimes'),(188,'FR','7','Ardèche'),(189,'FR','8','Ardennes'),(190,'FR','9','Ariège'),(191,'FR','10','Aube'),(192,'FR','11','Aude'),(193,'FR','12','Aveyron'),(194,'FR','13','Bouches-du-Rhône'),(195,'FR','14','Calvados'),(196,'FR','15','Cantal'),(197,'FR','16','Charente'),(198,'FR','17','Charente-Maritime'),(199,'FR','18','Cher'),(200,'FR','19','Corrèze'),(201,'FR','2A','Corse-du-Sud'),(202,'FR','2B','Haute-Corse'),(203,'FR','21','Côte-d\'Or'),(204,'FR','22','Côtes-d\'Armor'),(205,'FR','23','Creuse'),(206,'FR','24','Dordogne'),(207,'FR','25','Doubs'),(208,'FR','26','Drôme'),(209,'FR','27','Eure'),(210,'FR','28','Eure-et-Loir'),(211,'FR','29','Finistère'),(212,'FR','30','Gard'),(213,'FR','31','Haute-Garonne'),(214,'FR','32','Gers'),(215,'FR','33','Gironde'),(216,'FR','34','Hérault'),(217,'FR','35','Ille-et-Vilaine'),(218,'FR','36','Indre'),(219,'FR','37','Indre-et-Loire'),(220,'FR','38','Isère'),(221,'FR','39','Jura'),(222,'FR','40','Landes'),(223,'FR','41','Loir-et-Cher'),(224,'FR','42','Loire'),(225,'FR','43','Haute-Loire'),(226,'FR','44','Loire-Atlantique'),(227,'FR','45','Loiret'),(228,'FR','46','Lot'),(229,'FR','47','Lot-et-Garonne'),(230,'FR','48','Lozère'),(231,'FR','49','Maine-et-Loire'),(232,'FR','50','Manche'),(233,'FR','51','Marne'),(234,'FR','52','Haute-Marne'),(235,'FR','53','Mayenne'),(236,'FR','54','Meurthe-et-Moselle'),(237,'FR','55','Meuse'),(238,'FR','56','Morbihan'),(239,'FR','57','Moselle'),(240,'FR','58','Nièvre'),(241,'FR','59','Nord'),(242,'FR','60','Oise'),(243,'FR','61','Orne'),(244,'FR','62','Pas-de-Calais'),(245,'FR','63','Puy-de-Dôme'),(246,'FR','64','Pyrénées-Atlantiques'),(247,'FR','65','Hautes-Pyrénées'),(248,'FR','66','Pyrénées-Orientales'),(249,'FR','67','Bas-Rhin'),(250,'FR','68','Haut-Rhin'),(251,'FR','69','Rhône'),(252,'FR','70','Haute-Saône'),(253,'FR','71','Saône-et-Loire'),(254,'FR','72','Sarthe'),(255,'FR','73','Savoie'),(256,'FR','74','Haute-Savoie'),(257,'FR','75','Paris'),(258,'FR','76','Seine-Maritime'),(259,'FR','77','Seine-et-Marne'),(260,'FR','78','Yvelines'),(261,'FR','79','Deux-Sèvres'),(262,'FR','80','Somme'),(263,'FR','81','Tarn'),(264,'FR','82','Tarn-et-Garonne'),(265,'FR','83','Var'),(266,'FR','84','Vaucluse'),(267,'FR','85','Vendée'),(268,'FR','86','Vienne'),(269,'FR','87','Haute-Vienne'),(270,'FR','88','Vosges'),(271,'FR','89','Yonne'),(272,'FR','90','Territoire-de-Belfort'),(273,'FR','91','Essonne'),(274,'FR','92','Hauts-de-Seine'),(275,'FR','93','Seine-Saint-Denis'),(276,'FR','94','Val-de-Marne'),(277,'FR','95','Val-d\'Oise'),(278,'RO','AB','Alba'),(279,'RO','AR','Arad'),(280,'RO','AG','Argeş'),(281,'RO','BC','Bacău'),(282,'RO','BH','Bihor'),(283,'RO','BN','Bistriţa-Năsăud'),(284,'RO','BT','Botoşani'),(285,'RO','BV','Braşov'),(286,'RO','BR','Brăila'),(287,'RO','B','Bucureşti'),(288,'RO','BZ','Buzău'),(289,'RO','CS','Caraş-Severin'),(290,'RO','CL','Călăraşi'),(291,'RO','CJ','Cluj'),(292,'RO','CT','Constanţa'),(293,'RO','CV','Covasna'),(294,'RO','DB','Dâmboviţa'),(295,'RO','DJ','Dolj'),(296,'RO','GL','Galaţi'),(297,'RO','GR','Giurgiu'),(298,'RO','GJ','Gorj'),(299,'RO','HR','Harghita'),(300,'RO','HD','Hunedoara'),(301,'RO','IL','Ialomiţa'),(302,'RO','IS','Iaşi'),(303,'RO','IF','Ilfov'),(304,'RO','MM','Maramureş'),(305,'RO','MH','Mehedinţi'),(306,'RO','MS','Mureş'),(307,'RO','NT','Neamţ'),(308,'RO','OT','Olt'),(309,'RO','PH','Prahova'),(310,'RO','SM','Satu-Mare'),(311,'RO','SJ','Sălaj'),(312,'RO','SB','Sibiu'),(313,'RO','SV','Suceava'),(314,'RO','TR','Teleorman'),(315,'RO','TM','Timiş'),(316,'RO','TL','Tulcea'),(317,'RO','VS','Vaslui'),(318,'RO','VL','Vâlcea'),(319,'RO','VN','Vrancea'),(320,'FI','Lappi','Lappi'),(321,'FI','Pohjois-Pohjanmaa','Pohjois-Pohjanmaa'),(322,'FI','Kainuu','Kainuu'),(323,'FI','Pohjois-Karjala','Pohjois-Karjala'),(324,'FI','Pohjois-Savo','Pohjois-Savo'),(325,'FI','Etelä-Savo','Etelä-Savo'),(326,'FI','Etelä-Pohjanmaa','Etelä-Pohjanmaa'),(327,'FI','Pohjanmaa','Pohjanmaa'),(328,'FI','Pirkanmaa','Pirkanmaa'),(329,'FI','Satakunta','Satakunta'),(330,'FI','Keski-Pohjanmaa','Keski-Pohjanmaa'),(331,'FI','Keski-Suomi','Keski-Suomi'),(332,'FI','Varsinais-Suomi','Varsinais-Suomi'),(333,'FI','Etelä-Karjala','Etelä-Karjala'),(334,'FI','Päijät-Häme','Päijät-Häme'),(335,'FI','Kanta-Häme','Kanta-Häme'),(336,'FI','Uusimaa','Uusimaa'),(337,'FI','Itä-Uusimaa','Itä-Uusimaa'),(338,'FI','Kymenlaakso','Kymenlaakso'),(339,'FI','Ahvenanmaa','Ahvenanmaa'),(340,'EE','EE-37','Harjumaa'),(341,'EE','EE-39','Hiiumaa'),(342,'EE','EE-44','Ida-Virumaa'),(343,'EE','EE-49','Jõgevamaa'),(344,'EE','EE-51','Järvamaa'),(345,'EE','EE-57','Läänemaa'),(346,'EE','EE-59','Lääne-Virumaa'),(347,'EE','EE-65','Põlvamaa'),(348,'EE','EE-67','Pärnumaa'),(349,'EE','EE-70','Raplamaa'),(350,'EE','EE-74','Saaremaa'),(351,'EE','EE-78','Tartumaa'),(352,'EE','EE-82','Valgamaa'),(353,'EE','EE-84','Viljandimaa'),(354,'EE','EE-86','Võrumaa'),(355,'LV','LV-DGV','Daugavpils'),(356,'LV','LV-JEL','Jelgava'),(357,'LV','Jēkabpils','Jēkabpils'),(358,'LV','LV-JUR','Jūrmala'),(359,'LV','LV-LPX','Liepāja'),(360,'LV','LV-LE','Liepājas novads'),(361,'LV','LV-REZ','Rēzekne'),(362,'LV','LV-RIX','Rīga'),(363,'LV','LV-RI','Rīgas novads'),(364,'LV','Valmiera','Valmiera'),(365,'LV','LV-VEN','Ventspils'),(366,'LV','Aglonas novads','Aglonas novads'),(367,'LV','LV-AI','Aizkraukles novads'),(368,'LV','Aizputes novads','Aizputes novads'),(369,'LV','Aknīstes novads','Aknīstes novads'),(370,'LV','Alojas novads','Alojas novads'),(371,'LV','Alsungas novads','Alsungas novads'),(372,'LV','LV-AL','Alūksnes novads'),(373,'LV','Amatas novads','Amatas novads'),(374,'LV','Apes novads','Apes novads'),(375,'LV','Auces novads','Auces novads'),(376,'LV','Babītes novads','Babītes novads'),(377,'LV','Baldones novads','Baldones novads'),(378,'LV','Baltinavas novads','Baltinavas novads'),(379,'LV','LV-BL','Balvu novads'),(380,'LV','LV-BU','Bauskas novads'),(381,'LV','Beverīnas novads','Beverīnas novads'),(382,'LV','Brocēnu novads','Brocēnu novads'),(383,'LV','Burtnieku novads','Burtnieku novads'),(384,'LV','Carnikavas novads','Carnikavas novads'),(385,'LV','Cesvaines novads','Cesvaines novads'),(386,'LV','Ciblas novads','Ciblas novads'),(387,'LV','LV-CE','Cēsu novads'),(388,'LV','Dagdas novads','Dagdas novads'),(389,'LV','LV-DA','Daugavpils novads'),(390,'LV','LV-DO','Dobeles novads'),(391,'LV','Dundagas novads','Dundagas novads'),(392,'LV','Durbes novads','Durbes novads'),(393,'LV','Engures novads','Engures novads'),(394,'LV','Garkalnes novads','Garkalnes novads'),(395,'LV','Grobiņas novads','Grobiņas novads'),(396,'LV','LV-GU','Gulbenes novads'),(397,'LV','Iecavas novads','Iecavas novads'),(398,'LV','Ikšķiles novads','Ikšķiles novads'),(399,'LV','Ilūkstes novads','Ilūkstes novads'),(400,'LV','Inčukalna novads','Inčukalna novads'),(401,'LV','Jaunjelgavas novads','Jaunjelgavas novads'),(402,'LV','Jaunpiebalgas novads','Jaunpiebalgas novads'),(403,'LV','Jaunpils novads','Jaunpils novads'),(404,'LV','LV-JL','Jelgavas novads'),(405,'LV','LV-JK','Jēkabpils novads'),(406,'LV','Kandavas novads','Kandavas novads'),(407,'LV','Kokneses novads','Kokneses novads'),(408,'LV','Krimuldas novads','Krimuldas novads'),(409,'LV','Krustpils novads','Krustpils novads'),(410,'LV','LV-KR','Krāslavas novads'),(411,'LV','LV-KU','Kuldīgas novads'),(412,'LV','Kārsavas novads','Kārsavas novads'),(413,'LV','Lielvārdes novads','Lielvārdes novads'),(414,'LV','LV-LM','Limbažu novads'),(415,'LV','Lubānas novads','Lubānas novads'),(416,'LV','LV-LU','Ludzas novads'),(417,'LV','Līgatnes novads','Līgatnes novads'),(418,'LV','Līvānu novads','Līvānu novads'),(419,'LV','LV-MA','Madonas novads'),(420,'LV','Mazsalacas novads','Mazsalacas novads'),(421,'LV','Mālpils novads','Mālpils novads'),(422,'LV','Mārupes novads','Mārupes novads'),(423,'LV','Naukšēnu novads','Naukšēnu novads'),(424,'LV','Neretas novads','Neretas novads'),(425,'LV','Nīcas novads','Nīcas novads'),(426,'LV','LV-OG','Ogres novads'),(427,'LV','Olaines novads','Olaines novads'),(428,'LV','Ozolnieku novads','Ozolnieku novads'),(429,'LV','LV-PR','Preiļu novads'),(430,'LV','Priekules novads','Priekules novads'),(431,'LV','Priekuļu novads','Priekuļu novads'),(432,'LV','Pārgaujas novads','Pārgaujas novads'),(433,'LV','Pāvilostas novads','Pāvilostas novads'),(434,'LV','Pļaviņu novads','Pļaviņu novads'),(435,'LV','Raunas novads','Raunas novads'),(436,'LV','Riebiņu novads','Riebiņu novads'),(437,'LV','Rojas novads','Rojas novads'),(438,'LV','Ropažu novads','Ropažu novads'),(439,'LV','Rucavas novads','Rucavas novads'),(440,'LV','Rugāju novads','Rugāju novads'),(441,'LV','Rundāles novads','Rundāles novads'),(442,'LV','LV-RE','Rēzeknes novads'),(443,'LV','Rūjienas novads','Rūjienas novads'),(444,'LV','Salacgrīvas novads','Salacgrīvas novads'),(445,'LV','Salas novads','Salas novads'),(446,'LV','Salaspils novads','Salaspils novads'),(447,'LV','LV-SA','Saldus novads'),(448,'LV','Saulkrastu novads','Saulkrastu novads'),(449,'LV','Siguldas novads','Siguldas novads'),(450,'LV','Skrundas novads','Skrundas novads'),(451,'LV','Skrīveru novads','Skrīveru novads'),(452,'LV','Smiltenes novads','Smiltenes novads'),(453,'LV','Stopiņu novads','Stopiņu novads'),(454,'LV','Strenču novads','Strenču novads'),(455,'LV','Sējas novads','Sējas novads'),(456,'LV','LV-TA','Talsu novads'),(457,'LV','LV-TU','Tukuma novads'),(458,'LV','Tērvetes novads','Tērvetes novads'),(459,'LV','Vaiņodes novads','Vaiņodes novads'),(460,'LV','LV-VK','Valkas novads'),(461,'LV','LV-VM','Valmieras novads'),(462,'LV','Varakļānu novads','Varakļānu novads'),(463,'LV','Vecpiebalgas novads','Vecpiebalgas novads'),(464,'LV','Vecumnieku novads','Vecumnieku novads'),(465,'LV','LV-VE','Ventspils novads'),(466,'LV','Viesītes novads','Viesītes novads'),(467,'LV','Viļakas novads','Viļakas novads'),(468,'LV','Viļānu novads','Viļānu novads'),(469,'LV','Vārkavas novads','Vārkavas novads'),(470,'LV','Zilupes novads','Zilupes novads'),(471,'LV','Ādažu novads','Ādažu novads'),(472,'LV','Ērgļu novads','Ērgļu novads'),(473,'LV','Ķeguma novads','Ķeguma novads'),(474,'LV','Ķekavas novads','Ķekavas novads'),(475,'LT','LT-AL','Alytaus Apskritis'),(476,'LT','LT-KU','Kauno Apskritis'),(477,'LT','LT-KL','Klaipėdos Apskritis'),(478,'LT','LT-MR','Marijampolės Apskritis'),(479,'LT','LT-PN','Panevėžio Apskritis'),(480,'LT','LT-SA','Šiaulių Apskritis'),(481,'LT','LT-TA','Tauragės Apskritis'),(482,'LT','LT-TE','Telšių Apskritis'),(483,'LT','LT-UT','Utenos Apskritis'),(484,'LT','LT-VL','Vilniaus Apskritis'),(485,'BR','AC','Acre'),(486,'BR','AL','Alagoas'),(487,'BR','AP','Amapá'),(488,'BR','AM','Amazonas'),(489,'BR','BA','Bahia'),(490,'BR','CE','Ceará'),(491,'BR','ES','Espírito Santo'),(492,'BR','GO','Goiás'),(493,'BR','MA','Maranhão'),(494,'BR','MT','Mato Grosso'),(495,'BR','MS','Mato Grosso do Sul'),(496,'BR','MG','Minas Gerais'),(497,'BR','PA','Pará'),(498,'BR','PB','Paraíba'),(499,'BR','PR','Paraná'),(500,'BR','PE','Pernambuco'),(501,'BR','PI','Piauí'),(502,'BR','RJ','Rio de Janeiro'),(503,'BR','RN','Rio Grande do Norte'),(504,'BR','RS','Rio Grande do Sul'),(505,'BR','RO','Rondônia'),(506,'BR','RR','Roraima'),(507,'BR','SC','Santa Catarina'),(508,'BR','SP','São Paulo'),(509,'BR','SE','Sergipe'),(510,'BR','TO','Tocantins'),(511,'BR','DF','Distrito Federal'),(512,'HR','HR-01','Zagrebačka županija'),(513,'HR','HR-02','Krapinsko-zagorska županija'),(514,'HR','HR-03','Sisačko-moslavačka županija'),(515,'HR','HR-04','Karlovačka županija'),(516,'HR','HR-05','Varaždinska županija'),(517,'HR','HR-06','Koprivničko-križevačka županija'),(518,'HR','HR-07','Bjelovarsko-bilogorska županija'),(519,'HR','HR-08','Primorsko-goranska županija'),(520,'HR','HR-09','Ličko-senjska županija'),(521,'HR','HR-10','Virovitičko-podravska županija'),(522,'HR','HR-11','Požeško-slavonska županija'),(523,'HR','HR-12','Brodsko-posavska županija'),(524,'HR','HR-13','Zadarska županija'),(525,'HR','HR-14','Osječko-baranjska županija'),(526,'HR','HR-15','Šibensko-kninska županija'),(527,'HR','HR-16','Vukovarsko-srijemska županija'),(528,'HR','HR-17','Splitsko-dalmatinska županija'),(529,'HR','HR-18','Istarska županija'),(530,'HR','HR-19','Dubrovačko-neretvanska županija'),(531,'HR','HR-20','Međimurska županija'),(532,'HR','HR-21','Grad Zagreb'),(533,'IN','AN','Andaman and Nicobar Islands'),(534,'IN','AP','Andhra Pradesh'),(535,'IN','AR','Arunachal Pradesh'),(536,'IN','AS','Assam'),(537,'IN','BR','Bihar'),(538,'IN','CH','Chandigarh'),(539,'IN','CT','Chhattisgarh'),(540,'IN','DN','Dadra and Nagar Haveli'),(541,'IN','DD','Daman and Diu'),(542,'IN','DL','Delhi'),(543,'IN','GA','Goa'),(544,'IN','GJ','Gujarat'),(545,'IN','HR','Haryana'),(546,'IN','HP','Himachal Pradesh'),(547,'IN','JK','Jammu and Kashmir'),(548,'IN','JH','Jharkhand'),(549,'IN','KA','Karnataka'),(550,'IN','KL','Kerala'),(551,'IN','LD','Lakshadweep'),(552,'IN','MP','Madhya Pradesh'),(553,'IN','MH','Maharashtra'),(554,'IN','MN','Manipur'),(555,'IN','ML','Meghalaya'),(556,'IN','MZ','Mizoram'),(557,'IN','NL','Nagaland'),(558,'IN','OR','Odisha'),(559,'IN','PY','Puducherry'),(560,'IN','PB','Punjab'),(561,'IN','RJ','Rajasthan'),(562,'IN','SK','Sikkim'),(563,'IN','TN','Tamil Nadu'),(564,'IN','TG','Telangana'),(565,'IN','TR','Tripura'),(566,'IN','UP','Uttar Pradesh'),(567,'IN','UT','Uttarakhand'),(568,'IN','WB','West Bengal'),(569,'AU','ACT','Australian Capital Territory'),(570,'AU','NSW','New South Wales'),(571,'AU','VIC','Victoria'),(572,'AU','QLD','Queensland'),(573,'AU','SA','South Australia'),(574,'AU','TAS','Tasmania'),(575,'AU','WA','Western Australia'),(576,'AU','NT','Northern Territory'),(577,'BE','VAN','Antwerpen'),(578,'BE','WBR','Brabant wallon'),(579,'BE','BRU','Brussels-Capital Region'),(580,'BE','WHT','Hainaut'),(581,'BE','VLI','Limburg'),(582,'BE','WLG','Liège'),(583,'BE','WLX','Luxembourg'),(584,'BE','WNA','Namur'),(585,'BE','VOV','Oost-Vlaanderen'),(586,'BE','VBR','Vlaams-Brabant'),(587,'BE','VWV','West-Vlaanderen'),(588,'CN','CN-AH','Anhui Sheng'),(589,'CN','CN-BJ','Beijing Shi'),(590,'CN','CN-CQ','Chongqing Shi'),(591,'CN','CN-FJ','Fujian Sheng'),(592,'CN','CN-GS','Gansu Sheng'),(593,'CN','CN-GD','Guangdong Sheng'),(594,'CN','CN-GX','Guangxi Zhuangzu Zizhiqu'),(595,'CN','CN-GZ','Guizhou Sheng'),(596,'CN','CN-HI','Hainan Sheng'),(597,'CN','CN-HE','Hebei Sheng'),(598,'CN','CN-HL','Heilongjiang Sheng'),(599,'CN','CN-HA','Henan Sheng'),(600,'CN','CN-HK','Hong Kong SAR'),(601,'CN','CN-HB','Hubei Sheng'),(602,'CN','CN-HN','Hunan Sheng'),(603,'CN','CN-JS','Jiangsu Sheng'),(604,'CN','CN-JX','Jiangxi Sheng'),(605,'CN','CN-JL','Jilin Sheng'),(606,'CN','CN-LN','Liaoning Sheng'),(607,'CN','CN-MO','Macao SAR'),(608,'CN','CN-NM','Nei Mongol Zizhiqu'),(609,'CN','CN-NX','Ningxia Huizi Zizhiqu'),(610,'CN','CN-QH','Qinghai Sheng'),(611,'CN','CN-SN','Shaanxi Sheng'),(612,'CN','CN-SD','Shandong Sheng'),(613,'CN','CN-SH','Shanghai Shi'),(614,'CN','CN-SX','Shanxi Sheng'),(615,'CN','CN-SC','Sichuan Sheng'),(616,'CN','CN-TW','Taiwan Sheng'),(617,'CN','CN-TJ','Tianjin Shi'),(618,'CN','CN-XJ','Xinjiang Uygur Zizhiqu'),(619,'CN','CN-XZ','Xizang Zizhiqu'),(620,'CN','CN-YN','Yunnan Sheng'),(621,'CN','CN-ZJ','Zhejiang Sheng'),(622,'MX','AGU','Aguascalientes'),(623,'MX','BCN','Baja California'),(624,'MX','BCS','Baja California Sur'),(625,'MX','CAM','Campeche'),(626,'MX','CHP','Chiapas'),(627,'MX','CHH','Chihuahua'),(628,'MX','CMX','Ciudad de México'),(629,'MX','COA','Coahuila'),(630,'MX','COL','Colima'),(631,'MX','DUR','Durango'),(632,'MX','MEX','Estado de México'),(633,'MX','GUA','Guanajuato'),(634,'MX','GRO','Guerrero'),(635,'MX','HID','Hidalgo'),(636,'MX','JAL','Jalisco'),(637,'MX','MIC','Michoacán'),(638,'MX','MOR','Morelos'),(639,'MX','NAY','Nayarit'),(640,'MX','NLE','Nuevo León'),(641,'MX','OAX','Oaxaca'),(642,'MX','PUE','Puebla'),(643,'MX','QUE','Querétaro'),(644,'MX','ROO','Quintana Roo'),(645,'MX','SLP','San Luis Potosí'),(646,'MX','SIN','Sinaloa'),(647,'MX','SON','Sonora'),(648,'MX','TAB','Tabasco'),(649,'MX','TAM','Tamaulipas'),(650,'MX','TLA','Tlaxcala'),(651,'MX','VER','Veracruz'),(652,'MX','YUC','Yucatán'),(653,'MX','ZAC','Zacatecas');

--
