-- Table structure for table `magefan_blog_post`
--

CREATE TABLE `magefan_blog_post` (
  `post_id` int NOT NULL AUTO_INCREMENT COMMENT 'Post ID',
  `title` varchar(255) DEFAULT NULL COMMENT 'Post Title',
  `meta_title` varchar(255) DEFAULT NULL COMMENT 'Post Meta Title',
  `meta_keywords` text COMMENT 'Post Meta Keywords',
  `meta_description` text COMMENT 'Post Meta Description',
  `identifier` varchar(100) DEFAULT NULL COMMENT 'Post String Identifier',
  `og_title` varchar(255) DEFAULT NULL COMMENT 'Post OG Title',
  `og_description` varchar(255) DEFAULT NULL COMMENT 'Post OG Description',
  `og_img` varchar(255) DEFAULT NULL COMMENT 'Post OG Img',
  `og_type` varchar(255) DEFAULT NULL COMMENT 'Post OG Type',
  `content_heading` varchar(255) DEFAULT NULL COMMENT 'Post Content Heading',
  `content` mediumtext COMMENT 'Post Content',
  `creation_time` timestamp NULL DEFAULT NULL COMMENT 'Post Creation Time',
  `update_time` timestamp NULL DEFAULT NULL COMMENT 'Post Modification Time',
  `publish_time` timestamp NULL DEFAULT NULL COMMENT 'Post Publish Time',
  `is_active` smallint NOT NULL DEFAULT '1' COMMENT 'Is Post Active',
  `include_in_recent` smallint NOT NULL DEFAULT '1' COMMENT 'Include in Recent Posts',
  `position` smallint NOT NULL DEFAULT '0' COMMENT 'Position',
  `featured_img` varchar(255) DEFAULT NULL COMMENT 'Thumbnail Image',
  `featured_img_alt` varchar(255) DEFAULT NULL COMMENT 'Featured Image Alt',
  `author_id` int DEFAULT NULL COMMENT 'Author ID',
  `page_layout` varchar(255) DEFAULT NULL COMMENT 'Post Layout',
  `layout_update_xml` text COMMENT 'Post Layout Update Content',
  `custom_theme` varchar(100) DEFAULT NULL COMMENT 'Post Custom Theme',
  `custom_layout` varchar(255) DEFAULT NULL COMMENT 'Post Custom Template',
  `custom_layout_update_xml` text COMMENT 'Post Custom Layout Update Content',
  `custom_theme_from` date DEFAULT NULL COMMENT 'Post Custom Theme Active From Date',
  `custom_theme_to` date DEFAULT NULL COMMENT 'Post Custom Theme Active To Date',
  `media_gallery` mediumtext COMMENT 'Media Gallery',
  `secret` varchar(32) DEFAULT NULL COMMENT 'Post Secret',
  `views_count` int DEFAULT NULL COMMENT 'Post Views Count',
  `is_recent_posts_skip` smallint DEFAULT NULL COMMENT 'Is Post Skipped From Recent Posts',
  `short_content` mediumtext COMMENT 'Post Short Content',
  `comments_count` int DEFAULT NULL COMMENT 'Post Comment Counts',
  PRIMARY KEY (`post_id`),
  KEY `MAGEFAN_BLOG_POST_IDENTIFIER` (`identifier`),
  KEY `MAGEFAN_BLOG_POST_AUTHOR_ID` (`author_id`),
  KEY `MAGEFAN_BLOG_POST_VIEWS_COUNT` (`views_count`),
  KEY `MAGEFAN_BLOG_POST_IS_RECENT_POSTS_SKIP` (`is_recent_posts_skip`),
  FULLTEXT KEY `FTI_A5DB7871E89B230F74EDFBECEB4659FA` (`title`,`meta_keywords`,`meta_description`,`identifier`,`content`)
) ENGINE=InnoDB AUTO_INCREMENT=5 DEFAULT CHARSET=utf8mb3 COMMENT='Magefan Blog Post Table';

--
-- Dumping data for table `magefan_blog_post`
--

INSERT INTO `magefan_blog_post` VALUES (1,'Hello world!',NULL,'magento 2 blog','Magento 2 blog default post.','hello-world',NULL,NULL,NULL,NULL,'Hello world!','<p>Welcome to <a title=\"Magefan - solutions for Magento 2\" href=\"http://magefan.com/\" target=\"_blank\">Magefan</a> <a title=\"Magento 2 Blog extension\" href=\"https://magefan.com/magento2-blog-extension/\" target=\"_blank\">blog extension for Magento® 2</a>. This is your first post. Edit or delete it, then start blogging!</p>\r\n<p><!-- pagebreak --></p>\r\n<p>Please also read <a title=\"Magento 2 Blog online documentation\" href=\"http://magefan.com/docs/magento-2-blog/\" target=\"_blank\">Online documentation</a> and <a href=\"http://magefan.com/blog/add-read-more-tag-to-blog-post-content/\" target=\"_blank\">How to add \"read more\" tag to post content</a></p>\r\n<p>Follow Magefan on:</p>\r\n<p><a title=\"Blog Extension for Magento 2 code\" href=\"https://github.com/magefan/module-blog\" target=\"_blank\">GitHub</a> | <a href=\"https://twitter.com/magento2fan\" target=\"_blank\">Twitter</a> | <a href=\"https://www.facebook.com/magefan/\" target=\"_blank\">Facebook</a> | <a href=\"https://plus.google.com/+Magefan_Magento_2/posts/\" target=\"_blank\">Google +</a></p>','2018-12-04 12:17:38','2018-12-04 12:49:51','2018-12-04 00:00:00',1,1,1,'magefan_blog/3.jpg',NULL,2,NULL,NULL,NULL,NULL,NULL,NULL,NULL,'magefan_blog/3_1.jpg',NULL,NULL,NULL,NULL,0),(2,'How to Pick a Good Hostel',NULL,NULL,NULL,'how-to-pick-a-good-hostel',NULL,NULL,NULL,NULL,NULL,'<p>Lorem Ipsum is simply dummy text of the printing and typesetting industry. Lorem Ipsum has been the industry\'s standard dummy text ever since the 1500s, when an unknown printer took a galley of type and scrambled it to make a type specimen book. It has survived not only five centuries, but also the leap into electronic typesetting, remaining essentially unchanged. It was popularised in the 1960s with the release of Letraset sheets containing Lorem Ipsum passages, and more recently with desktop publishing software like Aldus PageMaker including versions of Lorem Ipsum.</p>\r\n<p>Contrary to popular belief, Lorem Ipsum is not simply random text. It has roots in a piece of classical Latin literature from 45 BC, making it over 2000 years old. Richard McClintock, a Latin professor at Hampden-Sydney College in Virginia, looked up one of the more obscure Latin words, consectetur, from a Lorem Ipsum passage, and going through the cites of the word in classical literature, discovered the undoubtable source.</p>','2018-12-04 12:48:37','2018-12-04 12:48:49','2018-12-04 00:00:00',1,1,0,'magefan_blog/2.jpg',NULL,2,NULL,NULL,NULL,NULL,NULL,NULL,NULL,'magefan_blog/2_1.jpg',NULL,NULL,NULL,NULL,0),(3,'Around New York',NULL,NULL,NULL,'around-new-york-and-discover',NULL,NULL,NULL,NULL,NULL,'<p>lkl</p>','2019-03-09 11:28:25','2019-03-09 15:31:35','2019-03-09 00:00:00',1,1,0,'magefan_blog/8.jpg',NULL,2,NULL,NULL,NULL,NULL,NULL,NULL,NULL,'magefan_blog/8.jpg',NULL,NULL,NULL,NULL,0),(4,'Top 10 architect in Singapore',NULL,NULL,NULL,'top-10-architect-in-singapore',NULL,NULL,NULL,NULL,NULL,'<p>Top 10 architect in SingaporeTop 10 architect in SingaporeTop 10 architect in SingaporeTop 10 architect in SingaporeTop 10 architect in SingaporeTop 10 architect in Singapore</p>','2019-03-09 11:30:06','2019-03-09 15:31:58','2019-03-09 00:00:00',1,1,0,'magefan_blog/4.jpg',NULL,2,NULL,NULL,NULL,NULL,NULL,NULL,NULL,'magefan_blog/4.jpg',NULL,NULL,NULL,NULL,0);

--
-- Table structure for table `magefan_blog_post_category`
--

CREATE TABLE `magefan_blog_post_category` (
  `post_id` int NOT NULL COMMENT 'Post ID',
  `category_id` int NOT NULL COMMENT 'Category ID',
  PRIMARY KEY (`post_id`,`category_id`),
  KEY `MAGEFAN_BLOG_POST_CATEGORY_CATEGORY_ID` (`category_id`),
  CONSTRAINT `MAGEFAN_BLOG_POST_CATEGORY_POST_ID_MAGEFAN_BLOG_POST_POST_ID` FOREIGN KEY (`post_id`) REFERENCES `magefan_blog_post` (`post_id`) ON DELETE CASCADE,
  CONSTRAINT `MAGEFAN_BLOG_POST_CTGR_CTGR_ID_MAGEFAN_BLOG_CTGR_CTGR_ID` FOREIGN KEY (`category_id`) REFERENCES `magefan_blog_category` (`category_id`) ON DELETE CASCADE
) ENGINE=InnoDB DEFAULT CHARSET=utf8mb3 COMMENT='Magefan Blog Post To Category Linkage Table';

--
-- Dumping data for table `magefan_blog_post_category`
--

INSERT INTO `magefan_blog_post_category` VALUES (2,1),(3,1),(4,1);

--
-- Table structure for table `magefan_blog_post_relatedpost`
--

CREATE TABLE `magefan_blog_post_relatedpost` (
  `post_id` int NOT NULL COMMENT 'Post ID',
  `related_id` int NOT NULL COMMENT 'Related Post ID',
  `position` int NOT NULL COMMENT 'Position',
  PRIMARY KEY (`post_id`,`related_id`),
  KEY `MAGEFAN_BLOG_POST_RELATEDPRODUCT_RELATED_ID` (`related_id`),
  CONSTRAINT `FK_9F26E983FE1D7D7063B61D3F3C8D1104` FOREIGN KEY (`post_id`) REFERENCES `magefan_blog_post` (`post_id`) ON DELETE CASCADE,
  CONSTRAINT `MAGEFAN_BLOG_POST_RELATEDPRD1_POST_ID_MAGEFAN_BLOG_POST_POST_ID` FOREIGN KEY (`post_id`) REFERENCES `magefan_blog_post` (`post_id`) ON DELETE CASCADE
) ENGINE=InnoDB DEFAULT CHARSET=utf8mb3 COMMENT='Magefan Blog Post To Post Linkage Table';

--
-- Dumping data for table `magefan_blog_post_relatedpost`
--


--
-- Table structure for table `magefan_blog_post_relatedproduct`
--

CREATE TABLE `magefan_blog_post_relatedproduct` (
  `post_id` int NOT NULL COMMENT 'Post ID',
  `related_id` int unsigned NOT NULL COMMENT 'Related Product ID',
  `position` int NOT NULL COMMENT 'Position',
  PRIMARY KEY (`post_id`,`related_id`),
  KEY `MAGEFAN_BLOG_POST_RELATEDPRODUCT_RELATED_ID` (`related_id`),
  CONSTRAINT `MAGEFAN_BLOG_POST_RELATEDPRD_POST_ID_MAGEFAN_BLOG_POST_POST_ID` FOREIGN KEY (`post_id`) REFERENCES `magefan_blog_post` (`post_id`) ON DELETE CASCADE,
  CONSTRAINT `MAGEFAN_BLOG_POST_RELATEDPRD_RELATED_ID_CAT_PRD_ENTT_ENTT_ID` FOREIGN KEY (`related_id`) REFERENCES `catalog_product_entity` (`entity_id`) ON DELETE CASCADE
) ENGINE=InnoDB DEFAULT CHARSET=utf8mb3 COMMENT='Magefan Blog Post To Product Linkage Table';

--
-- Dumping data for table `magefan_blog_post_relatedproduct`
--


--
-- Table structure for table `magefan_blog_post_store`
--

CREATE TABLE `magefan_blog_post_store` (
  `post_id` int NOT NULL COMMENT 'Post ID',
  `store_id` smallint unsigned NOT NULL COMMENT 'Store ID',
  PRIMARY KEY (`post_id`,`store_id`),
  KEY `MAGEFAN_BLOG_POST_STORE_STORE_ID` (`store_id`),
  CONSTRAINT `MAGEFAN_BLOG_POST_STORE_POST_ID_MAGEFAN_BLOG_POST_POST_ID` FOREIGN KEY (`post_id`) REFERENCES `magefan_blog_post` (`post_id`) ON DELETE CASCADE,
  CONSTRAINT `MAGEFAN_BLOG_POST_STORE_STORE_ID_STORE_STORE_ID` FOREIGN KEY (`store_id`) REFERENCES `store` (`store_id`) ON DELETE CASCADE
) ENGINE=InnoDB DEFAULT CHARSET=utf8mb3 COMMENT='Magefan Blog Post To Store Linkage Table';

--
-- Dumping data for table `magefan_blog_post_store`
--

INSERT INTO `magefan_blog_post_store` VALUES (1,0),(2,0),(3,0),(4,0);

--
-- Table structure for table `magefan_blog_post_tag`
--

CREATE TABLE `magefan_blog_post_tag` (
  `post_id` int NOT NULL COMMENT 'Post ID',
  `tag_id` int NOT NULL COMMENT 'Tag ID',
  PRIMARY KEY (`post_id`,`tag_id`),
  KEY `MAGEFAN_BLOG_POST_TAG_TAG_ID` (`tag_id`),
  CONSTRAINT `MAGEFAN_BLOG_POST_TAG_POST_ID_MAGEFAN_BLOG_POST_POST_ID` FOREIGN KEY (`post_id`) REFERENCES `magefan_blog_post` (`post_id`) ON DELETE CASCADE,
  CONSTRAINT `MAGEFAN_BLOG_POST_TAG_TAG_ID_MAGEFAN_BLOG_TAG_TAG_ID` FOREIGN KEY (`tag_id`) REFERENCES `magefan_blog_tag` (`tag_id`) ON DELETE CASCADE
) ENGINE=InnoDB DEFAULT CHARSET=utf8mb3 COMMENT='Magefan Blog Post To Category Linkage Table';

--
-- Dumping data for table `magefan_blog_post_tag`
--

INSERT INTO `magefan_blog_post_tag` VALUES (1,1),(2,1),(1,2),(2,2),(1,3),(2,3);

--
-- Table structure for table `magefan_blog_tag`
--

CREATE TABLE `magefan_blog_tag` (
  `tag_id` int NOT NULL AUTO_INCREMENT COMMENT 'Tag ID',
  `title` varchar(255) DEFAULT NULL COMMENT 'Tag Title',
  `meta_robots` varchar(255) DEFAULT NULL COMMENT 'Tag Degault Robots',
  `meta_description` varchar(255) DEFAULT NULL COMMENT 'Tag Meta Description',
  `meta_keywords` varchar(255) DEFAULT NULL COMMENT 'Tag Meta Keywords',
  `meta_title` varchar(255) DEFAULT NULL COMMENT 'Tag Meta Title',
  `identifier` varchar(100) DEFAULT NULL COMMENT 'Tag String Identifier',
  `page_layout` varchar(255) DEFAULT NULL COMMENT 'Tag Layout',
  `is_active` smallint NOT NULL DEFAULT '1' COMMENT 'Is Tag Active',
  `content` mediumtext COMMENT 'Tag Content',
  `layout_update_xml` text COMMENT 'Tag Layout Update Content',
  `custom_theme` varchar(100) DEFAULT NULL COMMENT 'Tag Custom Theme',
  `custom_layout` varchar(255) DEFAULT NULL COMMENT 'Tag Custom Template',
  `custom_layout_update_xml` text COMMENT 'Tag Custom Layout Update Content',
  `custom_theme_from` date DEFAULT NULL COMMENT 'Tag Custom Theme Active From Date',
  `custom_theme_to` date DEFAULT NULL COMMENT 'Tag Custom Theme Active To Date',
  PRIMARY KEY (`tag_id`),
  KEY `MAGEFAN_BLOG_TAG_IDENTIFIER` (`identifier`),
  KEY `MAGEFAN_BLOG_TAG_IS_ACTIVE` (`is_active`)
) ENGINE=InnoDB AUTO_INCREMENT=4 DEFAULT CHARSET=utf8mb3 COMMENT='Magefan Blog Tag Table';

--
-- Dumping data for table `magefan_blog_tag`
--

INSERT INTO `magefan_blog_tag` VALUES (1,'tip & trick',NULL,NULL,NULL,NULL,'tip-and-trick',NULL,1,NULL,NULL,NULL,NULL,NULL,NULL,NULL),(2,'culinary',NULL,NULL,NULL,NULL,'culinary',NULL,1,NULL,NULL,NULL,NULL,NULL,NULL,NULL),(3,'wild travel',NULL,NULL,NULL,NULL,'wild-travel',NULL,1,NULL,NULL,NULL,NULL,NULL,NULL,NULL);

--
-- Table structure for table `magento_acknowledged_bulk`
--

CREATE TABLE `magento_acknowledged_bulk` (
  `id` int unsigned NOT NULL AUTO_INCREMENT COMMENT 'Internal ID',
  `bulk_uuid` varbinary(39) DEFAULT NULL COMMENT 'Related Bulk UUID',
  PRIMARY KEY (`id`),
  UNIQUE KEY `MAGENTO_ACKNOWLEDGED_BULK_BULK_UUID` (`bulk_uuid`),
  CONSTRAINT `MAGENTO_ACKNOWLEDGED_BULK_BULK_UUID_MAGENTO_BULK_UUID` FOREIGN KEY (`bulk_uuid`) REFERENCES `magento_bulk` (`uuid`) ON DELETE CASCADE
) ENGINE=InnoDB DEFAULT CHARSET=utf8mb3 COMMENT='Bulk that was viewed by user from notification area';

--
-- Dumping data for table `magento_acknowledged_bulk`
--


--
-- Table structure for table `magento_bulk`
--

CREATE TABLE `magento_bulk` (
  `id` int unsigned NOT NULL AUTO_INCREMENT COMMENT 'Bulk Internal ID (must not be exposed)',
  `uuid` varbinary(39) DEFAULT NULL COMMENT 'Bulk UUID (can be exposed to reference bulk entity)',
  `user_id` int unsigned DEFAULT NULL COMMENT 'ID of the WebAPI user that performed an action',
  `user_type` int DEFAULT NULL COMMENT 'Which type of user',
  `description` varchar(255) DEFAULT NULL COMMENT 'Bulk Description',
  `operation_count` int unsigned NOT NULL COMMENT 'Total number of operations scheduled within this bulk',
  `start_time` timestamp NOT NULL DEFAULT CURRENT_TIMESTAMP COMMENT 'Bulk start time',
  PRIMARY KEY (`id`),
  UNIQUE KEY `MAGENTO_BULK_UUID` (`uuid`),
  KEY `MAGENTO_BULK_USER_ID` (`user_id`)
) ENGINE=InnoDB DEFAULT CHARSET=utf8mb3 COMMENT='Bulk entity that represents set of related asynchronous operations';

--
-- Dumping data for table `magento_bulk`
--


--
-- Table structure for table `magento_operation`
--

CREATE TABLE `magento_operation` (
  `id` int unsigned NOT NULL AUTO_INCREMENT COMMENT 'Operation ID',
  `bulk_uuid` varbinary(39) DEFAULT NULL COMMENT 'Related Bulk UUID',
  `topic_name` varchar(255) DEFAULT NULL COMMENT 'Name of the related message queue topic',
  `serialized_data` blob COMMENT 'Data (serialized) required to perform an operation',
  `result_serialized_data` blob COMMENT 'Result data (serialized) after perform an operation',
  `status` smallint DEFAULT '0' COMMENT 'Operation status (OPEN | COMPLETE | RETRIABLY_FAILED | NOT_RETRIABLY_FAILED)',
  `error_code` smallint DEFAULT NULL COMMENT 'Code of the error that appeared during operation execution (used to aggregate related failed operations)',
  `result_message` varchar(255) DEFAULT NULL COMMENT 'Operation result message',
  PRIMARY KEY (`id`),
  KEY `MAGENTO_OPERATION_BULK_UUID_ERROR_CODE` (`bulk_uuid`,`error_code`),
  CONSTRAINT `MAGENTO_OPERATION_BULK_UUID_MAGENTO_BULK_UUID` FOREIGN KEY (`bulk_uuid`) REFERENCES `magento_bulk` (`uuid`) ON DELETE CASCADE
) ENGINE=InnoDB DEFAULT CHARSET=utf8mb3 COMMENT='Operation entity';

--
-- Dumping data for table `magento_operation`
--


--
-- Table structure for table `magestore_bannerslider_banner`
--

CREATE TABLE `magestore_bannerslider_banner` (
  `banner_id` int unsigned NOT NULL AUTO_INCREMENT COMMENT 'Banner ID',
  `name` varchar(255) NOT NULL DEFAULT '' COMMENT 'Banner name',
  `order_banner` int DEFAULT '0' COMMENT 'Banner order',
  `slider_id` int DEFAULT NULL COMMENT 'Slider Id',
  `status` smallint NOT NULL DEFAULT '1' COMMENT 'Banner status',
  `click_url` varchar(255) DEFAULT '' COMMENT 'Banner click url',
  `imptotal` int DEFAULT '0' COMMENT 'Banner imptotal',
  `clicktotal` int DEFAULT '0' COMMENT 'Banner click total',
  `target` int DEFAULT '0' COMMENT 'Banner target',
  `image` varchar(255) DEFAULT NULL COMMENT 'Banner image',
  `image_alt` varchar(255) DEFAULT NULL COMMENT 'Banner image alt',
  `style_slide` varchar(255) DEFAULT NULL COMMENT 'Banner style',
  `width` float DEFAULT NULL COMMENT 'Banner width',
  `height` float DEFAULT NULL COMMENT 'Banner height',
  `start_time` datetime DEFAULT NULL COMMENT 'Banner starting time',
  `end_time` datetime DEFAULT NULL COMMENT 'Banner ending time',
  `caption` text COMMENT 'Banner caption',
  PRIMARY KEY (`banner_id`),
  KEY `MAGESTORE_BANNERSLIDER_BANNER_SLIDER_ID` (`slider_id`),
  KEY `MAGESTORE_BANNERSLIDER_BANNER_STATUS` (`status`),
  KEY `MAGESTORE_BANNERSLIDER_BANNER_START_TIME` (`start_time`),
  KEY `MAGESTORE_BANNERSLIDER_BANNER_END_TIME` (`end_time`)
) ENGINE=InnoDB AUTO_INCREMENT=3 DEFAULT CHARSET=utf8mb3 COMMENT='magestore_bannerslider_banner';

--
-- Dumping data for table `magestore_bannerslider_banner`
--

INSERT INTO `magestore_bannerslider_banner` VALUES (1,'Banner 1',0,1,1,NULL,0,0,0,'magestore/bannerslider/images/b/a/ballons-garden-slider.jpeg','Banner 1',NULL,NULL,NULL,'2019-03-05 17:19:00','2019-03-31 21:19:00',NULL),(2,'Banner 2',0,1,1,NULL,0,0,0,'magestore/bannerslider/images/a/n/ancien_anatolia-slider.jpeg','Banner 2',NULL,NULL,NULL,'2019-03-05 16:20:00','2019-03-31 19:20:00',NULL);

--
-- Table structure for table `magestore_bannerslider_report`
--

CREATE TABLE `magestore_bannerslider_report` (
  `report_id` int unsigned NOT NULL AUTO_INCREMENT COMMENT 'Report ID',
  `banner_id` int unsigned NOT NULL DEFAULT '0' COMMENT 'Banner ID',
  `slider_id` int unsigned NOT NULL DEFAULT '0' COMMENT 'Slider ID',
  `impmode` int unsigned NOT NULL DEFAULT '0' COMMENT 'Impressions mode',
  `clicks` int unsigned NOT NULL DEFAULT '0' COMMENT 'Banner Clicks',
  `date_click` datetime DEFAULT NULL COMMENT 'Banner click date time',
  PRIMARY KEY (`report_id`),
  KEY `MAGESTORE_BANNERSLIDER_REPORT_BANNER_ID` (`banner_id`),
  KEY `MAGESTORE_BANNERSLIDER_REPORT_SLIDER_ID` (`slider_id`),
  KEY `MAGESTORE_BANNERSLIDER_REPORT_IMPMODE` (`impmode`),
  KEY `MAGESTORE_BANNERSLIDER_REPORT_CLICKS` (`clicks`),
  KEY `MAGESTORE_BANNERSLIDER_REPORT_DATE_CLICK` (`date_click`)
) ENGINE=InnoDB DEFAULT CHARSET=utf8mb3 COMMENT='magestore_bannerslider_report';

--
-- Dumping data for table `magestore_bannerslider_report`
--


--
-- Table structure for table `magestore_bannerslider_slider`
--

CREATE TABLE `magestore_bannerslider_slider` (
  `slider_id` int unsigned NOT NULL AUTO_INCREMENT COMMENT 'Slider ID',
  `title` varchar(255) NOT NULL DEFAULT '' COMMENT 'Slider title',
  `position` varchar(255) DEFAULT NULL COMMENT 'Slider position',
  `show_title` smallint DEFAULT '1' COMMENT 'Show Title',
  `status` smallint NOT NULL DEFAULT '1' COMMENT 'Slider status',
  `sort_type` int DEFAULT NULL COMMENT 'Sort type',
  `description` text COMMENT 'Slider description',
  `category_ids` varchar(255) DEFAULT NULL COMMENT 'Slider category ids',
  `style_content` smallint NOT NULL DEFAULT '0' COMMENT 'Slider style content',
  `custom_code` text COMMENT 'Slider custom code',
  `style_slide` varchar(255) DEFAULT NULL COMMENT 'Slider style',
  `width` float DEFAULT NULL COMMENT 'Slider width',
  `height` float DEFAULT NULL COMMENT 'Slider height',
  `note_color` varchar(40) DEFAULT NULL COMMENT 'Slider note color',
  `animationB` varchar(255) DEFAULT NULL COMMENT 'Slider animationB',
  `caption` smallint DEFAULT NULL COMMENT 'Slider caption',
  `position_note` smallint DEFAULT '1' COMMENT 'Slider position note',
  `slider_speed` float DEFAULT NULL COMMENT 'Slider speed',
  `url_view` varchar(255) DEFAULT NULL COMMENT 'Slider url view',
  `min_item` smallint DEFAULT NULL COMMENT 'Slider min item',
  `max_item` smallint DEFAULT NULL COMMENT 'Slider max item',
  PRIMARY KEY (`slider_id`),
  KEY `MAGESTORE_BANNERSLIDER_SLIDER_POSITION` (`position`),
  KEY `MAGESTORE_BANNERSLIDER_SLIDER_STYLE_CONTENT` (`style_content`),
  KEY `MAGESTORE_BANNERSLIDER_SLIDER_STYLE_SLIDE` (`style_slide`),
  KEY `MAGESTORE_BANNERSLIDER_SLIDER_STATUS` (`status`)
) ENGINE=InnoDB AUTO_INCREMENT=2 DEFAULT CHARSET=utf8mb3 COMMENT='magestore_bannerslider_slider';

--
-- Dumping data for table `magestore_bannerslider_slider`
--

INSERT INTO `magestore_bannerslider_slider` VALUES (1,'HomePage Slider',NULL,1,1,1,NULL,NULL,1,NULL,'11',NULL,NULL,NULL,NULL,NULL,1,4500,NULL,NULL,NULL);

--
-- Table structure for table `magestore_bannerslider_value`
--

CREATE TABLE `magestore_bannerslider_value` (
  `value_id` int unsigned NOT NULL AUTO_INCREMENT COMMENT 'Value ID',
  `banner_id` int unsigned NOT NULL DEFAULT '0' COMMENT 'Banner ID',
  `store_id` smallint unsigned NOT NULL DEFAULT '0' COMMENT 'Store view ID',
  `attribute_code` varchar(63) NOT NULL DEFAULT '' COMMENT 'Attribute code',
  `value` text NOT NULL COMMENT 'Value',
  PRIMARY KEY (`value_id`),
  UNIQUE KEY `MAGESTORE_BANNERSLIDER_VALUE_BANNER_ID_STORE_ID_ATTRIBUTE_CODE` (`banner_id`,`store_id`,`attribute_code`),
  KEY `MAGESTORE_BANNERSLIDER_VALUE_BANNER_ID` (`banner_id`),
  KEY `MAGESTORE_BANNERSLIDER_VALUE_STORE_ID` (`store_id`),
  CONSTRAINT `FK_7F63A91F003CBB8E1A00B1F0131AC1B8` FOREIGN KEY (`banner_id`) REFERENCES `magestore_bannerslider_banner` (`banner_id`) ON DELETE CASCADE,
  CONSTRAINT `MAGESTORE_BANNERSLIDER_VALUE_STORE_ID_STORE_STORE_ID` FOREIGN KEY (`store_id`) REFERENCES `store` (`store_id`) ON DELETE CASCADE
) ENGINE=InnoDB DEFAULT CHARSET=utf8mb3 COMMENT='magestore_bannerslider_value';

--
-- Dumping data for table `magestore_bannerslider_value`
--


--
-- Table structure for table `marketplace_controller_list`
--

CREATE TABLE `marketplace_controller_list` (
  `entity_id` int unsigned NOT NULL AUTO_INCREMENT COMMENT 'Entity ID',
  `module_name` text COMMENT 'Webkul Module Name',
  `controller_path` text COMMENT 'Controller Path',
  `label` text COMMENT 'Controller Label',
  `is_child` smallint NOT NULL DEFAULT '0' COMMENT 'Is controller have any child Option',
  `parent_id` int unsigned NOT NULL DEFAULT '0' COMMENT 'Status',
  `created_at` timestamp NULL DEFAULT NULL COMMENT 'Creation Time',
  `updated_at` timestamp NULL DEFAULT NULL COMMENT 'Update Time',
  PRIMARY KEY (`entity_id`)
) ENGINE=InnoDB AUTO_INCREMENT=11 DEFAULT CHARSET=utf8mb3 COMMENT='Marketplace Controller List Table';

--
-- Dumping data for table `marketplace_controller_list`
--

INSERT INTO `marketplace_controller_list` VALUES (1,'Webkul_Marketplace','marketplace/account/dashboard','Marketplace Dashboard',0,0,NULL,NULL),(2,'Webkul_Marketplace','marketplace/account/editprofile','Seller Profile',0,0,NULL,NULL),(3,'Webkul_Marketplace','marketplace/product_attribute/new','Create Attribute',0,0,NULL,NULL),(4,'Webkul_Marketplace','marketplace/product/add','New Products',0,0,NULL,NULL),(5,'Webkul_Marketplace','marketplace/product/productlist','My Products List',0,0,NULL,NULL),(6,'Webkul_Marketplace','marketplace/account/customer','My Customer List',0,0,NULL,NULL),(7,'Webkul_Marketplace','marketplace/account/review','My Review List',0,0,NULL,NULL),(8,'Webkul_Marketplace','marketplace/transaction/history','My Transaction List',0,0,NULL,NULL),(9,'Webkul_Marketplace','marketplace/order/shipping','Manage Print PDF Header Info',0,0,NULL,NULL),(10,'Webkul_Marketplace','marketplace/order/history','My Order History',0,0,NULL,NULL);

--
-- Table structure for table `marketplace_datafeedback`
--

CREATE TABLE `marketplace_datafeedback` (
  `entity_id` int unsigned NOT NULL AUTO_INCREMENT COMMENT 'Entity ID',
  `seller_id` int unsigned NOT NULL DEFAULT '0' COMMENT 'Seller ID',
  `buyer_id` int unsigned NOT NULL DEFAULT '0' COMMENT 'Buyer ID',
  `buyer_email` varchar(255) DEFAULT NULL COMMENT 'Buyer Email',
  `status` smallint unsigned NOT NULL DEFAULT '0' COMMENT 'Status',
  `feed_price` smallint unsigned NOT NULL DEFAULT '0' COMMENT 'feed_price',
  `feed_value` smallint unsigned NOT NULL DEFAULT '0' COMMENT 'feed_value',
  `feed_quality` smallint unsigned NOT NULL DEFAULT '0' COMMENT 'feed_quality',
  `feed_nickname` varchar(255) DEFAULT NULL COMMENT 'Feed Nickname',
  `feed_summary` text COMMENT 'Summary',
  `feed_review` text COMMENT 'Review',
  `created_at` timestamp NULL DEFAULT NULL COMMENT 'Creation Time',
  `updated_at` timestamp NULL DEFAULT NULL COMMENT 'Update Time',
  `seller_pending_notification` smallint unsigned NOT NULL DEFAULT '0' COMMENT 'Notification flag for review',
  `admin_notification` smallint unsigned NOT NULL DEFAULT '0' COMMENT 'Notification flag for admin',
  PRIMARY KEY (`entity_id`),
  KEY `MARKETPLACE_DATAFEEDBACK_SELLER_ID_CUSTOMER_ENTITY_ENTITY_ID` (`seller_id`),
  CONSTRAINT `MARKETPLACE_DATAFEEDBACK_SELLER_ID_CUSTOMER_ENTITY_ENTITY_ID` FOREIGN KEY (`seller_id`) REFERENCES `customer_entity` (`entity_id`) ON DELETE CASCADE
) ENGINE=InnoDB AUTO_INCREMENT=5 DEFAULT CHARSET=utf8mb3 COMMENT='Marketplace Feedback Table';

--
-- Dumping data for table `marketplace_datafeedback`
--

INSERT INTO `marketplace_datafeedback` VALUES (2,5,5,NULL,1,0,0,80,'Test','Test Review Title','Test review for this agency','2019-03-22 14:29:13','2019-03-22 14:29:44',0,0),(3,5,0,NULL,1,0,0,40,' Testos','Low quality','This is a test review for low quality','2019-03-25 15:38:00','2019-03-25 15:38:37',0,0),(4,5,0,NULL,1,0,0,100,' User','Amazing','Great agency, definitely recommend it!','2019-03-26 12:07:42','2019-03-26 12:10:23',0,0);

--
-- Table structure for table `marketplace_feedbackcount`
--

CREATE TABLE `marketplace_feedbackcount` (
  `entity_id` int unsigned NOT NULL AUTO_INCREMENT COMMENT 'Entity ID',
  `seller_id` int unsigned NOT NULL DEFAULT '0' COMMENT 'Seller ID',
  `buyer_id` int unsigned NOT NULL DEFAULT '0' COMMENT 'Buyer ID',
  `order_count` int unsigned NOT NULL DEFAULT '0' COMMENT 'Order Count',
  `feedback_count` int unsigned NOT NULL DEFAULT '0' COMMENT 'Feedback Count',
  `created_at` timestamp NULL DEFAULT NULL COMMENT 'Creation Time',
  `updated_at` timestamp NULL DEFAULT NULL COMMENT 'Update Time',
  PRIMARY KEY (`entity_id`),
  KEY `MARKETPLACE_FEEDBACKCOUNT_SELLER_ID_CUSTOMER_ENTITY_ENTITY_ID` (`seller_id`),
  CONSTRAINT `MARKETPLACE_FEEDBACKCOUNT_SELLER_ID_CUSTOMER_ENTITY_ENTITY_ID` FOREIGN KEY (`seller_id`) REFERENCES `customer_entity` (`entity_id`) ON DELETE CASCADE
) ENGINE=InnoDB AUTO_INCREMENT=2 DEFAULT CHARSET=utf8mb3 COMMENT='Marketplace Feedbackcount Table';

--
-- Dumping data for table `marketplace_feedbackcount`
--

INSERT INTO `marketplace_feedbackcount` VALUES (1,5,4,4,0,'2019-07-04 10:27:21','2019-07-04 10:27:21');

--
-- Table structure for table `marketplace_notification_list`
--

CREATE TABLE `marketplace_notification_list` (
  `entity_id` int unsigned NOT NULL AUTO_INCREMENT COMMENT 'Entity ID',
  `notification_id` int unsigned NOT NULL COMMENT 'Notification Id',
  `notification_row_id` int unsigned NOT NULL DEFAULT '0' COMMENT 'Contains Id of product order transaction as per type',
  `type` int unsigned NOT NULL COMMENT 'Notification Type',
  `created_at` timestamp NULL DEFAULT NULL COMMENT 'Creation Time',
  `updated_at` timestamp NULL DEFAULT NULL COMMENT 'Update Time',
  PRIMARY KEY (`entity_id`)
) ENGINE=InnoDB AUTO_INCREMENT=79 DEFAULT CHARSET=utf8mb3 COMMENT='Marketplace Notification List Table';

--
-- Dumping data for table `marketplace_notification_list`
--

INSERT INTO `marketplace_notification_list` VALUES (1,2,2,1,'2018-08-25 19:20:54','2018-08-25 19:20:54'),(2,1,1,3,'2018-12-13 10:44:58','2018-12-13 10:44:58'),(3,2,2,3,'2019-01-01 23:55:07','2019-01-01 23:55:07'),(4,3,4,3,'2019-01-03 08:54:00','2019-01-03 08:54:00'),(5,4,5,3,'2019-01-03 08:59:07','2019-01-03 08:59:07'),(6,5,6,3,'2019-01-03 09:01:43','2019-01-03 09:01:43'),(7,6,7,3,'2019-01-03 09:10:10','2019-01-03 09:10:10'),(8,7,8,3,'2019-01-03 09:13:19','2019-01-03 09:13:19'),(9,8,10,3,'2019-01-03 09:25:16','2019-01-03 09:25:16'),(10,9,11,3,'2019-01-03 09:29:23','2019-01-03 09:29:23'),(11,10,12,3,'2019-01-03 09:31:07','2019-01-03 09:31:07'),(12,11,13,3,'2019-01-03 09:42:11','2019-01-03 09:42:11'),(13,12,14,3,'2019-01-03 09:47:12','2019-01-03 09:47:12'),(14,13,15,3,'2019-01-03 10:06:43','2019-01-03 10:06:43'),(15,14,16,3,'2019-01-03 10:08:23','2019-01-03 10:08:23'),(16,15,17,3,'2019-01-03 10:10:09','2019-01-03 10:10:09'),(17,16,18,3,'2019-01-03 10:11:21','2019-01-03 10:11:21'),(18,17,19,3,'2019-01-03 10:12:52','2019-01-03 10:12:52'),(19,18,20,3,'2019-01-03 10:56:08','2019-01-03 10:56:08'),(20,19,21,3,'2019-01-03 10:57:46','2019-01-03 10:57:46'),(21,20,22,3,'2019-01-03 11:00:51','2019-01-03 11:00:51'),(22,21,23,3,'2019-01-03 11:02:54','2019-01-03 11:02:54'),(23,22,24,3,'2019-01-03 11:13:37','2019-01-03 11:13:37'),(24,23,25,3,'2019-01-03 11:14:25','2019-01-03 11:14:25'),(25,24,26,3,'2019-01-03 12:19:16','2019-01-03 12:19:16'),(26,25,27,3,'2019-01-03 12:20:42','2019-01-03 12:20:42'),(27,26,28,3,'2019-01-03 12:22:14','2019-01-03 12:22:14'),(28,27,29,3,'2019-01-03 12:24:36','2019-01-03 12:24:36'),(29,28,30,3,'2019-01-03 12:26:15','2019-01-03 12:26:15'),(30,29,31,3,'2019-01-03 12:28:40','2019-01-03 12:28:40'),(31,30,32,3,'2019-01-03 12:30:38','2019-01-03 12:30:38'),(32,31,33,3,'2019-01-03 12:32:13','2019-01-03 12:32:13'),(33,32,34,3,'2019-01-03 12:33:40','2019-01-03 12:33:40'),(34,33,35,3,'2019-01-03 12:54:20','2019-01-03 12:54:20'),(35,34,36,3,'2019-01-03 12:56:30','2019-01-03 12:56:30'),(36,35,37,3,'2019-01-03 13:00:17','2019-01-03 13:00:17'),(37,36,38,3,'2019-01-03 13:07:39','2019-01-03 13:07:39'),(38,37,39,3,'2019-01-03 13:10:44','2019-01-03 13:10:44'),(39,38,40,3,'2019-01-03 13:13:16','2019-01-03 13:13:16'),(40,39,41,3,'2019-01-03 13:18:21','2019-01-03 13:18:21'),(41,40,42,3,'2019-01-03 13:20:04','2019-01-03 13:20:04'),(42,41,43,3,'2019-01-03 13:20:56','2019-01-03 13:20:56'),(43,42,44,3,'2019-01-03 13:22:53','2019-01-03 13:22:53'),(44,43,45,3,'2019-01-03 13:25:27','2019-01-03 13:25:27'),(45,44,46,3,'2019-01-03 13:30:54','2019-01-03 13:30:54'),(46,45,47,3,'2019-01-03 13:40:33','2019-01-03 13:40:33'),(47,46,48,3,'2019-01-03 13:51:15','2019-01-03 13:51:15'),(48,47,49,3,'2019-01-03 14:23:02','2019-01-03 14:23:02'),(50,48,50,3,'2019-03-16 16:47:27','2019-03-16 16:47:27'),(70,62,64,3,'2019-05-07 10:57:30','2019-05-07 10:57:30'),(71,63,65,3,'2019-05-07 11:11:14','2019-05-07 11:11:14'),(72,64,66,3,'2019-07-04 09:26:47','2019-07-04 09:26:47'),(73,65,67,3,'2019-07-04 09:31:01','2019-07-04 09:31:01'),(74,66,68,3,'2019-07-04 09:45:29','2019-07-04 09:45:29'),(75,67,69,3,'2019-07-04 09:51:49','2019-07-04 09:51:49'),(76,68,70,3,'2019-07-04 10:00:37','2019-07-04 10:00:37'),(77,69,71,3,'2019-07-04 10:04:42','2019-07-04 10:04:42'),(78,70,72,3,'2019-07-04 10:25:54','2019-07-04 10:25:54');

--
-- Table structure for table `marketplace_order_pendingemails`
--

CREATE TABLE `marketplace_order_pendingemails` (
  `entity_id` int unsigned NOT NULL AUTO_INCREMENT COMMENT 'Entity ID',
  `seller_id` int unsigned NOT NULL COMMENT 'Seller ID',
  `order_id` int unsigned NOT NULL COMMENT 'Order ID',
  `myvar1` text COMMENT 'myvar1',
  `myvar2` text COMMENT 'myvar2',
  `myvar3` text COMMENT 'myvar3',
  `myvar4` text COMMENT 'myvar4',
  `myvar5` text COMMENT 'myvar5',
  `myvar6` text COMMENT 'myvar6',
  `myvar8` text COMMENT 'myvar8',
  `myvar9` text COMMENT 'myvar9',
  `isNotVirtual` text COMMENT 'isNotVirtual',
  `sender_name` text COMMENT 'sender_name',
  `sender_email` text COMMENT 'sender_email',
  `receiver_name` text COMMENT 'receiver_name',
  `receiver_email` text COMMENT 'receiver_email',
  `status` int NOT NULL DEFAULT '0' COMMENT 'status',
  `created_at` timestamp NULL DEFAULT NULL COMMENT 'Creation Time',
  `updated_at` timestamp NULL DEFAULT NULL COMMENT 'Update Time',
  PRIMARY KEY (`entity_id`)
) ENGINE=InnoDB DEFAULT CHARSET=utf8mb3 COMMENT='Marketplace Order Pending Email Table';

--
-- Dumping data for table `marketplace_order_pendingemails`
--


--
-- Table structure for table `marketplace_orders`
--

CREATE TABLE `marketplace_orders` (
  `entity_id` int unsigned NOT NULL AUTO_INCREMENT COMMENT 'Entity ID',
  `order_id` int unsigned NOT NULL DEFAULT '0' COMMENT 'Magento Order ID',
  `product_ids` varchar(255) DEFAULT NULL COMMENT 'Order Product IDs',
  `seller_id` int unsigned NOT NULL DEFAULT '0' COMMENT 'Seller ID',
  `shipment_id` varchar(255) NOT NULL DEFAULT '0' COMMENT 'Shipment ID',
  `invoice_id` varchar(255) NOT NULL DEFAULT '0' COMMENT 'Invoice ID',
  `creditmemo_id` varchar(255) NOT NULL DEFAULT '0' COMMENT 'Creditmemo ID',
  `is_canceled` int unsigned NOT NULL DEFAULT '0' COMMENT 'Canceled Status',
  `shipping_charges` decimal(12,4) NOT NULL DEFAULT '0.0000' COMMENT 'Shipping Charges',
  `carrier_name` varchar(255) DEFAULT NULL COMMENT 'Carrier Name',
  `tracking_number` varchar(255) DEFAULT NULL COMMENT 'Tracking Number',
  `created_at` timestamp NULL DEFAULT NULL COMMENT 'Creation Time',
  `updated_at` timestamp NULL DEFAULT NULL COMMENT 'Update Time',
  `tax_to_seller` smallint unsigned NOT NULL DEFAULT '0' COMMENT 'Tax to seller account flag',
  `total_tax` decimal(12,4) NOT NULL DEFAULT '0.0000' COMMENT 'Total Tax',
  `coupon_amount` decimal(12,4) NOT NULL DEFAULT '0.0000' COMMENT 'Coupon Amount',
  `refunded_coupon_amount` decimal(12,4) NOT NULL DEFAULT '0.0000' COMMENT 'Refunded Coupon Amount',
  `refunded_shipping_charges` decimal(12,4) NOT NULL DEFAULT '0.0000' COMMENT 'Refunded Shipping Amount',
  `seller_pending_notification` smallint unsigned NOT NULL DEFAULT '0' COMMENT 'Order Notification flag for sellers',
  PRIMARY KEY (`entity_id`),
  KEY `MARKETPLACE_ORDERS_ORDER_ID_SALES_ORDER_ENTITY_ID` (`order_id`),
  CONSTRAINT `MARKETPLACE_ORDERS_ORDER_ID_SALES_ORDER_ENTITY_ID` FOREIGN KEY (`order_id`) REFERENCES `sales_order` (`entity_id`) ON DELETE CASCADE
) ENGINE=InnoDB AUTO_INCREMENT=71 DEFAULT CHARSET=utf8mb3 COMMENT='Marketplace Orders Table';

--
-- Dumping data for table `marketplace_orders`
--

INSERT INTO `marketplace_orders` VALUES (1,1,'22',0,'0','0','0',0,0.0000,NULL,NULL,'2018-12-13 10:44:58','2018-12-13 10:44:58',0,0.0000,0.0000,0.0000,0.0000,1),(2,2,'42,22',0,'0','0','0',0,0.0000,NULL,NULL,'2019-01-01 23:55:07','2019-01-01 23:55:07',0,0.0000,0.0000,0.0000,0.0000,1),(3,4,'40',0,'0','0','0',0,0.0000,NULL,NULL,'2019-01-03 08:54:00','2019-01-03 08:54:00',0,0.0000,0.0000,0.0000,0.0000,1),(4,5,'43',0,'0','0','0',0,0.0000,NULL,NULL,'2019-01-03 08:59:07','2019-01-03 08:59:07',0,0.0000,0.0000,0.0000,0.0000,1),(5,6,'22',0,'0','0','0',0,0.0000,NULL,NULL,'2019-01-03 09:01:43','2019-01-03 09:01:43',0,0.0000,0.0000,0.0000,0.0000,1),(6,7,'22',0,'0','0','0',0,0.0000,NULL,NULL,'2019-01-03 09:10:10','2019-01-03 09:10:10',0,0.0000,0.0000,0.0000,0.0000,1),(7,8,'40',0,'0','0','0',0,0.0000,NULL,NULL,'2019-01-03 09:13:19','2019-01-03 09:13:19',0,0.0000,0.0000,0.0000,0.0000,1),(8,10,'42',0,'0','0','0',0,0.0000,NULL,NULL,'2019-01-03 09:25:16','2019-01-03 09:25:16',0,0.0000,0.0000,0.0000,0.0000,1),(9,11,'42',0,'0','0','0',0,0.0000,NULL,NULL,'2019-01-03 09:29:23','2019-01-03 09:29:23',0,0.0000,0.0000,0.0000,0.0000,1),(10,12,'42',0,'0','0','0',0,0.0000,NULL,NULL,'2019-01-03 09:31:06','2019-01-03 09:31:06',0,0.0000,0.0000,0.0000,0.0000,1),(11,13,'42',0,'0','0','0',0,0.0000,NULL,NULL,'2019-01-03 09:42:11','2019-01-03 09:42:11',0,0.0000,0.0000,0.0000,0.0000,1),(12,14,'42',0,'0','0','0',0,0.0000,NULL,NULL,'2019-01-03 09:47:12','2019-01-03 09:47:12',0,0.0000,0.0000,0.0000,0.0000,1),(13,15,'40',0,'0','0','0',0,0.0000,NULL,NULL,'2019-01-03 10:06:43','2019-01-03 10:06:43',0,0.0000,0.0000,0.0000,0.0000,1),(14,16,'40',0,'0','0','0',0,0.0000,NULL,NULL,'2019-01-03 10:08:23','2019-01-03 10:08:23',0,0.0000,0.0000,0.0000,0.0000,1),(15,17,'40',0,'0','0','0',0,0.0000,NULL,NULL,'2019-01-03 10:10:09','2019-01-03 10:10:09',0,0.0000,0.0000,0.0000,0.0000,1),(16,18,'40',0,'0','0','0',0,0.0000,NULL,NULL,'2019-01-03 10:11:21','2019-01-03 10:11:21',0,0.0000,0.0000,0.0000,0.0000,1),(17,19,'42',0,'0','0','0',0,0.0000,NULL,NULL,'2019-01-03 10:12:52','2019-01-03 10:12:52',0,0.0000,0.0000,0.0000,0.0000,1),(18,20,'42',0,'0','0','0',0,0.0000,NULL,NULL,'2019-01-03 10:56:08','2019-01-03 10:56:08',0,0.0000,0.0000,0.0000,0.0000,1),(19,21,'42',0,'0','0','0',0,0.0000,NULL,NULL,'2019-01-03 10:57:46','2019-01-03 10:57:46',0,0.0000,0.0000,0.0000,0.0000,1),(20,22,'42',0,'0','0','0',0,0.0000,NULL,NULL,'2019-01-03 11:00:51','2019-01-03 11:00:51',0,0.0000,0.0000,0.0000,0.0000,1),(21,23,'42',0,'0','0','0',0,0.0000,NULL,NULL,'2019-01-03 11:02:54','2019-01-03 11:02:54',0,0.0000,0.0000,0.0000,0.0000,1),(22,24,'42',0,'0','0','0',0,0.0000,NULL,NULL,'2019-01-03 11:13:37','2019-01-03 11:13:37',0,0.0000,0.0000,0.0000,0.0000,1),(23,25,'42',0,'0','0','0',0,0.0000,NULL,NULL,'2019-01-03 11:14:25','2019-01-03 11:14:25',0,0.0000,0.0000,0.0000,0.0000,1),(24,26,'42',0,'0','0','0',0,0.0000,NULL,NULL,'2019-01-03 12:19:16','2019-01-03 12:19:16',0,0.0000,0.0000,0.0000,0.0000,1),(25,27,'42',0,'0','0','0',0,0.0000,NULL,NULL,'2019-01-03 12:20:42','2019-01-03 12:20:42',0,0.0000,0.0000,0.0000,0.0000,1),(26,28,'42',0,'0','0','0',0,0.0000,NULL,NULL,'2019-01-03 12:22:14','2019-01-03 12:22:14',0,0.0000,0.0000,0.0000,0.0000,1),(27,29,'42',0,'0','0','0',0,0.0000,NULL,NULL,'2019-01-03 12:24:36','2019-01-03 12:24:36',0,0.0000,0.0000,0.0000,0.0000,1),(28,30,'42',0,'0','0','0',0,0.0000,NULL,NULL,'2019-01-03 12:26:15','2019-01-03 12:26:15',0,0.0000,0.0000,0.0000,0.0000,1),(29,31,'42',0,'0','0','0',0,0.0000,NULL,NULL,'2019-01-03 12:28:40','2019-01-03 12:28:40',0,0.0000,0.0000,0.0000,0.0000,1),(30,32,'42',0,'0','0','0',0,0.0000,NULL,NULL,'2019-01-03 12:30:38','2019-01-03 12:30:38',0,0.0000,0.0000,0.0000,0.0000,1),(31,33,'42',0,'0','0','0',0,0.0000,NULL,NULL,'2019-01-03 12:32:13','2019-01-03 12:32:13',0,0.0000,0.0000,0.0000,0.0000,1),(32,34,'42',0,'0','0','0',0,0.0000,NULL,NULL,'2019-01-03 12:33:40','2019-01-03 12:33:40',0,0.0000,0.0000,0.0000,0.0000,1),(33,35,'42',0,'0','0','0',0,0.0000,NULL,NULL,'2019-01-03 12:54:20','2019-01-03 12:54:20',0,0.0000,0.0000,0.0000,0.0000,1),(34,36,'42',0,'0','0','0',0,0.0000,NULL,NULL,'2019-01-03 12:56:30','2019-01-03 12:56:30',0,0.0000,0.0000,0.0000,0.0000,1),(35,37,'42,43',0,'0','0','0',0,0.0000,NULL,NULL,'2019-01-03 13:00:17','2019-01-03 13:00:17',0,0.0000,0.0000,0.0000,0.0000,1),(36,38,'22,40',0,'0','0','0',0,0.0000,NULL,NULL,'2019-01-03 13:07:39','2019-01-03 13:07:39',0,0.0000,0.0000,0.0000,0.0000,1),(37,39,'40,22',0,'0','0','0',0,0.0000,NULL,NULL,'2019-01-03 13:10:44','2019-01-03 13:10:44',0,0.0000,0.0000,0.0000,0.0000,1),(38,40,'22,42',0,'0','0','0',0,0.0000,NULL,NULL,'2019-01-03 13:13:16','2019-01-03 13:13:16',0,0.0000,0.0000,0.0000,0.0000,1),(39,41,'43',0,'0','0','0',0,0.0000,NULL,NULL,'2019-01-03 13:18:21','2019-01-03 13:18:21',0,0.0000,0.0000,0.0000,0.0000,1),(40,42,'22',0,'0','0','0',0,0.0000,NULL,NULL,'2019-01-03 13:20:04','2019-01-03 13:20:04',0,0.0000,0.0000,0.0000,0.0000,1),(41,43,'22',0,'0','0','0',0,0.0000,NULL,NULL,'2019-01-03 13:20:56','2019-01-03 13:20:56',0,0.0000,0.0000,0.0000,0.0000,1),(42,44,'22',0,'0','0','0',0,0.0000,NULL,NULL,'2019-01-03 13:22:53','2019-01-03 13:22:53',0,0.0000,0.0000,0.0000,0.0000,1),(43,45,'22',0,'0','0','0',0,0.0000,NULL,NULL,'2019-01-03 13:25:27','2019-01-03 13:25:27',0,0.0000,0.0000,0.0000,0.0000,1),(44,46,'22,42',0,'0','0','0',0,0.0000,NULL,NULL,'2019-01-03 13:30:54','2019-01-03 13:30:54',0,0.0000,0.0000,0.0000,0.0000,1),(45,47,'22,42',0,'0','0','0',0,0.0000,NULL,NULL,'2019-01-03 13:40:33','2019-01-03 13:40:33',0,0.0000,0.0000,0.0000,0.0000,1),(46,48,'42,43',0,'0','0','0',0,0.0000,NULL,NULL,'2019-01-03 13:51:15','2019-01-03 13:51:15',0,0.0000,0.0000,0.0000,0.0000,1),(47,49,'22,42',0,'0','0','0',0,0.0000,NULL,NULL,'2019-01-03 14:23:02','2019-01-03 14:23:02',0,0.0000,0.0000,0.0000,0.0000,1),(48,50,'22',0,'0','0','0',0,0.0000,NULL,NULL,'2019-03-16 16:47:27','2019-03-16 16:47:27',0,0.0000,0.0000,0.0000,0.0000,1),(49,51,'22',5,'0','0','0',0,0.0000,NULL,NULL,'2019-03-23 17:18:27','2019-03-23 17:18:27',0,0.0000,0.0000,0.0000,0.0000,0),(50,52,'22',5,'0','0','0',0,0.0000,NULL,NULL,'2019-03-23 17:19:54','2019-03-23 17:19:54',0,0.0000,0.0000,0.0000,0.0000,0),(51,53,'22',5,'0','0','0',0,0.0000,NULL,NULL,'2019-03-24 10:50:47','2019-03-24 10:50:47',0,0.0000,0.0000,0.0000,0.0000,0),(52,54,'22',5,'0','0','0',0,0.0000,NULL,NULL,'2019-03-27 16:01:57','2019-03-27 16:01:57',0,0.0000,0.0000,0.0000,0.0000,0),(53,55,'22',5,'0','0','0',0,0.0000,NULL,NULL,'2019-03-27 16:57:27','2019-03-27 16:57:27',0,0.0000,0.0000,0.0000,0.0000,0),(54,56,'22',5,'0','0','0',0,0.0000,NULL,NULL,'2019-03-27 17:04:34','2019-03-27 17:04:34',0,0.0000,0.0000,0.0000,0.0000,0),(55,57,'22',5,'0','0','0',0,0.0000,NULL,NULL,'2019-03-27 17:28:24','2019-03-27 17:28:24',0,0.0000,0.0000,0.0000,0.0000,0),(56,58,'22',5,'0','0','0',0,0.0000,NULL,NULL,'2019-03-27 18:01:51','2019-03-27 18:01:51',0,0.0000,0.0000,0.0000,0.0000,0),(57,59,'22',5,'0','0','0',0,0.0000,NULL,NULL,'2019-03-27 18:23:26','2019-03-27 18:23:26',0,0.0000,0.0000,0.0000,0.0000,0),(58,60,'22',5,'0','0','0',0,0.0000,NULL,NULL,'2019-04-01 17:28:13','2019-04-01 17:28:13',0,0.0000,0.0000,0.0000,0.0000,0),(59,61,'22',5,'0','0','0',0,0.0000,NULL,NULL,'2019-04-04 09:31:08','2019-04-04 09:31:08',0,0.0000,0.0000,0.0000,0.0000,0),(60,62,'22',5,'0','0','0',0,0.0000,NULL,NULL,'2019-04-04 10:49:17','2019-04-04 10:49:17',0,0.0000,0.0000,0.0000,0.0000,0),(61,63,'22',5,'0','0','0',0,0.0000,NULL,NULL,'2019-04-15 13:32:31','2019-04-15 13:32:31',0,0.0000,0.0000,0.0000,0.0000,0),(62,64,'22',5,'0','0','0',0,0.0000,NULL,NULL,'2019-05-07 10:57:30','2019-05-07 10:57:30',0,0.0000,0.0000,0.0000,0.0000,1),(63,65,'22,22',5,'0','0','0',0,0.0000,NULL,NULL,'2019-05-07 11:11:14','2019-05-07 11:11:14',0,0.0000,0.0000,0.0000,0.0000,1),(64,66,'22',5,'0','0','0',0,0.0000,NULL,NULL,'2019-07-04 09:26:47','2019-07-04 09:26:47',0,0.0000,0.0000,0.0000,0.0000,1),(65,67,'22',5,'0','1','0',0,0.0000,NULL,NULL,'2019-07-04 09:31:01','2019-07-04 09:31:01',0,0.0000,0.0000,0.0000,0.0000,1),(66,68,'22',5,'0','0','0',0,0.0000,NULL,NULL,'2019-07-04 09:45:29','2019-07-04 09:45:29',0,0.0000,0.0000,0.0000,0.0000,1),(67,69,'22',5,'0','2','0',0,0.0000,NULL,NULL,'2019-07-04 09:51:49','2019-07-04 09:51:49',0,0.0000,0.0000,0.0000,0.0000,1),(68,70,'22',5,'0','3','0',0,0.0000,NULL,NULL,'2019-07-04 10:00:37','2019-07-04 10:00:37',0,0.0000,0.0000,0.0000,0.0000,1),(69,71,'22',5,'0','4','1',0,0.0000,NULL,NULL,'2019-07-04 10:04:42','2019-07-04 10:04:42',0,0.0000,0.0000,0.0000,0.0000,1),(70,72,'22',5,'0','5','2',0,0.0000,NULL,NULL,'2019-07-04 10:25:54','2019-07-04 10:25:54',0,0.0000,0.0000,0.0000,0.0000,1);

--
-- Table structure for table `marketplace_product`
--

CREATE TABLE `marketplace_product` (
  `entity_id` int unsigned NOT NULL AUTO_INCREMENT COMMENT 'Entity ID',
  `mageproduct_id` int unsigned NOT NULL DEFAULT '0' COMMENT 'Magento Product ID',
  `adminassign` int unsigned NOT NULL DEFAULT '0' COMMENT 'Admin Assign ID',
  `seller_id` int unsigned NOT NULL DEFAULT '0' COMMENT 'Seller ID',
  `store_id` int unsigned NOT NULL DEFAULT '0' COMMENT 'Store ID',
  `status` int unsigned NOT NULL DEFAULT '0' COMMENT 'Status',
  `created_at` timestamp NULL DEFAULT NULL COMMENT 'Creation Time',
  `updated_at` timestamp NULL DEFAULT NULL COMMENT 'Update Time',
  `seller_pending_notification` smallint unsigned NOT NULL DEFAULT '0' COMMENT 'Product Notification flag for sellers',
  `admin_pending_notification` smallint unsigned NOT NULL DEFAULT '0' COMMENT 'Product Notification flag for admin',
  `is_approved` smallint unsigned NOT NULL DEFAULT '0' COMMENT 'Is product approve by admin for the first time',
  PRIMARY KEY (`entity_id`),
  KEY `MARKETPLACE_PRD_MAGEPRD_ID_CAT_PRD_ENTT_ENTT_ID` (`mageproduct_id`),
  CONSTRAINT `MARKETPLACE_PRD_MAGEPRD_ID_CAT_PRD_ENTT_ENTT_ID` FOREIGN KEY (`mageproduct_id`) REFERENCES `catalog_product_entity` (`entity_id`) ON DELETE CASCADE
) ENGINE=InnoDB AUTO_INCREMENT=38 DEFAULT CHARSET=utf8mb3 COMMENT='Marketplace Product Table';

--
-- Dumping data for table `marketplace_product`
--

INSERT INTO `marketplace_product` VALUES (6,96,0,7,0,1,'2020-03-19 06:23:17','2020-03-20 05:37:15',0,0,1),(7,97,0,7,0,1,'2020-03-19 07:14:32','2020-03-20 05:39:16',0,0,1),(8,98,0,7,0,1,'2020-03-19 07:20:43','2020-03-19 07:20:43',0,0,1),(9,99,0,7,0,1,'2020-03-19 07:32:43','2020-03-20 05:58:30',0,0,1),(10,100,0,7,0,1,'2020-03-19 07:56:03','2020-03-19 07:56:03',0,0,1),(11,101,0,7,0,1,'2020-03-19 08:05:54','2020-03-19 08:05:54',0,0,1),(12,102,0,7,0,1,'2020-03-19 08:17:44','2020-03-20 05:40:50',0,0,1),(13,103,0,7,0,1,'2020-03-19 09:43:07','2020-03-20 05:46:31',0,0,1),(14,104,0,7,0,1,'2020-03-19 10:05:20','2020-03-19 10:05:20',0,0,1),(15,105,0,7,0,1,'2020-03-19 10:19:21','2020-03-19 10:19:21',0,0,1),(16,106,0,7,0,1,'2020-03-19 10:23:50','2020-03-20 05:41:55',0,0,1),(17,107,0,7,0,1,'2020-03-19 10:56:45','2020-03-19 10:56:45',0,0,1),(18,108,0,7,0,1,'2020-03-19 11:05:43','2020-03-20 05:42:49',0,0,1),(19,109,0,7,0,1,'2020-03-19 11:18:03','2020-03-19 11:18:03',0,0,1),(20,110,0,7,0,1,'2020-03-19 12:08:35','2020-03-19 12:08:35',0,0,1),(21,111,0,7,0,1,'2020-03-19 12:16:34','2020-03-19 12:16:34',0,0,1),(22,112,0,7,0,1,'2020-03-19 12:18:11','2020-03-29 12:19:07',0,0,1),(23,113,0,7,0,1,'2020-03-19 12:25:58','2020-03-19 12:25:58',0,0,1),(24,114,0,7,0,1,'2020-03-19 12:28:58','2020-03-19 12:28:58',0,0,1),(26,116,0,7,0,1,'2020-03-19 12:42:12','2020-03-19 12:42:12',0,0,1),(27,117,0,7,0,1,'2020-03-19 12:49:51','2020-03-19 12:49:51',0,0,1),(30,120,0,7,0,1,'2020-03-19 15:10:13','2020-03-29 12:34:42',0,0,1),(31,122,0,7,0,1,'2020-03-19 20:04:37','2020-03-29 12:59:14',0,0,1),(32,123,0,7,0,1,'2020-03-20 15:15:27','2020-03-29 13:08:40',0,0,1),(33,124,0,7,0,1,'2020-03-20 15:59:01','2020-03-20 16:33:57',0,0,1),(34,125,0,7,0,1,'2020-03-20 16:13:06','2020-03-20 16:44:13',0,0,1),(35,126,0,7,0,1,'2020-03-20 16:24:55','2020-03-23 11:35:25',0,0,1),(36,128,0,7,0,1,'2020-03-20 18:17:00','2020-03-23 11:46:56',0,0,1),(37,129,0,7,0,1,'2020-03-20 18:25:30','2020-03-29 12:24:15',0,0,1);

--
-- Table structure for table `marketplace_saleperpartner`
--

CREATE TABLE `marketplace_saleperpartner` (
  `entity_id` int unsigned NOT NULL AUTO_INCREMENT COMMENT 'Entity ID',
  `seller_id` int unsigned NOT NULL DEFAULT '0' COMMENT 'Seller ID',
  `total_sale` decimal(12,4) NOT NULL DEFAULT '0.0000' COMMENT 'Total Sale',
  `amount_received` decimal(12,4) NOT NULL DEFAULT '0.0000' COMMENT 'Received Amount',
  `last_amount_paid` decimal(12,4) NOT NULL DEFAULT '0.0000' COMMENT 'Last Paid amount',
  `amount_remain` decimal(12,4) NOT NULL DEFAULT '0.0000' COMMENT 'Remaining Amount',
  `total_commission` decimal(12,4) NOT NULL DEFAULT '0.0000' COMMENT 'Total Commission Amount',
  `commission_rate` decimal(12,4) DEFAULT NULL COMMENT 'Commission Rate',
  `created_at` timestamp NULL DEFAULT NULL COMMENT 'Creation Time',
  `updated_at` timestamp NULL DEFAULT NULL COMMENT 'Update Time',
  PRIMARY KEY (`entity_id`)
) ENGINE=InnoDB AUTO_INCREMENT=2 DEFAULT CHARSET=utf8mb3 COMMENT='Marketplace sales Per Seller Table';

--
-- Dumping data for table `marketplace_saleperpartner`
--

INSERT INTO `marketplace_saleperpartner` VALUES (1,5,4080.0000,0.0000,0.0000,3264.0000,816.0000,20.0000,'2019-07-04 09:32:13','2019-07-04 10:27:21');

--
-- Table structure for table `marketplace_saleslist`
--

CREATE TABLE `marketplace_saleslist` (
  `entity_id` int unsigned NOT NULL AUTO_INCREMENT COMMENT 'Entity ID',
  `mageproduct_id` int unsigned NOT NULL DEFAULT '0' COMMENT 'Magento Product ID',
  `order_id` int unsigned NOT NULL DEFAULT '0' COMMENT 'Magento Order ID',
  `order_item_id` int unsigned NOT NULL DEFAULT '0' COMMENT 'Magento Order Item ID',
  `parent_item_id` int unsigned DEFAULT NULL COMMENT 'Magento Order Parent Item ID',
  `magerealorder_id` varchar(255) DEFAULT NULL COMMENT 'Order Increment ID',
  `magequantity` varchar(255) DEFAULT NULL COMMENT 'Quantity',
  `seller_id` int unsigned NOT NULL DEFAULT '0' COMMENT 'Seller ID',
  `trans_id` int unsigned NOT NULL DEFAULT '0' COMMENT 'transaction ID',
  `cpprostatus` int unsigned NOT NULL DEFAULT '0' COMMENT 'Seller order status',
  `paid_status` int unsigned NOT NULL DEFAULT '0' COMMENT 'Seller order paid status',
  `magebuyer_id` int unsigned NOT NULL DEFAULT '0' COMMENT 'Buyer ID',
  `magepro_name` varchar(255) DEFAULT NULL COMMENT 'Product Name ID',
  `magepro_price` decimal(12,4) NOT NULL DEFAULT '0.0000' COMMENT 'Product Price',
  `total_amount` decimal(12,4) NOT NULL DEFAULT '0.0000' COMMENT 'Total Amount',
  `total_tax` decimal(12,4) NOT NULL DEFAULT '0.0000' COMMENT 'Total Tax',
  `total_commission` decimal(12,4) NOT NULL DEFAULT '0.0000' COMMENT 'Total Commission',
  `actual_seller_amount` decimal(12,4) NOT NULL DEFAULT '0.0000' COMMENT 'Actual Seller Amount',
  `created_at` timestamp NULL DEFAULT NULL COMMENT 'Creation Time',
  `updated_at` timestamp NULL DEFAULT NULL COMMENT 'Update Time',
  `is_shipping` smallint unsigned NOT NULL DEFAULT '0' COMMENT 'Is Shipping Applied',
  `is_coupon` smallint unsigned NOT NULL DEFAULT '0' COMMENT 'Is Coupon Applied',
  `is_paid` smallint unsigned NOT NULL DEFAULT '0' COMMENT 'Is seller paid for current row',
  `commission_rate` decimal(12,4) NOT NULL DEFAULT '0.0000' COMMENT 'Commission Rate applied at the time of order placed',
  `currency_rate` decimal(12,4) NOT NULL DEFAULT '1.0000' COMMENT 'Ordered currency rate',
  `applied_coupon_amount` decimal(12,4) NOT NULL DEFAULT '0.0000' COMMENT 'Applied coupon amount at the time of order placed',
  `is_withdrawal_requested` smallint unsigned NOT NULL DEFAULT '0' COMMENT 'Is Withdrawal Requested',
  PRIMARY KEY (`entity_id`),
  KEY `MARKETPLACE_SALESLIST_ORDER_ID_SALES_ORDER_ENTITY_ID` (`order_id`),
  CONSTRAINT `MARKETPLACE_SALESLIST_ORDER_ID_SALES_ORDER_ENTITY_ID` FOREIGN KEY (`order_id`) REFERENCES `sales_order` (`entity_id`) ON DELETE CASCADE
) ENGINE=InnoDB AUTO_INCREMENT=81 DEFAULT CHARSET=utf8mb3 COMMENT='Marketplace Saleslist Table';

--
-- Dumping data for table `marketplace_saleslist`
--

INSERT INTO `marketplace_saleslist` VALUES (1,22,1,1,NULL,'000000001','1',0,0,0,0,2,'North Turkey Tour',2400.0000,2400.0000,0.0000,480.0000,1920.0000,'2018-12-13 10:44:58','2018-12-13 10:44:58',0,0,0,20.0000,1.0000,0.0000,0),(2,42,2,2,NULL,'000000002','1',0,0,0,0,2,'Tour Three',6300.0000,6300.0000,0.0000,1260.0000,5040.0000,'2019-01-01 23:55:07','2019-01-01 23:55:07',0,0,0,20.0000,1.0000,0.0000,0),(3,22,2,3,NULL,'000000002','1',0,0,0,0,2,'North Turkey Tour',5600.0000,5600.0000,0.0000,1120.0000,4480.0000,'2019-01-01 23:55:07','2019-01-01 23:55:07',0,0,0,20.0000,1.0000,0.0000,0),(4,40,4,5,NULL,'000000005','1',0,0,0,0,2,'Tour Two',4200.0000,4200.0000,0.0000,840.0000,3360.0000,'2019-01-03 08:54:00','2019-01-03 08:54:00',0,0,0,20.0000,1.0000,0.0000,0),(5,43,5,6,NULL,'000000006','1',0,0,0,0,2,'Tour Four',1200.0000,1200.0000,0.0000,240.0000,960.0000,'2019-01-03 08:59:07','2019-01-03 08:59:07',0,0,0,20.0000,1.0000,0.0000,0),(6,22,6,7,NULL,'000000007','1',0,0,0,0,2,'North Turkey Tour',1400.0000,1400.0000,0.0000,280.0000,1120.0000,'2019-01-03 09:01:43','2019-01-03 09:01:43',0,0,0,20.0000,1.0000,0.0000,0),(7,22,7,8,NULL,'000000008','1',0,0,0,0,2,'North Turkey Tour',1500.0000,1500.0000,0.0000,300.0000,1200.0000,'2019-01-03 09:10:10','2019-01-03 09:10:10',0,0,0,20.0000,1.0000,0.0000,0),(8,40,8,9,NULL,'000000009','1',0,0,0,0,2,'Tour Two',1200.0000,1200.0000,0.0000,240.0000,960.0000,'2019-01-03 09:13:19','2019-01-03 09:13:19',0,0,0,20.0000,1.0000,0.0000,0),(9,42,10,11,NULL,'000000011','1',0,0,0,0,2,'Tour Three',2100.0000,2100.0000,0.0000,420.0000,1680.0000,'2019-01-03 09:25:16','2019-01-03 09:25:16',0,0,0,20.0000,1.0000,0.0000,0),(10,42,11,12,NULL,'000000012','1',0,0,0,0,2,'Tour Three',2100.0000,2100.0000,0.0000,420.0000,1680.0000,'2019-01-03 09:29:23','2019-01-03 09:29:23',0,0,0,20.0000,1.0000,0.0000,0),(11,42,12,13,NULL,'000000013','1',0,0,0,0,2,'Tour Three',2100.0000,2100.0000,0.0000,420.0000,1680.0000,'2019-01-03 09:31:06','2019-01-03 09:31:06',0,0,0,20.0000,1.0000,0.0000,0),(12,42,13,14,NULL,'000000014','1',0,0,0,0,2,'Tour Three',2100.0000,2100.0000,0.0000,420.0000,1680.0000,'2019-01-03 09:42:11','2019-01-03 09:42:11',0,0,0,20.0000,1.0000,0.0000,0),(13,42,14,15,NULL,'000000015','1',0,0,0,0,2,'Tour Three',6300.0000,6300.0000,0.0000,1260.0000,5040.0000,'2019-01-03 09:47:12','2019-01-03 09:47:12',0,0,0,20.0000,1.0000,0.0000,0),(14,40,15,16,NULL,'000000016','1',0,0,0,0,2,'Tour Two',2800.0000,2800.0000,0.0000,560.0000,2240.0000,'2019-01-03 10:06:42','2019-01-03 10:06:42',0,0,0,20.0000,1.0000,0.0000,0),(15,40,16,17,NULL,'000000017','1',0,0,0,0,2,'Tour Two',1400.0000,1400.0000,0.0000,280.0000,1120.0000,'2019-01-03 10:08:23','2019-01-03 10:08:23',0,0,0,20.0000,1.0000,0.0000,0),(16,40,17,18,NULL,'000000018','1',0,0,0,0,2,'Tour Two',1400.0000,1400.0000,0.0000,280.0000,1120.0000,'2019-01-03 10:10:09','2019-01-03 10:10:09',0,0,0,20.0000,1.0000,0.0000,0),(17,40,18,19,NULL,'000000019','1',0,0,0,0,2,'Tour Two',1400.0000,1400.0000,0.0000,280.0000,1120.0000,'2019-01-03 10:11:21','2019-01-03 10:11:21',0,0,0,20.0000,1.0000,0.0000,0),(18,42,19,20,NULL,'000000020','1',0,0,0,0,2,'Tour Three',2100.0000,2100.0000,0.0000,420.0000,1680.0000,'2019-01-03 10:12:52','2019-01-03 10:12:52',0,0,0,20.0000,1.0000,0.0000,0),(19,42,20,21,NULL,'000000021','1',0,0,0,0,2,'Tour Three',4200.0000,4200.0000,0.0000,840.0000,3360.0000,'2019-01-03 10:56:08','2019-01-03 10:56:08',0,0,0,20.0000,1.0000,0.0000,0),(20,42,21,22,NULL,'000000022','1',0,0,0,0,2,'Tour Three',2100.0000,2100.0000,0.0000,420.0000,1680.0000,'2019-01-03 10:57:46','2019-01-03 10:57:46',0,0,0,20.0000,1.0000,0.0000,0),(21,42,22,23,NULL,'000000023','1',0,0,0,0,2,'Tour Three',4200.0000,4200.0000,0.0000,840.0000,3360.0000,'2019-01-03 11:00:50','2019-01-03 11:00:50',0,0,0,20.0000,1.0000,0.0000,0),(22,42,23,24,NULL,'000000024','1',0,0,0,0,2,'Tour Three',4200.0000,4200.0000,0.0000,840.0000,3360.0000,'2019-01-03 11:02:54','2019-01-03 11:02:54',0,0,0,20.0000,1.0000,0.0000,0),(23,42,24,25,NULL,'000000025','1',0,0,0,0,2,'Tour Three',2100.0000,2100.0000,0.0000,420.0000,1680.0000,'2019-01-03 11:13:37','2019-01-03 11:13:37',0,0,0,20.0000,1.0000,0.0000,0),(24,42,25,26,NULL,'000000026','1',0,0,0,0,2,'Tour Three',2100.0000,2100.0000,0.0000,420.0000,1680.0000,'2019-01-03 11:14:25','2019-01-03 11:14:25',0,0,0,20.0000,1.0000,0.0000,0),(25,42,26,27,NULL,'000000027','1',0,0,0,0,2,'Tour Three',4200.0000,4200.0000,0.0000,840.0000,3360.0000,'2019-01-03 12:19:16','2019-01-03 12:19:16',0,0,0,20.0000,1.0000,0.0000,0),(26,42,27,28,NULL,'000000028','1',0,0,0,0,2,'Tour Three',3800.0000,3800.0000,0.0000,760.0000,3040.0000,'2019-01-03 12:20:42','2019-01-03 12:20:42',0,0,0,20.0000,1.0000,0.0000,0),(27,42,28,29,NULL,'000000029','1',0,0,0,0,2,'Tour Three',1900.0000,1900.0000,0.0000,380.0000,1520.0000,'2019-01-03 12:22:14','2019-01-03 12:22:14',0,0,0,20.0000,1.0000,0.0000,0),(28,42,29,30,NULL,'000000030','1',0,0,0,0,2,'Tour Three',1900.0000,1900.0000,0.0000,380.0000,1520.0000,'2019-01-03 12:24:36','2019-01-03 12:24:36',0,0,0,20.0000,1.0000,0.0000,0),(29,42,30,31,NULL,'000000031','1',0,0,0,0,2,'Tour Three',3800.0000,3800.0000,0.0000,760.0000,3040.0000,'2019-01-03 12:26:15','2019-01-03 12:26:15',0,0,0,20.0000,1.0000,0.0000,0),(30,42,31,32,NULL,'000000032','1',0,0,0,0,2,'Tour Three',3800.0000,3800.0000,0.0000,760.0000,3040.0000,'2019-01-03 12:28:40','2019-01-03 12:28:40',0,0,0,20.0000,1.0000,0.0000,0),(31,42,32,33,NULL,'000000033','1',0,0,0,0,2,'Tour Three',3800.0000,3800.0000,0.0000,760.0000,3040.0000,'2019-01-03 12:30:38','2019-01-03 12:30:38',0,0,0,20.0000,1.0000,0.0000,0),(32,42,33,34,NULL,'000000034','1',0,0,0,0,2,'Tour Three',3800.0000,3800.0000,0.0000,760.0000,3040.0000,'2019-01-03 12:32:13','2019-01-03 12:32:13',0,0,0,20.0000,1.0000,0.0000,0),(33,42,34,35,NULL,'000000035','1',0,0,0,0,2,'Tour Three',3800.0000,3800.0000,0.0000,760.0000,3040.0000,'2019-01-03 12:33:40','2019-01-03 12:33:40',0,0,0,20.0000,1.0000,0.0000,0),(34,42,35,36,NULL,'000000036','1',0,0,0,0,2,'Tour Three',3800.0000,3800.0000,0.0000,760.0000,3040.0000,'2019-01-03 12:54:20','2019-01-03 12:54:20',0,0,0,20.0000,1.0000,0.0000,0),(35,42,36,37,NULL,'000000037','1',0,0,0,0,2,'Tour Three',8400.0000,8400.0000,0.0000,1680.0000,6720.0000,'2019-01-03 12:56:30','2019-01-03 12:56:30',0,0,0,20.0000,1.0000,0.0000,0),(36,42,37,38,NULL,'000000038','1',0,0,0,0,2,'Tour Three',6300.0000,6300.0000,0.0000,1260.0000,5040.0000,'2019-01-03 13:00:17','2019-01-03 13:00:17',0,0,0,20.0000,1.0000,0.0000,0),(37,43,37,39,NULL,'000000038','1',0,0,0,0,2,'Tour Four',3690.0000,3690.0000,0.0000,738.0000,2952.0000,'2019-01-03 13:00:17','2019-01-03 13:00:17',0,0,0,20.0000,1.0000,0.0000,0),(38,22,38,40,NULL,'000000039','1',0,0,0,0,2,'North Turkey Tour',1400.0000,1400.0000,0.0000,280.0000,1120.0000,'2019-01-03 13:07:39','2019-01-03 13:07:39',0,0,0,20.0000,1.0000,0.0000,0),(39,40,38,41,NULL,'000000039','1',0,0,0,0,2,'Tour Two',3600.0000,3600.0000,0.0000,720.0000,2880.0000,'2019-01-03 13:07:39','2019-01-03 13:07:39',0,0,0,20.0000,1.0000,0.0000,0),(40,40,39,42,NULL,'000000040','1',0,0,0,0,2,'Tour Two',2400.0000,2400.0000,0.0000,480.0000,1920.0000,'2019-01-03 13:10:44','2019-01-03 13:10:44',0,0,0,20.0000,1.0000,0.0000,0),(41,22,39,43,NULL,'000000040','1',0,0,0,0,2,'North Turkey Tour',1400.0000,1400.0000,0.0000,280.0000,1120.0000,'2019-01-03 13:10:44','2019-01-03 13:10:44',0,0,0,20.0000,1.0000,0.0000,0),(42,22,40,44,NULL,'000000041','1',0,0,0,0,2,'North Turkey Tour',1400.0000,1400.0000,0.0000,280.0000,1120.0000,'2019-01-03 13:13:16','2019-01-03 13:13:16',0,0,0,20.0000,1.0000,0.0000,0),(43,42,40,45,NULL,'000000041','1',0,0,0,0,2,'Tour Three',6300.0000,6300.0000,0.0000,1260.0000,5040.0000,'2019-01-03 13:13:16','2019-01-03 13:13:16',0,0,0,20.0000,1.0000,0.0000,0),(44,43,41,46,NULL,'000000042','1',0,0,0,0,2,'Tour Four',3600.0000,3600.0000,0.0000,720.0000,2880.0000,'2019-01-03 13:18:21','2019-01-03 13:18:21',0,0,0,20.0000,1.0000,0.0000,0),(45,22,42,47,NULL,'000000043','1',0,0,0,0,2,'North Turkey Tour',4200.0000,4200.0000,0.0000,840.0000,3360.0000,'2019-01-03 13:20:04','2019-01-03 13:20:04',0,0,0,20.0000,1.0000,0.0000,0),(46,22,43,48,NULL,'000000044','1',0,0,0,0,2,'North Turkey Tour',1400.0000,1400.0000,0.0000,280.0000,1120.0000,'2019-01-03 13:20:55','2019-01-03 13:20:55',0,0,0,20.0000,1.0000,0.0000,0),(47,22,44,49,NULL,'000000045','1',0,0,0,0,2,'North Turkey Tour',2800.0000,2800.0000,0.0000,560.0000,2240.0000,'2019-01-03 13:22:53','2019-01-03 13:22:53',0,0,0,20.0000,1.0000,0.0000,0),(48,22,45,50,NULL,'000000046','1',0,0,0,0,2,'North Turkey Tour',2800.0000,2800.0000,0.0000,560.0000,2240.0000,'2019-01-03 13:25:27','2019-01-03 13:25:27',0,0,0,20.0000,1.0000,0.0000,0),(49,22,46,51,NULL,'000000047','1',0,0,0,0,2,'North Turkey Tour',2800.0000,2800.0000,0.0000,560.0000,2240.0000,'2019-01-03 13:30:54','2019-01-03 13:30:54',0,0,0,20.0000,1.0000,0.0000,0),(50,42,46,52,NULL,'000000047','1',0,0,0,0,2,'Tour Three',1900.0000,1900.0000,0.0000,380.0000,1520.0000,'2019-01-03 13:30:54','2019-01-03 13:30:54',0,0,0,20.0000,1.0000,0.0000,0),(51,22,47,53,NULL,'000000048','1',0,0,0,0,2,'North Turkey Tour',2800.0000,2800.0000,0.0000,560.0000,2240.0000,'2019-01-03 13:40:33','2019-01-03 13:40:33',0,0,0,20.0000,1.0000,0.0000,0),(52,42,47,54,NULL,'000000048','1',0,0,0,0,2,'Tour Three',2100.0000,2100.0000,0.0000,420.0000,1680.0000,'2019-01-03 13:40:33','2019-01-03 13:40:33',0,0,0,20.0000,1.0000,0.0000,0),(53,42,48,55,NULL,'000000049','1',0,0,0,0,2,'Tour Three',5700.0000,5700.0000,0.0000,1140.0000,4560.0000,'2019-01-03 13:51:15','2019-01-03 13:51:15',0,0,0,20.0000,1.0000,0.0000,0),(54,43,48,56,NULL,'000000049','1',0,0,0,0,2,'Tour Four',1230.0000,1230.0000,0.0000,246.0000,984.0000,'2019-01-03 13:51:15','2019-01-03 13:51:15',0,0,0,20.0000,1.0000,0.0000,0),(55,22,49,57,NULL,'000000050','1',0,0,0,0,2,'North Turkey Tour',1400.0000,1400.0000,0.0000,280.0000,1120.0000,'2019-01-03 14:23:02','2019-01-03 14:23:02',0,0,0,20.0000,1.0000,0.0000,0),(56,42,49,58,NULL,'000000050','1',0,0,0,0,2,'Tour Three',7600.0000,7600.0000,0.0000,1520.0000,6080.0000,'2019-01-03 14:23:02','2019-01-03 14:23:02',0,0,0,20.0000,1.0000,0.0000,0),(57,22,50,59,NULL,'000000051','1',0,0,0,0,2,'North Turkey Tour',18.0200,18.0200,0.0000,3.6040,14.4160,'2019-03-16 16:47:27','2019-03-16 16:47:27',0,0,0,20.0000,111.0100,0.0000,0),(58,22,51,60,NULL,'000000052','1',5,0,0,0,5,'North Turkey Tour',1770.9100,1770.9100,0.0000,354.1820,1416.7280,'2019-03-23 17:18:27','2019-03-23 17:18:27',0,0,0,20.0000,1.1294,0.0000,0),(59,22,52,61,NULL,'000000053','1',5,0,0,0,5,'North Turkey Tour',1770.9100,1770.9100,0.0000,354.1820,1416.7280,'2019-03-23 17:19:54','2019-03-23 17:19:54',0,0,0,20.0000,1.1294,0.0000,0),(60,22,53,62,NULL,'000000054','1',5,0,0,0,5,'North Turkey Tour',2000.0000,2000.0000,0.0000,400.0000,1600.0000,'2019-03-24 10:50:47','2019-03-24 10:50:47',0,0,0,20.0000,1.1294,0.0000,0),(61,22,54,63,NULL,'000000055','1',5,0,0,0,5,'North Turkey Tour',1770.9100,1770.9100,0.0000,354.1820,1416.7280,'2019-03-27 16:01:57','2019-03-27 16:01:57',0,0,0,20.0000,1.1294,0.0000,0),(62,22,55,64,NULL,'000000056','1',5,0,0,0,5,'North Turkey Tour',1770.9100,1770.9100,0.0000,354.1820,1416.7280,'2019-03-27 16:57:27','2019-03-27 16:57:27',0,0,0,20.0000,1.1294,0.0000,0),(63,22,56,65,NULL,'000000057','1',5,0,0,0,5,'North Turkey Tour',2000.0000,2000.0000,0.0000,400.0000,1600.0000,'2019-03-27 17:04:34','2019-03-27 17:04:34',0,0,0,20.0000,1.0000,0.0000,0),(64,22,57,66,NULL,'000000058','1',5,0,0,0,5,'North Turkey Tour',1770.9100,1770.9100,0.0000,354.1820,1416.7280,'2019-03-27 17:28:24','2019-03-27 17:28:24',0,0,0,20.0000,1.1294,0.0000,0),(65,22,58,67,NULL,'000000059','1',5,0,0,0,5,'North Turkey Tour',1770.9100,1770.9100,0.0000,354.1820,1416.7280,'2019-03-27 18:01:51','2019-03-27 18:01:51',0,0,0,20.0000,1.1294,0.0000,0),(66,22,59,68,NULL,'000000060','1',5,0,0,0,5,'North Turkey Tour',1770.9100,1770.9100,0.0000,354.1820,1416.7280,'2019-03-27 18:23:26','2019-03-27 18:23:26',0,0,0,20.0000,1.1294,0.0000,0),(67,22,60,69,NULL,'000000061','3',5,0,0,0,5,'North Turkey Tour',1200.0000,3600.0000,0.0000,720.0000,2880.0000,'2019-04-01 17:28:13','2019-04-01 17:28:13',0,0,0,20.0000,1.0000,0.0000,0),(68,22,61,70,NULL,'000000062','3',5,0,0,0,5,'North Turkey Tour',1200.0000,3600.0000,0.0000,720.0000,2880.0000,'2019-04-04 09:31:08','2019-04-04 09:31:08',0,0,0,20.0000,1.0000,0.0000,0),(69,22,62,71,NULL,'000000063','3',5,0,0,0,5,'North Turkey Tour',1200.0000,3600.0000,0.0000,720.0000,2880.0000,'2019-04-04 10:49:17','2019-04-04 10:49:17',0,0,0,20.0000,1.0000,0.0000,0),(70,22,63,72,NULL,'000000064','3',5,0,0,0,5,'North Turkey Tour',1200.0000,3600.0000,0.0000,720.0000,2880.0000,'2019-04-15 13:32:31','2019-04-15 13:32:31',0,0,0,20.0000,1.0000,0.0000,0),(71,22,64,73,NULL,'000000065','4',5,0,0,0,0,'North Turkey Tour',1200.0000,4800.0000,0.0000,960.0000,3840.0000,'2019-05-07 10:57:30','2019-05-07 10:57:30',0,0,0,20.0000,1.0000,0.0000,0),(72,22,65,74,NULL,'000000066','4',5,0,0,0,5,'North Turkey Tour',1200.0000,4800.0000,0.0000,960.0000,3840.0000,'2019-05-07 11:11:14','2019-05-07 11:11:14',0,0,0,20.0000,1.0000,0.0000,0),(73,22,65,75,NULL,'000000066','3',5,0,0,0,5,'North Turkey Tour',1200.0000,3600.0000,0.0000,720.0000,2880.0000,'2019-05-07 11:11:14','2019-05-07 11:11:14',0,0,0,20.0000,1.0000,0.0000,0),(74,22,66,76,NULL,'000000067','7',5,0,0,0,0,'North Turkey Tour',1200.0000,8400.0000,0.0000,1680.0000,6720.0000,'2019-07-04 09:26:47','2019-07-04 09:26:47',0,0,0,20.0000,1.0000,0.0000,0),(75,22,67,77,NULL,'000000068','2.4',5,0,1,0,4,'North Turkey Tour',1200.0000,2880.0000,0.0000,576.0000,2304.0000,'2019-07-04 09:31:01','2019-07-04 09:32:13',0,0,0,20.0000,1.0000,0.0000,0),(76,22,68,78,NULL,'000000069','1',5,0,0,0,4,'North Turkey Tour',1200.0000,1200.0000,0.0000,240.0000,960.0000,'2019-07-04 09:45:29','2019-07-04 09:45:29',0,0,0,20.0000,1.0000,0.0000,0),(77,22,69,79,NULL,'000000070','2',5,0,0,0,4,'North Turkey Tour',1200.0000,2400.0000,0.0000,480.0000,1920.0000,'2019-07-04 09:51:49','2019-07-04 09:51:49',0,0,0,20.0000,1.0000,0.0000,0),(78,22,70,80,NULL,'000000071','1',5,0,1,0,4,'North Turkey Tour',1200.0000,1200.0000,0.0000,240.0000,960.0000,'2019-07-04 10:00:37','2019-07-04 10:01:39',0,0,0,20.0000,1.0000,0.0000,0),(79,22,71,81,NULL,'000000072','0',5,0,1,3,4,'North Turkey Tour',1200.0000,0.0000,0.0000,0.0000,0.0000,'2019-07-04 10:04:42','2019-07-04 10:07:16',0,0,0,20.0000,1.0000,0.0000,0),(80,22,72,82,NULL,'000000073','0',5,0,1,3,4,'North Turkey Tour',1200.0000,0.0000,0.0000,0.0000,0.0000,'2019-07-04 10:25:54','2019-07-04 10:27:21',0,0,0,20.0000,1.0000,0.0000,0);

--
-- Table structure for table `marketplace_sellertransaction`
--

CREATE TABLE `marketplace_sellertransaction` (
  `entity_id` int unsigned NOT NULL AUTO_INCREMENT COMMENT 'Entity ID',
  `transaction_id` varchar(255) DEFAULT NULL COMMENT 'Transaction ID',
  `onlinetr_id` varchar(255) DEFAULT NULL COMMENT 'Online Transaction ID',
  `seller_id` int unsigned NOT NULL DEFAULT '0' COMMENT 'Seller ID',
  `transaction_amount` decimal(12,4) NOT NULL DEFAULT '0.0000' COMMENT 'Transaction Amount',
  `type` varchar(255) DEFAULT NULL COMMENT 'Payment Type',
  `method` varchar(255) DEFAULT NULL COMMENT 'Payment Method',
  `custom_note` text COMMENT 'Custom Note',
  `created_at` timestamp NULL DEFAULT NULL COMMENT 'Creation Time',
  `updated_at` timestamp NULL DEFAULT NULL COMMENT 'Update Time',
  `seller_pending_notification` smallint unsigned NOT NULL DEFAULT '0' COMMENT 'Notification flag for sellers',
  PRIMARY KEY (`entity_id`),
  KEY `MARKETPLACE_SELLERTRANSACTION_SELLER_ID_CSTR_ENTT_ENTT_ID` (`seller_id`),
  CONSTRAINT `MARKETPLACE_SELLERTRANSACTION_SELLER_ID_CSTR_ENTT_ENTT_ID` FOREIGN KEY (`seller_id`) REFERENCES `customer_entity` (`entity_id`) ON DELETE CASCADE
) ENGINE=InnoDB DEFAULT CHARSET=utf8mb3 COMMENT='Marketplace Transaction Table';

--
-- Dumping data for table `marketplace_sellertransaction`
--


--
-- Table structure for table `marketplace_userdata`
--

CREATE TABLE `marketplace_userdata` (
  `entity_id` int unsigned NOT NULL AUTO_INCREMENT COMMENT 'Entity ID',
  `is_seller` int unsigned NOT NULL DEFAULT '0' COMMENT 'Is Seller?',
  `seller_id` int unsigned NOT NULL DEFAULT '0' COMMENT 'Seller ID',
  `payment_source` text COMMENT 'Seller Payment Source',
  `twitter_id` varchar(255) DEFAULT NULL COMMENT 'Twitter ID',
  `facebook_id` varchar(255) DEFAULT NULL COMMENT 'Facebookid ID',
  `gplus_id` varchar(255) DEFAULT NULL COMMENT 'Google Plus ID',
  `youtube_id` varchar(255) DEFAULT NULL COMMENT 'Youtube ID',
  `vimeo_id` varchar(255) DEFAULT NULL COMMENT 'Vimeo ID',
  `instagram_id` varchar(255) DEFAULT NULL COMMENT 'Instagram ID',
  `pinterest_id` varchar(255) DEFAULT NULL COMMENT 'Pinterest ID',
  `moleskine_id` varchar(255) DEFAULT NULL COMMENT 'Moleskine ID',
  `tw_active` int unsigned NOT NULL DEFAULT '0' COMMENT 'Twitter Active Status',
  `fb_active` int unsigned NOT NULL DEFAULT '0' COMMENT 'Facebook Active Status',
  `gplus_active` int unsigned NOT NULL DEFAULT '0' COMMENT 'Google+ Active Status',
  `youtube_active` int unsigned NOT NULL DEFAULT '0' COMMENT 'Youtube Active Status',
  `vimeo_active` int unsigned NOT NULL DEFAULT '0' COMMENT 'Vimeo Active Status',
  `instagram_active` int unsigned NOT NULL DEFAULT '0' COMMENT 'Instagram Active Status',
  `pinterest_active` int unsigned NOT NULL DEFAULT '0' COMMENT 'Pinterest Active Status',
  `moleskine_active` int unsigned NOT NULL DEFAULT '0' COMMENT 'Moleskine Active Status',
  `others_info` text COMMENT 'Others Info',
  `banner_pic` text COMMENT 'Banner Image',
  `shop_url` text COMMENT 'Shop Url',
  `shop_title` text COMMENT 'Shop Title',
  `logo_pic` text COMMENT 'Logo Image',
  `company_locality` text COMMENT 'Company Locality',
  `country_pic` text COMMENT 'Country Flag Image',
  `company_description` text COMMENT 'Company Description',
  `meta_keyword` text COMMENT 'Meta Keyword',
  `meta_description` text COMMENT 'Meta Description',
  `background_width` text COMMENT 'Background Width',
  `store_id` int unsigned NOT NULL DEFAULT '0' COMMENT 'Store ID',
  `contact_number` varchar(50) DEFAULT NULL COMMENT 'Contact Number',
  `return_policy` text COMMENT 'Return Policy',
  `shipping_policy` text COMMENT 'Shipping Policy',
  `created_at` timestamp NULL DEFAULT NULL COMMENT 'Creation Time',
  `updated_at` timestamp NULL DEFAULT NULL COMMENT 'Update Time',
  `admin_notification` smallint unsigned NOT NULL DEFAULT '0' COMMENT 'Notification flag for admin',
  `allowed_categories` text NOT NULL COMMENT 'Allowed Categories Ids',
  PRIMARY KEY (`entity_id`)
) ENGINE=InnoDB AUTO_INCREMENT=11 DEFAULT CHARSET=utf8mb3 COMMENT='Marketplace Product Table';

--
-- Dumping data for table `marketplace_userdata`
--

INSERT INTO `marketplace_userdata` VALUES (4,1,5,NULL,NULL,NULL,NULL,NULL,NULL,NULL,NULL,NULL,0,0,0,0,0,0,0,0,NULL,NULL,'shpresim',NULL,NULL,NULL,NULL,NULL,NULL,NULL,NULL,0,NULL,NULL,NULL,'2019-03-19 17:04:35','2019-03-19 17:05:54',0,''),(5,1,5,NULL,NULL,NULL,NULL,NULL,NULL,NULL,NULL,NULL,0,0,0,0,0,0,0,0,NULL,'bg-banner1-h3_1.jpg','shpresim','shpresim','logo_image5_1.png','Tirana','AL','<p>Lorem ipsum dolor sit amet, consectetur adipisicing elit, sed do eiusmod tempor incididunt ut labore et dolore magna aliqua. Ut enim ad minim veniam, quis nostrud exercitation ullamco laboris nisi ut aliquip ex ea commodo consequat. Duis aute irure dolor in reprehenderit in voluptate velit esse cillum dolore eu fugiat nulla pariatur. Excepteur sint occaecat cupidatat non proident, sunt in culpa qui officia deserunt mollit anim id est laborum.</p>','  ','  ',NULL,1,NULL,NULL,NULL,'2019-03-22 14:24:47','2019-04-25 11:42:11',0,''),(6,1,5,NULL,NULL,NULL,NULL,NULL,NULL,NULL,NULL,NULL,0,0,0,0,0,0,0,0,NULL,NULL,'shpresim',NULL,'logo_image5_2.png',NULL,NULL,NULL,' ',' ',NULL,8,NULL,NULL,NULL,'2019-04-25 11:39:51','2019-04-25 11:39:51',0,''),(7,1,4,NULL,NULL,NULL,NULL,NULL,NULL,NULL,NULL,NULL,0,0,0,0,0,0,0,0,NULL,NULL,'demo',NULL,NULL,NULL,NULL,NULL,NULL,NULL,NULL,0,NULL,NULL,NULL,'2019-06-18 13:30:16','2019-06-18 13:30:16',0,''),(8,1,6,NULL,NULL,NULL,NULL,NULL,NULL,NULL,NULL,NULL,0,0,0,0,0,0,0,0,NULL,NULL,'demodemo123',NULL,NULL,NULL,NULL,NULL,NULL,NULL,NULL,0,NULL,NULL,NULL,'2020-03-05 15:55:52','2020-03-05 15:55:52',0,''),(9,1,7,NULL,NULL,NULL,NULL,NULL,NULL,NULL,NULL,NULL,0,0,0,0,0,0,0,0,NULL,NULL,'solarempire',NULL,NULL,NULL,NULL,NULL,NULL,NULL,NULL,0,NULL,NULL,NULL,'2020-03-17 17:17:37','2020-03-17 17:18:32',0,''),(10,1,8,NULL,NULL,NULL,NULL,NULL,NULL,NULL,NULL,NULL,0,0,0,0,0,0,0,0,NULL,NULL,'viavacation',NULL,NULL,NULL,NULL,NULL,NULL,NULL,NULL,0,NULL,NULL,NULL,'2020-06-04 21:02:56','2020-06-04 21:05:06',0,'');

--
-- Table structure for table `media_gallery_asset`
--

CREATE TABLE `media_gallery_asset` (
  `id` int unsigned NOT NULL AUTO_INCREMENT COMMENT 'Entity ID',
  `path` varchar(255) DEFAULT NULL COMMENT 'Path',
  `title` varchar(255) DEFAULT NULL COMMENT 'Title',
  `source` varchar(255) DEFAULT NULL COMMENT 'Source',
  `content_type` varchar(255) DEFAULT NULL COMMENT 'Content Type',
  `width` int unsigned NOT NULL DEFAULT '0' COMMENT 'Width',
  `height` int unsigned NOT NULL DEFAULT '0' COMMENT 'Height',
  `created_at` timestamp NOT NULL DEFAULT CURRENT_TIMESTAMP COMMENT 'Created At',
  `updated_at` timestamp NOT NULL DEFAULT CURRENT_TIMESTAMP ON UPDATE CURRENT_TIMESTAMP COMMENT 'Updated At',
  PRIMARY KEY (`id`),
  UNIQUE KEY `MEDIA_GALLERY_ASSET_PATH` (`path`),
  KEY `MEDIA_GALLERY_ASSET_ID` (`id`)
) ENGINE=InnoDB DEFAULT CHARSET=utf8mb3 COMMENT='Media Gallery Asset';

--
-- Dumping data for table `media_gallery_asset`
--


--
-- Table structure for table `media_gallery_asset_keyword`
--

CREATE TABLE `media_gallery_asset_keyword` (
  `keyword_id` int unsigned NOT NULL COMMENT 'Keyword Id',
  `asset_id` int unsigned NOT NULL COMMENT 'Asset ID',
  PRIMARY KEY (`keyword_id`,`asset_id`),
  KEY `MEDIA_GALLERY_ASSET_KEYWORD_ASSET_ID` (`asset_id`),
  KEY `MEDIA_GALLERY_ASSET_KEYWORD_KEYWORD_ID` (`keyword_id`),
  CONSTRAINT `MEDIA_GALLERY_ASSET_KEYWORD_ASSET_ID_MEDIA_GALLERY_ASSET_ID` FOREIGN KEY (`asset_id`) REFERENCES `media_gallery_asset` (`id`) ON DELETE CASCADE,
  CONSTRAINT `MEDIA_GALLERY_ASSET_KEYWORD_KEYWORD_ID_MEDIA_GALLERY_KEYWORD_ID` FOREIGN KEY (`keyword_id`) REFERENCES `media_gallery_keyword` (`id`) ON DELETE CASCADE
) ENGINE=InnoDB DEFAULT CHARSET=utf8mb3 COMMENT='Media Gallery Asset Keyword';

--
-- Dumping data for table `media_gallery_asset_keyword`
--


--
-- Table structure for table `media_gallery_keyword`
--

CREATE TABLE `media_gallery_keyword` (
  `id` int unsigned NOT NULL AUTO_INCREMENT COMMENT 'Keyword ID',
  `keyword` varchar(255) NOT NULL COMMENT 'Keyword',
  PRIMARY KEY (`id`),
  UNIQUE KEY `MEDIA_GALLERY_KEYWORD_KEYWORD` (`keyword`),
  KEY `MEDIA_GALLERY_KEYWORD_ID` (`id`)
) ENGINE=InnoDB DEFAULT CHARSET=utf8mb3 COMMENT='Media Gallery Keyword';

--
-- Dumping data for table `media_gallery_keyword`
--


--
-- Table structure for table `msp_tfa_country_codes`
--

CREATE TABLE `msp_tfa_country_codes` (
  `msp_tfa_country_codes_id` int unsigned NOT NULL AUTO_INCREMENT COMMENT 'TFA admin user ID',
  `code` text NOT NULL COMMENT 'Country code',
  `name` text NOT NULL COMMENT 'Country name',
  `dial_code` text NOT NULL COMMENT 'Prefix',
  PRIMARY KEY (`msp_tfa_country_codes_id`),
  KEY `MSP_TFA_COUNTRY_CODES_CODE` (`code`(128))
) ENGINE=InnoDB AUTO_INCREMENT=242 DEFAULT CHARSET=utf8mb3 COMMENT='msp_tfa_country_codes';

--
-- Dumping data for table `msp_tfa_country_codes`
--

INSERT INTO `msp_tfa_country_codes` VALUES (1,'IL','Israel','+972'),(2,'AF','Afghanistan','+93'),(3,'AL','Albania','+355'),(4,'DZ','Algeria','+213'),(5,'AS','AmericanSamoa','+1 684'),(6,'AD','Andorra','+376'),(7,'AO','Angola','+244'),(8,'AI','Anguilla','+1 264'),(9,'AG','Antigua and Barbuda','+1268'),(10,'AR','Argentina','+54'),(11,'AM','Armenia','+374'),(12,'AW','Aruba','+297'),(13,'AU','Australia','+61'),(14,'AT','Austria','+43'),(15,'AZ','Azerbaijan','+994'),(16,'BS','Bahamas','+1 242'),(17,'BH','Bahrain','+973'),(18,'BD','Bangladesh','+880'),(19,'BB','Barbados','+1 246'),(20,'BY','Belarus','+375'),(21,'BE','Belgium','+32'),(22,'BZ','Belize','+501'),(23,'BJ','Benin','+229'),(24,'BM','Bermuda','+1 441'),(25,'BT','Bhutan','+975'),(26,'BA','Bosnia and Herzegovina','+387'),(27,'BW','Botswana','+267'),(28,'BR','Brazil','+55'),(29,'IO','British Indian Ocean Territory','+246'),(30,'BG','Bulgaria','+359'),(31,'BF','Burkina Faso','+226'),(32,'BI','Burundi','+257'),(33,'KH','Cambodia','+855'),(34,'CM','Cameroon','+237'),(35,'CA','Canada','+1'),(36,'CV','Cape Verde','+238'),(37,'KY','Cayman Islands','+ 345'),(38,'CF','Central African Republic','+236'),(39,'TD','Chad','+235'),(40,'CL','Chile','+56'),(41,'CN','China','+86'),(42,'CX','Christmas Island','+61'),(43,'CO','Colombia','+57'),(44,'KM','Comoros','+269'),(45,'CG','Congo','+242'),(46,'CK','Cook Islands','+682'),(47,'CR','Costa Rica','+506'),(48,'HR','Croatia','+385'),(49,'CU','Cuba','+53'),(50,'CY','Cyprus','+537'),(51,'CZ','Czech Republic','+420'),(52,'DK','Denmark','+45'),(53,'DJ','Djibouti','+253'),(54,'DM','Dominica','+1 767'),(55,'DO','Dominican Republic','+1 849'),(56,'EC','Ecuador','+593'),(57,'EG','Egypt','+20'),(58,'SV','El Salvador','+503'),(59,'GQ','Equatorial Guinea','+240'),(60,'ER','Eritrea','+291'),(61,'EE','Estonia','+372'),(62,'ET','Ethiopia','+251'),(63,'FO','Faroe Islands','+298'),(64,'FJ','Fiji','+679'),(65,'FI','Finland','+358'),(66,'FR','France','+33'),(67,'GF','French Guiana','+594'),(68,'PF','French Polynesia','+689'),(69,'GA','Gabon','+241'),(70,'GM','Gambia','+220'),(71,'GE','Georgia','+995'),(72,'DE','Germany','+49'),(73,'GH','Ghana','+233'),(74,'GI','Gibraltar','+350'),(75,'GR','Greece','+30'),(76,'GL','Greenland','+299'),(77,'GD','Grenada','+1 473'),(78,'GP','Guadeloupe','+590'),(79,'GU','Guam','+1 671'),(80,'GT','Guatemala','+502'),(81,'GN','Guinea','+224'),(82,'GW','Guinea-Bissau','+245'),(83,'GY','Guyana','+595'),(84,'HT','Haiti','+509'),(85,'HN','Honduras','+504'),(86,'HU','Hungary','+36'),(87,'IS','Iceland','+354'),(88,'IN','India','+91'),(89,'ID','Indonesia','+62'),(90,'IQ','Iraq','+964'),(91,'IE','Ireland','+353'),(92,'IL','Israel','+972'),(93,'IT','Italy','+39'),(94,'JM','Jamaica','+1 876'),(95,'JP','Japan','+81'),(96,'JO','Jordan','+962'),(97,'KZ','Kazakhstan','+7 7'),(98,'KE','Kenya','+254'),(99,'KI','Kiribati','+686'),(100,'KW','Kuwait','+965'),(101,'KG','Kyrgyzstan','+996'),(102,'LV','Latvia','+371'),(103,'LB','Lebanon','+961'),(104,'LS','Lesotho','+266'),(105,'LR','Liberia','+231'),(106,'LI','Liechtenstein','+423'),(107,'LT','Lithuania','+370'),(108,'LU','Luxembourg','+352'),(109,'MG','Madagascar','+261'),(110,'MW','Malawi','+265'),(111,'MY','Malaysia','+60'),(112,'MV','Maldives','+960'),(113,'ML','Mali','+223'),(114,'MT','Malta','+356'),(115,'MH','Marshall Islands','+692'),(116,'MQ','Martinique','+596'),(117,'MR','Mauritania','+222'),(118,'MU','Mauritius','+230'),(119,'YT','Mayotte','+262'),(120,'MX','Mexico','+52'),(121,'MC','Monaco','+377'),(122,'MN','Mongolia','+976'),(123,'ME','Montenegro','+382'),(124,'MS','Montserrat','+1664'),(125,'MA','Morocco','+212'),(126,'MM','Myanmar','+95'),(127,'NA','Namibia','+264'),(128,'NR','Nauru','+674'),(129,'NP','Nepal','+977'),(130,'NL','Netherlands','+31'),(131,'AN','Netherlands Antilles','+599'),(132,'NC','New Caledonia','+687'),(133,'NZ','New Zealand','+64'),(134,'NI','Nicaragua','+505'),(135,'NE','Niger','+227'),(136,'NG','Nigeria','+234'),(137,'NU','Niue','+683'),(138,'NF','Norfolk Island','+672'),(139,'MP','Northern Mariana Islands','+1 670'),(140,'NO','Norway','+47'),(141,'OM','Oman','+968'),(142,'PK','Pakistan','+92'),(143,'PW','Palau','+680'),(144,'PA','Panama','+507'),(145,'PG','Papua New Guinea','+675'),(146,'PY','Paraguay','+595'),(147,'PE','Peru','+51'),(148,'PH','Philippines','+63'),(149,'PL','Poland','+48'),(150,'PT','Portugal','+351'),(151,'PR','Puerto Rico','+1 939'),(152,'QA','Qatar','+974'),(153,'RO','Romania','+40'),(154,'RW','Rwanda','+250'),(155,'WS','Samoa','+685'),(156,'SM','San Marino','+378'),(157,'SA','Saudi Arabia','+966'),(158,'SN','Senegal','+221'),(159,'RS','Serbia','+381'),(160,'SC','Seychelles','+248'),(161,'SL','Sierra Leone','+232'),(162,'SG','Singapore','+65'),(163,'SK','Slovakia','+421'),(164,'SI','Slovenia','+386'),(165,'SB','Solomon Islands','+677'),(166,'ZA','South Africa','+27'),(167,'GS','South Georgia and the South Sandwich Islands','+500'),(168,'ES','Spain','+34'),(169,'LK','Sri Lanka','+94'),(170,'SD','Sudan','+249'),(171,'SR','Suriname','+597'),(172,'SZ','Swaziland','+268'),(173,'SE','Sweden','+46'),(174,'CH','Switzerland','+41'),(175,'TJ','Tajikistan','+992'),(176,'TH','Thailand','+66'),(177,'TG','Togo','+228'),(178,'TK','Tokelau','+690'),(179,'TO','Tonga','+676'),(180,'TT','Trinidad and Tobago','+1 868'),(181,'TN','Tunisia','+216'),(182,'TR','Turkey','+90'),(183,'TM','Turkmenistan','+993'),(184,'TC','Turks and Caicos Islands','+1 649'),(185,'TV','Tuvalu','+688'),(186,'UG','Uganda','+256'),(187,'UA','Ukraine','+380'),(188,'AE','United Arab Emirates','+971'),(189,'GB','United Kingdom','+44'),(190,'US','United States','+1'),(191,'UY','Uruguay','+598'),(192,'UZ','Uzbekistan','+998'),(193,'VU','Vanuatu','+678'),(194,'WF','Wallis and Futuna','+681'),(195,'YE','Yemen','+967'),(196,'ZM','Zambia','+260'),(197,'ZW','Zimbabwe','+263'),(198,'AX','land Islands',''),(199,'BO','Bolivia, Plurinational State of','+591'),(200,'BN','Brunei Darussalam','+673'),(201,'CC','Cocos (Keeling) Islands','+61'),(202,'CD','Congo, The Democratic Republic of the','+243'),(203,'CI','Cote d\'Ivoire','+225'),(204,'FK','Falkland Islands (Malvinas)','+500'),(205,'GG','Guernsey','+44'),(206,'VA','Holy See (Vatican City State)','+379'),(207,'HK','Hong Kong','+852'),(208,'IR','Iran, Islamic Republic of','+98'),(209,'IM','Isle of Man','+44'),(210,'JE','Jersey','+44'),(211,'KP','Korea, Democratic People\'s Republic of','+850'),(212,'KR','Korea, Republic of','+82'),(213,'LA','Lao People\'s Democratic Republic','+856'),(214,'LY','Libyan Arab Jamahiriya','+218'),(215,'MO','Macao','+853'),(216,'MK','Macedonia, The Former Yugoslav Republic of','+389'),(217,'FM','Micronesia, Federated States of','+691'),(218,'MD','Moldova, Republic of','+373'),(219,'MZ','Mozambique','+258'),(220,'PS','Palestinian Territory, Occupied','+970'),(221,'PN','Pitcairn','+872'),(222,'RE','Réunion','+262'),(223,'RU','Russia','+7'),(224,'BL','Saint Barthélemy','+590'),(225,'SH','Saint Helena, Ascension and Tristan Da Cunha','+290'),(226,'KN','Saint Kitts and Nevis','+1 869'),(227,'LC','Saint Lucia','+1 758'),(228,'MF','Saint Martin','+590'),(229,'PM','Saint Pierre and Miquelon','+508'),(230,'VC','Saint Vincent and the Grenadines','+1 784'),(231,'ST','Sao Tome and Principe','+239'),(232,'SO','Somalia','+252'),(233,'SJ','Svalbard and Jan Mayen','+47'),(234,'SY','Syrian Arab Republic','+963'),(235,'TW','Taiwan, Province of China','+886'),(236,'TZ','Tanzania, United Republic of','+255'),(237,'TL','Timor-Leste','+670'),(238,'VE','Venezuela, Bolivarian Republic of','+58'),(239,'VN','Viet Nam','+84'),(240,'VG','Virgin Islands, British','+1 284'),(241,'VI','Virgin Islands, U.S.','+1 340');

--
-- Table structure for table `msp_tfa_trusted`
--

CREATE TABLE `msp_tfa_trusted` (
  `msp_tfa_trusted_id` int unsigned NOT NULL AUTO_INCREMENT COMMENT 'Trusted device ID',
  `date_time` datetime NOT NULL COMMENT 'Date and time',
  `user_id` int unsigned NOT NULL COMMENT 'User ID',
  `device_name` text NOT NULL COMMENT 'Device name',
  `token` text NOT NULL COMMENT 'Token',
  `last_ip` text NOT NULL COMMENT 'Last IP',
  PRIMARY KEY (`msp_tfa_trusted_id`),
  KEY `MSP_TFA_TRUSTED_USER_ID_ADMIN_USER_USER_ID` (`user_id`),
  CONSTRAINT `MSP_TFA_TRUSTED_USER_ID_ADMIN_USER_USER_ID` FOREIGN KEY (`user_id`) REFERENCES `admin_user` (`user_id`) ON DELETE CASCADE
) ENGINE=InnoDB DEFAULT CHARSET=utf8mb3 COMMENT='msp_tfa_trusted';

--
-- Dumping data for table `msp_tfa_trusted`
--


--
-- Table structure for table `msp_tfa_user_config`
--

CREATE TABLE `msp_tfa_user_config` (
  `msp_tfa_user_config_id` int unsigned NOT NULL AUTO_INCREMENT COMMENT 'TFA admin user ID',
  `user_id` int unsigned NOT NULL COMMENT 'User ID',
  `encoded_providers` text COMMENT 'Encoded providers list',
  `encoded_config` text COMMENT 'Encoded providers configuration',
  `default_provider` text COMMENT 'Default provider',
  PRIMARY KEY (`msp_tfa_user_config_id`),
  KEY `MSP_TFA_USER_CONFIG_USER_ID_ADMIN_USER_USER_ID` (`user_id`),
  CONSTRAINT `MSP_TFA_USER_CONFIG_USER_ID_ADMIN_USER_USER_ID` FOREIGN KEY (`user_id`) REFERENCES `admin_user` (`user_id`) ON DELETE CASCADE
) ENGINE=InnoDB AUTO_INCREMENT=7 DEFAULT CHARSET=utf8mb3 COMMENT='msp_tfa_user_config';

--
-- Dumping data for table `msp_tfa_user_config`
--

INSERT INTO `msp_tfa_user_config` VALUES (1,2,'[\"\"]','0:3:IxODV6TbFosjQrPOufHFANb0QpsVVjQRlhFFMEZP',NULL),(2,4,'[]','0:3:+TFiOB2dmkD1Db7IWVIyWM12rEo83UohcDO5ppkJ',NULL),(3,3,'[]','0:3:GBAycSLOGHrFDxLxET4Br1Dh1BMDCuN3l/2iWcQa',NULL),(4,7,'[]','0:3:Lu9Z5TwvtbpK34BKu0TSWg2PWLzYH6e2vSBjAF9z',NULL),(5,8,'[]','0:3:qzrgmKELYJSb3phyLLckvRyPm2xJDS+2bfEybl1c',NULL),(6,10,'[]','0:3:6iqSYNwPq0gkwB0UFWaGyPMBFg2KKPbGgDz6zH2V',NULL);

--
-- Table structure for table `mview_state`
--

CREATE TABLE `mview_state` (
  `state_id` int unsigned NOT NULL AUTO_INCREMENT COMMENT 'View State ID',
  `view_id` varchar(255) DEFAULT NULL COMMENT 'View ID',
  `mode` varchar(16) DEFAULT 'disabled' COMMENT 'View Mode',
  `status` varchar(16) DEFAULT 'idle' COMMENT 'View Status',
  `updated` datetime DEFAULT NULL COMMENT 'View updated time',
  `version_id` int unsigned DEFAULT NULL COMMENT 'View Version ID',
  PRIMARY KEY (`state_id`),
  KEY `MVIEW_STATE_VIEW_ID` (`view_id`),
  KEY `MVIEW_STATE_MODE` (`mode`)
) ENGINE=InnoDB AUTO_INCREMENT=3 DEFAULT CHARSET=utf8mb3 COMMENT='View State';

--
-- Dumping data for table `mview_state`
--

INSERT INTO `mview_state` VALUES (1,'scconnector_google_remove','enabled','idle','2020-05-08 21:03:02',NULL),(2,'scconnector_google_feed','enabled','idle','2020-05-08 21:03:03',NULL);

--
-- Table structure for table `newsletter_problem`
--

CREATE TABLE `newsletter_problem` (
  `problem_id` int unsigned NOT NULL AUTO_INCREMENT COMMENT 'Problem ID',
  `subscriber_id` int unsigned DEFAULT NULL COMMENT 'Subscriber ID',
  `queue_id` int unsigned NOT NULL DEFAULT '0' COMMENT 'Queue ID',
  `problem_error_code` int unsigned DEFAULT '0' COMMENT 'Problem Error Code',
  `problem_error_text` varchar(200) DEFAULT NULL COMMENT 'Problem Error Text',
  PRIMARY KEY (`problem_id`),
  KEY `NEWSLETTER_PROBLEM_SUBSCRIBER_ID` (`subscriber_id`),
  KEY `NEWSLETTER_PROBLEM_QUEUE_ID` (`queue_id`),
  CONSTRAINT `NEWSLETTER_PROBLEM_QUEUE_ID_NEWSLETTER_QUEUE_QUEUE_ID` FOREIGN KEY (`queue_id`) REFERENCES `newsletter_queue` (`queue_id`) ON DELETE CASCADE,
  CONSTRAINT `NLTTR_PROBLEM_SUBSCRIBER_ID_NLTTR_SUBSCRIBER_SUBSCRIBER_ID` FOREIGN KEY (`subscriber_id`) REFERENCES `newsletter_subscriber` (`subscriber_id`) ON DELETE CASCADE
) ENGINE=InnoDB DEFAULT CHARSET=utf8mb3 COMMENT='Newsletter Problems';

--
-- Dumping data for table `newsletter_problem`
--


--
-- Table structure for table `newsletter_queue`
--

CREATE TABLE `newsletter_queue` (
  `queue_id` int unsigned NOT NULL AUTO_INCREMENT COMMENT 'Queue ID',
  `template_id` int unsigned NOT NULL DEFAULT '0' COMMENT 'Template ID',
  `newsletter_type` int DEFAULT NULL COMMENT 'Newsletter Type',
  `newsletter_text` text COMMENT 'Newsletter Text',
  `newsletter_styles` text COMMENT 'Newsletter Styles',
  `newsletter_subject` varchar(200) DEFAULT NULL COMMENT 'Newsletter Subject',
  `newsletter_sender_name` varchar(200) DEFAULT NULL COMMENT 'Newsletter Sender Name',
  `newsletter_sender_email` varchar(200) DEFAULT NULL COMMENT 'Newsletter Sender Email',
  `queue_status` int unsigned NOT NULL DEFAULT '0' COMMENT 'Queue Status',
  `queue_start_at` timestamp NULL DEFAULT NULL COMMENT 'Queue Start At',
  `queue_finish_at` timestamp NULL DEFAULT NULL COMMENT 'Queue Finish At',
  PRIMARY KEY (`queue_id`),
  KEY `NEWSLETTER_QUEUE_TEMPLATE_ID` (`template_id`),
  CONSTRAINT `NEWSLETTER_QUEUE_TEMPLATE_ID_NEWSLETTER_TEMPLATE_TEMPLATE_ID` FOREIGN KEY (`template_id`) REFERENCES `newsletter_template` (`template_id`) ON DELETE CASCADE
) ENGINE=InnoDB DEFAULT CHARSET=utf8mb3 COMMENT='Newsletter Queue';

--
-- Dumping data for table `newsletter_queue`
--


--
-- Table structure for table `newsletter_queue_link`
--

CREATE TABLE `newsletter_queue_link` (
  `queue_link_id` int unsigned NOT NULL AUTO_INCREMENT COMMENT 'Queue Link ID',
  `queue_id` int unsigned NOT NULL DEFAULT '0' COMMENT 'Queue ID',
  `subscriber_id` int unsigned NOT NULL DEFAULT '0' COMMENT 'Subscriber ID',
  `letter_sent_at` timestamp NULL DEFAULT NULL COMMENT 'Letter Sent At',
  PRIMARY KEY (`queue_link_id`),
  KEY `NEWSLETTER_QUEUE_LINK_SUBSCRIBER_ID` (`subscriber_id`),
  KEY `NEWSLETTER_QUEUE_LINK_QUEUE_ID_LETTER_SENT_AT` (`queue_id`,`letter_sent_at`),
  CONSTRAINT `NEWSLETTER_QUEUE_LINK_QUEUE_ID_NEWSLETTER_QUEUE_QUEUE_ID` FOREIGN KEY (`queue_id`) REFERENCES `newsletter_queue` (`queue_id`) ON DELETE CASCADE,
  CONSTRAINT `NLTTR_QUEUE_LNK_SUBSCRIBER_ID_NLTTR_SUBSCRIBER_SUBSCRIBER_ID` FOREIGN KEY (`subscriber_id`) REFERENCES `newsletter_subscriber` (`subscriber_id`) ON DELETE CASCADE
) ENGINE=InnoDB DEFAULT CHARSET=utf8mb3 COMMENT='Newsletter Queue Link';

--
-- Dumping data for table `newsletter_queue_link`
--


--
-- Table structure for table `newsletter_queue_store_link`
--

CREATE TABLE `newsletter_queue_store_link` (
  `queue_id` int unsigned NOT NULL DEFAULT '0' COMMENT 'Queue ID',
  `store_id` smallint unsigned NOT NULL DEFAULT '0' COMMENT 'Store ID',
  PRIMARY KEY (`queue_id`,`store_id`),
  KEY `NEWSLETTER_QUEUE_STORE_LINK_STORE_ID` (`store_id`),
  CONSTRAINT `NEWSLETTER_QUEUE_STORE_LINK_QUEUE_ID_NEWSLETTER_QUEUE_QUEUE_ID` FOREIGN KEY (`queue_id`) REFERENCES `newsletter_queue` (`queue_id`) ON DELETE CASCADE,
  CONSTRAINT `NEWSLETTER_QUEUE_STORE_LINK_STORE_ID_STORE_STORE_ID` FOREIGN KEY (`store_id`) REFERENCES `store` (`store_id`) ON DELETE CASCADE
) ENGINE=InnoDB DEFAULT CHARSET=utf8mb3 COMMENT='Newsletter Queue Store Link';

--
-- Dumping data for table `newsletter_queue_store_link`
--


--
-- Table structure for table `newsletter_subscriber`
--

CREATE TABLE `newsletter_subscriber` (
  `subscriber_id` int unsigned NOT NULL AUTO_INCREMENT COMMENT 'Subscriber ID',
  `store_id` smallint unsigned DEFAULT '0' COMMENT 'Store ID',
  `change_status_at` timestamp NULL DEFAULT NULL COMMENT 'Change Status At',
  `customer_id` int unsigned NOT NULL DEFAULT '0' COMMENT 'Customer ID',
  `subscriber_email` varchar(150) DEFAULT NULL COMMENT 'Subscriber Email',
  `subscriber_status` int NOT NULL DEFAULT '0' COMMENT 'Subscriber Status',
  `subscriber_confirm_code` varchar(32) DEFAULT 'NULL' COMMENT 'Subscriber Confirm Code',
  PRIMARY KEY (`subscriber_id`),
  KEY `NEWSLETTER_SUBSCRIBER_CUSTOMER_ID` (`customer_id`),
  KEY `NEWSLETTER_SUBSCRIBER_STORE_ID` (`store_id`),
  KEY `NEWSLETTER_SUBSCRIBER_SUBSCRIBER_EMAIL` (`subscriber_email`),
  CONSTRAINT `NEWSLETTER_SUBSCRIBER_STORE_ID_STORE_STORE_ID` FOREIGN KEY (`store_id`) REFERENCES `store` (`store_id`) ON DELETE SET NULL
) ENGINE=InnoDB AUTO_INCREMENT=3 DEFAULT CHARSET=utf8mb3 COMMENT='Newsletter Subscriber';

--
-- Dumping data for table `newsletter_subscriber`
--

INSERT INTO `newsletter_subscriber` VALUES (1,1,'2018-11-27 22:39:09',3,'shpresim@sh.com',1,'xzwam3uool5toqzqxjpnj1517t7iyzmo'),(2,1,'2020-03-19 01:54:04',7,'khaled@koolaago.com',1,'aydcd7w5l442jo0s6uy4t8nn7wbe9o5h');

--
-- Table structure for table `newsletter_template`
--

CREATE TABLE `newsletter_template` (
  `template_id` int unsigned NOT NULL AUTO_INCREMENT COMMENT 'Template ID',
  `template_code` varchar(150) DEFAULT NULL COMMENT 'Template Code',
  `template_text` text COMMENT 'Template Text',
  `template_styles` text COMMENT 'Template Styles',
  `template_type` int unsigned DEFAULT NULL COMMENT 'Template Type',
  `template_subject` varchar(200) DEFAULT NULL COMMENT 'Template Subject',
  `template_sender_name` varchar(200) DEFAULT NULL COMMENT 'Template Sender Name',
  `template_sender_email` varchar(200) DEFAULT NULL COMMENT 'Template Sender Email',
  `template_actual` smallint unsigned DEFAULT '1' COMMENT 'Template Actual',
  `added_at` timestamp NULL DEFAULT NULL COMMENT 'Added At',
  `modified_at` timestamp NULL DEFAULT NULL COMMENT 'Modified At',
  `is_legacy` tinyint(1) NOT NULL DEFAULT '0' COMMENT 'Should the template render in legacy mode',
  PRIMARY KEY (`template_id`),
  KEY `NEWSLETTER_TEMPLATE_TEMPLATE_ACTUAL` (`template_actual`),
  KEY `NEWSLETTER_TEMPLATE_ADDED_AT` (`added_at`),
  KEY `NEWSLETTER_TEMPLATE_MODIFIED_AT` (`modified_at`)
) ENGINE=InnoDB DEFAULT CHARSET=utf8mb3 COMMENT='Newsletter Template';

--
-- Dumping data for table `newsletter_template`
--


--
-- Table structure for table `oauth_consumer`
--

CREATE TABLE `oauth_consumer` (
  `entity_id` int unsigned NOT NULL AUTO_INCREMENT COMMENT 'Entity ID',
  `created_at` timestamp NOT NULL DEFAULT CURRENT_TIMESTAMP COMMENT 'Created At',
  `updated_at` timestamp NULL DEFAULT '0000-00-00 00:00:00' ON UPDATE CURRENT_TIMESTAMP COMMENT 'Updated At',
  `name` varchar(255) NOT NULL COMMENT 'Name of consumer',
  `key` varchar(32) NOT NULL COMMENT 'Key code',
  `secret` varchar(32) NOT NULL COMMENT 'Secret code',
  `callback_url` text COMMENT 'Callback URL',
  `rejected_callback_url` text NOT NULL COMMENT 'Rejected callback URL',
  PRIMARY KEY (`entity_id`),
  UNIQUE KEY `OAUTH_CONSUMER_KEY` (`key`),
  UNIQUE KEY `OAUTH_CONSUMER_SECRET` (`secret`),
  KEY `OAUTH_CONSUMER_CREATED_AT` (`created_at`),
  KEY `OAUTH_CONSUMER_UPDATED_AT` (`updated_at`)
) ENGINE=InnoDB AUTO_INCREMENT=13 DEFAULT CHARSET=utf8mb3 COMMENT='OAuth Consumers';

--
-- Dumping data for table `oauth_consumer`
--

INSERT INTO `oauth_consumer` VALUES (1,'2018-07-10 20:53:47','0000-00-00 00:00:00','Integration1','aaudked1q8yaym7qsvr2rbjngad86blx','3f2mmskiql01aeld5k4cshu7wxl6mat3',NULL,''),(2,'2018-07-12 19:57:13','0000-00-00 00:00:00','Integration2','hhtnp4f01cc29oywi9qcqiox866d9lmn','i05onfi2c8sy24ccyu6jaif94exglx1i',NULL,''),(3,'2018-07-12 20:13:46','0000-00-00 00:00:00','Integration3','bds24m5hdchufsdcnjfuuuuh8csod7hk','8navsgpup26sjbhx5eg0qnsdr4l6g2q9',NULL,''),(4,'2018-07-12 20:26:06','0000-00-00 00:00:00','Integration4','adl8cvxrxyl6tgakpm7rmu2yun4wpi06','2a72to564ymmgw0fx96r333c1j4etqor',NULL,''),(5,'2018-08-15 20:34:53','0000-00-00 00:00:00','Integration5','8rvk2ofovipm2syv7frf67jvbbpp2p6b','xkylxas51mh9gg9wj5rippynf9hl71ww',NULL,''),(6,'2018-08-28 20:10:00','0000-00-00 00:00:00','Integration6','ko8jdbjo2xycn4mlewly40yujaaquuvc','t53j4l6bt4qwusp72od91ds7vsvgpo1i',NULL,''),(7,'2018-08-28 20:11:47','0000-00-00 00:00:00','Integration7','49t7sgcic9h4ritw1w4lnie80brwk527','7xrqckagnn8v6yf1emnmxlbsxq91sy2l',NULL,''),(8,'2018-08-28 20:35:10','0000-00-00 00:00:00','Integration8','lntvlrhwsjtudco3gskh0opsp0o7cbbt','ogh1t8bjkqqowg6rtvoeohvunsrsfdg5',NULL,''),(9,'2018-08-28 20:46:50','0000-00-00 00:00:00','Integration9','mhs293v49jjgb3qkc99rs0h8kig08ffr','swrbcn0cniskgdss9yykmb0j2ba6j9jv',NULL,''),(10,'2018-08-28 20:57:49','0000-00-00 00:00:00','Integration10','1jy56ujjsgxpsbv10vu7x160yubffemd','1kkno5yo6vy4c3uqfq6y5rmc4hqo65ni',NULL,''),(11,'2018-09-01 19:56:31','0000-00-00 00:00:00','Integration11','obad99gpjfe2rwt3vxne8vx915trrpwi','5ojdqnlom3jueq2kfpdef1lmxyg8nu2f',NULL,''),(12,'2018-09-01 21:09:56','0000-00-00 00:00:00','Integration12','0f1bw7o2o8tm6fa62res87ddv15tav5k','q9rnxfdsk46tallrmgvy10l6hobjtw95',NULL,'');

--
-- Table structure for table `oauth_nonce`
--

CREATE TABLE `oauth_nonce` (
  `nonce` varchar(32) NOT NULL COMMENT 'Nonce String',
  `timestamp` int unsigned NOT NULL COMMENT 'Nonce Timestamp',
  `consumer_id` int unsigned NOT NULL COMMENT 'Consumer ID',
  UNIQUE KEY `OAUTH_NONCE_NONCE_CONSUMER_ID` (`nonce`,`consumer_id`),
  KEY `OAUTH_NONCE_CONSUMER_ID_OAUTH_CONSUMER_ENTITY_ID` (`consumer_id`),
  KEY `OAUTH_NONCE_TIMESTAMP` (`timestamp`),
  CONSTRAINT `OAUTH_NONCE_CONSUMER_ID_OAUTH_CONSUMER_ENTITY_ID` FOREIGN KEY (`consumer_id`) REFERENCES `oauth_consumer` (`entity_id`) ON DELETE CASCADE
) ENGINE=InnoDB DEFAULT CHARSET=utf8mb3 COMMENT='OAuth Nonce';

--
-- Dumping data for table `oauth_nonce`
--


--
-- Table structure for table `oauth_token`
--

CREATE TABLE `oauth_token` (
  `entity_id` int unsigned NOT NULL AUTO_INCREMENT COMMENT 'Entity ID',
  `consumer_id` int unsigned DEFAULT NULL COMMENT 'Oauth Consumer ID',
  `admin_id` int unsigned DEFAULT NULL COMMENT 'Admin user ID',
  `customer_id` int unsigned DEFAULT NULL COMMENT 'Customer user ID',
  `type` varchar(16) NOT NULL COMMENT 'Token Type',
  `token` varchar(32) NOT NULL COMMENT 'Token',
  `secret` varchar(32) NOT NULL COMMENT 'Token Secret',
  `verifier` varchar(32) DEFAULT NULL COMMENT 'Token Verifier',
  `callback_url` text NOT NULL COMMENT 'Token Callback URL',
  `revoked` smallint unsigned NOT NULL DEFAULT '0' COMMENT 'Is Token revoked',
  `authorized` smallint unsigned NOT NULL DEFAULT '0' COMMENT 'Is Token authorized',
  `user_type` int DEFAULT NULL COMMENT 'User type',
  `created_at` timestamp NOT NULL DEFAULT CURRENT_TIMESTAMP COMMENT 'Token creation timestamp',
  PRIMARY KEY (`entity_id`),
  UNIQUE KEY `OAUTH_TOKEN_TOKEN` (`token`),
  KEY `OAUTH_TOKEN_CONSUMER_ID` (`consumer_id`),
  KEY `OAUTH_TOKEN_ADMIN_ID_ADMIN_USER_USER_ID` (`admin_id`),
  KEY `OAUTH_TOKEN_CUSTOMER_ID_CUSTOMER_ENTITY_ENTITY_ID` (`customer_id`),
  CONSTRAINT `OAUTH_TOKEN_ADMIN_ID_ADMIN_USER_USER_ID` FOREIGN KEY (`admin_id`) REFERENCES `admin_user` (`user_id`) ON DELETE CASCADE,
  CONSTRAINT `OAUTH_TOKEN_CONSUMER_ID_OAUTH_CONSUMER_ENTITY_ID` FOREIGN KEY (`consumer_id`) REFERENCES `oauth_consumer` (`entity_id`) ON DELETE CASCADE,
  CONSTRAINT `OAUTH_TOKEN_CUSTOMER_ID_CUSTOMER_ENTITY_ENTITY_ID` FOREIGN KEY (`customer_id`) REFERENCES `customer_entity` (`entity_id`) ON DELETE CASCADE
) ENGINE=InnoDB AUTO_INCREMENT=12 DEFAULT CHARSET=utf8mb3 COMMENT='OAuth Tokens';

--
-- Dumping data for table `oauth_token`
--

INSERT INTO `oauth_token` VALUES (1,NULL,2,NULL,'access','povdc37do5bo7idg0e22hlsmccapefvs','44bo70klz8mkkkjvn21og4f37aav9eyg',NULL,'',0,0,2,'2019-03-24 22:40:34'),(2,NULL,2,NULL,'access','bgvqxj32unxnhdylk16b1z1tzm4l2g4i','c86wh93njhthramyegg56abywvzd0mso',NULL,'',0,0,2,'2019-03-24 22:40:34'),(3,NULL,2,NULL,'access','mxk6irhsm5ygstszv7id7p992jmzld0y','daaxg0v4af2qii7kvhszntzl4qe7g4yv',NULL,'',0,0,2,'2019-03-24 22:44:03'),(4,NULL,2,NULL,'access','ogv7ush62eciw2g8sz9h9spjj5fi7ud6','ge3n2tfm7swd6oonwxqwmn0obh4qgew2',NULL,'',0,0,2,'2019-03-24 22:44:03'),(5,NULL,2,NULL,'access','bg9t31vouwrqt99c2w5m2lovp3jy3v8w','084tf7n1hbqeofzro7yyri3kqbpirlou',NULL,'',0,0,2,'2019-03-24 22:44:45'),(6,NULL,2,NULL,'access','j96fi3cy76z5ocjlay8i2129etj3v7wl','kuyazn4b3cnri73eibsld8ru9gjosj5e',NULL,'',0,0,2,'2019-03-24 22:46:46'),(7,NULL,2,NULL,'access','pjbedjld6sqj7dplfx2zb42s65laoy76','mgx1lcd3wo2u7b4v8h86p53yjssn725g',NULL,'',0,0,2,'2019-03-24 22:49:18'),(8,NULL,2,NULL,'access','4gu626ntfeu4o2z5xt2lq8aisr9whiio','lxx4visrzrufvtcwrp791paye40537h2',NULL,'',0,0,2,'2019-03-24 22:49:37'),(9,NULL,2,NULL,'access','j6257o6gu1hoh73dvzesos3d5hwb7l26','93fufcjfvzrojedylv6fid4b3ak49ht4',NULL,'',0,0,2,'2019-03-24 22:52:01'),(10,NULL,2,NULL,'access','4ntxv3ia09bnyl19yvweqb90g6cg3hmx','bso6rr2fbup7gtphc70utvcjsrhl6hw1',NULL,'',0,0,2,'2019-03-24 22:56:54'),(11,NULL,2,NULL,'access','vf4l4kn18dqq6fz4wk5v4uj7oknscrof','owu3zrfzcxo78pzdj92w2pp6cc43ii6d',NULL,'',0,0,2,'2019-03-25 16:30:15');

--
-- Table structure for table `oauth_token_request_log`
--

CREATE TABLE `oauth_token_request_log` (
  `log_id` int unsigned NOT NULL AUTO_INCREMENT COMMENT 'Log ID',
  `user_name` varchar(255) NOT NULL COMMENT 'Customer email or admin login',
  `user_type` smallint unsigned NOT NULL COMMENT 'User type (admin or customer)',
  `failures_count` smallint unsigned DEFAULT '0' COMMENT 'Number of failed authentication attempts in a row',
  `lock_expires_at` timestamp NOT NULL DEFAULT CURRENT_TIMESTAMP ON UPDATE CURRENT_TIMESTAMP COMMENT 'Lock expiration time',
  PRIMARY KEY (`log_id`),
  UNIQUE KEY `OAUTH_TOKEN_REQUEST_LOG_USER_NAME_USER_TYPE` (`user_name`,`user_type`)
) ENGINE=InnoDB DEFAULT CHARSET=utf8mb3 COMMENT='Log of token request authentication failures.';

--
-- Dumping data for table `oauth_token_request_log`
--


--
-- Table structure for table `password_reset_request_event`
--

CREATE TABLE `password_reset_request_event` (
  `id` int unsigned NOT NULL AUTO_INCREMENT COMMENT 'Entity ID',
  `request_type` smallint unsigned NOT NULL COMMENT 'Type of the event under a security control',
  `account_reference` varchar(255) DEFAULT NULL COMMENT 'An identifier for existing account or another target',
  `created_at` timestamp NOT NULL DEFAULT CURRENT_TIMESTAMP COMMENT 'Timestamp when the event occurs',
  `ip` varchar(15) NOT NULL COMMENT 'Remote user IP',
  PRIMARY KEY (`id`),
  KEY `PASSWORD_RESET_REQUEST_EVENT_ACCOUNT_REFERENCE` (`account_reference`),
  KEY `PASSWORD_RESET_REQUEST_EVENT_CREATED_AT` (`created_at`)
) ENGINE=InnoDB AUTO_INCREMENT=3 DEFAULT CHARSET=utf8mb3 COMMENT='Password Reset Request Event under a security control';

--
-- Dumping data for table `password_reset_request_event`
--

INSERT INTO `password_reset_request_event` VALUES (1,1,'qtn@lookvacations.com','2019-09-09 22:34:25','83.50.127.175'),(2,0,'khaled@koolaago.com','2020-03-19 01:52:59','1.163.108.178');

--
-- Table structure for table `patch_list`
--

CREATE TABLE `patch_list` (
  `patch_id` int NOT NULL AUTO_INCREMENT COMMENT 'Patch Auto Increment',
  `patch_name` varchar(1024) NOT NULL COMMENT 'Patch Class Name',
  PRIMARY KEY (`patch_id`)
) ENGINE=InnoDB AUTO_INCREMENT=124 DEFAULT CHARSET=utf8mb3 COMMENT='List of data/schema patches';

--
-- Dumping data for table `patch_list`
--

INSERT INTO `patch_list` VALUES (1,'Magento\\Store\\Setup\\Patch\\Schema\\InitializeStoresAndWebsites'),(2,'Magento\\Catalog\\Setup\\Patch\\Schema\\EnableSegmentation'),(3,'Magento\\Bundle\\Setup\\Patch\\Schema\\UpdateBundleRelatedSchema'),(4,'Magento\\Store\\Setup\\Patch\\Data\\UpdateStoreGroupCodes'),(5,'Magento\\Directory\\Setup\\Patch\\Data\\InitializeDirectoryData'),(6,'Magento\\Directory\\Setup\\Patch\\Data\\AddDataForCroatia'),(7,'Magento\\Directory\\Setup\\Patch\\Data\\AddDataForIndia'),(8,'Magento\\Theme\\Setup\\Patch\\Data\\RegisterThemes'),(9,'Magento\\Theme\\Setup\\Patch\\Data\\ConvertSerializedData'),(10,'Magento\\Eav\\Setup\\Patch\\Data\\InitializeAttributeModels'),(11,'Magento\\Indexer\\Setup\\Patch\\Data\\InitializeIndexerState'),(12,'Magento\\Config\\Setup\\Patch\\Data\\UpdateClassAliases'),(13,'Magento\\Customer\\Setup\\Patch\\Data\\DefaultCustomerGroupsAndAttributes'),(14,'Magento\\Customer\\Setup\\Patch\\Data\\UpdateCustomerAttributesMetadata'),(15,'Magento\\Customer\\Setup\\Patch\\Data\\AddNonSpecifiedGenderAttributeOption'),(16,'Magento\\Customer\\Setup\\Patch\\Data\\UpdateIdentifierCustomerAttributesVisibility'),(17,'Magento\\Customer\\Setup\\Patch\\Data\\AddCustomerUpdatedAtAttribute'),(18,'Magento\\Customer\\Setup\\Patch\\Data\\UpgradePasswordHashAndAddress'),(19,'Magento\\Customer\\Setup\\Patch\\Data\\RemoveCheckoutRegisterAndUpdateAttributes'),(20,'Magento\\Customer\\Setup\\Patch\\Data\\AddSecurityTrackingAttributes'),(21,'Magento\\Customer\\Setup\\Patch\\Data\\UpdateAutocompleteOnStorefrontConfigPath'),(22,'Magento\\Customer\\Setup\\Patch\\Data\\MigrateStoresAllowedCountriesToWebsite'),(23,'Magento\\Customer\\Setup\\Patch\\Data\\ConvertValidationRulesFromSerializedToJson'),(24,'Magento\\Customer\\Setup\\Patch\\Data\\UpdateVATNumber'),(25,'Magento\\Customer\\Setup\\Patch\\Data\\UpdateCustomerAttributeInputFilters'),(26,'Magento\\Cms\\Setup\\Patch\\Data\\CreateDefaultPages'),(27,'Magento\\Cms\\Setup\\Patch\\Data\\UpdatePrivacyPolicyPage'),(28,'Magento\\Cms\\Setup\\Patch\\Data\\ConvertWidgetConditionsToJson'),(29,'Magento\\User\\Setup\\Patch\\Data\\UpgradePasswordHashes'),(30,'Magento\\User\\Setup\\Patch\\Data\\UpgradeSerializedFields'),(31,'Magento\\Authorization\\Setup\\Patch\\Data\\InitializeAuthRoles'),(32,'Magento\\Catalog\\Setup\\Patch\\Data\\InstallDefaultCategories'),(33,'Magento\\Catalog\\Setup\\Patch\\Data\\SetNewResourceModelsPaths'),(34,'Magento\\Catalog\\Setup\\Patch\\Data\\UpdateDefaultAttributeValue'),(35,'Magento\\Catalog\\Setup\\Patch\\Data\\UpdateMediaAttributesBackendTypes'),(36,'Magento\\Catalog\\Setup\\Patch\\Data\\UpdateProductAttributes'),(37,'Magento\\Catalog\\Setup\\Patch\\Data\\UpdateProductMetaDescription'),(38,'Magento\\Catalog\\Setup\\Patch\\Data\\ChangePriceAttributeDefaultScope'),(39,'Magento\\Catalog\\Setup\\Patch\\Data\\DisallowUsingHtmlForProductName'),(40,'Magento\\Catalog\\Setup\\Patch\\Data\\EnableDirectiveParsing'),(41,'Magento\\Catalog\\Setup\\Patch\\Data\\EnableSegmentation'),(42,'Magento\\Catalog\\Setup\\Patch\\Data\\UpgradeWidgetData'),(43,'Magento\\Catalog\\Setup\\Patch\\Data\\UpgradeWebsiteAttributes'),(44,'Magento\\Quote\\Setup\\Patch\\Data\\InstallEntityTypes'),(45,'Magento\\Quote\\Setup\\Patch\\Data\\ConvertSerializedDataToJson'),(46,'Magento\\Bundle\\Setup\\Patch\\Data\\ApplyAttributesUpdate'),(47,'Magento\\Bundle\\Setup\\Patch\\Data\\UpdateBundleRelatedEntityTytpes'),(48,'Magento\\Integration\\Setup\\Patch\\Data\\RemoveInactiveTokens'),(49,'Magento\\CatalogInventory\\Setup\\Patch\\Data\\CreateDefaultStock'),(50,'Magento\\CatalogInventory\\Setup\\Patch\\Data\\UpdateStockItemsWebsite'),(51,'Magento\\CatalogInventory\\Setup\\Patch\\Data\\ConvertSerializedDataToJson'),(52,'Magento\\Msrp\\Setup\\Patch\\Data\\InitializeMsrpAttributes'),(53,'Magento\\Msrp\\Setup\\Patch\\Data\\ChangePriceAttributeDefaultScope'),(54,'Magento\\CatalogRule\\Setup\\Patch\\Data\\UpdateClassAliasesForCatalogRules'),(55,'Magento\\CatalogRule\\Setup\\Patch\\Data\\ConvertSerializedDataToJson'),(56,'Magento\\CatalogUrlRewrite\\Setup\\Patch\\Data\\CreateUrlAttributes'),(57,'Magento\\Widget\\Setup\\Patch\\Data\\UpgradeModelInstanceClassAliases'),(58,'Magento\\Widget\\Setup\\Patch\\Data\\ConvertSerializedData'),(59,'Magento\\Sales\\Setup\\Patch\\Data\\InstallOrderStatusesAndInitialSalesConfig'),(60,'Magento\\Sales\\Setup\\Patch\\Data\\UpdateEntityTypes'),(61,'Magento\\Sales\\Setup\\Patch\\Data\\ConvertSerializedDataToJson'),(62,'Magento\\Sales\\Setup\\Patch\\Data\\FillQuoteAddressIdInSalesOrderAddress'),(63,'Magento\\Sales\\Setup\\Patch\\Data\\UpdateEntityTypeModelForInvoice'),(64,'Magento\\Checkout\\Setup\\Patch\\Data\\PrepareInitialCheckoutConfiguration'),(65,'Magento\\Vault\\Setup\\Patch\\Data\\SetCreditCardAsDefaultTokenType'),(66,'Magento\\ConfigurableProduct\\Setup\\Patch\\Data\\InstallInitialConfigurableAttributes'),(67,'Magento\\ConfigurableProduct\\Setup\\Patch\\Data\\UpdateManufacturerAttribute'),(68,'Magento\\ConfigurableProduct\\Setup\\Patch\\Data\\UpdateTierPriceAttribute'),(69,'Magento\\CurrencySymbol\\Setup\\Patch\\Data\\ConvertSerializedCustomCurrencySymbolToJson'),(70,'Magento\\Paypal\\Setup\\Patch\\Data\\AddPaypalOrderStatuses'),(71,'Magento\\Analytics\\Setup\\Patch\\Data\\PrepareInitialConfig'),(72,'Magento\\Dhl\\Setup\\Patch\\Data\\PrepareShipmentDays'),(73,'Magento\\Downloadable\\Setup\\Patch\\Data\\InstallDownloadableAttributes'),(74,'Magento\\CatalogSearch\\Setup\\Patch\\Data\\MySQLSearchDeprecationNotification'),(75,'Magento\\CatalogSearch\\Setup\\Patch\\Data\\SetInitialSearchWeightForAttributes'),(76,'Magento\\EncryptionKey\\Setup\\Patch\\Data\\SodiumChachaPatch'),(77,'Magento\\Fedex\\Setup\\Patch\\Data\\ConfigureFedexDefaults'),(78,'Magento\\GiftMessage\\Setup\\Patch\\Data\\AddGiftMessageAttributes'),(79,'Magento\\GiftMessage\\Setup\\Patch\\Data\\MoveGiftMessageToGiftOptionsGroup'),(80,'Magento\\GiftMessage\\Setup\\Patch\\Data\\UpdateGiftMessageAttribute'),(81,'Magento\\GroupedProduct\\Setup\\Patch\\Data\\InitializeGroupedProductLinks'),(82,'Magento\\GroupedProduct\\Setup\\Patch\\Data\\UpdateProductRelations'),(83,'Magento\\SalesRule\\Setup\\Patch\\Data\\PrepareRuleModelSerializedData'),(84,'Magento\\SalesRule\\Setup\\Patch\\Data\\ConvertSerializedDataToJson'),(85,'Magento\\SalesRule\\Setup\\Patch\\Data\\FillSalesRuleProductAttributeTable'),(86,'Magento\\Braintree\\Setup\\Patch\\Data\\ConvertSerializedDataToJson'),(87,'Magento\\Reports\\Setup\\Patch\\Data\\InitializeReportEntityTypesAndPages'),(88,'Magento\\Review\\Setup\\Patch\\Data\\InitReviewStatusesAndData'),(89,'Magento\\OfflineShipping\\Setup\\Patch\\Data\\UpdateQuoteShippingAddresses'),(90,'Magento\\UrlRewrite\\Setup\\Patch\\Data\\ConvertSerializedDataToJson'),(91,'Magento\\Wishlist\\Setup\\Patch\\Data\\ConvertSerializedData'),(92,'Magento\\Swatches\\Setup\\Patch\\Data\\AddSwatchImageAttribute'),(93,'Magento\\Swatches\\Setup\\Patch\\Data\\AddSwatchImageToDefaultAttribtueSet'),(94,'Magento\\Swatches\\Setup\\Patch\\Data\\UpdateAdminTextSwatchValues'),(95,'Magento\\Swatches\\Setup\\Patch\\Data\\ConvertAdditionalDataToJson'),(96,'Magento\\Tax\\Setup\\Patch\\Data\\AddTaxAttributeAndTaxClasses'),(97,'Magento\\Tax\\Setup\\Patch\\Data\\UpdateTaxClassAttributeVisibility'),(98,'Magento\\Tax\\Setup\\Patch\\Data\\UpdateTaxRegionId'),(99,'Magento\\SampleData\\Setup\\Patch\\Data\\ClearSampleDataState'),(100,'Magento\\Usps\\Setup\\Patch\\Data\\UpdateAllowedMethods'),(101,'Magento\\Weee\\Setup\\Patch\\Data\\InitQuoteAndOrderAttributes'),(102,'Magento\\Store\\Setup\\Patch\\Data\\DisableSid'),(103,'Magento\\Directory\\Setup\\Patch\\Data\\AddCountriesCaribbeanCuracaoKosovoSintMaarten'),(104,'Magento\\Directory\\Setup\\Patch\\Data\\AddDataForAustralia'),(105,'Magento\\Directory\\Setup\\Patch\\Data\\AddDataForBelgium'),(106,'Magento\\Directory\\Setup\\Patch\\Data\\AddDataForChina'),(107,'Magento\\Directory\\Setup\\Patch\\Data\\AddDataForMexico'),(108,'Magento\\Catalog\\Setup\\Patch\\Data\\UpdateCustomLayoutAttributes'),(109,'Magento\\Msrp\\Setup\\Patch\\Data\\ChangeMsrpAttributeLabel'),(110,'Magento\\CatalogUrlRewrite\\Setup\\Patch\\Data\\UpdateUrlKeySearchable'),(111,'Magento\\Downloadable\\Setup\\Patch\\Data\\AddDownloadableHostsConfig'),(112,'Magento\\Downloadable\\Setup\\Patch\\Data\\UpdateLinksExistDefaultAttributeValue'),(113,'Magento\\Email\\Setup\\Patch\\Data\\FlagLegacyTemplates'),(114,'Magento\\Bundle\\Setup\\Patch\\Data\\UpdateBundleRelatedEntityTypes'),(115,'Magento\\Reports\\Setup\\Patch\\Data\\ReportDisableNotification'),(116,'Magento\\Newsletter\\Setup\\Patch\\Data\\FlagLegacyTemplates'),(117,'Magento\\Paypal\\Setup\\Patch\\Data\\UpdatePaypalCreditOption'),(118,'Magento\\AuthorizenetAcceptjs\\Setup\\Patch\\Data\\CopyCurrentConfig'),(119,'Magento\\OfflineShipping\\Setup\\Patch\\Data\\UpdateShippingTablerate'),(120,'Klarna\\Core\\Setup\\Patch\\Data\\UpdateKcoApiPathsInCoreConfig'),(121,'Klarna\\Core\\Setup\\Patch\\Data\\UpdateKlarnaApiVersionInCoreConfig'),(122,'Klarna\\Kp\\Setup\\Patch\\Data\\RemoveHtmlTag'),(123,'Klarna\\Kp\\Setup\\Patch\\Data\\ResetIsActive');

--
-- Table structure for table `paypal_billing_agreement`
--

CREATE TABLE `paypal_billing_agreement` (
  `agreement_id` int unsigned NOT NULL AUTO_INCREMENT COMMENT 'Agreement ID',
  `customer_id` int unsigned NOT NULL COMMENT 'Customer ID',
  `method_code` varchar(32) NOT NULL COMMENT 'Method Code',
  `reference_id` varchar(32) NOT NULL COMMENT 'Reference ID',
  `status` varchar(20) NOT NULL COMMENT 'Status',
  `created_at` timestamp NOT NULL DEFAULT CURRENT_TIMESTAMP COMMENT 'Created At',
  `updated_at` timestamp NULL DEFAULT NULL COMMENT 'Updated At',
  `store_id` smallint unsigned DEFAULT NULL COMMENT 'Store ID',
  `agreement_label` varchar(255) DEFAULT NULL COMMENT 'Agreement Label',
  PRIMARY KEY (`agreement_id`),
  KEY `PAYPAL_BILLING_AGREEMENT_CUSTOMER_ID` (`customer_id`),
  KEY `PAYPAL_BILLING_AGREEMENT_STORE_ID` (`store_id`),
  CONSTRAINT `PAYPAL_BILLING_AGREEMENT_CUSTOMER_ID_CUSTOMER_ENTITY_ENTITY_ID` FOREIGN KEY (`customer_id`) REFERENCES `customer_entity` (`entity_id`) ON DELETE CASCADE,
  CONSTRAINT `PAYPAL_BILLING_AGREEMENT_STORE_ID_STORE_STORE_ID` FOREIGN KEY (`store_id`) REFERENCES `store` (`store_id`) ON DELETE SET NULL
) ENGINE=InnoDB DEFAULT CHARSET=utf8mb3 COMMENT='Sales Billing Agreement';

--
-- Dumping data for table `paypal_billing_agreement`
--


--
-- Table structure for table `paypal_billing_agreement_order`
--

CREATE TABLE `paypal_billing_agreement_order` (
  `agreement_id` int unsigned NOT NULL COMMENT 'Agreement ID',
  `order_id` int unsigned NOT NULL COMMENT 'Order ID',
  PRIMARY KEY (`agreement_id`,`order_id`),
  KEY `PAYPAL_BILLING_AGREEMENT_ORDER_ORDER_ID` (`order_id`),
  CONSTRAINT `PAYPAL_BILLING_AGREEMENT_ORDER_ORDER_ID_SALES_ORDER_ENTITY_ID` FOREIGN KEY (`order_id`) REFERENCES `sales_order` (`entity_id`) ON DELETE CASCADE,
  CONSTRAINT `PAYPAL_BILLING_AGRT_ORDER_AGRT_ID_PAYPAL_BILLING_AGRT_AGRT_ID` FOREIGN KEY (`agreement_id`) REFERENCES `paypal_billing_agreement` (`agreement_id`) ON DELETE CASCADE
) ENGINE=InnoDB DEFAULT CHARSET=utf8mb3 COMMENT='Sales Billing Agreement Order';

--
-- Dumping data for table `paypal_billing_agreement_order`
--


--
-- Table structure for table `paypal_cert`
--

CREATE TABLE `paypal_cert` (
  `cert_id` smallint unsigned NOT NULL AUTO_INCREMENT COMMENT 'Cert ID',
  `website_id` smallint unsigned NOT NULL DEFAULT '0' COMMENT 'Website ID',
  `content` text COMMENT 'Content',
  `updated_at` timestamp NULL DEFAULT NULL COMMENT 'Updated At',
  PRIMARY KEY (`cert_id`),
  KEY `PAYPAL_CERT_WEBSITE_ID` (`website_id`),
  CONSTRAINT `PAYPAL_CERT_WEBSITE_ID_STORE_WEBSITE_WEBSITE_ID` FOREIGN KEY (`website_id`) REFERENCES `store_website` (`website_id`) ON DELETE CASCADE
) ENGINE=InnoDB DEFAULT CHARSET=utf8mb3 COMMENT='Paypal Certificate Table';

--
-- Dumping data for table `paypal_cert`
--


--
-- Table structure for table `paypal_payment_transaction`
--

CREATE TABLE `paypal_payment_transaction` (
  `transaction_id` int unsigned NOT NULL AUTO_INCREMENT COMMENT 'Entity ID',
  `txn_id` varchar(100) DEFAULT NULL COMMENT 'Txn ID',
  `additional_information` blob COMMENT 'Additional Information',
  `created_at` timestamp NULL DEFAULT NULL COMMENT 'Created At',
  PRIMARY KEY (`transaction_id`),
  UNIQUE KEY `PAYPAL_PAYMENT_TRANSACTION_TXN_ID` (`txn_id`)
) ENGINE=InnoDB DEFAULT CHARSET=utf8mb3 COMMENT='PayPal Payflow Link Payment Transaction';

--
-- Dumping data for table `paypal_payment_transaction`
--


--
-- Table structure for table `paypal_settlement_report`
--

CREATE TABLE `paypal_settlement_report` (
  `report_id` int unsigned NOT NULL AUTO_INCREMENT COMMENT 'Report ID',
  `report_date` date DEFAULT NULL COMMENT 'Report Date',
  `account_id` varchar(64) DEFAULT NULL COMMENT 'Account ID',
  `filename` varchar(24) DEFAULT NULL COMMENT 'Filename',
  `last_modified` timestamp NULL DEFAULT NULL COMMENT 'Last Modified',
  PRIMARY KEY (`report_id`),
  UNIQUE KEY `PAYPAL_SETTLEMENT_REPORT_REPORT_DATE_ACCOUNT_ID` (`report_date`,`account_id`)
) ENGINE=InnoDB DEFAULT CHARSET=utf8mb3 COMMENT='Paypal Settlement Report Table';

--
-- Dumping data for table `paypal_settlement_report`
--


--
-- Table structure for table `paypal_settlement_report_row`
--

CREATE TABLE `paypal_settlement_report_row` (
  `row_id` int unsigned NOT NULL AUTO_INCREMENT COMMENT 'Row ID',
  `report_id` int unsigned NOT NULL COMMENT 'Report ID',
  `transaction_id` varchar(19) DEFAULT NULL COMMENT 'Transaction ID',
  `invoice_id` varchar(127) DEFAULT NULL COMMENT 'Invoice ID',
  `paypal_reference_id` varchar(19) DEFAULT NULL COMMENT 'Paypal Reference ID',
  `paypal_reference_id_type` varchar(3) DEFAULT NULL COMMENT 'Paypal Reference ID Type',
  `transaction_event_code` varchar(5) DEFAULT NULL COMMENT 'Transaction Event Code',
  `transaction_initiation_date` timestamp NULL DEFAULT NULL COMMENT 'Transaction Initiation Date',
  `transaction_completion_date` timestamp NULL DEFAULT NULL COMMENT 'Transaction Completion Date',
  `transaction_debit_or_credit` varchar(2) NOT NULL DEFAULT 'CR' COMMENT 'Transaction Debit Or Credit',
  `gross_transaction_amount` decimal(20,6) NOT NULL DEFAULT '0.000000' COMMENT 'Gross Transaction Amount',
  `gross_transaction_currency` varchar(3) DEFAULT NULL COMMENT 'Gross Transaction Currency',
  `fee_debit_or_credit` varchar(2) DEFAULT NULL COMMENT 'Fee Debit Or Credit',
  `fee_amount` decimal(20,6) NOT NULL DEFAULT '0.000000' COMMENT 'Fee Amount',
  `fee_currency` varchar(3) DEFAULT NULL COMMENT 'Fee Currency',
  `custom_field` varchar(255) DEFAULT NULL COMMENT 'Custom Field',
  `consumer_id` varchar(127) DEFAULT NULL COMMENT 'Consumer ID',
  `payment_tracking_id` varchar(255) DEFAULT NULL COMMENT 'Payment Tracking ID',
  `store_id` varchar(50) DEFAULT NULL COMMENT 'Store ID',
  PRIMARY KEY (`row_id`),
  KEY `PAYPAL_SETTLEMENT_REPORT_ROW_REPORT_ID` (`report_id`),
  CONSTRAINT `FK_E183E488F593E0DE10C6EBFFEBAC9B55` FOREIGN KEY (`report_id`) REFERENCES `paypal_settlement_report` (`report_id`) ON DELETE CASCADE
) ENGINE=InnoDB DEFAULT CHARSET=utf8mb3 COMMENT='Paypal Settlement Report Row Table';

--
-- Dumping data for table `paypal_settlement_report_row`
--


--
-- Table structure for table `persistent_session`
--

CREATE TABLE `persistent_session` (
  `persistent_id` int unsigned NOT NULL AUTO_INCREMENT COMMENT 'Session ID',
  `key` varchar(50) NOT NULL COMMENT 'Unique cookie key',
  `customer_id` int unsigned DEFAULT NULL COMMENT 'Customer ID',
  `website_id` smallint unsigned NOT NULL DEFAULT '0' COMMENT 'Website ID',
  `info` text COMMENT 'Session Data',
  `updated_at` timestamp NOT NULL DEFAULT CURRENT_TIMESTAMP ON UPDATE CURRENT_TIMESTAMP COMMENT 'Updated At',
  PRIMARY KEY (`persistent_id`),
  UNIQUE KEY `PERSISTENT_SESSION_KEY` (`key`),
  UNIQUE KEY `PERSISTENT_SESSION_CUSTOMER_ID` (`customer_id`),
  KEY `PERSISTENT_SESSION_UPDATED_AT` (`updated_at`),
  KEY `PERSISTENT_SESSION_WEBSITE_ID_STORE_WEBSITE_WEBSITE_ID` (`website_id`),
  CONSTRAINT `PERSISTENT_SESSION_CUSTOMER_ID_CUSTOMER_ENTITY_ENTITY_ID` FOREIGN KEY (`customer_id`) REFERENCES `customer_entity` (`entity_id`) ON DELETE CASCADE,
  CONSTRAINT `PERSISTENT_SESSION_WEBSITE_ID_STORE_WEBSITE_WEBSITE_ID` FOREIGN KEY (`website_id`) REFERENCES `store_website` (`website_id`) ON DELETE CASCADE
) ENGINE=InnoDB DEFAULT CHARSET=utf8mb3 COMMENT='Persistent Session';

--
-- Dumping data for table `persistent_session`
--


--
-- Table structure for table `product_alert_price`
--

CREATE TABLE `product_alert_price` (
  `alert_price_id` int unsigned NOT NULL AUTO_INCREMENT COMMENT 'Product alert price ID',
  `customer_id` int unsigned NOT NULL DEFAULT '0' COMMENT 'Customer ID',
  `product_id` int unsigned NOT NULL DEFAULT '0' COMMENT 'Product ID',
  `price` decimal(20,6) NOT NULL DEFAULT '0.000000' COMMENT 'Price amount',
  `website_id` smallint unsigned NOT NULL DEFAULT '0' COMMENT 'Website ID',
  `add_date` timestamp NOT NULL DEFAULT CURRENT_TIMESTAMP COMMENT 'Product alert add date',
  `last_send_date` timestamp NULL DEFAULT NULL COMMENT 'Product alert last send date',
  `send_count` smallint unsigned NOT NULL DEFAULT '0' COMMENT 'Product alert send count',
  `status` smallint unsigned NOT NULL DEFAULT '0' COMMENT 'Product alert status',
  `store_id` smallint unsigned DEFAULT '0' COMMENT 'Store ID',
  PRIMARY KEY (`alert_price_id`),
  KEY `PRODUCT_ALERT_PRICE_CUSTOMER_ID` (`customer_id`),
  KEY `PRODUCT_ALERT_PRICE_PRODUCT_ID` (`product_id`),
  KEY `PRODUCT_ALERT_PRICE_WEBSITE_ID` (`website_id`),
  KEY `PRODUCT_ALERT_PRICE_STORE_ID` (`store_id`),
  CONSTRAINT `PRODUCT_ALERT_PRICE_CUSTOMER_ID_CUSTOMER_ENTITY_ENTITY_ID` FOREIGN KEY (`customer_id`) REFERENCES `customer_entity` (`entity_id`) ON DELETE CASCADE,
  CONSTRAINT `PRODUCT_ALERT_PRICE_PRODUCT_ID_CATALOG_PRODUCT_ENTITY_ENTITY_ID` FOREIGN KEY (`product_id`) REFERENCES `catalog_product_entity` (`entity_id`) ON DELETE CASCADE,
  CONSTRAINT `PRODUCT_ALERT_PRICE_STORE_ID_STORE_STORE_ID` FOREIGN KEY (`store_id`) REFERENCES `store` (`store_id`) ON DELETE CASCADE,
  CONSTRAINT `PRODUCT_ALERT_PRICE_WEBSITE_ID_STORE_WEBSITE_WEBSITE_ID` FOREIGN KEY (`website_id`) REFERENCES `store_website` (`website_id`) ON DELETE CASCADE
) ENGINE=InnoDB DEFAULT CHARSET=utf8mb3 COMMENT='Product Alert Price';

--
-- Dumping data for table `product_alert_price`
--


--
-- Table structure for table `product_alert_stock`
--

CREATE TABLE `product_alert_stock` (
  `alert_stock_id` int unsigned NOT NULL AUTO_INCREMENT COMMENT 'Product alert stock ID',
  `customer_id` int unsigned NOT NULL DEFAULT '0' COMMENT 'Customer ID',
  `product_id` int unsigned NOT NULL DEFAULT '0' COMMENT 'Product ID',
  `website_id` smallint unsigned NOT NULL DEFAULT '0' COMMENT 'Website ID',
  `add_date` timestamp NOT NULL DEFAULT CURRENT_TIMESTAMP COMMENT 'Product alert add date',
  `send_date` timestamp NULL DEFAULT NULL COMMENT 'Product alert send date',
  `send_count` smallint unsigned NOT NULL DEFAULT '0' COMMENT 'Send Count',
  `status` smallint unsigned NOT NULL DEFAULT '0' COMMENT 'Product alert status',
  `store_id` smallint unsigned DEFAULT '0' COMMENT 'Store ID',
  PRIMARY KEY (`alert_stock_id`),
  KEY `PRODUCT_ALERT_STOCK_CUSTOMER_ID` (`customer_id`),
  KEY `PRODUCT_ALERT_STOCK_PRODUCT_ID` (`product_id`),
  KEY `PRODUCT_ALERT_STOCK_WEBSITE_ID` (`website_id`),
  KEY `PRODUCT_ALERT_STOCK_STORE_ID` (`store_id`),
  CONSTRAINT `PRODUCT_ALERT_STOCK_CUSTOMER_ID_CUSTOMER_ENTITY_ENTITY_ID` FOREIGN KEY (`customer_id`) REFERENCES `customer_entity` (`entity_id`) ON DELETE CASCADE,
  CONSTRAINT `PRODUCT_ALERT_STOCK_PRODUCT_ID_CATALOG_PRODUCT_ENTITY_ENTITY_ID` FOREIGN KEY (`product_id`) REFERENCES `catalog_product_entity` (`entity_id`) ON DELETE CASCADE,
  CONSTRAINT `PRODUCT_ALERT_STOCK_STORE_ID_STORE_STORE_ID` FOREIGN KEY (`store_id`) REFERENCES `store` (`store_id`) ON DELETE CASCADE,
  CONSTRAINT `PRODUCT_ALERT_STOCK_WEBSITE_ID_STORE_WEBSITE_WEBSITE_ID` FOREIGN KEY (`website_id`) REFERENCES `store_website` (`website_id`) ON DELETE CASCADE
) ENGINE=InnoDB DEFAULT CHARSET=utf8mb3 COMMENT='Product Alert Stock';

--
-- Dumping data for table `product_alert_stock`
--


--
-- Table structure for table `queue`
--

CREATE TABLE `queue` (
  `id` int unsigned NOT NULL AUTO_INCREMENT COMMENT 'Queue ID',
  `name` varchar(255) DEFAULT NULL COMMENT 'Queue name',
  PRIMARY KEY (`id`),
  UNIQUE KEY `QUEUE_NAME` (`name`)
) ENGINE=InnoDB AUTO_INCREMENT=6 DEFAULT CHARSET=utf8mb3 COMMENT='Table storing unique queues';

--
-- Dumping data for table `queue`
--

INSERT INTO `queue` VALUES (5,'async.operations.all'),(4,'codegenerator'),(3,'export'),(1,'product_action_attribute.update'),(2,'product_action_attribute.website.update');

--
-- Table structure for table `queue_lock`
--

CREATE TABLE `queue_lock` (
  `id` int unsigned NOT NULL AUTO_INCREMENT COMMENT 'Message ID',
  `message_code` varchar(255) NOT NULL DEFAULT '' COMMENT 'Message Code',
  `created_at` timestamp NOT NULL DEFAULT CURRENT_TIMESTAMP ON UPDATE CURRENT_TIMESTAMP COMMENT 'Created At',
  PRIMARY KEY (`id`),
  UNIQUE KEY `QUEUE_LOCK_MESSAGE_CODE` (`message_code`)
) ENGINE=InnoDB DEFAULT CHARSET=utf8mb3 COMMENT='Messages that were processed are inserted here to be locked.';

--
-- Dumping data for table `queue_lock`
--


--
-- Table structure for table `queue_message`
--

CREATE TABLE `queue_message` (
  `id` bigint unsigned NOT NULL AUTO_INCREMENT COMMENT 'Message ID',
  `topic_name` varchar(255) DEFAULT NULL COMMENT 'Message topic',
  `body` longtext COMMENT 'Message body',
  PRIMARY KEY (`id`)
) ENGINE=InnoDB DEFAULT CHARSET=utf8mb3 COMMENT='Queue messages';

--
-- Dumping data for table `queue_message`
--


--
-- Table structure for table `queue_message_status`
--

CREATE TABLE `queue_message_status` (
  `id` bigint unsigned NOT NULL AUTO_INCREMENT COMMENT 'Relation ID',
  `queue_id` int unsigned NOT NULL COMMENT 'Queue ID',
  `message_id` bigint unsigned NOT NULL COMMENT 'Message ID',
  `updated_at` timestamp NOT NULL DEFAULT CURRENT_TIMESTAMP ON UPDATE CURRENT_TIMESTAMP COMMENT 'Updated At',
  `status` smallint unsigned NOT NULL COMMENT 'Message status in particular queue',
  `number_of_trials` smallint unsigned NOT NULL DEFAULT '0' COMMENT 'Number of trials to processed failed message processing',
  PRIMARY KEY (`id`),
  UNIQUE KEY `QUEUE_MESSAGE_STATUS_QUEUE_ID_MESSAGE_ID` (`queue_id`,`message_id`),
  KEY `QUEUE_MESSAGE_STATUS_MESSAGE_ID_QUEUE_MESSAGE_ID` (`message_id`),
  KEY `QUEUE_MESSAGE_STATUS_STATUS_UPDATED_AT` (`status`,`updated_at`),
  CONSTRAINT `QUEUE_MESSAGE_STATUS_MESSAGE_ID_QUEUE_MESSAGE_ID` FOREIGN KEY (`message_id`) REFERENCES `queue_message` (`id`) ON DELETE CASCADE,
  CONSTRAINT `QUEUE_MESSAGE_STATUS_QUEUE_ID_QUEUE_ID` FOREIGN KEY (`queue_id`) REFERENCES `queue` (`id`) ON DELETE CASCADE
) ENGINE=InnoDB DEFAULT CHARSET=utf8mb3 COMMENT='Relation table to keep associations between queues and messages';

--
-- Dumping data for table `queue_message_status`
--


--
-- Table structure for table `queue_poison_pill`
--

CREATE TABLE `queue_poison_pill` (
  `version` varchar(255) NOT NULL COMMENT 'Poison Pill version.'
) ENGINE=InnoDB DEFAULT CHARSET=utf8mb3 COMMENT='Sequence table for poison pill versions';

--
-- Dumping data for table `queue_poison_pill`
--

INSERT INTO `queue_poison_pill` VALUES ('version-5ee7af9258321');

--
-- Table structure for table `quote`
--

CREATE TABLE `quote` (
  `entity_id` int unsigned NOT NULL AUTO_INCREMENT COMMENT 'Entity ID',
  `store_id` smallint unsigned NOT NULL DEFAULT '0' COMMENT 'Store ID',
  `created_at` timestamp NOT NULL DEFAULT CURRENT_TIMESTAMP COMMENT 'Created At',
  `updated_at` timestamp NOT NULL DEFAULT CURRENT_TIMESTAMP ON UPDATE CURRENT_TIMESTAMP,
  `converted_at` timestamp NULL DEFAULT NULL COMMENT 'Converted At',
  `is_active` smallint unsigned DEFAULT '1' COMMENT 'Is Active',
  `is_virtual` smallint unsigned DEFAULT '0' COMMENT 'Is Virtual',
  `is_multi_shipping` smallint unsigned DEFAULT '0' COMMENT 'Is Multi Shipping',
  `items_count` int unsigned DEFAULT '0' COMMENT 'Items Count',
  `items_qty` decimal(12,4) DEFAULT '0.0000' COMMENT 'Items Qty',
  `orig_order_id` int unsigned DEFAULT '0' COMMENT 'Orig Order ID',
  `store_to_base_rate` decimal(12,4) DEFAULT '0.0000' COMMENT 'Store To Base Rate',
  `store_to_quote_rate` decimal(12,4) DEFAULT '0.0000' COMMENT 'Store To Quote Rate',
  `base_currency_code` varchar(255) DEFAULT NULL COMMENT 'Base Currency Code',
  `store_currency_code` varchar(255) DEFAULT NULL COMMENT 'Store Currency Code',
  `quote_currency_code` varchar(255) DEFAULT NULL COMMENT 'Quote Currency Code',
  `grand_total` decimal(20,4) DEFAULT '0.0000' COMMENT 'Grand Total',
  `base_grand_total` decimal(20,4) DEFAULT '0.0000' COMMENT 'Base Grand Total',
  `checkout_method` varchar(255) DEFAULT NULL COMMENT 'Checkout Method',
  `customer_id` int unsigned DEFAULT NULL COMMENT 'Customer ID',
  `customer_tax_class_id` int unsigned DEFAULT NULL COMMENT 'Customer Tax Class ID',
  `customer_group_id` int unsigned DEFAULT '0' COMMENT 'Customer Group ID',
  `customer_email` varchar(255) DEFAULT NULL COMMENT 'Customer Email',
  `customer_prefix` varchar(40) DEFAULT NULL COMMENT 'Customer Prefix',
  `customer_firstname` varchar(255) DEFAULT NULL COMMENT 'Customer Firstname',
  `customer_middlename` varchar(40) DEFAULT NULL COMMENT 'Customer Middlename',
  `customer_lastname` varchar(255) DEFAULT NULL COMMENT 'Customer Lastname',
  `customer_suffix` varchar(40) DEFAULT NULL COMMENT 'Customer Suffix',
  `customer_dob` datetime DEFAULT NULL COMMENT 'Customer Dob',
  `customer_note` varchar(255) DEFAULT NULL COMMENT 'Customer Note',
  `customer_note_notify` smallint unsigned DEFAULT '1' COMMENT 'Customer Note Notify',
  `customer_is_guest` smallint unsigned DEFAULT '0' COMMENT 'Customer Is Guest',
  `remote_ip` varchar(45) DEFAULT NULL COMMENT 'Remote Ip',
  `applied_rule_ids` varchar(255) DEFAULT NULL COMMENT 'Applied Rule Ids',
  `reserved_order_id` varchar(64) DEFAULT NULL COMMENT 'Reserved Order ID',
  `password_hash` varchar(255) DEFAULT NULL COMMENT 'Password Hash',
  `coupon_code` varchar(255) DEFAULT NULL COMMENT 'Coupon Code',
  `global_currency_code` varchar(255) DEFAULT NULL COMMENT 'Global Currency Code',
  `base_to_global_rate` decimal(20,4) DEFAULT NULL COMMENT 'Base To Global Rate',
  `base_to_quote_rate` decimal(20,4) DEFAULT NULL COMMENT 'Base To Quote Rate',
  `customer_taxvat` varchar(255) DEFAULT NULL COMMENT 'Customer Taxvat',
  `customer_gender` varchar(255) DEFAULT NULL COMMENT 'Customer Gender',
  `subtotal` decimal(20,4) DEFAULT NULL COMMENT 'Subtotal',
  `base_subtotal` decimal(20,4) DEFAULT NULL COMMENT 'Base Subtotal',
  `subtotal_with_discount` decimal(20,4) DEFAULT NULL COMMENT 'Subtotal With Discount',
  `base_subtotal_with_discount` decimal(20,4) DEFAULT NULL COMMENT 'Base Subtotal With Discount',
  `is_changed` int unsigned DEFAULT NULL COMMENT 'Is Changed',
  `trigger_recollect` smallint NOT NULL DEFAULT '0' COMMENT 'Trigger Recollect',
  `ext_shipping_info` text COMMENT 'Ext Shipping Info',
  `is_persistent` smallint unsigned DEFAULT '0' COMMENT 'Is Quote Persistent',
  `gift_message_id` int DEFAULT NULL COMMENT 'Gift Message ID',
  `checkout_buyer_name` text COMMENT 'Checkout Buyer Name',
  `checkout_buyer_email` text COMMENT 'Checkout Buyer Email',
  `checkout_purchase_order_no` text COMMENT 'Checkout Purchase Order No',
  `checkout_goods_mark` text COMMENT 'Checkout Goods Mark',
  `checkout_comment` text COMMENT 'Checkout Comment',
  PRIMARY KEY (`entity_id`),
  KEY `QUOTE_CUSTOMER_ID_STORE_ID_IS_ACTIVE` (`customer_id`,`store_id`,`is_active`),
  KEY `QUOTE_STORE_ID` (`store_id`),
  CONSTRAINT `QUOTE_STORE_ID_STORE_STORE_ID` FOREIGN KEY (`store_id`) REFERENCES `store` (`store_id`) ON DELETE CASCADE
) ENGINE=InnoDB AUTO_INCREMENT=142 DEFAULT CHARSET=utf8mb3 COMMENT='Sales Flat Quote';

--
-- Dumping data for table `quote`
--

INSERT INTO `quote` VALUES (1,1,'2018-08-18 13:47:24','2018-11-08 10:56:51',NULL,1,1,0,0,0.0000,0,0.0000,0.0000,'USD','USD','USD',6900.0000,6900.0000,NULL,NULL,3,0,NULL,NULL,NULL,NULL,NULL,NULL,NULL,NULL,1,0,'62.162.228.70',NULL,NULL,NULL,NULL,'USD',1.0000,1.0000,NULL,NULL,6900.0000,6900.0000,6900.0000,6900.0000,1,1,NULL,0,NULL,NULL,NULL,NULL,NULL,NULL),(2,1,'2018-08-25 18:53:30','2018-08-25 18:53:30',NULL,1,0,0,0,0.0000,0,0.0000,0.0000,'USD','USD','USD',0.0000,0.0000,NULL,1,NULL,1,'shpresim.ndrukaj@gmail.com',NULL,'Shpresim',NULL,'Ndrukaj',NULL,NULL,NULL,1,0,'80.90.94.249',NULL,NULL,NULL,NULL,'USD',1.0000,1.0000,NULL,NULL,0.0000,0.0000,0.0000,0.0000,1,0,NULL,0,NULL,NULL,NULL,NULL,NULL,NULL),(3,2,'2018-08-28 20:38:56','2018-11-08 10:56:51',NULL,1,1,0,0,0.0000,0,0.0000,0.0000,'USD','USD','EUR',4876.2400,6900.0000,NULL,NULL,3,0,NULL,NULL,NULL,NULL,NULL,NULL,NULL,NULL,1,0,'127.0.0.1',NULL,NULL,NULL,NULL,'USD',1.0000,0.7067,NULL,NULL,4876.2400,6900.0000,4876.2400,6900.0000,1,1,NULL,0,NULL,NULL,NULL,NULL,NULL,NULL),(4,1,'2018-08-31 19:29:09','2019-09-22 22:12:54',NULL,0,1,0,0,0.0000,0,0.0000,0.0000,'USD','USD','USD',2400.0000,2400.0000,NULL,2,3,1,'ndrukajshpresim@gmail.com',NULL,'shpresim',NULL,'ndrukaj',NULL,NULL,NULL,1,0,'127.0.0.1',NULL,'000000001',NULL,NULL,'USD',1.0000,1.0000,NULL,NULL,2400.0000,2400.0000,2400.0000,2400.0000,1,1,NULL,0,NULL,NULL,NULL,NULL,NULL,NULL),(5,1,'2018-09-08 22:24:54','2018-11-08 10:56:51',NULL,1,1,0,0,0.0000,0,0.0000,0.0000,'USD','USD','USD',2000.0000,2000.0000,NULL,NULL,3,0,NULL,NULL,NULL,NULL,NULL,NULL,NULL,NULL,1,0,'127.0.0.1',NULL,NULL,NULL,NULL,'USD',1.0000,1.0000,NULL,NULL,2000.0000,2000.0000,2000.0000,2000.0000,1,0,NULL,0,NULL,NULL,NULL,NULL,NULL,NULL),(6,1,'2018-10-15 20:51:42','2018-11-08 10:56:51',NULL,1,1,0,0,0.0000,0,0.0000,0.0000,'USD','USD','USD',1500.0000,1500.0000,NULL,NULL,3,0,NULL,NULL,NULL,NULL,NULL,NULL,NULL,NULL,1,0,'127.0.0.1',NULL,NULL,NULL,NULL,'USD',1.0000,1.0000,NULL,NULL,1500.0000,1500.0000,1500.0000,1500.0000,1,0,NULL,0,NULL,NULL,NULL,NULL,NULL,NULL),(7,1,'2018-10-16 09:37:31','2018-11-13 08:56:14',NULL,1,1,0,0,0.0000,0,0.0000,0.0000,'USD','USD','USD',1200.0000,1200.0000,NULL,NULL,3,0,NULL,NULL,NULL,NULL,NULL,NULL,NULL,NULL,1,0,'127.0.0.1',NULL,NULL,NULL,NULL,'USD',1.0000,1.0000,NULL,NULL,1200.0000,1200.0000,1200.0000,1200.0000,1,0,NULL,0,NULL,NULL,NULL,NULL,NULL,NULL),(8,1,'2018-11-18 00:47:09','2019-09-22 22:12:54',NULL,1,1,0,0,0.0000,0,0.0000,0.0000,'USD','USD','USD',2400.0000,2400.0000,NULL,NULL,3,0,NULL,NULL,NULL,NULL,NULL,NULL,NULL,NULL,1,0,'127.0.0.1',NULL,NULL,NULL,NULL,'USD',1.0000,1.0000,NULL,NULL,2400.0000,2400.0000,2400.0000,2400.0000,1,1,NULL,0,NULL,NULL,NULL,NULL,NULL,NULL),(9,1,'2018-11-20 19:31:51','2019-08-22 09:28:34',NULL,1,1,0,0,0.0000,0,0.0000,0.0000,'USD','USD','USD',1230.0000,1230.0000,NULL,NULL,3,0,NULL,NULL,NULL,NULL,NULL,NULL,NULL,NULL,1,0,'127.0.0.1',NULL,NULL,NULL,NULL,'USD',1.0000,1.0000,NULL,NULL,1230.0000,1230.0000,1230.0000,1230.0000,1,0,NULL,0,NULL,NULL,NULL,NULL,NULL,NULL),(10,1,'2018-11-24 13:04:12','2019-08-22 09:28:33',NULL,1,1,0,0,0.0000,0,0.0000,0.0000,'USD','USD','EUR',1734.9500,2455.0000,NULL,NULL,3,0,NULL,NULL,NULL,NULL,NULL,NULL,NULL,NULL,1,0,'127.0.0.1',NULL,NULL,NULL,NULL,'USD',1.0000,0.7067,NULL,NULL,1734.9500,2455.0000,1734.9500,2455.0000,1,0,NULL,0,NULL,NULL,NULL,NULL,NULL,NULL),(11,1,'2018-11-27 14:55:11','2019-08-22 09:28:33',NULL,1,1,0,0,0.0000,0,0.0000,0.0000,'USD','USD','USD',1222.0000,1222.0000,NULL,NULL,3,0,NULL,NULL,NULL,NULL,NULL,NULL,NULL,NULL,1,0,'127.0.0.1',NULL,NULL,NULL,NULL,'USD',1.0000,1.0000,NULL,NULL,1222.0000,1222.0000,1222.0000,1222.0000,1,0,NULL,0,NULL,NULL,NULL,NULL,NULL,NULL),(12,1,'2018-11-27 16:17:18','2019-08-22 09:28:33',NULL,1,1,0,0,0.0000,0,0.0000,0.0000,'USD','USD','USD',2444.0000,2444.0000,NULL,NULL,3,0,NULL,NULL,NULL,NULL,NULL,NULL,NULL,NULL,1,0,'127.0.0.1',NULL,NULL,NULL,NULL,'USD',1.0000,1.0000,NULL,NULL,2444.0000,2444.0000,2444.0000,2444.0000,1,0,NULL,0,NULL,NULL,NULL,NULL,NULL,NULL),(13,1,'2018-11-27 22:39:10','2019-09-22 22:12:54',NULL,1,1,0,0,0.0000,0,0.0000,0.0000,'EUR','EUR','EUR',1200.0000,1200.0000,NULL,3,3,1,'shpresim@sh.com',NULL,'Shpresim',NULL,'Ndrukaj',NULL,NULL,NULL,1,0,'127.0.0.1',NULL,NULL,NULL,NULL,'EUR',1.0000,1.0000,NULL,NULL,1200.0000,1200.0000,1200.0000,1200.0000,1,0,NULL,0,NULL,NULL,NULL,NULL,NULL,NULL),(14,1,'2018-12-03 18:52:49','2018-12-03 18:52:56',NULL,1,0,0,0,0.0000,0,0.0000,0.0000,'USD','USD','USD',0.0000,0.0000,NULL,NULL,3,0,NULL,NULL,NULL,NULL,NULL,NULL,NULL,NULL,1,0,'127.0.0.1',NULL,NULL,NULL,NULL,'USD',1.0000,1.0000,NULL,NULL,0.0000,0.0000,0.0000,0.0000,1,0,NULL,0,NULL,NULL,NULL,NULL,NULL,NULL),(15,1,'2018-12-11 00:46:46','2019-08-22 09:28:34',NULL,1,1,0,0,0.0000,0,0.0000,0.0000,'USD','USD','USD',1230.0000,1230.0000,NULL,NULL,3,0,NULL,NULL,NULL,NULL,NULL,NULL,NULL,NULL,1,0,'127.0.0.1',NULL,NULL,NULL,NULL,'USD',1.0000,1.0000,NULL,NULL,1230.0000,1230.0000,1230.0000,1230.0000,1,0,NULL,0,NULL,NULL,NULL,NULL,NULL,NULL),(16,1,'2018-12-12 10:06:52','2019-08-22 09:28:34',NULL,1,1,0,0,0.0000,0,0.0000,0.0000,'USD','USD','USD',4500.0000,4500.0000,NULL,NULL,3,0,NULL,NULL,NULL,NULL,NULL,NULL,NULL,NULL,1,0,'127.0.0.1',NULL,NULL,NULL,NULL,'USD',1.0000,1.0000,NULL,NULL,4500.0000,4500.0000,4500.0000,4500.0000,1,0,NULL,0,NULL,NULL,NULL,NULL,NULL,NULL),(17,1,'2018-12-12 13:10:54','2018-12-12 13:12:45',NULL,1,0,0,0,0.0000,0,0.0000,0.0000,'USD','USD','USD',0.0000,0.0000,NULL,NULL,3,0,NULL,NULL,NULL,NULL,NULL,NULL,NULL,NULL,1,0,'127.0.0.1',NULL,NULL,NULL,NULL,'USD',1.0000,1.0000,NULL,NULL,0.0000,0.0000,0.0000,0.0000,1,0,NULL,0,NULL,NULL,NULL,NULL,NULL,NULL),(18,1,'2018-12-12 14:35:31','2019-08-22 09:28:34',NULL,1,1,0,0,0.0000,0,0.0000,0.0000,'USD','USD','USD',12000.0000,12000.0000,NULL,NULL,3,0,NULL,NULL,NULL,NULL,NULL,NULL,NULL,NULL,1,0,'127.0.0.1',NULL,NULL,NULL,NULL,'USD',1.0000,1.0000,NULL,NULL,12000.0000,12000.0000,12000.0000,12000.0000,1,0,NULL,0,NULL,NULL,NULL,NULL,NULL,NULL),(19,1,'2018-12-12 14:39:37','2019-08-22 09:28:34',NULL,1,1,0,0,0.0000,0,0.0000,0.0000,'USD','USD','USD',15000.0000,15000.0000,NULL,NULL,3,0,NULL,NULL,NULL,NULL,NULL,NULL,NULL,NULL,1,0,'127.0.0.1',NULL,NULL,NULL,NULL,'USD',1.0000,1.0000,NULL,NULL,15000.0000,15000.0000,15000.0000,15000.0000,1,0,NULL,0,NULL,NULL,NULL,NULL,NULL,NULL),(20,1,'2018-12-12 15:22:40','2019-08-22 09:28:34',NULL,1,1,0,0,0.0000,0,0.0000,0.0000,'USD','USD','USD',17500.0000,17500.0000,NULL,NULL,3,0,NULL,NULL,NULL,NULL,NULL,NULL,NULL,NULL,1,0,'127.0.0.1',NULL,NULL,NULL,NULL,'USD',1.0000,1.0000,NULL,NULL,17500.0000,17500.0000,17500.0000,17500.0000,1,0,NULL,0,NULL,NULL,NULL,NULL,NULL,NULL),(22,1,'2018-12-13 10:49:14','2019-09-22 22:12:54',NULL,0,1,0,0,0.0000,0,0.0000,0.0000,'USD','USD','USD',11900.0000,11900.0000,NULL,2,3,1,'ndrukajshpresim@gmail.com',NULL,'shpresim',NULL,'ndrukaj',NULL,NULL,NULL,1,0,'127.0.0.1',NULL,'000000002',NULL,NULL,'USD',1.0000,1.0000,NULL,NULL,11900.0000,11900.0000,11900.0000,11900.0000,1,1,NULL,0,NULL,NULL,NULL,NULL,NULL,NULL),(23,1,'2018-12-15 21:21:08','2019-08-22 09:28:34',NULL,1,1,0,0,0.0000,0,0.0000,0.0000,'USD','USD','USD',2400.0000,2400.0000,NULL,NULL,3,0,NULL,NULL,NULL,NULL,NULL,NULL,NULL,NULL,1,0,'127.0.0.1',NULL,NULL,NULL,NULL,'USD',1.0000,1.0000,NULL,NULL,2400.0000,2400.0000,2400.0000,2400.0000,1,0,NULL,0,NULL,NULL,NULL,NULL,NULL,NULL),(24,1,'2018-12-15 22:43:30','2019-08-22 09:28:34',NULL,1,1,0,0,0.0000,0,0.0000,0.0000,'USD','USD','USD',3000.0000,3000.0000,NULL,NULL,3,0,NULL,NULL,NULL,NULL,NULL,NULL,NULL,NULL,1,0,'127.0.0.1',NULL,NULL,NULL,NULL,'USD',1.0000,1.0000,NULL,NULL,3000.0000,3000.0000,3000.0000,3000.0000,1,0,NULL,0,NULL,NULL,NULL,NULL,NULL,NULL),(26,1,'2018-12-16 16:44:28','2019-09-22 22:12:54',NULL,1,1,0,0,0.0000,0,0.0000,0.0000,'USD','USD','USD',2400.0000,2400.0000,NULL,NULL,3,0,NULL,NULL,NULL,NULL,NULL,NULL,NULL,NULL,1,0,'127.0.0.1',NULL,NULL,NULL,NULL,'USD',1.0000,1.0000,NULL,NULL,2400.0000,2400.0000,2400.0000,2400.0000,1,1,NULL,0,NULL,NULL,NULL,NULL,NULL,NULL),(27,1,'2018-12-16 18:50:15','2019-08-22 09:28:34',NULL,1,1,0,0,0.0000,0,0.0000,0.0000,'USD','USD','USD',5000.0000,5000.0000,NULL,NULL,3,0,NULL,NULL,NULL,NULL,NULL,NULL,NULL,NULL,1,0,'127.0.0.1',NULL,NULL,NULL,NULL,'USD',1.0000,1.0000,NULL,NULL,5000.0000,5000.0000,5000.0000,5000.0000,1,0,NULL,0,NULL,NULL,NULL,NULL,NULL,NULL),(28,1,'2018-12-16 21:51:06','2019-08-22 09:28:34',NULL,1,1,0,0,0.0000,0,0.0000,0.0000,'USD','USD','USD',5000.0000,5000.0000,NULL,NULL,3,0,NULL,NULL,NULL,NULL,NULL,NULL,NULL,NULL,1,0,'127.0.0.1',NULL,NULL,NULL,NULL,'USD',1.0000,1.0000,NULL,NULL,5000.0000,5000.0000,5000.0000,5000.0000,1,0,NULL,0,NULL,NULL,NULL,NULL,NULL,NULL),(29,1,'2018-12-17 07:58:17','2019-09-22 22:12:54',NULL,1,1,0,0,0.0000,0,0.0000,0.0000,'USD','USD','USD',2400.0000,2400.0000,NULL,NULL,3,0,NULL,NULL,NULL,NULL,NULL,NULL,NULL,NULL,1,0,'127.0.0.1',NULL,NULL,NULL,NULL,'USD',1.0000,1.0000,NULL,NULL,2400.0000,2400.0000,2400.0000,2400.0000,1,1,NULL,0,NULL,NULL,NULL,NULL,NULL,NULL),(30,1,'2018-12-17 10:56:20','2019-08-22 09:28:34',NULL,1,1,0,0,0.0000,0,0.0000,0.0000,'USD','USD','USD',5000.0000,5000.0000,NULL,NULL,3,0,NULL,NULL,NULL,NULL,NULL,NULL,NULL,NULL,1,0,'127.0.0.1',NULL,NULL,NULL,NULL,'USD',1.0000,1.0000,NULL,NULL,5000.0000,5000.0000,5000.0000,5000.0000,1,0,NULL,0,NULL,NULL,NULL,NULL,NULL,NULL),(31,1,'2018-12-17 11:31:59','2019-08-22 09:28:34',NULL,1,1,0,0,0.0000,0,0.0000,0.0000,'USD','USD','USD',1200.0000,1200.0000,NULL,NULL,3,0,NULL,NULL,NULL,NULL,NULL,NULL,NULL,NULL,1,0,'127.0.0.1',NULL,NULL,NULL,NULL,'USD',1.0000,1.0000,NULL,NULL,1200.0000,1200.0000,1200.0000,1200.0000,1,0,NULL,0,NULL,NULL,NULL,NULL,NULL,NULL),(32,1,'2018-12-17 11:38:28','2019-08-22 09:28:34',NULL,1,1,0,0,0.0000,0,0.0000,0.0000,'USD','USD','USD',2500.0000,2500.0000,NULL,NULL,3,0,NULL,NULL,NULL,NULL,NULL,NULL,NULL,NULL,1,0,'127.0.0.1',NULL,NULL,NULL,NULL,'USD',1.0000,1.0000,NULL,NULL,2500.0000,2500.0000,2500.0000,2500.0000,1,0,NULL,0,NULL,NULL,NULL,NULL,NULL,NULL),(33,1,'2018-12-17 11:41:39','2019-08-22 09:28:34',NULL,1,1,0,0,0.0000,0,0.0000,0.0000,'USD','USD','USD',2400.0000,2400.0000,NULL,NULL,3,0,NULL,NULL,NULL,NULL,NULL,NULL,NULL,NULL,1,0,'127.0.0.1',NULL,NULL,NULL,NULL,'USD',1.0000,1.0000,NULL,NULL,2400.0000,2400.0000,2400.0000,2400.0000,1,0,NULL,0,NULL,NULL,NULL,NULL,NULL,NULL),(34,1,'2018-12-17 14:03:03','2019-09-22 22:12:54',NULL,1,1,0,0,0.0000,0,0.0000,0.0000,'USD','USD','USD',9900.0000,9900.0000,NULL,NULL,3,0,NULL,NULL,NULL,NULL,NULL,NULL,NULL,NULL,1,0,'127.0.0.1',NULL,NULL,NULL,NULL,'USD',1.0000,1.0000,NULL,NULL,9900.0000,9900.0000,9900.0000,9900.0000,1,1,NULL,0,NULL,NULL,NULL,NULL,NULL,NULL),(35,1,'2018-12-17 17:25:41','2019-09-22 22:12:54',NULL,1,1,0,0,0.0000,0,0.0000,0.0000,'USD','USD','USD',11100.0000,11100.0000,NULL,NULL,3,0,NULL,NULL,NULL,NULL,NULL,NULL,NULL,NULL,1,0,'127.0.0.1',NULL,NULL,NULL,NULL,'USD',1.0000,1.0000,NULL,NULL,11100.0000,11100.0000,11100.0000,11100.0000,1,1,NULL,0,NULL,NULL,NULL,NULL,NULL,NULL),(36,1,'2018-12-17 18:08:31','2019-09-22 22:12:54',NULL,1,1,0,0,0.0000,0,0.0000,0.0000,'USD','USD','USD',8400.0000,8400.0000,NULL,NULL,3,0,NULL,NULL,NULL,NULL,NULL,NULL,NULL,NULL,1,0,'127.0.0.1',NULL,NULL,NULL,NULL,'USD',1.0000,1.0000,NULL,NULL,8400.0000,8400.0000,8400.0000,8400.0000,1,1,NULL,0,NULL,NULL,NULL,NULL,NULL,NULL),(37,1,'2018-12-18 08:00:43','2019-09-22 22:12:54',NULL,1,1,0,0,0.0000,0,0.0000,0.0000,'USD','USD','USD',6200.0000,6200.0000,NULL,NULL,3,0,NULL,NULL,NULL,NULL,NULL,NULL,NULL,NULL,1,0,'127.0.0.1',NULL,NULL,NULL,NULL,'USD',1.0000,1.0000,NULL,NULL,6200.0000,6200.0000,6200.0000,6200.0000,1,1,NULL,0,NULL,NULL,NULL,NULL,NULL,NULL),(39,1,'2019-01-01 23:55:36','2019-09-22 22:12:54',NULL,0,1,0,0,0.0000,0,0.0000,0.0000,'USD','USD','USD',4200.0000,4200.0000,NULL,2,3,1,'ndrukajshpresim@gmail.com',NULL,'shpresim',NULL,'ndrukaj',NULL,NULL,NULL,1,0,'127.0.0.1',NULL,'000000003',NULL,NULL,'USD',1.0000,1.0000,NULL,NULL,4200.0000,4200.0000,4200.0000,4200.0000,1,1,NULL,0,NULL,NULL,NULL,NULL,NULL,NULL),(40,1,'2019-01-03 08:49:20','2019-08-22 09:28:32',NULL,0,1,0,0,0.0000,0,0.0000,0.0000,'USD','USD','USD',4200.0000,4200.0000,NULL,2,3,1,'ndrukajshpresim@gmail.com',NULL,'shpresim',NULL,'ndrukaj',NULL,NULL,NULL,1,0,'127.0.0.1',NULL,'000000005',NULL,NULL,'USD',1.0000,1.0000,NULL,NULL,4200.0000,4200.0000,4200.0000,4200.0000,1,0,NULL,0,NULL,NULL,NULL,NULL,NULL,NULL),(41,1,'2019-01-03 08:58:19','2019-08-22 09:28:34',NULL,0,1,0,0,0.0000,0,0.0000,0.0000,'USD','USD','USD',1200.0000,1200.0000,NULL,2,3,1,'ndrukajshpresim@gmail.com',NULL,'shpresim',NULL,'ndrukaj',NULL,NULL,NULL,1,0,'127.0.0.1',NULL,'000000006',NULL,NULL,'USD',1.0000,1.0000,NULL,NULL,1200.0000,1200.0000,1200.0000,1200.0000,1,0,NULL,0,NULL,NULL,NULL,NULL,NULL,NULL),(42,1,'2019-01-03 09:01:15','2019-09-22 22:12:54',NULL,0,1,0,0,0.0000,0,0.0000,0.0000,'USD','USD','USD',1400.0000,1400.0000,NULL,2,3,1,'ndrukajshpresim@gmail.com',NULL,'shpresim',NULL,'ndrukaj',NULL,NULL,NULL,1,0,'127.0.0.1',NULL,'000000007',NULL,NULL,'USD',1.0000,1.0000,NULL,NULL,1400.0000,1400.0000,1400.0000,1400.0000,1,1,NULL,0,NULL,NULL,NULL,NULL,NULL,NULL),(43,1,'2019-01-03 09:09:32','2019-09-22 22:12:54',NULL,0,1,0,0,0.0000,0,0.0000,0.0000,'USD','USD','USD',1500.0000,1500.0000,NULL,2,3,1,'ndrukajshpresim@gmail.com',NULL,'shpresim',NULL,'ndrukaj',NULL,NULL,NULL,1,0,'127.0.0.1',NULL,'000000008',NULL,NULL,'USD',1.0000,1.0000,NULL,NULL,1500.0000,1500.0000,1500.0000,1500.0000,1,1,NULL,0,NULL,NULL,NULL,NULL,NULL,NULL),(44,1,'2019-01-03 09:12:53','2019-08-22 09:28:32',NULL,0,1,0,0,0.0000,0,0.0000,0.0000,'USD','USD','USD',1200.0000,1200.0000,NULL,2,3,1,'ndrukajshpresim@gmail.com',NULL,'shpresim',NULL,'ndrukaj',NULL,NULL,NULL,1,0,'127.0.0.1',NULL,'000000009',NULL,NULL,'USD',1.0000,1.0000,NULL,NULL,1200.0000,1200.0000,1200.0000,1200.0000,1,0,NULL,0,NULL,NULL,NULL,NULL,NULL,NULL),(45,1,'2019-01-03 09:15:46','2019-08-22 09:28:33',NULL,0,1,0,0,0.0000,0,0.0000,0.0000,'USD','USD','USD',3800.0000,3800.0000,NULL,2,3,1,'ndrukajshpresim@gmail.com',NULL,'shpresim',NULL,'ndrukaj',NULL,NULL,NULL,1,0,'127.0.0.1',NULL,'000000010',NULL,NULL,'USD',1.0000,1.0000,NULL,NULL,3800.0000,3800.0000,3800.0000,3800.0000,1,0,NULL,0,NULL,NULL,NULL,NULL,NULL,NULL),(46,1,'2019-01-03 09:24:39','2019-08-22 09:28:33',NULL,0,1,0,0,0.0000,0,0.0000,0.0000,'USD','USD','USD',2100.0000,2100.0000,NULL,2,3,1,'ndrukajshpresim@gmail.com',NULL,'shpresim',NULL,'ndrukaj',NULL,NULL,NULL,1,0,'127.0.0.1',NULL,'000000011',NULL,NULL,'USD',1.0000,1.0000,NULL,NULL,2100.0000,2100.0000,2100.0000,2100.0000,1,0,NULL,0,NULL,NULL,NULL,NULL,NULL,NULL),(47,1,'2019-01-03 09:28:55','2019-08-22 09:28:33',NULL,0,1,0,0,0.0000,0,0.0000,0.0000,'USD','USD','USD',2100.0000,2100.0000,NULL,2,3,1,'ndrukajshpresim@gmail.com',NULL,'shpresim',NULL,'ndrukaj',NULL,NULL,NULL,1,0,'127.0.0.1',NULL,'000000012',NULL,NULL,'USD',1.0000,1.0000,NULL,NULL,2100.0000,2100.0000,2100.0000,2100.0000,1,0,NULL,0,NULL,NULL,NULL,NULL,NULL,NULL),(48,1,'2019-01-03 09:30:48','2019-08-22 09:28:33',NULL,0,1,0,0,0.0000,0,0.0000,0.0000,'USD','USD','USD',2100.0000,2100.0000,NULL,2,3,1,'ndrukajshpresim@gmail.com',NULL,'shpresim',NULL,'ndrukaj',NULL,NULL,NULL,1,0,'127.0.0.1',NULL,'000000013',NULL,NULL,'USD',1.0000,1.0000,NULL,NULL,2100.0000,2100.0000,2100.0000,2100.0000,1,0,NULL,0,NULL,NULL,NULL,NULL,NULL,NULL),(49,1,'2019-01-03 09:41:48','2019-08-22 09:28:33',NULL,0,1,0,0,0.0000,0,0.0000,0.0000,'USD','USD','USD',2100.0000,2100.0000,NULL,2,3,1,'ndrukajshpresim@gmail.com',NULL,'shpresim',NULL,'ndrukaj',NULL,NULL,NULL,1,0,'127.0.0.1',NULL,'000000014',NULL,NULL,'USD',1.0000,1.0000,NULL,NULL,2100.0000,2100.0000,2100.0000,2100.0000,1,0,NULL,0,NULL,NULL,NULL,NULL,NULL,NULL),(50,1,'2019-01-03 09:45:26','2019-08-22 09:28:33',NULL,0,1,0,0,0.0000,0,0.0000,0.0000,'USD','USD','USD',6300.0000,6300.0000,NULL,2,3,1,'ndrukajshpresim@gmail.com',NULL,'shpresim',NULL,'ndrukaj',NULL,NULL,NULL,1,0,'127.0.0.1',NULL,'000000015',NULL,NULL,'USD',1.0000,1.0000,NULL,NULL,6300.0000,6300.0000,6300.0000,6300.0000,1,0,NULL,0,NULL,NULL,NULL,NULL,NULL,NULL),(51,1,'2019-01-03 10:06:10','2019-08-22 09:28:32',NULL,0,1,0,0,0.0000,0,0.0000,0.0000,'USD','USD','USD',2800.0000,2800.0000,NULL,2,3,1,'ndrukajshpresim@gmail.com',NULL,'shpresim',NULL,'ndrukaj',NULL,NULL,NULL,1,0,'127.0.0.1',NULL,'000000016',NULL,NULL,'USD',1.0000,1.0000,NULL,NULL,2800.0000,2800.0000,2800.0000,2800.0000,1,0,NULL,0,NULL,NULL,NULL,NULL,NULL,NULL),(52,1,'2019-01-03 10:07:57','2019-08-22 09:28:32',NULL,0,1,0,0,0.0000,0,0.0000,0.0000,'USD','USD','USD',1400.0000,1400.0000,NULL,2,3,1,'ndrukajshpresim@gmail.com',NULL,'shpresim',NULL,'ndrukaj',NULL,NULL,NULL,1,0,'127.0.0.1',NULL,'000000017',NULL,NULL,'USD',1.0000,1.0000,NULL,NULL,1400.0000,1400.0000,1400.0000,1400.0000,1,0,NULL,0,NULL,NULL,NULL,NULL,NULL,NULL),(53,1,'2019-01-03 10:09:50','2019-08-22 09:28:32',NULL,0,1,0,0,0.0000,0,0.0000,0.0000,'USD','USD','USD',1400.0000,1400.0000,NULL,2,3,1,'ndrukajshpresim@gmail.com',NULL,'shpresim',NULL,'ndrukaj',NULL,NULL,NULL,1,0,'127.0.0.1',NULL,'000000018',NULL,NULL,'USD',1.0000,1.0000,NULL,NULL,1400.0000,1400.0000,1400.0000,1400.0000,1,0,NULL,0,NULL,NULL,NULL,NULL,NULL,NULL),(54,1,'2019-01-03 10:11:03','2019-08-22 09:28:32',NULL,0,1,0,0,0.0000,0,0.0000,0.0000,'USD','USD','USD',1400.0000,1400.0000,NULL,2,3,1,'ndrukajshpresim@gmail.com',NULL,'shpresim',NULL,'ndrukaj',NULL,NULL,NULL,1,0,'127.0.0.1',NULL,'000000019',NULL,NULL,'USD',1.0000,1.0000,NULL,NULL,1400.0000,1400.0000,1400.0000,1400.0000,1,0,NULL,0,NULL,NULL,NULL,NULL,NULL,NULL),(55,1,'2019-01-03 10:12:18','2019-08-22 09:28:33',NULL,0,1,0,0,0.0000,0,0.0000,0.0000,'USD','USD','USD',2100.0000,2100.0000,NULL,2,3,1,'ndrukajshpresim@gmail.com',NULL,'shpresim',NULL,'ndrukaj',NULL,NULL,NULL,1,0,'127.0.0.1',NULL,'000000020',NULL,NULL,'USD',1.0000,1.0000,NULL,NULL,2100.0000,2100.0000,2100.0000,2100.0000,1,0,NULL,0,NULL,NULL,NULL,NULL,NULL,NULL),(56,1,'2019-01-03 10:32:36','2019-08-22 09:28:33',NULL,0,1,0,0,0.0000,0,0.0000,0.0000,'USD','USD','USD',4200.0000,4200.0000,NULL,2,3,1,'ndrukajshpresim@gmail.com',NULL,'shpresim',NULL,'ndrukaj',NULL,NULL,NULL,1,0,'127.0.0.1',NULL,'000000021',NULL,NULL,'USD',1.0000,1.0000,NULL,NULL,4200.0000,4200.0000,4200.0000,4200.0000,1,0,NULL,0,NULL,NULL,NULL,NULL,NULL,NULL),(57,1,'2019-01-03 10:57:12','2019-08-22 09:28:33',NULL,0,1,0,0,0.0000,0,0.0000,0.0000,'USD','USD','USD',2100.0000,2100.0000,NULL,2,3,1,'ndrukajshpresim@gmail.com',NULL,'shpresim',NULL,'ndrukaj',NULL,NULL,NULL,1,0,'127.0.0.1',NULL,'000000022',NULL,NULL,'USD',1.0000,1.0000,NULL,NULL,2100.0000,2100.0000,2100.0000,2100.0000,1,0,NULL,0,NULL,NULL,NULL,NULL,NULL,NULL),(58,1,'2019-01-03 11:00:27','2019-08-22 09:28:33',NULL,0,1,0,0,0.0000,0,0.0000,0.0000,'USD','USD','USD',4200.0000,4200.0000,NULL,2,3,1,'ndrukajshpresim@gmail.com',NULL,'shpresim',NULL,'ndrukaj',NULL,NULL,NULL,1,0,'127.0.0.1',NULL,'000000023',NULL,NULL,'USD',1.0000,1.0000,NULL,NULL,4200.0000,4200.0000,4200.0000,4200.0000,1,0,NULL,0,NULL,NULL,NULL,NULL,NULL,NULL),(59,1,'2019-01-03 11:01:33','2019-08-22 09:28:33',NULL,0,1,0,0,0.0000,0,0.0000,0.0000,'USD','USD','USD',4200.0000,4200.0000,NULL,2,3,1,'ndrukajshpresim@gmail.com',NULL,'shpresim',NULL,'ndrukaj',NULL,NULL,NULL,1,0,'127.0.0.1',NULL,'000000024',NULL,NULL,'USD',1.0000,1.0000,NULL,NULL,4200.0000,4200.0000,4200.0000,4200.0000,1,0,NULL,0,NULL,NULL,NULL,NULL,NULL,NULL),(60,1,'2019-01-03 11:13:06','2019-08-22 09:28:33',NULL,0,1,0,0,0.0000,0,0.0000,0.0000,'USD','USD','USD',2100.0000,2100.0000,NULL,2,3,1,'ndrukajshpresim@gmail.com',NULL,'shpresim',NULL,'ndrukaj',NULL,NULL,NULL,1,0,'127.0.0.1',NULL,'000000025',NULL,NULL,'USD',1.0000,1.0000,NULL,NULL,2100.0000,2100.0000,2100.0000,2100.0000,1,0,NULL,0,NULL,NULL,NULL,NULL,NULL,NULL),(61,1,'2019-01-03 11:14:07','2019-08-22 09:28:33',NULL,0,1,0,0,0.0000,0,0.0000,0.0000,'USD','USD','USD',2100.0000,2100.0000,NULL,2,3,1,'ndrukajshpresim@gmail.com',NULL,'shpresim',NULL,'ndrukaj',NULL,NULL,NULL,1,0,'127.0.0.1',NULL,'000000026',NULL,NULL,'USD',1.0000,1.0000,NULL,NULL,2100.0000,2100.0000,2100.0000,2100.0000,1,0,NULL,0,NULL,NULL,NULL,NULL,NULL,NULL),(62,1,'2019-01-03 12:17:58','2019-08-22 09:28:33',NULL,0,1,0,0,0.0000,0,0.0000,0.0000,'USD','USD','USD',4200.0000,4200.0000,NULL,2,3,1,'ndrukajshpresim@gmail.com',NULL,'shpresim',NULL,'ndrukaj',NULL,NULL,NULL,1,0,'127.0.0.1',NULL,'000000027',NULL,NULL,'USD',1.0000,1.0000,NULL,NULL,4200.0000,4200.0000,4200.0000,4200.0000,1,0,NULL,0,NULL,NULL,NULL,NULL,NULL,NULL),(63,1,'2019-01-03 12:20:15','2019-08-22 09:28:33',NULL,0,1,0,0,0.0000,0,0.0000,0.0000,'USD','USD','USD',3800.0000,3800.0000,NULL,2,3,1,'ndrukajshpresim@gmail.com',NULL,'shpresim',NULL,'ndrukaj',NULL,NULL,NULL,1,0,'127.0.0.1',NULL,'000000028',NULL,NULL,'USD',1.0000,1.0000,NULL,NULL,3800.0000,3800.0000,3800.0000,3800.0000,1,0,NULL,0,NULL,NULL,NULL,NULL,NULL,NULL),(64,1,'2019-01-03 12:21:55','2019-08-22 09:28:33',NULL,0,1,0,0,0.0000,0,0.0000,0.0000,'USD','USD','USD',1900.0000,1900.0000,NULL,2,3,1,'ndrukajshpresim@gmail.com',NULL,'shpresim',NULL,'ndrukaj',NULL,NULL,NULL,1,0,'127.0.0.1',NULL,'000000029',NULL,NULL,'USD',1.0000,1.0000,NULL,NULL,1900.0000,1900.0000,1900.0000,1900.0000,1,0,NULL,0,NULL,NULL,NULL,NULL,NULL,NULL),(65,1,'2019-01-03 12:24:14','2019-08-22 09:28:33',NULL,0,1,0,0,0.0000,0,0.0000,0.0000,'USD','USD','USD',1900.0000,1900.0000,NULL,2,3,1,'ndrukajshpresim@gmail.com',NULL,'shpresim',NULL,'ndrukaj',NULL,NULL,NULL,1,0,'127.0.0.1',NULL,'000000030',NULL,NULL,'USD',1.0000,1.0000,NULL,NULL,1900.0000,1900.0000,1900.0000,1900.0000,1,0,NULL,0,NULL,NULL,NULL,NULL,NULL,NULL),(66,1,'2019-01-03 12:25:57','2019-08-22 09:28:33',NULL,0,1,0,0,0.0000,0,0.0000,0.0000,'USD','USD','USD',3800.0000,3800.0000,NULL,2,3,1,'ndrukajshpresim@gmail.com',NULL,'shpresim',NULL,'ndrukaj',NULL,NULL,NULL,1,0,'127.0.0.1',NULL,'000000031',NULL,NULL,'USD',1.0000,1.0000,NULL,NULL,3800.0000,3800.0000,3800.0000,3800.0000,1,0,NULL,0,NULL,NULL,NULL,NULL,NULL,NULL),(67,1,'2019-01-03 12:28:23','2019-08-22 09:28:33',NULL,0,1,0,0,0.0000,0,0.0000,0.0000,'USD','USD','USD',3800.0000,3800.0000,NULL,2,3,1,'ndrukajshpresim@gmail.com',NULL,'shpresim',NULL,'ndrukaj',NULL,NULL,NULL,1,0,'127.0.0.1',NULL,'000000032',NULL,NULL,'USD',1.0000,1.0000,NULL,NULL,3800.0000,3800.0000,3800.0000,3800.0000,1,0,NULL,0,NULL,NULL,NULL,NULL,NULL,NULL),(68,1,'2019-01-03 12:30:20','2019-08-22 09:28:33',NULL,0,1,0,0,0.0000,0,0.0000,0.0000,'USD','USD','USD',3800.0000,3800.0000,NULL,2,3,1,'ndrukajshpresim@gmail.com',NULL,'shpresim',NULL,'ndrukaj',NULL,NULL,NULL,1,0,'127.0.0.1',NULL,'000000033',NULL,NULL,'USD',1.0000,1.0000,NULL,NULL,3800.0000,3800.0000,3800.0000,3800.0000,1,0,NULL,0,NULL,NULL,NULL,NULL,NULL,NULL),(69,1,'2019-01-03 12:31:54','2019-08-22 09:28:33',NULL,0,1,0,0,0.0000,0,0.0000,0.0000,'USD','USD','USD',3800.0000,3800.0000,NULL,2,3,1,'ndrukajshpresim@gmail.com',NULL,'shpresim',NULL,'ndrukaj',NULL,NULL,NULL,1,0,'127.0.0.1',NULL,'000000034',NULL,NULL,'USD',1.0000,1.0000,NULL,NULL,3800.0000,3800.0000,3800.0000,3800.0000,1,0,NULL,0,NULL,NULL,NULL,NULL,NULL,NULL),(70,1,'2019-01-03 12:33:21','2019-08-22 09:28:33',NULL,0,1,0,0,0.0000,0,0.0000,0.0000,'USD','USD','USD',3800.0000,3800.0000,NULL,2,3,1,'ndrukajshpresim@gmail.com',NULL,'shpresim',NULL,'ndrukaj',NULL,NULL,NULL,1,0,'127.0.0.1',NULL,'000000035',NULL,NULL,'USD',1.0000,1.0000,NULL,NULL,3800.0000,3800.0000,3800.0000,3800.0000,1,0,NULL,0,NULL,NULL,NULL,NULL,NULL,NULL),(71,1,'2019-01-03 12:53:52','2019-08-22 09:28:33',NULL,0,1,0,0,0.0000,0,0.0000,0.0000,'USD','USD','USD',3800.0000,3800.0000,NULL,2,3,1,'ndrukajshpresim@gmail.com',NULL,'shpresim',NULL,'ndrukaj',NULL,NULL,NULL,1,0,'127.0.0.1',NULL,'000000036',NULL,NULL,'USD',1.0000,1.0000,NULL,NULL,3800.0000,3800.0000,3800.0000,3800.0000,1,0,NULL,0,NULL,NULL,NULL,NULL,NULL,NULL),(72,1,'2019-01-03 12:55:54','2019-08-22 09:28:33',NULL,0,1,0,0,0.0000,0,0.0000,0.0000,'USD','USD','USD',8400.0000,8400.0000,NULL,2,3,1,'ndrukajshpresim@gmail.com',NULL,'shpresim',NULL,'ndrukaj',NULL,NULL,NULL,1,0,'127.0.0.1',NULL,'000000037',NULL,NULL,'USD',1.0000,1.0000,NULL,NULL,8400.0000,8400.0000,8400.0000,8400.0000,1,0,NULL,0,NULL,NULL,NULL,NULL,NULL,NULL),(73,1,'2019-01-03 12:58:26','2019-08-22 09:28:34',NULL,0,1,0,0,0.0000,0,0.0000,0.0000,'USD','USD','USD',9990.0000,9990.0000,NULL,2,3,1,'ndrukajshpresim@gmail.com',NULL,'shpresim',NULL,'ndrukaj',NULL,NULL,NULL,1,0,'127.0.0.1',NULL,'000000038',NULL,NULL,'USD',1.0000,1.0000,NULL,NULL,9990.0000,9990.0000,9990.0000,9990.0000,1,0,NULL,0,NULL,NULL,NULL,NULL,NULL,NULL),(74,1,'2019-01-03 13:06:19','2019-09-22 22:12:54',NULL,0,1,0,0,0.0000,0,0.0000,0.0000,'USD','USD','USD',5000.0000,5000.0000,NULL,2,3,1,'ndrukajshpresim@gmail.com',NULL,'shpresim',NULL,'ndrukaj',NULL,NULL,NULL,1,0,'127.0.0.1',NULL,'000000039',NULL,NULL,'USD',1.0000,1.0000,NULL,NULL,5000.0000,5000.0000,5000.0000,5000.0000,1,1,NULL,0,NULL,NULL,NULL,NULL,NULL,NULL),(75,1,'2019-01-03 13:09:42','2019-09-22 22:12:54',NULL,0,1,0,0,0.0000,0,0.0000,0.0000,'USD','USD','USD',3800.0000,3800.0000,NULL,2,3,1,'ndrukajshpresim@gmail.com',NULL,'shpresim',NULL,'ndrukaj',NULL,NULL,NULL,1,0,'127.0.0.1',NULL,'000000040',NULL,NULL,'USD',1.0000,1.0000,NULL,NULL,3800.0000,3800.0000,3800.0000,3800.0000,1,1,NULL,0,NULL,NULL,NULL,NULL,NULL,NULL),(76,1,'2019-01-03 13:12:10','2019-09-22 22:12:54',NULL,0,1,0,0,0.0000,0,0.0000,0.0000,'USD','USD','USD',7700.0000,7700.0000,NULL,2,3,1,'ndrukajshpresim@gmail.com',NULL,'shpresim',NULL,'ndrukaj',NULL,NULL,NULL,1,0,'127.0.0.1',NULL,'000000041',NULL,NULL,'USD',1.0000,1.0000,NULL,NULL,7700.0000,7700.0000,7700.0000,7700.0000,1,1,NULL,0,NULL,NULL,NULL,NULL,NULL,NULL),(77,1,'2019-01-03 13:17:59','2019-08-22 09:28:34',NULL,0,1,0,0,0.0000,0,0.0000,0.0000,'USD','USD','USD',3600.0000,3600.0000,NULL,2,3,1,'ndrukajshpresim@gmail.com',NULL,'shpresim',NULL,'ndrukaj',NULL,NULL,NULL,1,0,'127.0.0.1',NULL,'000000042',NULL,NULL,'USD',1.0000,1.0000,NULL,NULL,3600.0000,3600.0000,3600.0000,3600.0000,1,0,NULL,0,NULL,NULL,NULL,NULL,NULL,NULL),(78,1,'2019-01-03 13:19:35','2019-09-22 22:12:54',NULL,0,1,0,0,0.0000,0,0.0000,0.0000,'USD','USD','USD',4200.0000,4200.0000,NULL,2,3,1,'ndrukajshpresim@gmail.com',NULL,'shpresim',NULL,'ndrukaj',NULL,NULL,NULL,1,0,'127.0.0.1',NULL,'000000043',NULL,NULL,'USD',1.0000,1.0000,NULL,NULL,4200.0000,4200.0000,4200.0000,4200.0000,1,1,NULL,0,NULL,NULL,NULL,NULL,NULL,NULL),(79,1,'2019-01-03 13:20:34','2019-09-22 22:12:54',NULL,0,1,0,0,0.0000,0,0.0000,0.0000,'USD','USD','USD',1400.0000,1400.0000,NULL,2,3,1,'ndrukajshpresim@gmail.com',NULL,'shpresim',NULL,'ndrukaj',NULL,NULL,NULL,1,0,'127.0.0.1',NULL,'000000044',NULL,NULL,'USD',1.0000,1.0000,NULL,NULL,1400.0000,1400.0000,1400.0000,1400.0000,1,1,NULL,0,NULL,NULL,NULL,NULL,NULL,NULL),(80,1,'2019-01-03 13:22:09','2019-09-22 22:12:54',NULL,0,1,0,0,0.0000,0,0.0000,0.0000,'USD','USD','USD',2800.0000,2800.0000,NULL,2,3,1,'ndrukajshpresim@gmail.com',NULL,'shpresim',NULL,'ndrukaj',NULL,NULL,NULL,1,0,'127.0.0.1',NULL,'000000045',NULL,NULL,'USD',1.0000,1.0000,NULL,NULL,2800.0000,2800.0000,2800.0000,2800.0000,1,1,NULL,0,NULL,NULL,NULL,NULL,NULL,NULL),(81,1,'2019-01-03 13:25:04','2019-09-22 22:12:54',NULL,0,1,0,0,0.0000,0,0.0000,0.0000,'USD','USD','USD',2800.0000,2800.0000,NULL,2,3,1,'ndrukajshpresim@gmail.com',NULL,'shpresim',NULL,'ndrukaj',NULL,NULL,NULL,1,0,'127.0.0.1',NULL,'000000046',NULL,NULL,'USD',1.0000,1.0000,NULL,NULL,2800.0000,2800.0000,2800.0000,2800.0000,1,1,NULL,0,NULL,NULL,NULL,NULL,NULL,NULL),(82,1,'2019-01-03 13:29:54','2019-09-22 22:12:54',NULL,0,1,0,0,0.0000,0,0.0000,0.0000,'USD','USD','USD',4700.0000,4700.0000,NULL,2,3,1,'ndrukajshpresim@gmail.com',NULL,'shpresim',NULL,'ndrukaj',NULL,NULL,NULL,1,0,'127.0.0.1',NULL,'000000047',NULL,NULL,'USD',1.0000,1.0000,NULL,NULL,4700.0000,4700.0000,4700.0000,4700.0000,1,1,NULL,0,NULL,NULL,NULL,NULL,NULL,NULL),(83,1,'2019-01-03 13:39:19','2019-09-22 22:12:54',NULL,0,1,0,0,0.0000,0,0.0000,0.0000,'USD','USD','USD',4900.0000,4900.0000,NULL,2,3,1,'ndrukajshpresim@gmail.com',NULL,'shpresim',NULL,'ndrukaj',NULL,NULL,NULL,1,0,'127.0.0.1',NULL,'000000048',NULL,NULL,'USD',1.0000,1.0000,NULL,NULL,4900.0000,4900.0000,4900.0000,4900.0000,1,1,NULL,0,NULL,NULL,NULL,NULL,NULL,NULL),(84,1,'2019-01-03 13:50:13','2019-08-22 09:28:34',NULL,0,1,0,0,0.0000,0,0.0000,0.0000,'USD','USD','USD',6930.0000,6930.0000,NULL,2,3,1,'ndrukajshpresim@gmail.com',NULL,'shpresim',NULL,'ndrukaj',NULL,NULL,NULL,1,0,'127.0.0.1',NULL,'000000049',NULL,NULL,'USD',1.0000,1.0000,NULL,NULL,6930.0000,6930.0000,6930.0000,6930.0000,1,0,NULL,0,NULL,NULL,NULL,NULL,NULL,NULL),(85,1,'2019-01-03 14:21:47','2019-09-22 22:12:54',NULL,0,1,0,0,0.0000,0,0.0000,0.0000,'USD','USD','USD',9000.0000,9000.0000,NULL,2,3,1,'ndrukajshpresim@gmail.com',NULL,'shpresim',NULL,'ndrukaj',NULL,NULL,NULL,1,0,'127.0.0.1',NULL,'000000050',NULL,NULL,'USD',1.0000,1.0000,NULL,NULL,9000.0000,9000.0000,9000.0000,9000.0000,1,1,NULL,0,NULL,NULL,NULL,NULL,NULL,NULL),(86,1,'2019-01-03 16:14:38','2019-09-22 22:12:54',NULL,0,1,0,0,0.0000,0,0.0000,0.0000,'USD','USD','JPY',2000.0000,18.0200,NULL,2,3,1,'ndrukajshpresim@gmail.com',NULL,'shpresim',NULL,'ndrukaj',NULL,NULL,NULL,1,0,'127.0.0.1',NULL,'000000051',NULL,NULL,'USD',1.0000,111.0100,NULL,NULL,2000.0000,18.0200,2000.0000,18.0200,1,1,NULL,0,NULL,NULL,NULL,NULL,NULL,NULL),(87,1,'2019-01-11 19:17:46','2019-09-22 22:12:54',NULL,1,1,0,0,0.0000,0,0.0000,0.0000,'USD','USD','USD',4500.0000,4500.0000,NULL,NULL,3,0,NULL,NULL,NULL,NULL,NULL,NULL,NULL,NULL,1,0,'127.0.0.1',NULL,NULL,NULL,NULL,'USD',1.0000,1.0000,NULL,NULL,4500.0000,4500.0000,4500.0000,4500.0000,1,1,NULL,0,NULL,NULL,NULL,NULL,NULL,NULL),(88,1,'2019-03-09 20:08:09','2019-03-09 20:08:28',NULL,1,0,0,0,0.0000,0,0.0000,0.0000,'USD','USD','USD',0.0000,0.0000,NULL,NULL,3,0,NULL,NULL,NULL,NULL,NULL,NULL,NULL,NULL,1,0,'127.0.0.1',NULL,NULL,NULL,NULL,'USD',1.0000,1.0000,NULL,NULL,0.0000,0.0000,0.0000,0.0000,1,0,NULL,0,NULL,NULL,NULL,NULL,NULL,NULL),(90,1,'2019-03-16 16:49:22','2019-03-16 22:58:00',NULL,1,0,0,0,0.0000,0,0.0000,0.0000,'USD','USD','USD',0.0000,0.0000,NULL,2,NULL,1,'ndrukajshpresim@gmail.com',NULL,'shpresim',NULL,'ndrukaj',NULL,NULL,NULL,1,0,'127.0.0.1',NULL,NULL,NULL,NULL,'USD',1.0000,1.0000,NULL,NULL,0.0000,0.0000,0.0000,0.0000,1,0,NULL,0,NULL,NULL,NULL,NULL,NULL,NULL),(91,1,'2019-03-16 23:12:46','2019-09-22 22:12:54',NULL,0,1,0,0,0.0000,0,0.0000,0.0000,'EUR','EUR','EUR',2880.0000,2880.0000,NULL,4,3,1,'demoomed@demo.com',NULL,'Demo',NULL,'Omed',NULL,NULL,NULL,1,0,'77.242.24.142',NULL,'000000068',NULL,NULL,'EUR',1.0000,1.0000,NULL,'0',2880.0000,2880.0000,2880.0000,2880.0000,1,0,NULL,0,NULL,NULL,NULL,NULL,NULL,NULL),(92,1,'2019-03-19 17:04:10','2019-09-22 22:12:54',NULL,0,1,0,0,0.0000,0,0.0000,0.0000,'EUR','EUR','USD',2000.0000,1770.9100,NULL,5,3,1,'ndrukajshpresim@gmail.com',NULL,'Shpresim',NULL,'Ndrukaj',NULL,NULL,NULL,1,0,'127.0.0.1',NULL,'000000052',NULL,NULL,'EUR',1.0000,1.1294,NULL,'0',2000.0000,1770.9100,2000.0000,1770.9100,1,1,NULL,0,NULL,NULL,NULL,NULL,NULL,NULL),(93,1,'2019-03-22 21:35:08','2019-09-22 22:12:54',NULL,1,1,0,0,0.0000,0,0.0000,0.0000,'EUR','EUR','USD',2000.0000,1770.9100,NULL,NULL,3,0,NULL,NULL,NULL,NULL,NULL,NULL,NULL,NULL,1,0,'127.0.0.1',NULL,NULL,NULL,NULL,'EUR',1.0000,1.1294,NULL,NULL,2000.0000,1770.9100,2000.0000,1770.9100,1,1,NULL,0,NULL,NULL,NULL,NULL,NULL,NULL),(95,1,'2019-03-23 17:19:09','2019-09-22 22:12:54',NULL,0,1,0,0,0.0000,0,0.0000,0.0000,'EUR','EUR','USD',2000.0000,1770.9100,NULL,5,3,1,'ndrukajshpresim@gmail.com',NULL,'Shpresim',NULL,'Ndrukaj',NULL,NULL,NULL,1,0,'127.0.0.1',NULL,'000000053',NULL,NULL,'EUR',1.0000,1.1294,NULL,'0',2000.0000,1770.9100,2000.0000,1770.9100,1,1,NULL,0,NULL,NULL,NULL,NULL,NULL,NULL),(96,1,'2019-03-23 17:22:02','2019-09-22 22:12:54',NULL,0,1,0,0,0.0000,0,0.0000,0.0000,'EUR','EUR','USD',2258.7300,2000.0000,NULL,5,3,1,'ndrukajshpresim@gmail.com',NULL,'Shpresim',NULL,'Ndrukaj',NULL,NULL,NULL,1,0,'127.0.0.1',NULL,'000000054',NULL,NULL,'EUR',1.0000,1.1294,NULL,'0',2258.7300,2000.0000,2258.7300,2000.0000,1,1,NULL,0,NULL,NULL,NULL,NULL,NULL,NULL),(97,1,'2019-03-24 11:22:13','2019-09-22 22:12:54',NULL,0,1,0,0,0.0000,0,0.0000,0.0000,'EUR','EUR','USD',2000.0000,1770.9100,NULL,5,3,1,'ndrukajshpresim@gmail.com',NULL,'Shpresim',NULL,'Ndrukaj',NULL,NULL,NULL,1,0,'127.0.0.1',NULL,'000000055',NULL,NULL,'EUR',1.0000,1.1294,NULL,'0',2000.0000,1770.9100,2000.0000,1770.9100,1,1,NULL,0,NULL,NULL,NULL,NULL,NULL,NULL),(98,1,'2019-03-24 17:13:40','2019-09-22 22:12:54',NULL,1,1,0,0,0.0000,0,0.0000,0.0000,'EUR','EUR','EUR',2000.0000,2000.0000,NULL,NULL,3,0,NULL,NULL,NULL,NULL,NULL,NULL,NULL,NULL,1,0,'127.0.0.1',NULL,NULL,NULL,NULL,'EUR',1.0000,1.0000,NULL,NULL,2000.0000,2000.0000,2000.0000,2000.0000,1,1,NULL,0,NULL,NULL,NULL,NULL,NULL,NULL),(99,1,'2019-03-24 22:14:34','2019-09-22 22:12:54',NULL,1,1,0,0,0.0000,0,0.0000,0.0000,'EUR','EUR','EUR',1200.0000,1200.0000,NULL,NULL,3,0,NULL,NULL,NULL,NULL,NULL,NULL,NULL,NULL,1,0,'127.0.0.1',NULL,NULL,NULL,NULL,'EUR',1.0000,1.0000,NULL,NULL,1200.0000,1200.0000,1200.0000,1200.0000,1,1,NULL,0,NULL,NULL,NULL,NULL,NULL,NULL),(100,1,'2019-03-25 16:30:16','2019-09-22 22:12:54',NULL,1,1,0,0,0.0000,0,0.0000,0.0000,'EUR','EUR','EUR',2000.0000,2000.0000,NULL,NULL,3,0,NULL,NULL,NULL,NULL,NULL,NULL,NULL,NULL,1,0,'127.0.0.1',NULL,NULL,NULL,NULL,'EUR',1.0000,1.0000,NULL,NULL,2000.0000,2000.0000,2000.0000,2000.0000,1,1,NULL,0,NULL,NULL,NULL,NULL,NULL,NULL),(101,1,'2019-03-26 15:30:00','2019-09-22 22:12:54',NULL,1,1,0,0,0.0000,0,0.0000,0.0000,'EUR','EUR','USD',100.0000,88.5500,NULL,NULL,3,0,NULL,NULL,NULL,NULL,NULL,NULL,NULL,NULL,1,0,'127.0.0.1',NULL,NULL,NULL,NULL,'EUR',1.0000,1.1294,NULL,NULL,100.0000,88.5500,100.0000,88.5500,1,1,NULL,0,NULL,NULL,NULL,NULL,NULL,NULL),(102,1,'2019-03-26 17:17:08','2019-09-22 22:12:54',NULL,1,1,0,0,0.0000,0,0.0000,0.0000,'EUR','EUR','EUR',2000.0000,2000.0000,NULL,NULL,3,0,NULL,NULL,NULL,NULL,NULL,NULL,NULL,NULL,1,0,'127.0.0.1',NULL,NULL,NULL,NULL,'EUR',1.0000,1.0000,NULL,NULL,2000.0000,2000.0000,2000.0000,2000.0000,1,1,NULL,0,NULL,NULL,NULL,NULL,NULL,NULL),(103,1,'2019-03-26 18:49:44','2019-09-22 22:12:54',NULL,1,1,0,0,0.0000,0,0.0000,0.0000,'EUR','EUR','EUR',2000.0000,2000.0000,NULL,NULL,3,0,NULL,NULL,NULL,NULL,NULL,NULL,NULL,NULL,1,0,'127.0.0.1',NULL,NULL,NULL,NULL,'EUR',1.0000,1.0000,NULL,NULL,2000.0000,2000.0000,2000.0000,2000.0000,1,1,NULL,0,NULL,NULL,NULL,NULL,NULL,NULL),(104,1,'2019-03-27 16:03:40','2019-09-22 22:12:54',NULL,0,1,0,0,0.0000,0,0.0000,0.0000,'EUR','EUR','USD',2000.0000,1770.9100,NULL,5,3,1,'ndrukajshpresim@gmail.com',NULL,'Shpresim',NULL,'Ndrukaj',NULL,NULL,NULL,1,0,'127.0.0.1',NULL,'000000056',NULL,NULL,'EUR',1.0000,1.1294,NULL,'0',2000.0000,1770.9100,2000.0000,1770.9100,1,1,NULL,0,NULL,NULL,NULL,NULL,NULL,NULL),(105,1,'2019-03-27 16:58:45','2019-09-22 22:12:54',NULL,0,1,0,0,0.0000,0,0.0000,0.0000,'EUR','EUR','EUR',2000.0000,2000.0000,NULL,5,3,1,'ndrukajshpresim@gmail.com',NULL,'Shpresim',NULL,'Ndrukaj',NULL,NULL,NULL,1,0,'127.0.0.1',NULL,'000000057',NULL,NULL,'EUR',1.0000,1.0000,NULL,'0',2000.0000,2000.0000,2000.0000,2000.0000,1,1,NULL,0,NULL,NULL,NULL,NULL,NULL,NULL),(106,1,'2019-03-27 17:07:32','2019-09-22 22:12:54',NULL,0,1,0,0,0.0000,0,0.0000,0.0000,'EUR','EUR','USD',2000.0000,1770.9100,NULL,5,3,1,'ndrukajshpresim@gmail.com',NULL,'Shpresim',NULL,'Ndrukaj',NULL,NULL,NULL,1,0,'127.0.0.1',NULL,'000000058',NULL,NULL,'EUR',1.0000,1.1294,NULL,'0',2000.0000,1770.9100,2000.0000,1770.9100,1,1,NULL,0,NULL,NULL,NULL,NULL,NULL,NULL),(107,1,'2019-03-27 17:30:19','2019-09-22 22:12:54',NULL,0,1,0,0,0.0000,0,0.0000,0.0000,'EUR','EUR','USD',2000.0000,1770.9100,NULL,5,3,1,'ndrukajshpresim@gmail.com',NULL,'Shpresim',NULL,'Ndrukaj',NULL,NULL,NULL,1,0,'127.0.0.1',NULL,'000000059',NULL,NULL,'EUR',1.0000,1.1294,NULL,'0',2000.0000,1770.9100,2000.0000,1770.9100,1,1,NULL,0,NULL,NULL,NULL,NULL,NULL,NULL),(108,1,'2019-03-27 18:22:19','2019-09-22 22:12:54',NULL,0,1,0,0,0.0000,0,0.0000,0.0000,'EUR','EUR','USD',2000.0000,1770.9100,NULL,5,3,1,'ndrukajshpresim@gmail.com',NULL,'Shpresim',NULL,'Ndrukaj',NULL,NULL,NULL,1,0,'127.0.0.1',NULL,'000000060',NULL,NULL,'EUR',1.0000,1.1294,NULL,'0',2000.0000,1770.9100,2000.0000,1770.9100,1,1,NULL,0,NULL,NULL,NULL,NULL,NULL,NULL),(109,1,'2019-03-27 18:27:34','2019-09-22 22:12:54',NULL,0,1,0,0,0.0000,0,0.0000,0.0000,'EUR','EUR','EUR',3600.0000,3600.0000,NULL,5,3,1,'ndrukajshpresim@gmail.com',NULL,'Shpresim',NULL,'Ndrukaj',NULL,NULL,NULL,1,0,'127.0.0.1',NULL,'000000061',NULL,NULL,'EUR',1.0000,1.0000,NULL,'0',3600.0000,3600.0000,3600.0000,3600.0000,1,1,NULL,0,NULL,NULL,NULL,NULL,NULL,NULL),(110,1,'2019-03-28 20:33:37','2019-09-22 22:12:54',NULL,1,1,0,0,0.0000,0,0.0000,0.0000,'EUR','EUR','EUR',2000.0000,2000.0000,NULL,NULL,3,0,NULL,NULL,NULL,NULL,NULL,NULL,NULL,NULL,1,0,'127.0.0.1',NULL,NULL,NULL,NULL,'EUR',1.0000,1.0000,NULL,NULL,2000.0000,2000.0000,2000.0000,2000.0000,1,1,NULL,0,NULL,NULL,NULL,NULL,NULL,NULL),(111,1,'2019-03-29 18:02:32','2019-09-22 22:12:54',NULL,1,1,0,0,0.0000,0,0.0000,0.0000,'EUR','EUR','EUR',16000.0000,16000.0000,NULL,NULL,3,0,NULL,NULL,NULL,NULL,NULL,NULL,NULL,NULL,1,0,'127.0.0.1',NULL,NULL,NULL,NULL,'EUR',1.0000,1.0000,NULL,NULL,16000.0000,16000.0000,16000.0000,16000.0000,1,1,NULL,0,NULL,NULL,NULL,NULL,NULL,NULL),(113,1,'2019-04-02 09:22:12','2019-09-22 22:12:54',NULL,1,1,0,0,0.0000,0,0.0000,0.0000,'EUR','EUR','USD',1355.2400,1200.0000,NULL,NULL,3,0,NULL,NULL,NULL,NULL,NULL,NULL,NULL,NULL,1,0,'127.0.0.1',NULL,NULL,NULL,NULL,'EUR',1.0000,1.1294,NULL,NULL,1355.2400,1200.0000,1355.2400,1200.0000,1,1,NULL,0,NULL,NULL,NULL,NULL,NULL,NULL),(114,1,'2019-04-03 08:54:58','2019-09-22 22:12:54',NULL,0,1,0,0,0.0000,0,0.0000,0.0000,'EUR','EUR','EUR',3600.0000,3600.0000,NULL,5,3,1,'ndrukajshpresim@gmail.com',NULL,'Shpresim',NULL,'Ndrukaj',NULL,NULL,NULL,1,0,'127.0.0.1',NULL,'000000062',NULL,NULL,'EUR',1.0000,1.0000,NULL,'0',3600.0000,3600.0000,3600.0000,3600.0000,1,1,NULL,0,NULL,NULL,NULL,NULL,NULL,NULL),(116,1,'2019-04-04 09:34:58','2019-09-22 22:12:54',NULL,0,1,0,0,0.0000,0,0.0000,0.0000,'EUR','EUR','EUR',3600.0000,3600.0000,NULL,5,3,1,'ndrukajshpresim@gmail.com',NULL,'Shpresim',NULL,'Ndrukaj',NULL,NULL,NULL,1,0,'127.0.0.1',NULL,'000000063',NULL,NULL,'EUR',1.0000,1.0000,NULL,'0',3600.0000,3600.0000,3600.0000,3600.0000,1,1,NULL,0,NULL,NULL,NULL,NULL,NULL,NULL),(117,1,'2019-04-08 11:19:54','2019-09-22 22:12:54',NULL,0,1,0,0,0.0000,0,0.0000,0.0000,'EUR','EUR','EUR',3600.0000,3600.0000,NULL,5,3,1,'ndrukajshpresim@gmail.com',NULL,'Shpresim',NULL,'Ndrukaj',NULL,NULL,NULL,1,0,'185.62.174.32',NULL,'000000064',NULL,NULL,'EUR',1.0000,1.0000,NULL,'0',3600.0000,3600.0000,3600.0000,3600.0000,1,0,NULL,0,NULL,NULL,NULL,NULL,NULL,NULL),(118,1,'2019-04-25 10:58:22','2019-09-22 22:12:54',NULL,0,1,0,1,3.0000,0,0.0000,0.0000,'EUR','EUR','EUR',8400.0000,8400.0000,NULL,5,3,1,'ndrukajshpresim@gmail.com',NULL,'Shpresim',NULL,'Ndrukaj',NULL,NULL,NULL,1,0,'217.73.139.1',NULL,'000000066',NULL,NULL,'EUR',1.0000,1.0000,NULL,'0',8400.0000,8400.0000,8400.0000,8400.0000,1,0,NULL,0,NULL,NULL,NULL,NULL,NULL,NULL),(119,2,'2019-04-30 11:45:12','2019-09-22 22:12:54',NULL,1,1,0,0,0.0000,0,0.0000,0.0000,'EUR','EUR','EUR',3600.0000,3600.0000,NULL,NULL,3,0,NULL,NULL,NULL,NULL,NULL,NULL,NULL,NULL,1,0,'217.73.139.1',NULL,NULL,NULL,NULL,'EUR',1.0000,1.0000,NULL,NULL,3600.0000,3600.0000,3600.0000,3600.0000,1,0,NULL,0,NULL,NULL,NULL,NULL,NULL,NULL),(120,1,'2019-05-07 10:43:22','2019-09-22 22:12:54',NULL,0,1,0,0,0.0000,0,0.0000,0.0000,'EUR','EUR','EUR',4800.0000,4800.0000,'guest',NULL,3,0,'ndrukajshpresim@gmail.com',NULL,NULL,NULL,NULL,NULL,NULL,NULL,1,1,'77.242.24.196',NULL,'000000065',NULL,NULL,'EUR',1.0000,1.0000,NULL,NULL,4800.0000,4800.0000,4800.0000,4800.0000,1,0,NULL,0,NULL,NULL,NULL,NULL,NULL,NULL),(122,1,'2019-05-24 14:47:22','2019-09-22 22:12:55',NULL,1,1,0,0,0.0000,0,0.0000,0.0000,'EUR','EUR','EUR',4500.0000,4500.0000,NULL,NULL,3,0,NULL,NULL,NULL,NULL,NULL,NULL,NULL,NULL,1,0,'217.73.139.1',NULL,NULL,NULL,NULL,'EUR',1.0000,1.0000,NULL,NULL,4500.0000,4500.0000,4500.0000,4500.0000,1,0,NULL,0,NULL,NULL,NULL,NULL,NULL,NULL),(123,1,'2019-05-29 12:41:57','2019-09-22 22:12:54',NULL,1,1,0,0,0.0000,0,0.0000,0.0000,'EUR','EUR','USD',3794.6720,3360.0000,NULL,NULL,3,0,NULL,NULL,NULL,NULL,NULL,NULL,NULL,NULL,1,0,'79.106.126.48',NULL,NULL,NULL,NULL,'EUR',1.0000,1.1294,NULL,NULL,3794.6720,3360.0000,3794.6720,3360.0000,1,0,NULL,0,NULL,NULL,NULL,NULL,NULL,NULL),(124,1,'2019-07-04 09:26:27','2019-09-22 22:12:54',NULL,0,1,0,0,0.0000,0,0.0000,0.0000,'EUR','EUR','EUR',8400.0000,8400.0000,NULL,5,3,1,'ndrukajshpresim@gmail.com',NULL,'Shpresim',NULL,'Ndrukaj',NULL,NULL,NULL,1,0,NULL,NULL,'000000067',NULL,NULL,'EUR',1.0000,1.0000,NULL,'0',8400.0000,8400.0000,8400.0000,8400.0000,1,0,NULL,0,NULL,NULL,NULL,NULL,NULL,NULL),(125,1,'2019-07-04 09:26:29','2019-07-04 09:26:29',NULL,1,0,0,0,0.0000,0,0.0000,0.0000,'EUR','EUR','EUR',0.0000,0.0000,NULL,5,NULL,1,'ndrukajshpresim@gmail.com',NULL,'Shpresim',NULL,'Ndrukaj',NULL,NULL,NULL,1,0,NULL,NULL,NULL,NULL,NULL,'EUR',1.0000,1.0000,NULL,'0',0.0000,0.0000,0.0000,0.0000,1,0,NULL,0,NULL,NULL,NULL,NULL,NULL,NULL),(126,1,'2019-07-04 09:44:57','2019-09-22 22:12:54',NULL,0,1,0,0,0.0000,0,0.0000,0.0000,'EUR','EUR','EUR',1200.0000,1200.0000,NULL,4,3,1,'demoomed@demo.com',NULL,'Demo',NULL,'Omed',NULL,NULL,NULL,1,0,'77.242.24.142',NULL,'000000069',NULL,NULL,'EUR',1.0000,1.0000,NULL,'0',1200.0000,1200.0000,1200.0000,1200.0000,1,0,NULL,0,NULL,NULL,NULL,NULL,NULL,NULL),(127,1,'2019-07-04 09:51:26','2019-09-22 22:12:54',NULL,0,1,0,0,0.0000,0,0.0000,0.0000,'EUR','EUR','EUR',2400.0000,2400.0000,NULL,4,3,1,'demoomed@demo.com',NULL,'Demo',NULL,'Omed',NULL,NULL,NULL,1,0,'77.242.24.142',NULL,'000000070',NULL,NULL,'EUR',1.0000,1.0000,NULL,'0',2400.0000,2400.0000,2400.0000,2400.0000,1,0,NULL,0,NULL,NULL,NULL,NULL,NULL,NULL),(128,1,'2019-07-04 10:00:14','2019-09-22 22:12:54',NULL,0,1,0,0,0.0000,0,0.0000,0.0000,'EUR','EUR','EUR',1200.0000,1200.0000,NULL,4,3,1,'demoomed@demo.com',NULL,'Demo',NULL,'Omed',NULL,NULL,NULL,1,0,'77.242.24.142',NULL,'000000071',NULL,NULL,'EUR',1.0000,1.0000,NULL,'0',1200.0000,1200.0000,1200.0000,1200.0000,1,0,NULL,0,NULL,NULL,NULL,NULL,NULL,NULL),(129,1,'2019-07-04 10:04:14','2019-09-22 22:12:54',NULL,0,1,0,0,0.0000,0,0.0000,0.0000,'EUR','EUR','EUR',2880.0000,2880.0000,NULL,4,3,1,'demoomed@demo.com',NULL,'Demo',NULL,'Omed',NULL,NULL,NULL,1,0,'77.242.24.142',NULL,'000000072',NULL,NULL,'EUR',1.0000,1.0000,NULL,'0',2880.0000,2880.0000,2880.0000,2880.0000,1,0,NULL,0,NULL,NULL,NULL,NULL,NULL,NULL),(130,1,'2019-07-04 10:25:31','2019-09-22 22:12:54',NULL,0,1,0,0,0.0000,0,0.0000,0.0000,'EUR','EUR','EUR',1200.0000,1200.0000,NULL,4,3,1,'demoomed@demo.com',NULL,'Demo',NULL,'Omed',NULL,NULL,NULL,1,0,'77.242.24.142',NULL,'000000073',NULL,NULL,'EUR',1.0000,1.0000,NULL,'0',1200.0000,1200.0000,1200.0000,1200.0000,1,0,NULL,0,NULL,NULL,NULL,NULL,NULL,NULL),(131,1,'2019-07-08 10:41:50','2019-07-08 10:41:50',NULL,1,0,0,0,0.0000,0,0.0000,0.0000,'EUR','EUR','EUR',0.0000,0.0000,NULL,4,NULL,1,'demoomed@demo.com',NULL,'Demo',NULL,'Omed',NULL,NULL,NULL,1,0,'185.62.174.32',NULL,NULL,NULL,NULL,'EUR',1.0000,1.0000,NULL,'0',0.0000,0.0000,0.0000,0.0000,1,0,NULL,0,NULL,NULL,NULL,NULL,NULL,NULL),(132,1,'2019-08-09 19:13:06','2019-09-22 22:12:54',NULL,1,1,0,0,0.0000,0,0.0000,0.0000,'EUR','EUR','EUR',3360.0000,3360.0000,NULL,NULL,3,0,NULL,NULL,NULL,NULL,NULL,NULL,NULL,NULL,1,0,'188.172.110.5',NULL,NULL,NULL,NULL,'EUR',1.0000,1.0000,NULL,NULL,3360.0000,3360.0000,3360.0000,3360.0000,1,0,NULL,0,NULL,NULL,NULL,NULL,NULL,NULL),(133,1,'2019-08-22 13:09:28','2019-09-29 08:45:41',NULL,1,1,0,0,0.0000,0,0.0000,0.0000,'EUR','EUR','EUR',917.7000,917.7000,NULL,NULL,3,0,NULL,NULL,NULL,NULL,NULL,NULL,NULL,NULL,1,0,'185.62.174.32',NULL,NULL,NULL,NULL,'EUR',1.0000,1.0000,NULL,NULL,917.7000,917.7000,917.7000,917.7000,1,0,NULL,0,NULL,NULL,NULL,NULL,NULL,NULL),(134,1,'2020-03-04 12:42:29','2020-03-04 12:43:03',NULL,1,1,0,1,4.0000,0,0.0000,0.0000,'EUR','EUR','EUR',5980.0000,5980.0000,NULL,NULL,3,0,NULL,NULL,NULL,NULL,NULL,NULL,NULL,NULL,1,0,'24.133.132.97',NULL,NULL,NULL,NULL,'EUR',1.0000,1.0000,NULL,NULL,5980.0000,5980.0000,5980.0000,5980.0000,1,0,NULL,0,NULL,NULL,NULL,NULL,NULL,NULL),(135,1,'2020-03-05 14:12:50','2020-03-05 14:12:50',NULL,1,0,0,0,0.0000,0,0.0000,0.0000,'EUR','EUR','EUR',0.0000,0.0000,NULL,6,NULL,1,'demo@demo123.com',NULL,'Demo123',NULL,'Omed123',NULL,NULL,NULL,1,0,'77.242.25.83',NULL,NULL,NULL,NULL,'EUR',1.0000,1.0000,NULL,NULL,0.0000,0.0000,0.0000,0.0000,1,0,NULL,0,NULL,NULL,NULL,NULL,NULL,NULL),(136,1,'2020-03-14 14:17:12','2020-03-14 14:17:12',NULL,1,0,0,0,0.0000,0,0.0000,0.0000,'EUR','EUR','EUR',0.0000,0.0000,NULL,7,NULL,1,'khaled@koolaago.com',NULL,'SOLAR',NULL,'EMPIRE',NULL,NULL,NULL,1,0,'88.25.123.48',NULL,NULL,NULL,NULL,'EUR',1.0000,1.0000,NULL,NULL,0.0000,0.0000,0.0000,0.0000,1,0,NULL,0,NULL,NULL,NULL,NULL,NULL,NULL),(137,1,'2020-05-18 09:03:08','2020-05-18 09:03:08',NULL,1,1,0,1,2.0000,0,0.0000,0.0000,'EUR','EUR','EUR',572.0000,572.0000,NULL,NULL,3,0,NULL,NULL,NULL,NULL,NULL,NULL,NULL,NULL,1,0,'37.26.82.82',NULL,NULL,NULL,NULL,'EUR',1.0000,1.0000,NULL,NULL,572.0000,572.0000,572.0000,572.0000,1,0,NULL,0,NULL,NULL,NULL,NULL,NULL,NULL),(138,1,'2020-05-18 10:24:21','2020-05-18 10:24:27',NULL,1,1,0,1,3.0000,0,0.0000,0.0000,'EUR','EUR','EUR',858.0000,858.0000,NULL,NULL,3,0,NULL,NULL,NULL,NULL,NULL,NULL,NULL,NULL,1,0,'37.26.82.82',NULL,NULL,NULL,NULL,'EUR',1.0000,1.0000,NULL,NULL,858.0000,858.0000,858.0000,858.0000,1,0,NULL,0,NULL,NULL,NULL,NULL,NULL,NULL),(139,1,'2020-06-04 21:01:59','2020-06-19 15:34:08',NULL,1,1,0,2,4.0000,0,0.0000,0.0000,'EUR','EUR','EUR',1194.0000,1194.0000,NULL,8,3,1,'recelik@gmail.com',NULL,'Suri',NULL,'Yusof',NULL,NULL,NULL,1,0,'81.38.157.35',NULL,NULL,NULL,NULL,'EUR',1.0000,1.0000,NULL,NULL,1194.0000,1194.0000,1194.0000,1194.0000,1,0,NULL,0,NULL,NULL,NULL,NULL,NULL,NULL),(140,1,'2020-06-17 20:14:43','2020-06-17 20:14:43',NULL,1,1,0,1,2.0000,0,0.0000,0.0000,'EUR','EUR','EUR',1644.0000,1644.0000,NULL,NULL,3,0,NULL,NULL,NULL,NULL,NULL,NULL,NULL,NULL,1,0,'88.12.225.5',NULL,NULL,NULL,NULL,'EUR',1.0000,1.0000,NULL,NULL,1644.0000,1644.0000,1644.0000,1644.0000,1,0,NULL,0,NULL,NULL,NULL,NULL,NULL,NULL);

--
-- Table structure for table `quote_address`
--

CREATE TABLE `quote_address` (
  `address_id` int unsigned NOT NULL AUTO_INCREMENT COMMENT 'Address ID',
  `quote_id` int unsigned NOT NULL DEFAULT '0' COMMENT 'Quote ID',
  `created_at` timestamp NOT NULL DEFAULT CURRENT_TIMESTAMP COMMENT 'Created At',
  `updated_at` timestamp NOT NULL DEFAULT CURRENT_TIMESTAMP ON UPDATE CURRENT_TIMESTAMP COMMENT 'Updated At',
  `customer_id` int unsigned DEFAULT NULL COMMENT 'Customer ID',
  `save_in_address_book` smallint DEFAULT '0' COMMENT 'Save In Address Book',
  `customer_address_id` int unsigned DEFAULT NULL COMMENT 'Customer Address ID',
  `address_type` varchar(10) DEFAULT NULL COMMENT 'Address Type',
  `email` varchar(255) DEFAULT NULL COMMENT 'Email',
  `prefix` varchar(40) DEFAULT NULL COMMENT 'Prefix',
  `firstname` varchar(255) DEFAULT NULL,
  `middlename` varchar(40) DEFAULT NULL,
  `lastname` varchar(255) DEFAULT NULL,
  `suffix` varchar(40) DEFAULT NULL COMMENT 'Suffix',
  `company` varchar(255) DEFAULT NULL COMMENT 'Company',
  `street` varchar(255) DEFAULT NULL COMMENT 'Street',
  `city` varchar(255) DEFAULT NULL,
  `region` varchar(255) DEFAULT NULL,
  `region_id` int unsigned DEFAULT NULL COMMENT 'Region ID',
  `postcode` varchar(20) DEFAULT NULL COMMENT 'Postcode',
  `country_id` varchar(30) DEFAULT NULL COMMENT 'Country ID',
  `telephone` varchar(255) DEFAULT NULL,
  `fax` varchar(255) DEFAULT NULL,
  `same_as_billing` smallint unsigned NOT NULL DEFAULT '0' COMMENT 'Same As Billing',
  `collect_shipping_rates` smallint unsigned NOT NULL DEFAULT '0' COMMENT 'Collect Shipping Rates',
  `shipping_method` varchar(120) DEFAULT NULL,
  `shipping_description` varchar(255) DEFAULT NULL COMMENT 'Shipping Description',
  `weight` decimal(12,4) NOT NULL DEFAULT '0.0000' COMMENT 'Weight',
  `subtotal` decimal(20,4) NOT NULL DEFAULT '0.0000' COMMENT 'Subtotal',
  `base_subtotal` decimal(20,4) NOT NULL DEFAULT '0.0000' COMMENT 'Base Subtotal',
  `subtotal_with_discount` decimal(20,4) NOT NULL DEFAULT '0.0000' COMMENT 'Subtotal With Discount',
  `base_subtotal_with_discount` decimal(20,4) NOT NULL DEFAULT '0.0000' COMMENT 'Base Subtotal With Discount',
  `tax_amount` decimal(20,4) NOT NULL DEFAULT '0.0000' COMMENT 'Tax Amount',
  `base_tax_amount` decimal(20,4) NOT NULL DEFAULT '0.0000' COMMENT 'Base Tax Amount',
  `shipping_amount` decimal(20,4) NOT NULL DEFAULT '0.0000' COMMENT 'Shipping Amount',
  `base_shipping_amount` decimal(20,4) NOT NULL DEFAULT '0.0000' COMMENT 'Base Shipping Amount',
  `shipping_tax_amount` decimal(20,4) DEFAULT NULL COMMENT 'Shipping Tax Amount',
  `base_shipping_tax_amount` decimal(20,4) DEFAULT NULL COMMENT 'Base Shipping Tax Amount',
  `discount_amount` decimal(20,4) NOT NULL DEFAULT '0.0000' COMMENT 'Discount Amount',
  `base_discount_amount` decimal(20,4) NOT NULL DEFAULT '0.0000' COMMENT 'Base Discount Amount',
  `grand_total` decimal(20,4) NOT NULL DEFAULT '0.0000' COMMENT 'Grand Total',
  `base_grand_total` decimal(20,4) NOT NULL DEFAULT '0.0000' COMMENT 'Base Grand Total',
  `customer_notes` text COMMENT 'Customer Notes',
  `applied_taxes` text COMMENT 'Applied Taxes',
  `discount_description` varchar(255) DEFAULT NULL COMMENT 'Discount Description',
  `shipping_discount_amount` decimal(20,4) DEFAULT NULL COMMENT 'Shipping Discount Amount',
  `base_shipping_discount_amount` decimal(20,4) DEFAULT NULL COMMENT 'Base Shipping Discount Amount',
  `subtotal_incl_tax` decimal(20,4) DEFAULT NULL COMMENT 'Subtotal Incl Tax',
  `base_subtotal_total_incl_tax` decimal(20,4) DEFAULT NULL COMMENT 'Base Subtotal Total Incl Tax',
  `discount_tax_compensation_amount` decimal(20,4) DEFAULT NULL COMMENT 'Discount Tax Compensation Amount',
  `base_discount_tax_compensation_amount` decimal(20,4) DEFAULT NULL COMMENT 'Base Discount Tax Compensation Amount',
  `shipping_discount_tax_compensation_amount` decimal(20,4) DEFAULT NULL COMMENT 'Shipping Discount Tax Compensation Amount',
  `base_shipping_discount_tax_compensation_amnt` decimal(20,4) DEFAULT NULL COMMENT 'Base Shipping Discount Tax Compensation Amount',
  `shipping_incl_tax` decimal(20,4) DEFAULT NULL COMMENT 'Shipping Incl Tax',
  `base_shipping_incl_tax` decimal(20,4) DEFAULT NULL COMMENT 'Base Shipping Incl Tax',
  `free_shipping` smallint unsigned NOT NULL DEFAULT '0' COMMENT 'Free Shipping',
  `vat_id` text COMMENT 'Vat ID',
  `vat_is_valid` smallint DEFAULT NULL COMMENT 'Vat Is Valid',
  `vat_request_id` text COMMENT 'Vat Request ID',
  `vat_request_date` text COMMENT 'Vat Request Date',
  `vat_request_success` smallint DEFAULT NULL COMMENT 'Vat Request Success',
  `gift_message_id` int DEFAULT NULL COMMENT 'Gift Message ID',
  `validated_country_code` text COMMENT 'Validated Country Code',
  `validated_vat_number` text COMMENT 'Validated Vat Number',
  PRIMARY KEY (`address_id`),
  KEY `QUOTE_ADDRESS_QUOTE_ID` (`quote_id`),
  CONSTRAINT `QUOTE_ADDRESS_QUOTE_ID_QUOTE_ENTITY_ID` FOREIGN KEY (`quote_id`) REFERENCES `quote` (`entity_id`) ON DELETE CASCADE
) ENGINE=InnoDB AUTO_INCREMENT=541 DEFAULT CHARSET=utf8mb3 COMMENT='Sales Flat Quote Address';

--
-- Dumping data for table `quote_address`
--

INSERT INTO `quote_address` VALUES (1,1,'2018-08-18 13:47:24','0000-00-00 00:00:00',NULL,0,NULL,'billing',NULL,NULL,NULL,NULL,NULL,NULL,NULL,NULL,NULL,NULL,NULL,NULL,NULL,NULL,NULL,0,0,NULL,NULL,0.0000,6900.0000,6900.0000,6900.0000,6900.0000,0.0000,0.0000,0.0000,0.0000,0.0000,0.0000,0.0000,0.0000,6900.0000,6900.0000,NULL,'[]',NULL,0.0000,0.0000,6900.0000,6900.0000,0.0000,0.0000,0.0000,NULL,0.0000,0.0000,0,NULL,NULL,NULL,NULL,NULL,NULL,NULL,NULL),(2,1,'2018-08-18 13:47:24','0000-00-00 00:00:00',NULL,0,NULL,'shipping',NULL,NULL,NULL,NULL,NULL,NULL,NULL,NULL,NULL,NULL,NULL,NULL,NULL,NULL,NULL,1,1,NULL,NULL,0.0000,0.0000,0.0000,0.0000,0.0000,0.0000,0.0000,0.0000,0.0000,NULL,NULL,0.0000,0.0000,0.0000,0.0000,NULL,'null',NULL,NULL,NULL,0.0000,NULL,0.0000,0.0000,0.0000,NULL,NULL,NULL,0,NULL,NULL,NULL,NULL,NULL,NULL,NULL,NULL),(3,2,'2018-08-25 18:53:30','0000-00-00 00:00:00',1,0,NULL,'billing','shpresim.ndrukaj@gmail.com',NULL,NULL,NULL,NULL,NULL,NULL,NULL,NULL,NULL,NULL,NULL,NULL,NULL,NULL,0,0,NULL,NULL,0.0000,0.0000,0.0000,0.0000,0.0000,0.0000,0.0000,0.0000,0.0000,NULL,NULL,0.0000,0.0000,0.0000,0.0000,NULL,'null',NULL,NULL,NULL,0.0000,NULL,0.0000,0.0000,0.0000,NULL,NULL,NULL,0,NULL,NULL,NULL,NULL,NULL,NULL,NULL,NULL),(4,2,'2018-08-25 18:53:30','0000-00-00 00:00:00',1,0,NULL,'shipping','shpresim.ndrukaj@gmail.com',NULL,NULL,NULL,NULL,NULL,NULL,NULL,NULL,NULL,NULL,NULL,NULL,NULL,NULL,1,0,NULL,NULL,0.0000,0.0000,0.0000,0.0000,0.0000,0.0000,0.0000,0.0000,0.0000,NULL,NULL,0.0000,0.0000,0.0000,0.0000,NULL,'null',NULL,NULL,NULL,0.0000,NULL,0.0000,0.0000,0.0000,NULL,NULL,NULL,0,NULL,NULL,NULL,NULL,NULL,NULL,NULL,NULL),(5,3,'2018-08-28 20:38:56','0000-00-00 00:00:00',NULL,0,NULL,'billing',NULL,NULL,NULL,NULL,NULL,NULL,NULL,NULL,NULL,NULL,NULL,NULL,NULL,NULL,NULL,0,0,NULL,NULL,0.0000,4876.2400,6900.0000,4876.2400,6900.0000,0.0000,0.0000,0.0000,0.0000,0.0000,0.0000,0.0000,0.0000,4876.2400,6900.0000,NULL,'[]',NULL,0.0000,0.0000,4876.2400,6900.0000,0.0000,0.0000,0.0000,NULL,0.0000,0.0000,0,NULL,NULL,NULL,NULL,NULL,NULL,NULL,NULL),(6,3,'2018-08-28 20:38:56','0000-00-00 00:00:00',NULL,0,NULL,'shipping',NULL,NULL,NULL,NULL,NULL,NULL,NULL,NULL,NULL,NULL,NULL,NULL,NULL,NULL,NULL,1,1,NULL,NULL,0.0000,0.0000,0.0000,0.0000,0.0000,0.0000,0.0000,0.0000,0.0000,NULL,NULL,0.0000,0.0000,0.0000,0.0000,NULL,'null',NULL,NULL,NULL,0.0000,NULL,0.0000,0.0000,0.0000,NULL,NULL,NULL,0,NULL,NULL,NULL,NULL,NULL,NULL,NULL,NULL),(9,5,'2018-09-08 22:24:54','0000-00-00 00:00:00',NULL,0,NULL,'billing',NULL,NULL,NULL,NULL,NULL,NULL,NULL,NULL,NULL,NULL,NULL,NULL,NULL,NULL,NULL,0,0,NULL,NULL,0.0000,2000.0000,2000.0000,2000.0000,2000.0000,0.0000,0.0000,0.0000,0.0000,0.0000,0.0000,0.0000,0.0000,2000.0000,2000.0000,NULL,'[]',NULL,0.0000,0.0000,2000.0000,2000.0000,0.0000,0.0000,0.0000,NULL,0.0000,0.0000,0,NULL,NULL,NULL,NULL,NULL,NULL,NULL,NULL),(10,5,'2018-09-08 22:24:54','0000-00-00 00:00:00',NULL,0,NULL,'shipping',NULL,NULL,NULL,NULL,NULL,NULL,NULL,NULL,NULL,NULL,NULL,NULL,NULL,NULL,NULL,1,1,NULL,NULL,0.0000,0.0000,0.0000,0.0000,0.0000,0.0000,0.0000,0.0000,0.0000,NULL,NULL,0.0000,0.0000,0.0000,0.0000,NULL,'null',NULL,NULL,NULL,0.0000,NULL,0.0000,0.0000,0.0000,NULL,NULL,NULL,0,NULL,NULL,NULL,NULL,NULL,NULL,NULL,NULL),(11,6,'2018-10-15 20:51:42','0000-00-00 00:00:00',NULL,0,NULL,'billing',NULL,NULL,NULL,NULL,NULL,NULL,NULL,NULL,NULL,NULL,NULL,NULL,NULL,NULL,NULL,0,0,NULL,NULL,0.0000,1500.0000,1500.0000,1500.0000,1500.0000,0.0000,0.0000,0.0000,0.0000,0.0000,0.0000,0.0000,0.0000,1500.0000,1500.0000,NULL,'[]',NULL,0.0000,0.0000,1500.0000,1500.0000,0.0000,0.0000,0.0000,NULL,0.0000,0.0000,0,NULL,NULL,NULL,NULL,NULL,NULL,NULL,NULL),(12,6,'2018-10-15 20:51:42','0000-00-00 00:00:00',NULL,0,NULL,'shipping',NULL,NULL,NULL,NULL,NULL,NULL,NULL,NULL,NULL,NULL,NULL,NULL,NULL,NULL,NULL,1,1,NULL,NULL,0.0000,0.0000,0.0000,0.0000,0.0000,0.0000,0.0000,0.0000,0.0000,NULL,NULL,0.0000,0.0000,0.0000,0.0000,NULL,'null',NULL,NULL,NULL,0.0000,NULL,0.0000,0.0000,0.0000,NULL,NULL,NULL,0,NULL,NULL,NULL,NULL,NULL,NULL,NULL,NULL),(13,7,'2018-10-16 09:37:31','0000-00-00 00:00:00',NULL,0,NULL,'billing',NULL,NULL,NULL,NULL,NULL,NULL,NULL,NULL,NULL,NULL,NULL,NULL,NULL,NULL,NULL,0,0,NULL,NULL,0.0000,1200.0000,1200.0000,1200.0000,1200.0000,0.0000,0.0000,0.0000,0.0000,0.0000,0.0000,0.0000,0.0000,1200.0000,1200.0000,NULL,'[]',NULL,0.0000,0.0000,1200.0000,1200.0000,0.0000,0.0000,0.0000,NULL,0.0000,0.0000,0,NULL,NULL,NULL,NULL,NULL,NULL,NULL,NULL),(14,7,'2018-10-16 09:37:31','0000-00-00 00:00:00',NULL,0,NULL,'shipping',NULL,NULL,NULL,NULL,NULL,NULL,NULL,NULL,NULL,NULL,NULL,NULL,NULL,NULL,NULL,1,1,NULL,NULL,0.0000,0.0000,0.0000,0.0000,0.0000,0.0000,0.0000,0.0000,0.0000,0.0000,0.0000,0.0000,0.0000,0.0000,0.0000,NULL,'null',NULL,NULL,NULL,0.0000,NULL,0.0000,0.0000,0.0000,NULL,0.0000,0.0000,0,NULL,NULL,NULL,NULL,NULL,NULL,NULL,NULL),(15,8,'2018-11-18 00:47:09','0000-00-00 00:00:00',NULL,0,NULL,'billing',NULL,NULL,NULL,NULL,NULL,NULL,NULL,NULL,NULL,NULL,NULL,NULL,NULL,NULL,NULL,0,0,NULL,NULL,0.0000,2400.0000,2400.0000,2400.0000,2400.0000,0.0000,0.0000,0.0000,0.0000,0.0000,0.0000,0.0000,0.0000,2400.0000,2400.0000,NULL,'[]',NULL,0.0000,0.0000,2400.0000,2400.0000,0.0000,0.0000,0.0000,NULL,0.0000,0.0000,0,NULL,NULL,NULL,NULL,NULL,NULL,NULL,NULL),(16,8,'2018-11-18 00:47:09','0000-00-00 00:00:00',NULL,0,NULL,'shipping',NULL,NULL,NULL,NULL,NULL,NULL,NULL,NULL,NULL,NULL,NULL,NULL,NULL,NULL,NULL,1,1,NULL,NULL,0.0000,0.0000,0.0000,0.0000,0.0000,0.0000,0.0000,0.0000,0.0000,0.0000,0.0000,0.0000,0.0000,0.0000,0.0000,NULL,'null',NULL,NULL,NULL,0.0000,NULL,0.0000,0.0000,0.0000,NULL,0.0000,0.0000,0,NULL,NULL,NULL,NULL,NULL,NULL,NULL,NULL),(17,9,'2018-11-20 19:31:51','0000-00-00 00:00:00',NULL,0,NULL,'billing',NULL,NULL,NULL,NULL,NULL,NULL,NULL,NULL,NULL,NULL,NULL,NULL,NULL,NULL,NULL,0,0,NULL,NULL,0.0000,1230.0000,1230.0000,1230.0000,1230.0000,0.0000,0.0000,0.0000,0.0000,0.0000,0.0000,0.0000,0.0000,1230.0000,1230.0000,NULL,'[]',NULL,0.0000,0.0000,1230.0000,1230.0000,0.0000,0.0000,0.0000,NULL,0.0000,0.0000,0,NULL,NULL,NULL,NULL,NULL,NULL,NULL,NULL),(18,9,'2018-11-20 19:31:51','0000-00-00 00:00:00',NULL,0,NULL,'shipping',NULL,NULL,NULL,NULL,NULL,NULL,NULL,NULL,NULL,NULL,NULL,NULL,NULL,NULL,NULL,1,1,NULL,NULL,0.0000,0.0000,0.0000,0.0000,0.0000,0.0000,0.0000,0.0000,0.0000,0.0000,0.0000,0.0000,0.0000,0.0000,0.0000,NULL,'null',NULL,NULL,NULL,0.0000,NULL,0.0000,0.0000,0.0000,NULL,0.0000,0.0000,0,NULL,NULL,NULL,NULL,NULL,NULL,NULL,NULL),(19,10,'2018-11-24 13:04:12','0000-00-00 00:00:00',NULL,0,NULL,'billing',NULL,NULL,NULL,NULL,NULL,NULL,NULL,NULL,NULL,NULL,NULL,NULL,NULL,NULL,NULL,0,0,NULL,NULL,0.0000,1734.9500,2455.0000,1734.9500,2455.0000,0.0000,0.0000,0.0000,0.0000,0.0000,0.0000,0.0000,0.0000,1734.9500,2455.0000,NULL,'[]',NULL,0.0000,0.0000,1734.9500,2455.0000,0.0000,0.0000,0.0000,NULL,0.0000,0.0000,0,NULL,NULL,NULL,NULL,NULL,NULL,NULL,NULL),(20,10,'2018-11-24 13:04:12','0000-00-00 00:00:00',NULL,0,NULL,'shipping',NULL,NULL,NULL,NULL,NULL,NULL,NULL,NULL,NULL,NULL,NULL,NULL,NULL,NULL,NULL,1,1,NULL,NULL,0.0000,0.0000,0.0000,0.0000,0.0000,0.0000,0.0000,0.0000,0.0000,0.0000,0.0000,0.0000,0.0000,0.0000,0.0000,NULL,'null',NULL,NULL,NULL,0.0000,NULL,0.0000,0.0000,0.0000,NULL,0.0000,0.0000,0,NULL,NULL,NULL,NULL,NULL,NULL,NULL,NULL),(21,11,'2018-11-27 14:55:11','0000-00-00 00:00:00',NULL,0,NULL,'billing',NULL,NULL,NULL,NULL,NULL,NULL,NULL,NULL,NULL,NULL,NULL,NULL,NULL,NULL,NULL,0,0,NULL,NULL,0.0000,1222.0000,1222.0000,1222.0000,1222.0000,0.0000,0.0000,0.0000,0.0000,0.0000,0.0000,0.0000,0.0000,1222.0000,1222.0000,NULL,'[]',NULL,0.0000,0.0000,1222.0000,1222.0000,0.0000,0.0000,0.0000,NULL,0.0000,0.0000,0,NULL,NULL,NULL,NULL,NULL,NULL,NULL,NULL),(22,11,'2018-11-27 14:55:11','0000-00-00 00:00:00',NULL,0,NULL,'shipping',NULL,NULL,NULL,NULL,NULL,NULL,NULL,NULL,NULL,NULL,NULL,NULL,NULL,NULL,NULL,1,1,NULL,NULL,0.0000,0.0000,0.0000,0.0000,0.0000,0.0000,0.0000,0.0000,0.0000,0.0000,0.0000,0.0000,0.0000,0.0000,0.0000,NULL,'null',NULL,NULL,NULL,0.0000,NULL,0.0000,0.0000,0.0000,NULL,0.0000,0.0000,0,NULL,NULL,NULL,NULL,NULL,NULL,NULL,NULL),(25,12,'2018-11-27 16:18:06','0000-00-00 00:00:00',NULL,0,NULL,'billing',NULL,NULL,NULL,NULL,NULL,NULL,NULL,NULL,NULL,NULL,NULL,NULL,NULL,NULL,NULL,0,0,NULL,NULL,0.0000,2444.0000,2444.0000,2444.0000,2444.0000,0.0000,0.0000,0.0000,0.0000,0.0000,0.0000,0.0000,0.0000,2444.0000,2444.0000,NULL,'[]',NULL,0.0000,0.0000,2444.0000,2444.0000,0.0000,0.0000,0.0000,NULL,0.0000,0.0000,0,NULL,NULL,NULL,NULL,NULL,NULL,NULL,NULL),(26,12,'2018-11-27 16:18:06','0000-00-00 00:00:00',NULL,0,NULL,'shipping',NULL,NULL,NULL,NULL,NULL,NULL,NULL,NULL,NULL,NULL,NULL,NULL,NULL,NULL,NULL,1,1,NULL,NULL,0.0000,0.0000,0.0000,0.0000,0.0000,0.0000,0.0000,0.0000,0.0000,0.0000,0.0000,0.0000,0.0000,0.0000,0.0000,NULL,'null',NULL,NULL,NULL,0.0000,NULL,0.0000,0.0000,0.0000,NULL,0.0000,0.0000,0,NULL,NULL,NULL,NULL,NULL,NULL,NULL,NULL),(27,13,'2018-11-27 22:39:10','0000-00-00 00:00:00',3,0,NULL,'billing','shpresim@sh.com',NULL,NULL,NULL,NULL,NULL,NULL,NULL,NULL,NULL,NULL,NULL,NULL,NULL,NULL,0,0,NULL,NULL,0.0000,1200.0000,1200.0000,1200.0000,1200.0000,0.0000,0.0000,0.0000,0.0000,0.0000,0.0000,0.0000,0.0000,1200.0000,1200.0000,NULL,'[]',NULL,0.0000,0.0000,1200.0000,1200.0000,0.0000,0.0000,0.0000,NULL,0.0000,0.0000,0,NULL,NULL,NULL,NULL,NULL,NULL,NULL,NULL),(28,13,'2018-11-27 22:39:10','0000-00-00 00:00:00',3,0,NULL,'shipping','shpresim@sh.com',NULL,NULL,NULL,NULL,NULL,NULL,NULL,NULL,NULL,NULL,NULL,NULL,NULL,NULL,1,1,NULL,NULL,0.0000,0.0000,0.0000,0.0000,0.0000,0.0000,0.0000,0.0000,0.0000,0.0000,0.0000,0.0000,0.0000,0.0000,0.0000,NULL,'null',NULL,NULL,NULL,0.0000,NULL,0.0000,0.0000,0.0000,NULL,0.0000,0.0000,0,NULL,NULL,NULL,NULL,NULL,NULL,NULL,NULL),(31,14,'2018-12-03 18:52:56','0000-00-00 00:00:00',NULL,0,NULL,'billing',NULL,NULL,NULL,NULL,NULL,NULL,NULL,NULL,NULL,NULL,NULL,NULL,NULL,NULL,NULL,0,0,NULL,NULL,0.0000,0.0000,0.0000,0.0000,0.0000,0.0000,0.0000,0.0000,0.0000,0.0000,0.0000,0.0000,0.0000,0.0000,0.0000,NULL,'null',NULL,NULL,NULL,0.0000,NULL,0.0000,0.0000,0.0000,NULL,0.0000,0.0000,0,NULL,NULL,NULL,NULL,NULL,NULL,NULL,NULL),(32,14,'2018-12-03 18:52:56','0000-00-00 00:00:00',NULL,0,NULL,'shipping',NULL,NULL,NULL,NULL,NULL,NULL,NULL,NULL,NULL,NULL,NULL,NULL,NULL,NULL,NULL,1,1,NULL,NULL,0.0000,0.0000,0.0000,0.0000,0.0000,0.0000,0.0000,0.0000,0.0000,0.0000,0.0000,0.0000,0.0000,0.0000,0.0000,NULL,'null',NULL,NULL,NULL,0.0000,NULL,0.0000,0.0000,0.0000,NULL,0.0000,0.0000,0,NULL,NULL,NULL,NULL,NULL,NULL,NULL,NULL),(33,15,'2018-12-11 00:46:46','0000-00-00 00:00:00',NULL,0,NULL,'billing',NULL,NULL,NULL,NULL,NULL,NULL,NULL,NULL,NULL,NULL,NULL,NULL,NULL,NULL,NULL,0,0,NULL,NULL,0.0000,1230.0000,1230.0000,1230.0000,1230.0000,0.0000,0.0000,0.0000,0.0000,0.0000,0.0000,0.0000,0.0000,1230.0000,1230.0000,NULL,'[]',NULL,0.0000,0.0000,1230.0000,1230.0000,0.0000,0.0000,0.0000,NULL,0.0000,0.0000,0,NULL,NULL,NULL,NULL,NULL,NULL,NULL,NULL),(34,15,'2018-12-11 00:46:46','0000-00-00 00:00:00',NULL,0,NULL,'shipping',NULL,NULL,NULL,NULL,NULL,NULL,NULL,NULL,NULL,NULL,NULL,NULL,NULL,NULL,NULL,1,1,NULL,NULL,0.0000,0.0000,0.0000,0.0000,0.0000,0.0000,0.0000,0.0000,0.0000,0.0000,0.0000,0.0000,0.0000,0.0000,0.0000,NULL,'null',NULL,NULL,NULL,0.0000,NULL,0.0000,0.0000,0.0000,NULL,0.0000,0.0000,0,NULL,NULL,NULL,NULL,NULL,NULL,NULL,NULL),(43,16,'2018-12-12 10:54:59','0000-00-00 00:00:00',NULL,0,NULL,'billing',NULL,NULL,NULL,NULL,NULL,NULL,NULL,NULL,NULL,NULL,NULL,NULL,NULL,NULL,NULL,0,0,NULL,NULL,0.0000,4500.0000,4500.0000,4500.0000,4500.0000,0.0000,0.0000,0.0000,0.0000,0.0000,0.0000,0.0000,0.0000,4500.0000,4500.0000,NULL,'[]',NULL,0.0000,0.0000,4500.0000,4500.0000,0.0000,0.0000,0.0000,NULL,0.0000,0.0000,0,NULL,NULL,NULL,NULL,NULL,NULL,NULL,NULL),(44,16,'2018-12-12 10:54:59','0000-00-00 00:00:00',NULL,0,NULL,'shipping',NULL,NULL,NULL,NULL,NULL,NULL,NULL,NULL,NULL,NULL,NULL,NULL,NULL,NULL,NULL,1,1,NULL,NULL,0.0000,0.0000,0.0000,0.0000,0.0000,0.0000,0.0000,0.0000,0.0000,0.0000,0.0000,0.0000,0.0000,0.0000,0.0000,NULL,'null',NULL,NULL,NULL,0.0000,NULL,0.0000,0.0000,0.0000,NULL,0.0000,0.0000,0,NULL,NULL,NULL,NULL,NULL,NULL,NULL,NULL),(47,17,'2018-12-12 13:12:45','0000-00-00 00:00:00',NULL,0,NULL,'billing',NULL,NULL,NULL,NULL,NULL,NULL,NULL,NULL,NULL,NULL,NULL,NULL,NULL,NULL,NULL,0,0,NULL,NULL,0.0000,0.0000,0.0000,0.0000,0.0000,0.0000,0.0000,0.0000,0.0000,0.0000,0.0000,0.0000,0.0000,0.0000,0.0000,NULL,'null',NULL,NULL,NULL,0.0000,NULL,0.0000,0.0000,0.0000,NULL,0.0000,0.0000,0,NULL,NULL,NULL,NULL,NULL,NULL,NULL,NULL),(48,17,'2018-12-12 13:12:45','0000-00-00 00:00:00',NULL,0,NULL,'shipping',NULL,NULL,NULL,NULL,NULL,NULL,NULL,NULL,NULL,NULL,NULL,NULL,NULL,NULL,NULL,1,1,NULL,NULL,0.0000,0.0000,0.0000,0.0000,0.0000,0.0000,0.0000,0.0000,0.0000,0.0000,0.0000,0.0000,0.0000,0.0000,0.0000,NULL,'null',NULL,NULL,NULL,0.0000,NULL,0.0000,0.0000,0.0000,NULL,0.0000,0.0000,0,NULL,NULL,NULL,NULL,NULL,NULL,NULL,NULL),(51,19,'2018-12-12 14:39:37','0000-00-00 00:00:00',NULL,0,NULL,'billing',NULL,NULL,NULL,NULL,NULL,NULL,NULL,NULL,NULL,NULL,NULL,NULL,NULL,NULL,NULL,0,0,NULL,NULL,0.0000,15000.0000,15000.0000,15000.0000,15000.0000,0.0000,0.0000,0.0000,0.0000,0.0000,0.0000,0.0000,0.0000,15000.0000,15000.0000,NULL,'[]',NULL,0.0000,0.0000,15000.0000,15000.0000,0.0000,0.0000,0.0000,NULL,0.0000,0.0000,0,NULL,NULL,NULL,NULL,NULL,NULL,NULL,NULL),(52,19,'2018-12-12 14:39:37','0000-00-00 00:00:00',NULL,0,NULL,'shipping',NULL,NULL,NULL,NULL,NULL,NULL,NULL,NULL,NULL,NULL,NULL,NULL,NULL,NULL,NULL,1,1,NULL,NULL,0.0000,0.0000,0.0000,0.0000,0.0000,0.0000,0.0000,0.0000,0.0000,0.0000,0.0000,0.0000,0.0000,0.0000,0.0000,NULL,'null',NULL,NULL,NULL,0.0000,NULL,0.0000,0.0000,0.0000,NULL,0.0000,0.0000,0,NULL,NULL,NULL,NULL,NULL,NULL,NULL,NULL),(53,18,'2018-12-12 15:03:35','0000-00-00 00:00:00',NULL,0,NULL,'billing',NULL,NULL,NULL,NULL,NULL,NULL,NULL,NULL,NULL,NULL,NULL,NULL,NULL,NULL,NULL,0,0,NULL,NULL,0.0000,12000.0000,12000.0000,12000.0000,12000.0000,0.0000,0.0000,0.0000,0.0000,0.0000,0.0000,0.0000,0.0000,12000.0000,12000.0000,NULL,'[]',NULL,0.0000,0.0000,12000.0000,12000.0000,0.0000,0.0000,0.0000,NULL,0.0000,0.0000,0,NULL,NULL,NULL,NULL,NULL,NULL,NULL,NULL),(54,18,'2018-12-12 15:03:35','0000-00-00 00:00:00',NULL,0,NULL,'shipping',NULL,NULL,NULL,NULL,NULL,NULL,NULL,NULL,NULL,NULL,NULL,NULL,NULL,NULL,NULL,1,1,NULL,NULL,0.0000,0.0000,0.0000,0.0000,0.0000,0.0000,0.0000,0.0000,0.0000,0.0000,0.0000,0.0000,0.0000,0.0000,0.0000,NULL,'null',NULL,NULL,NULL,0.0000,NULL,0.0000,0.0000,0.0000,NULL,0.0000,0.0000,0,NULL,NULL,NULL,NULL,NULL,NULL,NULL,NULL),(57,20,'2018-12-12 15:23:41','0000-00-00 00:00:00',NULL,0,NULL,'billing',NULL,NULL,NULL,NULL,NULL,NULL,NULL,NULL,NULL,NULL,NULL,NULL,NULL,NULL,NULL,0,0,NULL,NULL,0.0000,17500.0000,17500.0000,17500.0000,17500.0000,0.0000,0.0000,0.0000,0.0000,0.0000,0.0000,0.0000,0.0000,17500.0000,17500.0000,NULL,'[]',NULL,0.0000,0.0000,17500.0000,17500.0000,0.0000,0.0000,0.0000,NULL,0.0000,0.0000,0,NULL,NULL,NULL,NULL,NULL,NULL,NULL,NULL),(58,20,'2018-12-12 15:23:41','0000-00-00 00:00:00',NULL,0,NULL,'shipping',NULL,NULL,NULL,NULL,NULL,NULL,NULL,NULL,NULL,NULL,NULL,NULL,NULL,NULL,NULL,1,1,NULL,NULL,0.0000,0.0000,0.0000,0.0000,0.0000,0.0000,0.0000,0.0000,0.0000,0.0000,0.0000,0.0000,0.0000,0.0000,0.0000,NULL,'null',NULL,NULL,NULL,0.0000,NULL,0.0000,0.0000,0.0000,NULL,0.0000,0.0000,0,NULL,NULL,NULL,NULL,NULL,NULL,NULL,NULL),(68,4,'2018-12-13 10:20:30','0000-00-00 00:00:00',2,0,NULL,'shipping','ndrukajshpresim@gmail.com',NULL,NULL,NULL,NULL,NULL,NULL,NULL,NULL,NULL,NULL,NULL,NULL,NULL,NULL,0,1,NULL,NULL,0.0000,0.0000,0.0000,0.0000,0.0000,0.0000,0.0000,0.0000,0.0000,0.0000,0.0000,0.0000,0.0000,0.0000,0.0000,NULL,'null',NULL,NULL,NULL,0.0000,NULL,0.0000,0.0000,0.0000,NULL,0.0000,0.0000,0,NULL,NULL,NULL,NULL,NULL,NULL,NULL,NULL),(70,4,'2018-12-13 10:44:57','2018-12-13 10:44:58',2,1,1,'billing','ndrukajshpresim@gmail.com',NULL,'Shpresim',NULL,'Ndrukaj',NULL,NULL,'Bulevardi Zogu i pare','Tirana','Tirana',0,'10057','AL','0695855939',NULL,0,0,NULL,NULL,0.0000,2400.0000,2400.0000,2400.0000,2400.0000,0.0000,0.0000,0.0000,0.0000,0.0000,0.0000,0.0000,0.0000,2400.0000,2400.0000,NULL,'[]',NULL,0.0000,0.0000,2400.0000,2400.0000,0.0000,0.0000,0.0000,NULL,0.0000,0.0000,0,NULL,NULL,NULL,NULL,NULL,NULL,NULL,NULL),(72,22,'2018-12-13 10:49:14','0000-00-00 00:00:00',2,0,NULL,'shipping','ndrukajshpresim@gmail.com',NULL,NULL,NULL,NULL,NULL,NULL,NULL,NULL,NULL,NULL,NULL,NULL,NULL,NULL,1,1,NULL,NULL,0.0000,0.0000,0.0000,0.0000,0.0000,0.0000,0.0000,0.0000,0.0000,0.0000,0.0000,0.0000,0.0000,0.0000,0.0000,NULL,'null',NULL,NULL,NULL,0.0000,NULL,0.0000,0.0000,0.0000,NULL,0.0000,0.0000,0,NULL,NULL,NULL,NULL,NULL,NULL,NULL,NULL),(73,23,'2018-12-15 21:21:08','0000-00-00 00:00:00',NULL,0,NULL,'billing',NULL,NULL,NULL,NULL,NULL,NULL,NULL,NULL,NULL,NULL,NULL,NULL,NULL,NULL,NULL,0,0,NULL,NULL,0.0000,2400.0000,2400.0000,2400.0000,2400.0000,0.0000,0.0000,0.0000,0.0000,0.0000,0.0000,0.0000,0.0000,2400.0000,2400.0000,NULL,'[]',NULL,0.0000,0.0000,2400.0000,2400.0000,0.0000,0.0000,0.0000,NULL,0.0000,0.0000,0,NULL,NULL,NULL,NULL,NULL,NULL,NULL,NULL),(74,23,'2018-12-15 21:21:08','0000-00-00 00:00:00',NULL,0,NULL,'shipping',NULL,NULL,NULL,NULL,NULL,NULL,NULL,NULL,NULL,NULL,NULL,NULL,NULL,NULL,NULL,1,1,NULL,NULL,0.0000,0.0000,0.0000,0.0000,0.0000,0.0000,0.0000,0.0000,0.0000,0.0000,0.0000,0.0000,0.0000,0.0000,0.0000,NULL,'null',NULL,NULL,NULL,0.0000,NULL,0.0000,0.0000,0.0000,NULL,0.0000,0.0000,0,NULL,NULL,NULL,NULL,NULL,NULL,NULL,NULL),(75,24,'2018-12-15 22:43:30','0000-00-00 00:00:00',NULL,0,NULL,'billing',NULL,NULL,NULL,NULL,NULL,NULL,NULL,NULL,NULL,NULL,NULL,NULL,NULL,NULL,NULL,0,0,NULL,NULL,0.0000,3000.0000,3000.0000,3000.0000,3000.0000,0.0000,0.0000,0.0000,0.0000,0.0000,0.0000,0.0000,0.0000,3000.0000,3000.0000,NULL,'[]',NULL,0.0000,0.0000,3000.0000,3000.0000,0.0000,0.0000,0.0000,NULL,0.0000,0.0000,0,NULL,NULL,NULL,NULL,NULL,NULL,NULL,NULL),(76,24,'2018-12-15 22:43:30','0000-00-00 00:00:00',NULL,0,NULL,'shipping',NULL,NULL,NULL,NULL,NULL,NULL,NULL,NULL,NULL,NULL,NULL,NULL,NULL,NULL,NULL,1,1,NULL,NULL,0.0000,0.0000,0.0000,0.0000,0.0000,0.0000,0.0000,0.0000,0.0000,0.0000,0.0000,0.0000,0.0000,0.0000,0.0000,NULL,'null',NULL,NULL,NULL,0.0000,NULL,0.0000,0.0000,0.0000,NULL,0.0000,0.0000,0,NULL,NULL,NULL,NULL,NULL,NULL,NULL,NULL),(80,26,'2018-12-16 16:44:28','0000-00-00 00:00:00',NULL,0,NULL,'shipping',NULL,NULL,NULL,NULL,NULL,NULL,NULL,NULL,NULL,NULL,NULL,NULL,NULL,NULL,NULL,0,1,NULL,NULL,0.0000,0.0000,0.0000,0.0000,0.0000,0.0000,0.0000,0.0000,0.0000,0.0000,0.0000,0.0000,0.0000,0.0000,0.0000,NULL,'null',NULL,NULL,NULL,0.0000,NULL,0.0000,0.0000,0.0000,NULL,0.0000,0.0000,0,NULL,NULL,NULL,NULL,NULL,NULL,NULL,NULL),(81,26,'2018-12-16 17:23:36','0000-00-00 00:00:00',NULL,1,NULL,'billing',NULL,NULL,'Shpresim',NULL,'Ndrukaj',NULL,NULL,'Bulevardi Zogu i pare','Tirana','kjhg',NULL,'10057','AL','0695855939',NULL,0,0,NULL,NULL,0.0000,2400.0000,2400.0000,2400.0000,2400.0000,0.0000,0.0000,0.0000,0.0000,0.0000,0.0000,0.0000,0.0000,2400.0000,2400.0000,NULL,'[]',NULL,0.0000,0.0000,2400.0000,2400.0000,0.0000,0.0000,0.0000,NULL,0.0000,0.0000,0,NULL,NULL,NULL,NULL,NULL,NULL,NULL,NULL),(82,27,'2018-12-16 18:50:15','0000-00-00 00:00:00',NULL,0,NULL,'billing',NULL,NULL,NULL,NULL,NULL,NULL,NULL,NULL,NULL,NULL,NULL,NULL,NULL,NULL,NULL,0,0,NULL,NULL,0.0000,5000.0000,5000.0000,5000.0000,5000.0000,0.0000,0.0000,0.0000,0.0000,0.0000,0.0000,0.0000,0.0000,5000.0000,5000.0000,NULL,'[]',NULL,0.0000,0.0000,5000.0000,5000.0000,0.0000,0.0000,0.0000,NULL,0.0000,0.0000,0,NULL,NULL,NULL,NULL,NULL,NULL,NULL,NULL),(83,27,'2018-12-16 18:50:15','0000-00-00 00:00:00',NULL,0,NULL,'shipping',NULL,NULL,NULL,NULL,NULL,NULL,NULL,NULL,NULL,NULL,NULL,NULL,NULL,NULL,NULL,1,1,NULL,NULL,0.0000,0.0000,0.0000,0.0000,0.0000,0.0000,0.0000,0.0000,0.0000,0.0000,0.0000,0.0000,0.0000,0.0000,0.0000,NULL,'null',NULL,NULL,NULL,0.0000,NULL,0.0000,0.0000,0.0000,NULL,0.0000,0.0000,0,NULL,NULL,NULL,NULL,NULL,NULL,NULL,NULL),(84,28,'2018-12-16 21:51:06','0000-00-00 00:00:00',NULL,0,NULL,'billing',NULL,NULL,NULL,NULL,NULL,NULL,NULL,NULL,NULL,NULL,NULL,NULL,NULL,NULL,NULL,0,0,NULL,NULL,0.0000,5000.0000,5000.0000,5000.0000,5000.0000,0.0000,0.0000,0.0000,0.0000,0.0000,0.0000,0.0000,0.0000,5000.0000,5000.0000,NULL,'[]',NULL,0.0000,0.0000,5000.0000,5000.0000,0.0000,0.0000,0.0000,NULL,0.0000,0.0000,0,NULL,NULL,NULL,NULL,NULL,NULL,NULL,NULL),(85,28,'2018-12-16 21:51:06','0000-00-00 00:00:00',NULL,0,NULL,'shipping',NULL,NULL,NULL,NULL,NULL,NULL,NULL,NULL,NULL,NULL,NULL,NULL,NULL,NULL,NULL,1,1,NULL,NULL,0.0000,0.0000,0.0000,0.0000,0.0000,0.0000,0.0000,0.0000,0.0000,0.0000,0.0000,0.0000,0.0000,0.0000,0.0000,NULL,'null',NULL,NULL,NULL,0.0000,NULL,0.0000,0.0000,0.0000,NULL,0.0000,0.0000,0,NULL,NULL,NULL,NULL,NULL,NULL,NULL,NULL),(86,29,'2018-12-17 07:58:17','0000-00-00 00:00:00',NULL,0,NULL,'billing',NULL,NULL,NULL,NULL,NULL,NULL,NULL,NULL,NULL,NULL,NULL,NULL,NULL,NULL,NULL,0,0,NULL,NULL,0.0000,2400.0000,2400.0000,2400.0000,2400.0000,0.0000,0.0000,0.0000,0.0000,0.0000,0.0000,0.0000,0.0000,2400.0000,2400.0000,NULL,'[]',NULL,0.0000,0.0000,2400.0000,2400.0000,0.0000,0.0000,0.0000,NULL,0.0000,0.0000,0,NULL,NULL,NULL,NULL,NULL,NULL,NULL,NULL),(87,29,'2018-12-17 07:58:17','0000-00-00 00:00:00',NULL,0,NULL,'shipping',NULL,NULL,NULL,NULL,NULL,NULL,NULL,NULL,NULL,NULL,NULL,NULL,NULL,NULL,NULL,1,1,NULL,NULL,0.0000,0.0000,0.0000,0.0000,0.0000,0.0000,0.0000,0.0000,0.0000,0.0000,0.0000,0.0000,0.0000,0.0000,0.0000,NULL,'null',NULL,NULL,NULL,0.0000,NULL,0.0000,0.0000,0.0000,NULL,0.0000,0.0000,0,NULL,NULL,NULL,NULL,NULL,NULL,NULL,NULL),(88,30,'2018-12-17 10:56:20','0000-00-00 00:00:00',NULL,0,NULL,'billing',NULL,NULL,NULL,NULL,NULL,NULL,NULL,NULL,NULL,NULL,NULL,NULL,NULL,NULL,NULL,0,0,NULL,NULL,0.0000,5000.0000,5000.0000,5000.0000,5000.0000,0.0000,0.0000,0.0000,0.0000,0.0000,0.0000,0.0000,0.0000,5000.0000,5000.0000,NULL,'[]',NULL,0.0000,0.0000,5000.0000,5000.0000,0.0000,0.0000,0.0000,NULL,0.0000,0.0000,0,NULL,NULL,NULL,NULL,NULL,NULL,NULL,NULL),(89,30,'2018-12-17 10:56:20','0000-00-00 00:00:00',NULL,0,NULL,'shipping',NULL,NULL,NULL,NULL,NULL,NULL,NULL,NULL,NULL,NULL,NULL,NULL,NULL,NULL,NULL,1,1,NULL,NULL,0.0000,0.0000,0.0000,0.0000,0.0000,0.0000,0.0000,0.0000,0.0000,0.0000,0.0000,0.0000,0.0000,0.0000,0.0000,NULL,'null',NULL,NULL,NULL,0.0000,NULL,0.0000,0.0000,0.0000,NULL,0.0000,0.0000,0,NULL,NULL,NULL,NULL,NULL,NULL,NULL,NULL),(90,31,'2018-12-17 11:31:59','0000-00-00 00:00:00',NULL,0,NULL,'billing',NULL,NULL,NULL,NULL,NULL,NULL,NULL,NULL,NULL,NULL,NULL,NULL,NULL,NULL,NULL,0,0,NULL,NULL,0.0000,1200.0000,1200.0000,1200.0000,1200.0000,0.0000,0.0000,0.0000,0.0000,0.0000,0.0000,0.0000,0.0000,1200.0000,1200.0000,NULL,'[]',NULL,0.0000,0.0000,1200.0000,1200.0000,0.0000,0.0000,0.0000,NULL,0.0000,0.0000,0,NULL,NULL,NULL,NULL,NULL,NULL,NULL,NULL),(91,31,'2018-12-17 11:31:59','0000-00-00 00:00:00',NULL,0,NULL,'shipping',NULL,NULL,NULL,NULL,NULL,NULL,NULL,NULL,NULL,NULL,NULL,NULL,NULL,NULL,NULL,1,1,NULL,NULL,0.0000,0.0000,0.0000,0.0000,0.0000,0.0000,0.0000,0.0000,0.0000,0.0000,0.0000,0.0000,0.0000,0.0000,0.0000,NULL,'null',NULL,NULL,NULL,0.0000,NULL,0.0000,0.0000,0.0000,NULL,0.0000,0.0000,0,NULL,NULL,NULL,NULL,NULL,NULL,NULL,NULL),(92,32,'2018-12-17 11:38:28','0000-00-00 00:00:00',NULL,0,NULL,'billing',NULL,NULL,NULL,NULL,NULL,NULL,NULL,NULL,NULL,NULL,NULL,NULL,NULL,NULL,NULL,0,0,NULL,NULL,0.0000,2500.0000,2500.0000,2500.0000,2500.0000,0.0000,0.0000,0.0000,0.0000,0.0000,0.0000,0.0000,0.0000,2500.0000,2500.0000,NULL,'[]',NULL,0.0000,0.0000,2500.0000,2500.0000,0.0000,0.0000,0.0000,NULL,0.0000,0.0000,0,NULL,NULL,NULL,NULL,NULL,NULL,NULL,NULL),(93,32,'2018-12-17 11:38:28','0000-00-00 00:00:00',NULL,0,NULL,'shipping',NULL,NULL,NULL,NULL,NULL,NULL,NULL,NULL,NULL,NULL,NULL,NULL,NULL,NULL,NULL,1,1,NULL,NULL,0.0000,0.0000,0.0000,0.0000,0.0000,0.0000,0.0000,0.0000,0.0000,0.0000,0.0000,0.0000,0.0000,0.0000,0.0000,NULL,'null',NULL,NULL,NULL,0.0000,NULL,0.0000,0.0000,0.0000,NULL,0.0000,0.0000,0,NULL,NULL,NULL,NULL,NULL,NULL,NULL,NULL),(98,33,'2018-12-17 11:45:14','0000-00-00 00:00:00',NULL,0,NULL,'billing',NULL,NULL,NULL,NULL,NULL,NULL,NULL,NULL,NULL,NULL,NULL,NULL,NULL,NULL,NULL,0,0,NULL,NULL,0.0000,2400.0000,2400.0000,2400.0000,2400.0000,0.0000,0.0000,0.0000,0.0000,0.0000,0.0000,0.0000,0.0000,2400.0000,2400.0000,NULL,'[]',NULL,0.0000,0.0000,2400.0000,2400.0000,0.0000,0.0000,0.0000,NULL,0.0000,0.0000,0,NULL,NULL,NULL,NULL,NULL,NULL,NULL,NULL),(99,33,'2018-12-17 11:45:14','0000-00-00 00:00:00',NULL,0,NULL,'shipping',NULL,NULL,NULL,NULL,NULL,NULL,NULL,NULL,NULL,NULL,NULL,NULL,NULL,NULL,NULL,1,1,NULL,NULL,0.0000,0.0000,0.0000,0.0000,0.0000,0.0000,0.0000,0.0000,0.0000,0.0000,0.0000,0.0000,0.0000,0.0000,0.0000,NULL,'null',NULL,NULL,NULL,0.0000,NULL,0.0000,0.0000,0.0000,NULL,0.0000,0.0000,0,NULL,NULL,NULL,NULL,NULL,NULL,NULL,NULL),(100,34,'2018-12-17 14:03:03','0000-00-00 00:00:00',NULL,0,NULL,'billing',NULL,NULL,NULL,NULL,NULL,NULL,NULL,NULL,NULL,NULL,NULL,NULL,NULL,NULL,NULL,0,0,NULL,NULL,0.0000,9900.0000,9900.0000,9900.0000,9900.0000,0.0000,0.0000,0.0000,0.0000,0.0000,0.0000,0.0000,0.0000,9900.0000,9900.0000,NULL,'[]',NULL,0.0000,0.0000,9900.0000,9900.0000,0.0000,0.0000,0.0000,NULL,0.0000,0.0000,0,NULL,NULL,NULL,NULL,NULL,NULL,NULL,NULL),(101,34,'2018-12-17 14:03:03','0000-00-00 00:00:00',NULL,0,NULL,'shipping',NULL,NULL,NULL,NULL,NULL,NULL,NULL,NULL,NULL,NULL,NULL,NULL,NULL,NULL,NULL,1,1,NULL,NULL,0.0000,0.0000,0.0000,0.0000,0.0000,0.0000,0.0000,0.0000,0.0000,0.0000,0.0000,0.0000,0.0000,0.0000,0.0000,NULL,'null',NULL,NULL,NULL,0.0000,NULL,0.0000,0.0000,0.0000,NULL,0.0000,0.0000,0,NULL,NULL,NULL,NULL,NULL,NULL,NULL,NULL),(102,35,'2018-12-17 17:25:41','0000-00-00 00:00:00',NULL,0,NULL,'billing',NULL,NULL,NULL,NULL,NULL,NULL,NULL,NULL,NULL,NULL,NULL,NULL,NULL,NULL,NULL,0,0,NULL,NULL,0.0000,11100.0000,11100.0000,11100.0000,11100.0000,0.0000,0.0000,0.0000,0.0000,0.0000,0.0000,0.0000,0.0000,11100.0000,11100.0000,NULL,'[]',NULL,0.0000,0.0000,11100.0000,11100.0000,0.0000,0.0000,0.0000,NULL,0.0000,0.0000,0,NULL,NULL,NULL,NULL,NULL,NULL,NULL,NULL),(103,35,'2018-12-17 17:25:41','0000-00-00 00:00:00',NULL,0,NULL,'shipping',NULL,NULL,NULL,NULL,NULL,NULL,NULL,NULL,NULL,NULL,NULL,NULL,NULL,NULL,NULL,1,1,NULL,NULL,0.0000,0.0000,0.0000,0.0000,0.0000,0.0000,0.0000,0.0000,0.0000,0.0000,0.0000,0.0000,0.0000,0.0000,0.0000,NULL,'null',NULL,NULL,NULL,0.0000,NULL,0.0000,0.0000,0.0000,NULL,0.0000,0.0000,0,NULL,NULL,NULL,NULL,NULL,NULL,NULL,NULL),(104,36,'2018-12-17 18:08:31','0000-00-00 00:00:00',NULL,0,NULL,'billing',NULL,NULL,NULL,NULL,NULL,NULL,NULL,NULL,NULL,NULL,NULL,NULL,NULL,NULL,NULL,0,0,NULL,NULL,0.0000,8400.0000,8400.0000,8400.0000,8400.0000,0.0000,0.0000,0.0000,0.0000,0.0000,0.0000,0.0000,0.0000,8400.0000,8400.0000,NULL,'[]',NULL,0.0000,0.0000,8400.0000,8400.0000,0.0000,0.0000,0.0000,NULL,0.0000,0.0000,0,NULL,NULL,NULL,NULL,NULL,NULL,NULL,NULL),(105,36,'2018-12-17 18:08:31','0000-00-00 00:00:00',NULL,0,NULL,'shipping',NULL,NULL,NULL,NULL,NULL,NULL,NULL,NULL,NULL,NULL,NULL,NULL,NULL,NULL,NULL,1,1,NULL,NULL,0.0000,0.0000,0.0000,0.0000,0.0000,0.0000,0.0000,0.0000,0.0000,0.0000,0.0000,0.0000,0.0000,0.0000,0.0000,NULL,'null',NULL,NULL,NULL,0.0000,NULL,0.0000,0.0000,0.0000,NULL,0.0000,0.0000,0,NULL,NULL,NULL,NULL,NULL,NULL,NULL,NULL),(106,37,'2018-12-18 08:00:43','0000-00-00 00:00:00',NULL,0,NULL,'billing',NULL,NULL,NULL,NULL,NULL,NULL,NULL,NULL,NULL,NULL,NULL,NULL,NULL,NULL,NULL,0,0,NULL,NULL,0.0000,6200.0000,6200.0000,6200.0000,6200.0000,0.0000,0.0000,0.0000,0.0000,0.0000,0.0000,0.0000,0.0000,6200.0000,6200.0000,NULL,'[]',NULL,0.0000,0.0000,6200.0000,6200.0000,0.0000,0.0000,0.0000,NULL,0.0000,0.0000,0,NULL,NULL,NULL,NULL,NULL,NULL,NULL,NULL),(107,37,'2018-12-18 08:00:43','0000-00-00 00:00:00',NULL,0,NULL,'shipping',NULL,NULL,NULL,NULL,NULL,NULL,NULL,NULL,NULL,NULL,NULL,NULL,NULL,NULL,NULL,1,1,NULL,NULL,0.0000,0.0000,0.0000,0.0000,0.0000,0.0000,0.0000,0.0000,0.0000,0.0000,0.0000,0.0000,0.0000,0.0000,0.0000,NULL,'null',NULL,NULL,NULL,0.0000,NULL,0.0000,0.0000,0.0000,NULL,0.0000,0.0000,0,NULL,NULL,NULL,NULL,NULL,NULL,NULL,NULL),(110,22,'2019-01-01 23:55:06','0000-00-00 00:00:00',2,NULL,1,'billing','ndrukajshpresim@gmail.com',NULL,'Shpresim',NULL,'Ndrukaj',NULL,NULL,'Bulevardi Zogu i pare','Tirana','Tirana',NULL,'10057','AL','0695855939',NULL,0,0,NULL,NULL,0.0000,11900.0000,11900.0000,11900.0000,11900.0000,0.0000,0.0000,0.0000,0.0000,0.0000,0.0000,0.0000,0.0000,11900.0000,11900.0000,NULL,'[]',NULL,0.0000,0.0000,11900.0000,11900.0000,0.0000,0.0000,0.0000,NULL,0.0000,0.0000,0,NULL,NULL,NULL,NULL,NULL,NULL,NULL,NULL),(112,39,'2019-01-01 23:55:36','0000-00-00 00:00:00',2,0,NULL,'shipping','ndrukajshpresim@gmail.com',NULL,NULL,NULL,NULL,NULL,NULL,NULL,NULL,NULL,NULL,NULL,NULL,NULL,NULL,1,1,NULL,NULL,0.0000,0.0000,0.0000,0.0000,0.0000,0.0000,0.0000,0.0000,0.0000,0.0000,0.0000,0.0000,0.0000,0.0000,0.0000,NULL,'null',NULL,NULL,NULL,0.0000,NULL,0.0000,0.0000,0.0000,NULL,0.0000,0.0000,0,NULL,NULL,NULL,NULL,NULL,NULL,NULL,NULL),(113,39,'2019-01-03 08:44:50','0000-00-00 00:00:00',2,NULL,1,'billing','ndrukajshpresim@gmail.com',NULL,'Shpresim',NULL,'Ndrukaj',NULL,NULL,'Bulevardi Zogu i pare','Tirana','Tirana',NULL,'10057','AL','0695855939',NULL,0,0,NULL,NULL,0.0000,4200.0000,4200.0000,4200.0000,4200.0000,0.0000,0.0000,0.0000,0.0000,0.0000,0.0000,0.0000,0.0000,4200.0000,4200.0000,NULL,'[]',NULL,0.0000,0.0000,4200.0000,4200.0000,0.0000,0.0000,0.0000,NULL,0.0000,0.0000,0,NULL,NULL,NULL,NULL,NULL,NULL,NULL,NULL),(117,40,'2019-01-03 08:50:07','0000-00-00 00:00:00',2,0,NULL,'shipping','ndrukajshpresim@gmail.com',NULL,NULL,NULL,NULL,NULL,NULL,NULL,NULL,NULL,NULL,NULL,NULL,NULL,NULL,1,1,NULL,NULL,0.0000,0.0000,0.0000,0.0000,0.0000,0.0000,0.0000,0.0000,0.0000,0.0000,0.0000,0.0000,0.0000,0.0000,0.0000,NULL,'null',NULL,NULL,NULL,0.0000,NULL,0.0000,0.0000,0.0000,NULL,0.0000,0.0000,0,NULL,NULL,NULL,NULL,NULL,NULL,NULL,NULL),(119,40,'2019-01-03 08:53:56','0000-00-00 00:00:00',2,NULL,1,'billing','ndrukajshpresim@gmail.com',NULL,'Shpresim',NULL,'Ndrukaj',NULL,NULL,'Bulevardi Zogu i pare','Tirana','Tirana',NULL,'10057','AL','0695855939',NULL,0,0,NULL,NULL,0.0000,4200.0000,4200.0000,4200.0000,4200.0000,0.0000,0.0000,0.0000,0.0000,0.0000,0.0000,0.0000,0.0000,4200.0000,4200.0000,NULL,'[]',NULL,0.0000,0.0000,4200.0000,4200.0000,0.0000,0.0000,0.0000,NULL,0.0000,0.0000,0,NULL,NULL,NULL,NULL,NULL,NULL,NULL,NULL),(121,41,'2019-01-03 08:58:19','0000-00-00 00:00:00',2,0,NULL,'shipping','ndrukajshpresim@gmail.com',NULL,NULL,NULL,NULL,NULL,NULL,NULL,NULL,NULL,NULL,NULL,NULL,NULL,NULL,1,1,NULL,NULL,0.0000,0.0000,0.0000,0.0000,0.0000,0.0000,0.0000,0.0000,0.0000,0.0000,0.0000,0.0000,0.0000,0.0000,0.0000,NULL,'null',NULL,NULL,NULL,0.0000,NULL,0.0000,0.0000,0.0000,NULL,0.0000,0.0000,0,NULL,NULL,NULL,NULL,NULL,NULL,NULL,NULL),(122,41,'2019-01-03 08:59:06','0000-00-00 00:00:00',2,NULL,1,'billing','ndrukajshpresim@gmail.com',NULL,'Shpresim',NULL,'Ndrukaj',NULL,NULL,'Bulevardi Zogu i pare','Tirana','Tirana',NULL,'10057','AL','0695855939',NULL,0,0,NULL,NULL,0.0000,1200.0000,1200.0000,1200.0000,1200.0000,0.0000,0.0000,0.0000,0.0000,0.0000,0.0000,0.0000,0.0000,1200.0000,1200.0000,NULL,'[]',NULL,0.0000,0.0000,1200.0000,1200.0000,0.0000,0.0000,0.0000,NULL,0.0000,0.0000,0,NULL,NULL,NULL,NULL,NULL,NULL,NULL,NULL),(124,42,'2019-01-03 09:01:15','0000-00-00 00:00:00',2,0,NULL,'shipping','ndrukajshpresim@gmail.com',NULL,NULL,NULL,NULL,NULL,NULL,NULL,NULL,NULL,NULL,NULL,NULL,NULL,NULL,1,1,NULL,NULL,0.0000,0.0000,0.0000,0.0000,0.0000,0.0000,0.0000,0.0000,0.0000,0.0000,0.0000,0.0000,0.0000,0.0000,0.0000,NULL,'null',NULL,NULL,NULL,0.0000,NULL,0.0000,0.0000,0.0000,NULL,0.0000,0.0000,0,NULL,NULL,NULL,NULL,NULL,NULL,NULL,NULL),(125,42,'2019-01-03 09:01:42','0000-00-00 00:00:00',2,NULL,1,'billing','ndrukajshpresim@gmail.com',NULL,'Shpresim',NULL,'Ndrukaj',NULL,NULL,'Bulevardi Zogu i pare','Tirana','Tirana',NULL,'10057','AL','0695855939',NULL,0,0,NULL,NULL,0.0000,1400.0000,1400.0000,1400.0000,1400.0000,0.0000,0.0000,0.0000,0.0000,0.0000,0.0000,0.0000,0.0000,1400.0000,1400.0000,NULL,'[]',NULL,0.0000,0.0000,1400.0000,1400.0000,0.0000,0.0000,0.0000,NULL,0.0000,0.0000,0,NULL,NULL,NULL,NULL,NULL,NULL,NULL,NULL),(127,43,'2019-01-03 09:09:32','0000-00-00 00:00:00',2,0,NULL,'shipping','ndrukajshpresim@gmail.com',NULL,NULL,NULL,NULL,NULL,NULL,NULL,NULL,NULL,NULL,NULL,NULL,NULL,NULL,1,1,NULL,NULL,0.0000,0.0000,0.0000,0.0000,0.0000,0.0000,0.0000,0.0000,0.0000,0.0000,0.0000,0.0000,0.0000,0.0000,0.0000,NULL,'null',NULL,NULL,NULL,0.0000,NULL,0.0000,0.0000,0.0000,NULL,0.0000,0.0000,0,NULL,NULL,NULL,NULL,NULL,NULL,NULL,NULL),(128,43,'2019-01-03 09:10:09','0000-00-00 00:00:00',2,NULL,1,'billing','ndrukajshpresim@gmail.com',NULL,'Shpresim',NULL,'Ndrukaj',NULL,NULL,'Bulevardi Zogu i pare','Tirana','Tirana',NULL,'10057','AL','0695855939',NULL,0,0,NULL,NULL,0.0000,1500.0000,1500.0000,1500.0000,1500.0000,0.0000,0.0000,0.0000,0.0000,0.0000,0.0000,0.0000,0.0000,1500.0000,1500.0000,NULL,'[]',NULL,0.0000,0.0000,1500.0000,1500.0000,0.0000,0.0000,0.0000,NULL,0.0000,0.0000,0,NULL,NULL,NULL,NULL,NULL,NULL,NULL,NULL),(130,44,'2019-01-03 09:12:53','0000-00-00 00:00:00',2,0,NULL,'shipping','ndrukajshpresim@gmail.com',NULL,NULL,NULL,NULL,NULL,NULL,NULL,NULL,NULL,NULL,NULL,NULL,NULL,NULL,1,1,NULL,NULL,0.0000,0.0000,0.0000,0.0000,0.0000,0.0000,0.0000,0.0000,0.0000,0.0000,0.0000,0.0000,0.0000,0.0000,0.0000,NULL,'null',NULL,NULL,NULL,0.0000,NULL,0.0000,0.0000,0.0000,NULL,0.0000,0.0000,0,NULL,NULL,NULL,NULL,NULL,NULL,NULL,NULL),(131,44,'2019-01-03 09:13:18','0000-00-00 00:00:00',2,NULL,1,'billing','ndrukajshpresim@gmail.com',NULL,'Shpresim',NULL,'Ndrukaj',NULL,NULL,'Bulevardi Zogu i pare','Tirana','Tirana',NULL,'10057','AL','0695855939',NULL,0,0,NULL,NULL,0.0000,1200.0000,1200.0000,1200.0000,1200.0000,0.0000,0.0000,0.0000,0.0000,0.0000,0.0000,0.0000,0.0000,1200.0000,1200.0000,NULL,'[]',NULL,0.0000,0.0000,1200.0000,1200.0000,0.0000,0.0000,0.0000,NULL,0.0000,0.0000,0,NULL,NULL,NULL,NULL,NULL,NULL,NULL,NULL),(133,45,'2019-01-03 09:15:46','0000-00-00 00:00:00',2,0,NULL,'shipping','ndrukajshpresim@gmail.com',NULL,NULL,NULL,NULL,NULL,NULL,NULL,NULL,NULL,NULL,NULL,NULL,NULL,NULL,1,1,NULL,NULL,0.0000,0.0000,0.0000,0.0000,0.0000,0.0000,0.0000,0.0000,0.0000,0.0000,0.0000,0.0000,0.0000,0.0000,0.0000,NULL,'null',NULL,NULL,NULL,0.0000,NULL,0.0000,0.0000,0.0000,NULL,0.0000,0.0000,0,NULL,NULL,NULL,NULL,NULL,NULL,NULL,NULL),(134,45,'2019-01-03 09:16:12','0000-00-00 00:00:00',2,NULL,1,'billing','ndrukajshpresim@gmail.com',NULL,'Shpresim',NULL,'Ndrukaj',NULL,NULL,'Bulevardi Zogu i pare','Tirana','Tirana',NULL,'10057','AL','0695855939',NULL,0,0,NULL,NULL,0.0000,3800.0000,3800.0000,3800.0000,3800.0000,0.0000,0.0000,0.0000,0.0000,0.0000,0.0000,0.0000,0.0000,3800.0000,3800.0000,NULL,'[]',NULL,0.0000,0.0000,3800.0000,3800.0000,0.0000,0.0000,0.0000,NULL,0.0000,0.0000,0,NULL,NULL,NULL,NULL,NULL,NULL,NULL,NULL),(136,46,'2019-01-03 09:24:39','0000-00-00 00:00:00',2,0,NULL,'shipping','ndrukajshpresim@gmail.com',NULL,NULL,NULL,NULL,NULL,NULL,NULL,NULL,NULL,NULL,NULL,NULL,NULL,NULL,1,1,NULL,NULL,0.0000,0.0000,0.0000,0.0000,0.0000,0.0000,0.0000,0.0000,0.0000,0.0000,0.0000,0.0000,0.0000,0.0000,0.0000,NULL,'null',NULL,NULL,NULL,0.0000,NULL,0.0000,0.0000,0.0000,NULL,0.0000,0.0000,0,NULL,NULL,NULL,NULL,NULL,NULL,NULL,NULL),(137,46,'2019-01-03 09:25:15','0000-00-00 00:00:00',2,NULL,1,'billing','ndrukajshpresim@gmail.com',NULL,'Shpresim',NULL,'Ndrukaj',NULL,NULL,'Bulevardi Zogu i pare','Tirana','Tirana',NULL,'10057','AL','0695855939',NULL,0,0,NULL,NULL,0.0000,2100.0000,2100.0000,2100.0000,2100.0000,0.0000,0.0000,0.0000,0.0000,0.0000,0.0000,0.0000,0.0000,2100.0000,2100.0000,NULL,'[]',NULL,0.0000,0.0000,2100.0000,2100.0000,0.0000,0.0000,0.0000,NULL,0.0000,0.0000,0,NULL,NULL,NULL,NULL,NULL,NULL,NULL,NULL),(139,47,'2019-01-03 09:28:55','0000-00-00 00:00:00',2,0,NULL,'shipping','ndrukajshpresim@gmail.com',NULL,NULL,NULL,NULL,NULL,NULL,NULL,NULL,NULL,NULL,NULL,NULL,NULL,NULL,1,1,NULL,NULL,0.0000,0.0000,0.0000,0.0000,0.0000,0.0000,0.0000,0.0000,0.0000,0.0000,0.0000,0.0000,0.0000,0.0000,0.0000,NULL,'null',NULL,NULL,NULL,0.0000,NULL,0.0000,0.0000,0.0000,NULL,0.0000,0.0000,0,NULL,NULL,NULL,NULL,NULL,NULL,NULL,NULL),(140,47,'2019-01-03 09:29:22','0000-00-00 00:00:00',2,NULL,1,'billing','ndrukajshpresim@gmail.com',NULL,'Shpresim',NULL,'Ndrukaj',NULL,NULL,'Bulevardi Zogu i pare','Tirana','Tirana',NULL,'10057','AL','0695855939',NULL,0,0,NULL,NULL,0.0000,2100.0000,2100.0000,2100.0000,2100.0000,0.0000,0.0000,0.0000,0.0000,0.0000,0.0000,0.0000,0.0000,2100.0000,2100.0000,NULL,'[]',NULL,0.0000,0.0000,2100.0000,2100.0000,0.0000,0.0000,0.0000,NULL,0.0000,0.0000,0,NULL,NULL,NULL,NULL,NULL,NULL,NULL,NULL),(142,48,'2019-01-03 09:30:48','0000-00-00 00:00:00',2,0,NULL,'shipping','ndrukajshpresim@gmail.com',NULL,NULL,NULL,NULL,NULL,NULL,NULL,NULL,NULL,NULL,NULL,NULL,NULL,NULL,1,1,NULL,NULL,0.0000,0.0000,0.0000,0.0000,0.0000,0.0000,0.0000,0.0000,0.0000,0.0000,0.0000,0.0000,0.0000,0.0000,0.0000,NULL,'null',NULL,NULL,NULL,0.0000,NULL,0.0000,0.0000,0.0000,NULL,0.0000,0.0000,0,NULL,NULL,NULL,NULL,NULL,NULL,NULL,NULL),(143,48,'2019-01-03 09:31:06','0000-00-00 00:00:00',2,NULL,1,'billing','ndrukajshpresim@gmail.com',NULL,'Shpresim',NULL,'Ndrukaj',NULL,NULL,'Bulevardi Zogu i pare','Tirana','Tirana',NULL,'10057','AL','0695855939',NULL,0,0,NULL,NULL,0.0000,2100.0000,2100.0000,2100.0000,2100.0000,0.0000,0.0000,0.0000,0.0000,0.0000,0.0000,0.0000,0.0000,2100.0000,2100.0000,NULL,'[]',NULL,0.0000,0.0000,2100.0000,2100.0000,0.0000,0.0000,0.0000,NULL,0.0000,0.0000,0,NULL,NULL,NULL,NULL,NULL,NULL,NULL,NULL),(145,49,'2019-01-03 09:41:48','0000-00-00 00:00:00',2,0,NULL,'shipping','ndrukajshpresim@gmail.com',NULL,NULL,NULL,NULL,NULL,NULL,NULL,NULL,NULL,NULL,NULL,NULL,NULL,NULL,1,1,NULL,NULL,0.0000,0.0000,0.0000,0.0000,0.0000,0.0000,0.0000,0.0000,0.0000,0.0000,0.0000,0.0000,0.0000,0.0000,0.0000,NULL,'null',NULL,NULL,NULL,0.0000,NULL,0.0000,0.0000,0.0000,NULL,0.0000,0.0000,0,NULL,NULL,NULL,NULL,NULL,NULL,NULL,NULL),(146,49,'2019-01-03 09:42:10','0000-00-00 00:00:00',2,NULL,1,'billing','ndrukajshpresim@gmail.com',NULL,'Shpresim',NULL,'Ndrukaj',NULL,NULL,'Bulevardi Zogu i pare','Tirana','Tirana',NULL,'10057','AL','0695855939',NULL,0,0,NULL,NULL,0.0000,2100.0000,2100.0000,2100.0000,2100.0000,0.0000,0.0000,0.0000,0.0000,0.0000,0.0000,0.0000,0.0000,2100.0000,2100.0000,NULL,'[]',NULL,0.0000,0.0000,2100.0000,2100.0000,0.0000,0.0000,0.0000,NULL,0.0000,0.0000,0,NULL,NULL,NULL,NULL,NULL,NULL,NULL,NULL),(148,50,'2019-01-03 09:45:26','0000-00-00 00:00:00',2,0,NULL,'shipping','ndrukajshpresim@gmail.com',NULL,NULL,NULL,NULL,NULL,NULL,NULL,NULL,NULL,NULL,NULL,NULL,NULL,NULL,1,1,NULL,NULL,0.0000,0.0000,0.0000,0.0000,0.0000,0.0000,0.0000,0.0000,0.0000,0.0000,0.0000,0.0000,0.0000,0.0000,0.0000,NULL,'null',NULL,NULL,NULL,0.0000,NULL,0.0000,0.0000,0.0000,NULL,0.0000,0.0000,0,NULL,NULL,NULL,NULL,NULL,NULL,NULL,NULL),(149,50,'2019-01-03 09:47:11','0000-00-00 00:00:00',2,NULL,1,'billing','ndrukajshpresim@gmail.com',NULL,'Shpresim',NULL,'Ndrukaj',NULL,NULL,'Bulevardi Zogu i pare','Tirana','Tirana',NULL,'10057','AL','0695855939',NULL,0,0,NULL,NULL,0.0000,6300.0000,6300.0000,6300.0000,6300.0000,0.0000,0.0000,0.0000,0.0000,0.0000,0.0000,0.0000,0.0000,6300.0000,6300.0000,NULL,'[]',NULL,0.0000,0.0000,6300.0000,6300.0000,0.0000,0.0000,0.0000,NULL,0.0000,0.0000,0,NULL,NULL,NULL,NULL,NULL,NULL,NULL,NULL),(151,51,'2019-01-03 10:06:10','0000-00-00 00:00:00',2,0,NULL,'shipping','ndrukajshpresim@gmail.com',NULL,NULL,NULL,NULL,NULL,NULL,NULL,NULL,NULL,NULL,NULL,NULL,NULL,NULL,1,1,NULL,NULL,0.0000,0.0000,0.0000,0.0000,0.0000,0.0000,0.0000,0.0000,0.0000,0.0000,0.0000,0.0000,0.0000,0.0000,0.0000,NULL,'null',NULL,NULL,NULL,0.0000,NULL,0.0000,0.0000,0.0000,NULL,0.0000,0.0000,0,NULL,NULL,NULL,NULL,NULL,NULL,NULL,NULL),(152,51,'2019-01-03 10:06:42','0000-00-00 00:00:00',2,NULL,1,'billing','ndrukajshpresim@gmail.com',NULL,'Shpresim',NULL,'Ndrukaj',NULL,NULL,'Bulevardi Zogu i pare','Tirana','Tirana',NULL,'10057','AL','0695855939',NULL,0,0,NULL,NULL,0.0000,2800.0000,2800.0000,2800.0000,2800.0000,0.0000,0.0000,0.0000,0.0000,0.0000,0.0000,0.0000,0.0000,2800.0000,2800.0000,NULL,'[]',NULL,0.0000,0.0000,2800.0000,2800.0000,0.0000,0.0000,0.0000,NULL,0.0000,0.0000,0,NULL,NULL,NULL,NULL,NULL,NULL,NULL,NULL),(154,52,'2019-01-03 10:07:57','0000-00-00 00:00:00',2,0,NULL,'shipping','ndrukajshpresim@gmail.com',NULL,NULL,NULL,NULL,NULL,NULL,NULL,NULL,NULL,NULL,NULL,NULL,NULL,NULL,1,1,NULL,NULL,0.0000,0.0000,0.0000,0.0000,0.0000,0.0000,0.0000,0.0000,0.0000,0.0000,0.0000,0.0000,0.0000,0.0000,0.0000,NULL,'null',NULL,NULL,NULL,0.0000,NULL,0.0000,0.0000,0.0000,NULL,0.0000,0.0000,0,NULL,NULL,NULL,NULL,NULL,NULL,NULL,NULL),(155,52,'2019-01-03 10:08:22','0000-00-00 00:00:00',2,NULL,1,'billing','ndrukajshpresim@gmail.com',NULL,'Shpresim',NULL,'Ndrukaj',NULL,NULL,'Bulevardi Zogu i pare','Tirana','Tirana',NULL,'10057','AL','0695855939',NULL,0,0,NULL,NULL,0.0000,1400.0000,1400.0000,1400.0000,1400.0000,0.0000,0.0000,0.0000,0.0000,0.0000,0.0000,0.0000,0.0000,1400.0000,1400.0000,NULL,'[]',NULL,0.0000,0.0000,1400.0000,1400.0000,0.0000,0.0000,0.0000,NULL,0.0000,0.0000,0,NULL,NULL,NULL,NULL,NULL,NULL,NULL,NULL),(157,53,'2019-01-03 10:09:50','0000-00-00 00:00:00',2,0,NULL,'shipping','ndrukajshpresim@gmail.com',NULL,NULL,NULL,NULL,NULL,NULL,NULL,NULL,NULL,NULL,NULL,NULL,NULL,NULL,1,1,NULL,NULL,0.0000,0.0000,0.0000,0.0000,0.0000,0.0000,0.0000,0.0000,0.0000,0.0000,0.0000,0.0000,0.0000,0.0000,0.0000,NULL,'null',NULL,NULL,NULL,0.0000,NULL,0.0000,0.0000,0.0000,NULL,0.0000,0.0000,0,NULL,NULL,NULL,NULL,NULL,NULL,NULL,NULL),(158,53,'2019-01-03 10:10:08','0000-00-00 00:00:00',2,NULL,1,'billing','ndrukajshpresim@gmail.com',NULL,'Shpresim',NULL,'Ndrukaj',NULL,NULL,'Bulevardi Zogu i pare','Tirana','Tirana',NULL,'10057','AL','0695855939',NULL,0,0,NULL,NULL,0.0000,1400.0000,1400.0000,1400.0000,1400.0000,0.0000,0.0000,0.0000,0.0000,0.0000,0.0000,0.0000,0.0000,1400.0000,1400.0000,NULL,'[]',NULL,0.0000,0.0000,1400.0000,1400.0000,0.0000,0.0000,0.0000,NULL,0.0000,0.0000,0,NULL,NULL,NULL,NULL,NULL,NULL,NULL,NULL),(160,54,'2019-01-03 10:11:03','0000-00-00 00:00:00',2,0,NULL,'shipping','ndrukajshpresim@gmail.com',NULL,NULL,NULL,NULL,NULL,NULL,NULL,NULL,NULL,NULL,NULL,NULL,NULL,NULL,1,1,NULL,NULL,0.0000,0.0000,0.0000,0.0000,0.0000,0.0000,0.0000,0.0000,0.0000,0.0000,0.0000,0.0000,0.0000,0.0000,0.0000,NULL,'null',NULL,NULL,NULL,0.0000,NULL,0.0000,0.0000,0.0000,NULL,0.0000,0.0000,0,NULL,NULL,NULL,NULL,NULL,NULL,NULL,NULL),(161,54,'2019-01-03 10:11:20','0000-00-00 00:00:00',2,NULL,1,'billing','ndrukajshpresim@gmail.com',NULL,'Shpresim',NULL,'Ndrukaj',NULL,NULL,'Bulevardi Zogu i pare','Tirana','Tirana',NULL,'10057','AL','0695855939',NULL,0,0,NULL,NULL,0.0000,1400.0000,1400.0000,1400.0000,1400.0000,0.0000,0.0000,0.0000,0.0000,0.0000,0.0000,0.0000,0.0000,1400.0000,1400.0000,NULL,'[]',NULL,0.0000,0.0000,1400.0000,1400.0000,0.0000,0.0000,0.0000,NULL,0.0000,0.0000,0,NULL,NULL,NULL,NULL,NULL,NULL,NULL,NULL),(163,55,'2019-01-03 10:12:18','0000-00-00 00:00:00',2,0,NULL,'shipping','ndrukajshpresim@gmail.com',NULL,NULL,NULL,NULL,NULL,NULL,NULL,NULL,NULL,NULL,NULL,NULL,NULL,NULL,1,1,NULL,NULL,0.0000,0.0000,0.0000,0.0000,0.0000,0.0000,0.0000,0.0000,0.0000,0.0000,0.0000,0.0000,0.0000,0.0000,0.0000,NULL,'null',NULL,NULL,NULL,0.0000,NULL,0.0000,0.0000,0.0000,NULL,0.0000,0.0000,0,NULL,NULL,NULL,NULL,NULL,NULL,NULL,NULL),(164,55,'2019-01-03 10:12:51','0000-00-00 00:00:00',2,NULL,1,'billing','ndrukajshpresim@gmail.com',NULL,'Shpresim',NULL,'Ndrukaj',NULL,NULL,'Bulevardi Zogu i pare','Tirana','Tirana',NULL,'10057','AL','0695855939',NULL,0,0,NULL,NULL,0.0000,2100.0000,2100.0000,2100.0000,2100.0000,0.0000,0.0000,0.0000,0.0000,0.0000,0.0000,0.0000,0.0000,2100.0000,2100.0000,NULL,'[]',NULL,0.0000,0.0000,2100.0000,2100.0000,0.0000,0.0000,0.0000,NULL,0.0000,0.0000,0,NULL,NULL,NULL,NULL,NULL,NULL,NULL,NULL),(166,56,'2019-01-03 10:32:36','0000-00-00 00:00:00',2,0,NULL,'shipping','ndrukajshpresim@gmail.com',NULL,NULL,NULL,NULL,NULL,NULL,NULL,NULL,NULL,NULL,NULL,NULL,NULL,NULL,1,1,NULL,NULL,0.0000,0.0000,0.0000,0.0000,0.0000,0.0000,0.0000,0.0000,0.0000,0.0000,0.0000,0.0000,0.0000,0.0000,0.0000,NULL,'null',NULL,NULL,NULL,0.0000,NULL,0.0000,0.0000,0.0000,NULL,0.0000,0.0000,0,NULL,NULL,NULL,NULL,NULL,NULL,NULL,NULL),(167,56,'2019-01-03 10:56:07','0000-00-00 00:00:00',2,NULL,1,'billing','ndrukajshpresim@gmail.com',NULL,'Shpresim',NULL,'Ndrukaj',NULL,NULL,'Bulevardi Zogu i pare','Tirana','Tirana',NULL,'10057','AL','0695855939',NULL,0,0,NULL,NULL,0.0000,4200.0000,4200.0000,4200.0000,4200.0000,0.0000,0.0000,0.0000,0.0000,0.0000,0.0000,0.0000,0.0000,4200.0000,4200.0000,NULL,'[]',NULL,0.0000,0.0000,4200.0000,4200.0000,0.0000,0.0000,0.0000,NULL,0.0000,0.0000,0,NULL,NULL,NULL,NULL,NULL,NULL,NULL,NULL),(169,57,'2019-01-03 10:57:12','0000-00-00 00:00:00',2,0,NULL,'shipping','ndrukajshpresim@gmail.com',NULL,NULL,NULL,NULL,NULL,NULL,NULL,NULL,NULL,NULL,NULL,NULL,NULL,NULL,1,1,NULL,NULL,0.0000,0.0000,0.0000,0.0000,0.0000,0.0000,0.0000,0.0000,0.0000,0.0000,0.0000,0.0000,0.0000,0.0000,0.0000,NULL,'null',NULL,NULL,NULL,0.0000,NULL,0.0000,0.0000,0.0000,NULL,0.0000,0.0000,0,NULL,NULL,NULL,NULL,NULL,NULL,NULL,NULL),(170,57,'2019-01-03 10:57:46','0000-00-00 00:00:00',2,NULL,1,'billing','ndrukajshpresim@gmail.com',NULL,'Shpresim',NULL,'Ndrukaj',NULL,NULL,'Bulevardi Zogu i pare','Tirana','Tirana',NULL,'10057','AL','0695855939',NULL,0,0,NULL,NULL,0.0000,2100.0000,2100.0000,2100.0000,2100.0000,0.0000,0.0000,0.0000,0.0000,0.0000,0.0000,0.0000,0.0000,2100.0000,2100.0000,NULL,'[]',NULL,0.0000,0.0000,2100.0000,2100.0000,0.0000,0.0000,0.0000,NULL,0.0000,0.0000,0,NULL,NULL,NULL,NULL,NULL,NULL,NULL,NULL),(172,58,'2019-01-03 11:00:27','0000-00-00 00:00:00',2,0,NULL,'shipping','ndrukajshpresim@gmail.com',NULL,NULL,NULL,NULL,NULL,NULL,NULL,NULL,NULL,NULL,NULL,NULL,NULL,NULL,1,1,NULL,NULL,0.0000,0.0000,0.0000,0.0000,0.0000,0.0000,0.0000,0.0000,0.0000,0.0000,0.0000,0.0000,0.0000,0.0000,0.0000,NULL,'null',NULL,NULL,NULL,0.0000,NULL,0.0000,0.0000,0.0000,NULL,0.0000,0.0000,0,NULL,NULL,NULL,NULL,NULL,NULL,NULL,NULL),(173,58,'2019-01-03 11:00:50','0000-00-00 00:00:00',2,NULL,1,'billing','ndrukajshpresim@gmail.com',NULL,'Shpresim',NULL,'Ndrukaj',NULL,NULL,'Bulevardi Zogu i pare','Tirana','Tirana',NULL,'10057','AL','0695855939',NULL,0,0,NULL,NULL,0.0000,4200.0000,4200.0000,4200.0000,4200.0000,0.0000,0.0000,0.0000,0.0000,0.0000,0.0000,0.0000,0.0000,4200.0000,4200.0000,NULL,'[]',NULL,0.0000,0.0000,4200.0000,4200.0000,0.0000,0.0000,0.0000,NULL,0.0000,0.0000,0,NULL,NULL,NULL,NULL,NULL,NULL,NULL,NULL),(175,59,'2019-01-03 11:01:33','0000-00-00 00:00:00',2,0,NULL,'shipping','ndrukajshpresim@gmail.com',NULL,NULL,NULL,NULL,NULL,NULL,NULL,NULL,NULL,NULL,NULL,NULL,NULL,NULL,1,1,NULL,NULL,0.0000,0.0000,0.0000,0.0000,0.0000,0.0000,0.0000,0.0000,0.0000,0.0000,0.0000,0.0000,0.0000,0.0000,0.0000,NULL,'null',NULL,NULL,NULL,0.0000,NULL,0.0000,0.0000,0.0000,NULL,0.0000,0.0000,0,NULL,NULL,NULL,NULL,NULL,NULL,NULL,NULL),(176,59,'2019-01-03 11:02:53','0000-00-00 00:00:00',2,NULL,1,'billing','ndrukajshpresim@gmail.com',NULL,'Shpresim',NULL,'Ndrukaj',NULL,NULL,'Bulevardi Zogu i pare','Tirana','Tirana',NULL,'10057','AL','0695855939',NULL,0,0,NULL,NULL,0.0000,4200.0000,4200.0000,4200.0000,4200.0000,0.0000,0.0000,0.0000,0.0000,0.0000,0.0000,0.0000,0.0000,4200.0000,4200.0000,NULL,'[]',NULL,0.0000,0.0000,4200.0000,4200.0000,0.0000,0.0000,0.0000,NULL,0.0000,0.0000,0,NULL,NULL,NULL,NULL,NULL,NULL,NULL,NULL),(178,60,'2019-01-03 11:13:06','0000-00-00 00:00:00',2,0,NULL,'shipping','ndrukajshpresim@gmail.com',NULL,NULL,NULL,NULL,NULL,NULL,NULL,NULL,NULL,NULL,NULL,NULL,NULL,NULL,1,1,NULL,NULL,0.0000,0.0000,0.0000,0.0000,0.0000,0.0000,0.0000,0.0000,0.0000,0.0000,0.0000,0.0000,0.0000,0.0000,0.0000,NULL,'null',NULL,NULL,NULL,0.0000,NULL,0.0000,0.0000,0.0000,NULL,0.0000,0.0000,0,NULL,NULL,NULL,NULL,NULL,NULL,NULL,NULL),(179,60,'2019-01-03 11:13:36','0000-00-00 00:00:00',2,NULL,1,'billing','ndrukajshpresim@gmail.com',NULL,'Shpresim',NULL,'Ndrukaj',NULL,NULL,'Bulevardi Zogu i pare','Tirana','Tirana',NULL,'10057','AL','0695855939',NULL,0,0,NULL,NULL,0.0000,2100.0000,2100.0000,2100.0000,2100.0000,0.0000,0.0000,0.0000,0.0000,0.0000,0.0000,0.0000,0.0000,2100.0000,2100.0000,NULL,'[]',NULL,0.0000,0.0000,2100.0000,2100.0000,0.0000,0.0000,0.0000,NULL,0.0000,0.0000,0,NULL,NULL,NULL,NULL,NULL,NULL,NULL,NULL),(181,61,'2019-01-03 11:14:07','0000-00-00 00:00:00',2,0,NULL,'shipping','ndrukajshpresim@gmail.com',NULL,NULL,NULL,NULL,NULL,NULL,NULL,NULL,NULL,NULL,NULL,NULL,NULL,NULL,1,1,NULL,NULL,0.0000,0.0000,0.0000,0.0000,0.0000,0.0000,0.0000,0.0000,0.0000,0.0000,0.0000,0.0000,0.0000,0.0000,0.0000,NULL,'null',NULL,NULL,NULL,0.0000,NULL,0.0000,0.0000,0.0000,NULL,0.0000,0.0000,0,NULL,NULL,NULL,NULL,NULL,NULL,NULL,NULL),(182,61,'2019-01-03 11:14:24','0000-00-00 00:00:00',2,NULL,1,'billing','ndrukajshpresim@gmail.com',NULL,'Shpresim',NULL,'Ndrukaj',NULL,NULL,'Bulevardi Zogu i pare','Tirana','Tirana',NULL,'10057','AL','0695855939',NULL,0,0,NULL,NULL,0.0000,2100.0000,2100.0000,2100.0000,2100.0000,0.0000,0.0000,0.0000,0.0000,0.0000,0.0000,0.0000,0.0000,2100.0000,2100.0000,NULL,'[]',NULL,0.0000,0.0000,2100.0000,2100.0000,0.0000,0.0000,0.0000,NULL,0.0000,0.0000,0,NULL,NULL,NULL,NULL,NULL,NULL,NULL,NULL),(184,62,'2019-01-03 12:17:58','0000-00-00 00:00:00',NULL,0,NULL,'shipping',NULL,NULL,NULL,NULL,NULL,NULL,NULL,NULL,NULL,NULL,NULL,NULL,NULL,NULL,NULL,1,1,NULL,NULL,0.0000,0.0000,0.0000,0.0000,0.0000,0.0000,0.0000,0.0000,0.0000,0.0000,0.0000,0.0000,0.0000,0.0000,0.0000,NULL,'null',NULL,NULL,NULL,0.0000,NULL,0.0000,0.0000,0.0000,NULL,0.0000,0.0000,0,NULL,NULL,NULL,NULL,NULL,NULL,NULL,NULL),(185,62,'2019-01-03 12:19:15','0000-00-00 00:00:00',2,NULL,1,'billing','ndrukajshpresim@gmail.com',NULL,'Shpresim',NULL,'Ndrukaj',NULL,NULL,'Bulevardi Zogu i pare','Tirana','Tirana',NULL,'10057','AL','0695855939',NULL,0,0,NULL,NULL,0.0000,4200.0000,4200.0000,4200.0000,4200.0000,0.0000,0.0000,0.0000,0.0000,0.0000,0.0000,0.0000,0.0000,4200.0000,4200.0000,NULL,'[]',NULL,0.0000,0.0000,4200.0000,4200.0000,0.0000,0.0000,0.0000,NULL,0.0000,0.0000,0,NULL,NULL,NULL,NULL,NULL,NULL,NULL,NULL),(187,63,'2019-01-03 12:20:15','0000-00-00 00:00:00',2,0,NULL,'shipping','ndrukajshpresim@gmail.com',NULL,NULL,NULL,NULL,NULL,NULL,NULL,NULL,NULL,NULL,NULL,NULL,NULL,NULL,1,1,NULL,NULL,0.0000,0.0000,0.0000,0.0000,0.0000,0.0000,0.0000,0.0000,0.0000,0.0000,0.0000,0.0000,0.0000,0.0000,0.0000,NULL,'null',NULL,NULL,NULL,0.0000,NULL,0.0000,0.0000,0.0000,NULL,0.0000,0.0000,0,NULL,NULL,NULL,NULL,NULL,NULL,NULL,NULL),(188,63,'2019-01-03 12:20:41','0000-00-00 00:00:00',2,NULL,1,'billing','ndrukajshpresim@gmail.com',NULL,'Shpresim',NULL,'Ndrukaj',NULL,NULL,'Bulevardi Zogu i pare','Tirana','Tirana',NULL,'10057','AL','0695855939',NULL,0,0,NULL,NULL,0.0000,3800.0000,3800.0000,3800.0000,3800.0000,0.0000,0.0000,0.0000,0.0000,0.0000,0.0000,0.0000,0.0000,3800.0000,3800.0000,NULL,'[]',NULL,0.0000,0.0000,3800.0000,3800.0000,0.0000,0.0000,0.0000,NULL,0.0000,0.0000,0,NULL,NULL,NULL,NULL,NULL,NULL,NULL,NULL),(190,64,'2019-01-03 12:21:55','0000-00-00 00:00:00',2,0,NULL,'shipping','ndrukajshpresim@gmail.com',NULL,NULL,NULL,NULL,NULL,NULL,NULL,NULL,NULL,NULL,NULL,NULL,NULL,NULL,1,1,NULL,NULL,0.0000,0.0000,0.0000,0.0000,0.0000,0.0000,0.0000,0.0000,0.0000,0.0000,0.0000,0.0000,0.0000,0.0000,0.0000,NULL,'null',NULL,NULL,NULL,0.0000,NULL,0.0000,0.0000,0.0000,NULL,0.0000,0.0000,0,NULL,NULL,NULL,NULL,NULL,NULL,NULL,NULL),(191,64,'2019-01-03 12:22:13','0000-00-00 00:00:00',2,NULL,1,'billing','ndrukajshpresim@gmail.com',NULL,'Shpresim',NULL,'Ndrukaj',NULL,NULL,'Bulevardi Zogu i pare','Tirana','Tirana',NULL,'10057','AL','0695855939',NULL,0,0,NULL,NULL,0.0000,1900.0000,1900.0000,1900.0000,1900.0000,0.0000,0.0000,0.0000,0.0000,0.0000,0.0000,0.0000,0.0000,1900.0000,1900.0000,NULL,'[]',NULL,0.0000,0.0000,1900.0000,1900.0000,0.0000,0.0000,0.0000,NULL,0.0000,0.0000,0,NULL,NULL,NULL,NULL,NULL,NULL,NULL,NULL),(193,65,'2019-01-03 12:24:14','0000-00-00 00:00:00',2,0,NULL,'shipping','ndrukajshpresim@gmail.com',NULL,NULL,NULL,NULL,NULL,NULL,NULL,NULL,NULL,NULL,NULL,NULL,NULL,NULL,1,1,NULL,NULL,0.0000,0.0000,0.0000,0.0000,0.0000,0.0000,0.0000,0.0000,0.0000,0.0000,0.0000,0.0000,0.0000,0.0000,0.0000,NULL,'null',NULL,NULL,NULL,0.0000,NULL,0.0000,0.0000,0.0000,NULL,0.0000,0.0000,0,NULL,NULL,NULL,NULL,NULL,NULL,NULL,NULL),(194,65,'2019-01-03 12:24:35','0000-00-00 00:00:00',2,NULL,1,'billing','ndrukajshpresim@gmail.com',NULL,'Shpresim',NULL,'Ndrukaj',NULL,NULL,'Bulevardi Zogu i pare','Tirana','Tirana',NULL,'10057','AL','0695855939',NULL,0,0,NULL,NULL,0.0000,1900.0000,1900.0000,1900.0000,1900.0000,0.0000,0.0000,0.0000,0.0000,0.0000,0.0000,0.0000,0.0000,1900.0000,1900.0000,NULL,'[]',NULL,0.0000,0.0000,1900.0000,1900.0000,0.0000,0.0000,0.0000,NULL,0.0000,0.0000,0,NULL,NULL,NULL,NULL,NULL,NULL,NULL,NULL),(196,66,'2019-01-03 12:25:57','0000-00-00 00:00:00',2,0,NULL,'shipping','ndrukajshpresim@gmail.com',NULL,NULL,NULL,NULL,NULL,NULL,NULL,NULL,NULL,NULL,NULL,NULL,NULL,NULL,1,1,NULL,NULL,0.0000,0.0000,0.0000,0.0000,0.0000,0.0000,0.0000,0.0000,0.0000,0.0000,0.0000,0.0000,0.0000,0.0000,0.0000,NULL,'null',NULL,NULL,NULL,0.0000,NULL,0.0000,0.0000,0.0000,NULL,0.0000,0.0000,0,NULL,NULL,NULL,NULL,NULL,NULL,NULL,NULL),(197,66,'2019-01-03 12:26:14','0000-00-00 00:00:00',2,NULL,1,'billing','ndrukajshpresim@gmail.com',NULL,'Shpresim',NULL,'Ndrukaj',NULL,NULL,'Bulevardi Zogu i pare','Tirana','Tirana',NULL,'10057','AL','0695855939',NULL,0,0,NULL,NULL,0.0000,3800.0000,3800.0000,3800.0000,3800.0000,0.0000,0.0000,0.0000,0.0000,0.0000,0.0000,0.0000,0.0000,3800.0000,3800.0000,NULL,'[]',NULL,0.0000,0.0000,3800.0000,3800.0000,0.0000,0.0000,0.0000,NULL,0.0000,0.0000,0,NULL,NULL,NULL,NULL,NULL,NULL,NULL,NULL),(199,67,'2019-01-03 12:28:23','0000-00-00 00:00:00',2,0,NULL,'shipping','ndrukajshpresim@gmail.com',NULL,NULL,NULL,NULL,NULL,NULL,NULL,NULL,NULL,NULL,NULL,NULL,NULL,NULL,1,1,NULL,NULL,0.0000,0.0000,0.0000,0.0000,0.0000,0.0000,0.0000,0.0000,0.0000,0.0000,0.0000,0.0000,0.0000,0.0000,0.0000,NULL,'null',NULL,NULL,NULL,0.0000,NULL,0.0000,0.0000,0.0000,NULL,0.0000,0.0000,0,NULL,NULL,NULL,NULL,NULL,NULL,NULL,NULL),(200,67,'2019-01-03 12:28:40','0000-00-00 00:00:00',2,NULL,1,'billing','ndrukajshpresim@gmail.com',NULL,'Shpresim',NULL,'Ndrukaj',NULL,NULL,'Bulevardi Zogu i pare','Tirana','Tirana',NULL,'10057','AL','0695855939',NULL,0,0,NULL,NULL,0.0000,3800.0000,3800.0000,3800.0000,3800.0000,0.0000,0.0000,0.0000,0.0000,0.0000,0.0000,0.0000,0.0000,3800.0000,3800.0000,NULL,'[]',NULL,0.0000,0.0000,3800.0000,3800.0000,0.0000,0.0000,0.0000,NULL,0.0000,0.0000,0,NULL,NULL,NULL,NULL,NULL,NULL,NULL,NULL),(202,68,'2019-01-03 12:30:20','0000-00-00 00:00:00',2,0,NULL,'shipping','ndrukajshpresim@gmail.com',NULL,NULL,NULL,NULL,NULL,NULL,NULL,NULL,NULL,NULL,NULL,NULL,NULL,NULL,1,1,NULL,NULL,0.0000,0.0000,0.0000,0.0000,0.0000,0.0000,0.0000,0.0000,0.0000,0.0000,0.0000,0.0000,0.0000,0.0000,0.0000,NULL,'null',NULL,NULL,NULL,0.0000,NULL,0.0000,0.0000,0.0000,NULL,0.0000,0.0000,0,NULL,NULL,NULL,NULL,NULL,NULL,NULL,NULL),(203,68,'2019-01-03 12:30:37','0000-00-00 00:00:00',2,NULL,1,'billing','ndrukajshpresim@gmail.com',NULL,'Shpresim',NULL,'Ndrukaj',NULL,NULL,'Bulevardi Zogu i pare','Tirana','Tirana',NULL,'10057','AL','0695855939',NULL,0,0,NULL,NULL,0.0000,3800.0000,3800.0000,3800.0000,3800.0000,0.0000,0.0000,0.0000,0.0000,0.0000,0.0000,0.0000,0.0000,3800.0000,3800.0000,NULL,'[]',NULL,0.0000,0.0000,3800.0000,3800.0000,0.0000,0.0000,0.0000,NULL,0.0000,0.0000,0,NULL,NULL,NULL,NULL,NULL,NULL,NULL,NULL),(205,69,'2019-01-03 12:31:54','0000-00-00 00:00:00',2,0,NULL,'shipping','ndrukajshpresim@gmail.com',NULL,NULL,NULL,NULL,NULL,NULL,NULL,NULL,NULL,NULL,NULL,NULL,NULL,NULL,1,1,NULL,NULL,0.0000,0.0000,0.0000,0.0000,0.0000,0.0000,0.0000,0.0000,0.0000,0.0000,0.0000,0.0000,0.0000,0.0000,0.0000,NULL,'null',NULL,NULL,NULL,0.0000,NULL,0.0000,0.0000,0.0000,NULL,0.0000,0.0000,0,NULL,NULL,NULL,NULL,NULL,NULL,NULL,NULL),(206,69,'2019-01-03 12:32:12','0000-00-00 00:00:00',2,NULL,1,'billing','ndrukajshpresim@gmail.com',NULL,'Shpresim',NULL,'Ndrukaj',NULL,NULL,'Bulevardi Zogu i pare','Tirana','Tirana',NULL,'10057','AL','0695855939',NULL,0,0,NULL,NULL,0.0000,3800.0000,3800.0000,3800.0000,3800.0000,0.0000,0.0000,0.0000,0.0000,0.0000,0.0000,0.0000,0.0000,3800.0000,3800.0000,NULL,'[]',NULL,0.0000,0.0000,3800.0000,3800.0000,0.0000,0.0000,0.0000,NULL,0.0000,0.0000,0,NULL,NULL,NULL,NULL,NULL,NULL,NULL,NULL),(208,70,'2019-01-03 12:33:21','0000-00-00 00:00:00',2,0,NULL,'shipping','ndrukajshpresim@gmail.com',NULL,NULL,NULL,NULL,NULL,NULL,NULL,NULL,NULL,NULL,NULL,NULL,NULL,NULL,1,1,NULL,NULL,0.0000,0.0000,0.0000,0.0000,0.0000,0.0000,0.0000,0.0000,0.0000,0.0000,0.0000,0.0000,0.0000,0.0000,0.0000,NULL,'null',NULL,NULL,NULL,0.0000,NULL,0.0000,0.0000,0.0000,NULL,0.0000,0.0000,0,NULL,NULL,NULL,NULL,NULL,NULL,NULL,NULL),(209,70,'2019-01-03 12:33:40','0000-00-00 00:00:00',2,NULL,1,'billing','ndrukajshpresim@gmail.com',NULL,'Shpresim',NULL,'Ndrukaj',NULL,NULL,'Bulevardi Zogu i pare','Tirana','Tirana',NULL,'10057','AL','0695855939',NULL,0,0,NULL,NULL,0.0000,3800.0000,3800.0000,3800.0000,3800.0000,0.0000,0.0000,0.0000,0.0000,0.0000,0.0000,0.0000,0.0000,3800.0000,3800.0000,NULL,'[]',NULL,0.0000,0.0000,3800.0000,3800.0000,0.0000,0.0000,0.0000,NULL,0.0000,0.0000,0,NULL,NULL,NULL,NULL,NULL,NULL,NULL,NULL),(211,71,'2019-01-03 12:53:52','0000-00-00 00:00:00',2,0,NULL,'shipping','ndrukajshpresim@gmail.com',NULL,NULL,NULL,NULL,NULL,NULL,NULL,NULL,NULL,NULL,NULL,NULL,NULL,NULL,1,1,NULL,NULL,0.0000,0.0000,0.0000,0.0000,0.0000,0.0000,0.0000,0.0000,0.0000,0.0000,0.0000,0.0000,0.0000,0.0000,0.0000,NULL,'null',NULL,NULL,NULL,0.0000,NULL,0.0000,0.0000,0.0000,NULL,0.0000,0.0000,0,NULL,NULL,NULL,NULL,NULL,NULL,NULL,NULL),(212,71,'2019-01-03 12:54:19','0000-00-00 00:00:00',2,NULL,1,'billing','ndrukajshpresim@gmail.com',NULL,'Shpresim',NULL,'Ndrukaj',NULL,NULL,'Bulevardi Zogu i pare','Tirana','Tirana',NULL,'10057','AL','0695855939',NULL,0,0,NULL,NULL,0.0000,3800.0000,3800.0000,3800.0000,3800.0000,0.0000,0.0000,0.0000,0.0000,0.0000,0.0000,0.0000,0.0000,3800.0000,3800.0000,NULL,'[]',NULL,0.0000,0.0000,3800.0000,3800.0000,0.0000,0.0000,0.0000,NULL,0.0000,0.0000,0,NULL,NULL,NULL,NULL,NULL,NULL,NULL,NULL),(214,72,'2019-01-03 12:55:54','0000-00-00 00:00:00',2,0,NULL,'shipping','ndrukajshpresim@gmail.com',NULL,NULL,NULL,NULL,NULL,NULL,NULL,NULL,NULL,NULL,NULL,NULL,NULL,NULL,1,1,NULL,NULL,0.0000,0.0000,0.0000,0.0000,0.0000,0.0000,0.0000,0.0000,0.0000,0.0000,0.0000,0.0000,0.0000,0.0000,0.0000,NULL,'null',NULL,NULL,NULL,0.0000,NULL,0.0000,0.0000,0.0000,NULL,0.0000,0.0000,0,NULL,NULL,NULL,NULL,NULL,NULL,NULL,NULL),(215,72,'2019-01-03 12:56:29','0000-00-00 00:00:00',2,NULL,1,'billing','ndrukajshpresim@gmail.com',NULL,'Shpresim',NULL,'Ndrukaj',NULL,NULL,'Bulevardi Zogu i pare','Tirana','Tirana',NULL,'10057','AL','0695855939',NULL,0,0,NULL,NULL,0.0000,8400.0000,8400.0000,8400.0000,8400.0000,0.0000,0.0000,0.0000,0.0000,0.0000,0.0000,0.0000,0.0000,8400.0000,8400.0000,NULL,'[]',NULL,0.0000,0.0000,8400.0000,8400.0000,0.0000,0.0000,0.0000,NULL,0.0000,0.0000,0,NULL,NULL,NULL,NULL,NULL,NULL,NULL,NULL),(217,73,'2019-01-03 12:58:26','0000-00-00 00:00:00',2,0,NULL,'shipping','ndrukajshpresim@gmail.com',NULL,NULL,NULL,NULL,NULL,NULL,NULL,NULL,NULL,NULL,NULL,NULL,NULL,NULL,1,1,NULL,NULL,0.0000,0.0000,0.0000,0.0000,0.0000,0.0000,0.0000,0.0000,0.0000,0.0000,0.0000,0.0000,0.0000,0.0000,0.0000,NULL,'null',NULL,NULL,NULL,0.0000,NULL,0.0000,0.0000,0.0000,NULL,0.0000,0.0000,0,NULL,NULL,NULL,NULL,NULL,NULL,NULL,NULL),(218,73,'2019-01-03 13:00:17','0000-00-00 00:00:00',2,NULL,1,'billing','ndrukajshpresim@gmail.com',NULL,'Shpresim',NULL,'Ndrukaj',NULL,NULL,'Bulevardi Zogu i pare','Tirana','Tirana',NULL,'10057','AL','0695855939',NULL,0,0,NULL,NULL,0.0000,9990.0000,9990.0000,9990.0000,9990.0000,0.0000,0.0000,0.0000,0.0000,0.0000,0.0000,0.0000,0.0000,9990.0000,9990.0000,NULL,'[]',NULL,0.0000,0.0000,9990.0000,9990.0000,0.0000,0.0000,0.0000,NULL,0.0000,0.0000,0,NULL,NULL,NULL,NULL,NULL,NULL,NULL,NULL),(220,74,'2019-01-03 13:06:19','0000-00-00 00:00:00',2,0,NULL,'shipping','ndrukajshpresim@gmail.com',NULL,NULL,NULL,NULL,NULL,NULL,NULL,NULL,NULL,NULL,NULL,NULL,NULL,NULL,1,1,NULL,NULL,0.0000,0.0000,0.0000,0.0000,0.0000,0.0000,0.0000,0.0000,0.0000,0.0000,0.0000,0.0000,0.0000,0.0000,0.0000,NULL,'null',NULL,NULL,NULL,0.0000,NULL,0.0000,0.0000,0.0000,NULL,0.0000,0.0000,0,NULL,NULL,NULL,NULL,NULL,NULL,NULL,NULL),(221,74,'2019-01-03 13:07:38','0000-00-00 00:00:00',2,NULL,1,'billing','ndrukajshpresim@gmail.com',NULL,'Shpresim',NULL,'Ndrukaj',NULL,NULL,'Bulevardi Zogu i pare','Tirana','Tirana',NULL,'10057','AL','0695855939',NULL,0,0,NULL,NULL,0.0000,5000.0000,5000.0000,5000.0000,5000.0000,0.0000,0.0000,0.0000,0.0000,0.0000,0.0000,0.0000,0.0000,5000.0000,5000.0000,NULL,'[]',NULL,0.0000,0.0000,5000.0000,5000.0000,0.0000,0.0000,0.0000,NULL,0.0000,0.0000,0,NULL,NULL,NULL,NULL,NULL,NULL,NULL,NULL),(223,75,'2019-01-03 13:09:42','0000-00-00 00:00:00',2,0,NULL,'shipping','ndrukajshpresim@gmail.com',NULL,NULL,NULL,NULL,NULL,NULL,NULL,NULL,NULL,NULL,NULL,NULL,NULL,NULL,1,1,NULL,NULL,0.0000,0.0000,0.0000,0.0000,0.0000,0.0000,0.0000,0.0000,0.0000,0.0000,0.0000,0.0000,0.0000,0.0000,0.0000,NULL,'null',NULL,NULL,NULL,0.0000,NULL,0.0000,0.0000,0.0000,NULL,0.0000,0.0000,0,NULL,NULL,NULL,NULL,NULL,NULL,NULL,NULL),(224,75,'2019-01-03 13:10:43','0000-00-00 00:00:00',2,NULL,1,'billing','ndrukajshpresim@gmail.com',NULL,'Shpresim',NULL,'Ndrukaj',NULL,NULL,'Bulevardi Zogu i pare','Tirana','Tirana',NULL,'10057','AL','0695855939',NULL,0,0,NULL,NULL,0.0000,3800.0000,3800.0000,3800.0000,3800.0000,0.0000,0.0000,0.0000,0.0000,0.0000,0.0000,0.0000,0.0000,3800.0000,3800.0000,NULL,'[]',NULL,0.0000,0.0000,3800.0000,3800.0000,0.0000,0.0000,0.0000,NULL,0.0000,0.0000,0,NULL,NULL,NULL,NULL,NULL,NULL,NULL,NULL),(226,76,'2019-01-03 13:12:10','0000-00-00 00:00:00',2,0,NULL,'shipping','ndrukajshpresim@gmail.com',NULL,NULL,NULL,NULL,NULL,NULL,NULL,NULL,NULL,NULL,NULL,NULL,NULL,NULL,1,1,NULL,NULL,0.0000,0.0000,0.0000,0.0000,0.0000,0.0000,0.0000,0.0000,0.0000,0.0000,0.0000,0.0000,0.0000,0.0000,0.0000,NULL,'null',NULL,NULL,NULL,0.0000,NULL,0.0000,0.0000,0.0000,NULL,0.0000,0.0000,0,NULL,NULL,NULL,NULL,NULL,NULL,NULL,NULL),(227,76,'2019-01-03 13:13:15','0000-00-00 00:00:00',2,NULL,1,'billing','ndrukajshpresim@gmail.com',NULL,'Shpresim',NULL,'Ndrukaj',NULL,NULL,'Bulevardi Zogu i pare','Tirana','Tirana',NULL,'10057','AL','0695855939',NULL,0,0,NULL,NULL,0.0000,7700.0000,7700.0000,7700.0000,7700.0000,0.0000,0.0000,0.0000,0.0000,0.0000,0.0000,0.0000,0.0000,7700.0000,7700.0000,NULL,'[]',NULL,0.0000,0.0000,7700.0000,7700.0000,0.0000,0.0000,0.0000,NULL,0.0000,0.0000,0,NULL,NULL,NULL,NULL,NULL,NULL,NULL,NULL),(229,77,'2019-01-03 13:17:59','0000-00-00 00:00:00',2,0,NULL,'shipping','ndrukajshpresim@gmail.com',NULL,NULL,NULL,NULL,NULL,NULL,NULL,NULL,NULL,NULL,NULL,NULL,NULL,NULL,1,1,NULL,NULL,0.0000,0.0000,0.0000,0.0000,0.0000,0.0000,0.0000,0.0000,0.0000,0.0000,0.0000,0.0000,0.0000,0.0000,0.0000,NULL,'null',NULL,NULL,NULL,0.0000,NULL,0.0000,0.0000,0.0000,NULL,0.0000,0.0000,0,NULL,NULL,NULL,NULL,NULL,NULL,NULL,NULL),(230,77,'2019-01-03 13:18:21','0000-00-00 00:00:00',2,NULL,1,'billing','ndrukajshpresim@gmail.com',NULL,'Shpresim',NULL,'Ndrukaj',NULL,NULL,'Bulevardi Zogu i pare','Tirana','Tirana',NULL,'10057','AL','0695855939',NULL,0,0,NULL,NULL,0.0000,3600.0000,3600.0000,3600.0000,3600.0000,0.0000,0.0000,0.0000,0.0000,0.0000,0.0000,0.0000,0.0000,3600.0000,3600.0000,NULL,'[]',NULL,0.0000,0.0000,3600.0000,3600.0000,0.0000,0.0000,0.0000,NULL,0.0000,0.0000,0,NULL,NULL,NULL,NULL,NULL,NULL,NULL,NULL),(232,78,'2019-01-03 13:19:35','0000-00-00 00:00:00',2,0,NULL,'shipping','ndrukajshpresim@gmail.com',NULL,NULL,NULL,NULL,NULL,NULL,NULL,NULL,NULL,NULL,NULL,NULL,NULL,NULL,1,1,NULL,NULL,0.0000,0.0000,0.0000,0.0000,0.0000,0.0000,0.0000,0.0000,0.0000,0.0000,0.0000,0.0000,0.0000,0.0000,0.0000,NULL,'null',NULL,NULL,NULL,0.0000,NULL,0.0000,0.0000,0.0000,NULL,0.0000,0.0000,0,NULL,NULL,NULL,NULL,NULL,NULL,NULL,NULL),(233,78,'2019-01-03 13:20:04','0000-00-00 00:00:00',2,NULL,1,'billing','ndrukajshpresim@gmail.com',NULL,'Shpresim',NULL,'Ndrukaj',NULL,NULL,'Bulevardi Zogu i pare','Tirana','Tirana',NULL,'10057','AL','0695855939',NULL,0,0,NULL,NULL,0.0000,4200.0000,4200.0000,4200.0000,4200.0000,0.0000,0.0000,0.0000,0.0000,0.0000,0.0000,0.0000,0.0000,4200.0000,4200.0000,NULL,'[]',NULL,0.0000,0.0000,4200.0000,4200.0000,0.0000,0.0000,0.0000,NULL,0.0000,0.0000,0,NULL,NULL,NULL,NULL,NULL,NULL,NULL,NULL),(235,79,'2019-01-03 13:20:34','0000-00-00 00:00:00',2,0,NULL,'shipping','ndrukajshpresim@gmail.com',NULL,NULL,NULL,NULL,NULL,NULL,NULL,NULL,NULL,NULL,NULL,NULL,NULL,NULL,1,1,NULL,NULL,0.0000,0.0000,0.0000,0.0000,0.0000,0.0000,0.0000,0.0000,0.0000,0.0000,0.0000,0.0000,0.0000,0.0000,0.0000,NULL,'null',NULL,NULL,NULL,0.0000,NULL,0.0000,0.0000,0.0000,NULL,0.0000,0.0000,0,NULL,NULL,NULL,NULL,NULL,NULL,NULL,NULL),(236,79,'2019-01-03 13:20:55','0000-00-00 00:00:00',2,NULL,1,'billing','ndrukajshpresim@gmail.com',NULL,'Shpresim',NULL,'Ndrukaj',NULL,NULL,'Bulevardi Zogu i pare','Tirana','Tirana',NULL,'10057','AL','0695855939',NULL,0,0,NULL,NULL,0.0000,1400.0000,1400.0000,1400.0000,1400.0000,0.0000,0.0000,0.0000,0.0000,0.0000,0.0000,0.0000,0.0000,1400.0000,1400.0000,NULL,'[]',NULL,0.0000,0.0000,1400.0000,1400.0000,0.0000,0.0000,0.0000,NULL,0.0000,0.0000,0,NULL,NULL,NULL,NULL,NULL,NULL,NULL,NULL),(238,80,'2019-01-03 13:22:09','0000-00-00 00:00:00',2,0,NULL,'shipping','ndrukajshpresim@gmail.com',NULL,NULL,NULL,NULL,NULL,NULL,NULL,NULL,NULL,NULL,NULL,NULL,NULL,NULL,1,1,NULL,NULL,0.0000,0.0000,0.0000,0.0000,0.0000,0.0000,0.0000,0.0000,0.0000,0.0000,0.0000,0.0000,0.0000,0.0000,0.0000,NULL,'null',NULL,NULL,NULL,0.0000,NULL,0.0000,0.0000,0.0000,NULL,0.0000,0.0000,0,NULL,NULL,NULL,NULL,NULL,NULL,NULL,NULL),(239,80,'2019-01-03 13:22:52','0000-00-00 00:00:00',2,NULL,1,'billing','ndrukajshpresim@gmail.com',NULL,'Shpresim',NULL,'Ndrukaj',NULL,NULL,'Bulevardi Zogu i pare','Tirana','Tirana',NULL,'10057','AL','0695855939',NULL,0,0,NULL,NULL,0.0000,2800.0000,2800.0000,2800.0000,2800.0000,0.0000,0.0000,0.0000,0.0000,0.0000,0.0000,0.0000,0.0000,2800.0000,2800.0000,NULL,'[]',NULL,0.0000,0.0000,2800.0000,2800.0000,0.0000,0.0000,0.0000,NULL,0.0000,0.0000,0,NULL,NULL,NULL,NULL,NULL,NULL,NULL,NULL),(241,81,'2019-01-03 13:25:04','0000-00-00 00:00:00',2,0,NULL,'shipping','ndrukajshpresim@gmail.com',NULL,NULL,NULL,NULL,NULL,NULL,NULL,NULL,NULL,NULL,NULL,NULL,NULL,NULL,1,1,NULL,NULL,0.0000,0.0000,0.0000,0.0000,0.0000,0.0000,0.0000,0.0000,0.0000,0.0000,0.0000,0.0000,0.0000,0.0000,0.0000,NULL,'null',NULL,NULL,NULL,0.0000,NULL,0.0000,0.0000,0.0000,NULL,0.0000,0.0000,0,NULL,NULL,NULL,NULL,NULL,NULL,NULL,NULL),(242,81,'2019-01-03 13:25:26','0000-00-00 00:00:00',2,NULL,1,'billing','ndrukajshpresim@gmail.com',NULL,'Shpresim',NULL,'Ndrukaj',NULL,NULL,'Bulevardi Zogu i pare','Tirana','Tirana',NULL,'10057','AL','0695855939',NULL,0,0,NULL,NULL,0.0000,2800.0000,2800.0000,2800.0000,2800.0000,0.0000,0.0000,0.0000,0.0000,0.0000,0.0000,0.0000,0.0000,2800.0000,2800.0000,NULL,'[]',NULL,0.0000,0.0000,2800.0000,2800.0000,0.0000,0.0000,0.0000,NULL,0.0000,0.0000,0,NULL,NULL,NULL,NULL,NULL,NULL,NULL,NULL),(244,82,'2019-01-03 13:29:54','0000-00-00 00:00:00',2,0,NULL,'shipping','ndrukajshpresim@gmail.com',NULL,NULL,NULL,NULL,NULL,NULL,NULL,NULL,NULL,NULL,NULL,NULL,NULL,NULL,1,1,NULL,NULL,0.0000,0.0000,0.0000,0.0000,0.0000,0.0000,0.0000,0.0000,0.0000,0.0000,0.0000,0.0000,0.0000,0.0000,0.0000,NULL,'null',NULL,NULL,NULL,0.0000,NULL,0.0000,0.0000,0.0000,NULL,0.0000,0.0000,0,NULL,NULL,NULL,NULL,NULL,NULL,NULL,NULL),(245,82,'2019-01-03 13:30:53','0000-00-00 00:00:00',2,NULL,1,'billing','ndrukajshpresim@gmail.com',NULL,'Shpresim',NULL,'Ndrukaj',NULL,NULL,'Bulevardi Zogu i pare','Tirana','Tirana',NULL,'10057','AL','0695855939',NULL,0,0,NULL,NULL,0.0000,4700.0000,4700.0000,4700.0000,4700.0000,0.0000,0.0000,0.0000,0.0000,0.0000,0.0000,0.0000,0.0000,4700.0000,4700.0000,NULL,'[]',NULL,0.0000,0.0000,4700.0000,4700.0000,0.0000,0.0000,0.0000,NULL,0.0000,0.0000,0,NULL,NULL,NULL,NULL,NULL,NULL,NULL,NULL),(247,83,'2019-01-03 13:39:19','0000-00-00 00:00:00',2,0,NULL,'shipping','ndrukajshpresim@gmail.com',NULL,NULL,NULL,NULL,NULL,NULL,NULL,NULL,NULL,NULL,NULL,NULL,NULL,NULL,1,1,NULL,NULL,0.0000,0.0000,0.0000,0.0000,0.0000,0.0000,0.0000,0.0000,0.0000,0.0000,0.0000,0.0000,0.0000,0.0000,0.0000,NULL,'null',NULL,NULL,NULL,0.0000,NULL,0.0000,0.0000,0.0000,NULL,0.0000,0.0000,0,NULL,NULL,NULL,NULL,NULL,NULL,NULL,NULL),(248,83,'2019-01-03 13:40:32','0000-00-00 00:00:00',2,NULL,1,'billing','ndrukajshpresim@gmail.com',NULL,'Shpresim',NULL,'Ndrukaj',NULL,NULL,'Bulevardi Zogu i pare','Tirana','Tirana',NULL,'10057','AL','0695855939',NULL,0,0,NULL,NULL,0.0000,4900.0000,4900.0000,4900.0000,4900.0000,0.0000,0.0000,0.0000,0.0000,0.0000,0.0000,0.0000,0.0000,4900.0000,4900.0000,NULL,'[]',NULL,0.0000,0.0000,4900.0000,4900.0000,0.0000,0.0000,0.0000,NULL,0.0000,0.0000,0,NULL,NULL,NULL,NULL,NULL,NULL,NULL,NULL),(250,84,'2019-01-03 13:50:13','0000-00-00 00:00:00',2,0,NULL,'shipping','ndrukajshpresim@gmail.com',NULL,NULL,NULL,NULL,NULL,NULL,NULL,NULL,NULL,NULL,NULL,NULL,NULL,NULL,1,1,NULL,NULL,0.0000,0.0000,0.0000,0.0000,0.0000,0.0000,0.0000,0.0000,0.0000,0.0000,0.0000,0.0000,0.0000,0.0000,0.0000,NULL,'null',NULL,NULL,NULL,0.0000,NULL,0.0000,0.0000,0.0000,NULL,0.0000,0.0000,0,NULL,NULL,NULL,NULL,NULL,NULL,NULL,NULL),(251,84,'2019-01-03 13:51:14','0000-00-00 00:00:00',2,NULL,1,'billing','ndrukajshpresim@gmail.com',NULL,'Shpresim',NULL,'Ndrukaj',NULL,NULL,'Bulevardi Zogu i pare','Tirana','Tirana',NULL,'10057','AL','0695855939',NULL,0,0,NULL,NULL,0.0000,6930.0000,6930.0000,6930.0000,6930.0000,0.0000,0.0000,0.0000,0.0000,0.0000,0.0000,0.0000,0.0000,6930.0000,6930.0000,NULL,'[]',NULL,0.0000,0.0000,6930.0000,6930.0000,0.0000,0.0000,0.0000,NULL,0.0000,0.0000,0,NULL,NULL,NULL,NULL,NULL,NULL,NULL,NULL),(253,85,'2019-01-03 14:21:47','0000-00-00 00:00:00',2,0,NULL,'shipping','ndrukajshpresim@gmail.com',NULL,NULL,NULL,NULL,NULL,NULL,NULL,NULL,NULL,NULL,NULL,NULL,NULL,NULL,1,1,NULL,NULL,0.0000,0.0000,0.0000,0.0000,0.0000,0.0000,0.0000,0.0000,0.0000,0.0000,0.0000,0.0000,0.0000,0.0000,0.0000,NULL,'null',NULL,NULL,NULL,0.0000,NULL,0.0000,0.0000,0.0000,NULL,0.0000,0.0000,0,NULL,NULL,NULL,NULL,NULL,NULL,NULL,NULL),(254,85,'2019-01-03 14:23:01','0000-00-00 00:00:00',2,NULL,1,'billing','ndrukajshpresim@gmail.com',NULL,'Shpresim',NULL,'Ndrukaj',NULL,NULL,'Bulevardi Zogu i pare','Tirana','Tirana',NULL,'10057','AL','0695855939',NULL,0,0,NULL,NULL,0.0000,9000.0000,9000.0000,9000.0000,9000.0000,0.0000,0.0000,0.0000,0.0000,0.0000,0.0000,0.0000,0.0000,9000.0000,9000.0000,NULL,'[]',NULL,0.0000,0.0000,9000.0000,9000.0000,0.0000,0.0000,0.0000,NULL,0.0000,0.0000,0,NULL,NULL,NULL,NULL,NULL,NULL,NULL,NULL),(256,86,'2019-01-03 16:14:38','0000-00-00 00:00:00',2,0,NULL,'shipping','ndrukajshpresim@gmail.com',NULL,NULL,NULL,NULL,NULL,NULL,NULL,NULL,NULL,NULL,NULL,NULL,NULL,NULL,1,0,NULL,NULL,0.0000,0.0000,0.0000,0.0000,0.0000,0.0000,0.0000,0.0000,0.0000,0.0000,0.0000,0.0000,0.0000,0.0000,0.0000,NULL,'null',NULL,NULL,NULL,0.0000,NULL,0.0000,0.0000,0.0000,NULL,0.0000,0.0000,0,NULL,NULL,NULL,NULL,NULL,NULL,NULL,NULL),(257,87,'2019-01-11 19:17:46','0000-00-00 00:00:00',NULL,0,NULL,'billing',NULL,NULL,NULL,NULL,NULL,NULL,NULL,NULL,NULL,NULL,NULL,NULL,NULL,NULL,NULL,0,0,NULL,NULL,0.0000,4500.0000,4500.0000,4500.0000,4500.0000,0.0000,0.0000,0.0000,0.0000,0.0000,0.0000,0.0000,0.0000,4500.0000,4500.0000,NULL,'[]',NULL,0.0000,0.0000,4500.0000,4500.0000,0.0000,0.0000,0.0000,NULL,0.0000,0.0000,0,NULL,NULL,NULL,NULL,NULL,NULL,NULL,NULL),(258,87,'2019-01-11 19:17:46','0000-00-00 00:00:00',NULL,0,NULL,'shipping',NULL,NULL,NULL,NULL,NULL,NULL,NULL,NULL,NULL,NULL,NULL,NULL,NULL,NULL,NULL,1,1,NULL,NULL,0.0000,0.0000,0.0000,0.0000,0.0000,0.0000,0.0000,0.0000,0.0000,0.0000,0.0000,0.0000,0.0000,0.0000,0.0000,NULL,'null',NULL,NULL,NULL,0.0000,NULL,0.0000,0.0000,0.0000,NULL,0.0000,0.0000,0,NULL,NULL,NULL,NULL,NULL,NULL,NULL,NULL),(261,88,'2019-03-09 20:08:28','0000-00-00 00:00:00',NULL,0,NULL,'billing',NULL,NULL,NULL,NULL,NULL,NULL,NULL,NULL,NULL,NULL,NULL,NULL,NULL,NULL,NULL,0,0,NULL,NULL,0.0000,0.0000,0.0000,0.0000,0.0000,0.0000,0.0000,0.0000,0.0000,0.0000,0.0000,0.0000,0.0000,0.0000,0.0000,NULL,'null',NULL,NULL,NULL,0.0000,NULL,0.0000,0.0000,0.0000,NULL,0.0000,0.0000,0,NULL,NULL,NULL,NULL,NULL,NULL,NULL,NULL),(262,88,'2019-03-09 20:08:28','0000-00-00 00:00:00',NULL,0,NULL,'shipping',NULL,NULL,NULL,NULL,NULL,NULL,NULL,NULL,NULL,NULL,NULL,NULL,NULL,NULL,NULL,1,1,NULL,NULL,0.0000,0.0000,0.0000,0.0000,0.0000,0.0000,0.0000,0.0000,0.0000,0.0000,0.0000,0.0000,0.0000,0.0000,0.0000,NULL,'null',NULL,NULL,NULL,0.0000,NULL,0.0000,0.0000,0.0000,NULL,0.0000,0.0000,0,NULL,NULL,NULL,NULL,NULL,NULL,NULL,NULL),(273,86,'2019-03-16 16:47:26','0000-00-00 00:00:00',2,NULL,1,'billing','ndrukajshpresim@gmail.com',NULL,'Shpresim',NULL,'Ndrukaj',NULL,NULL,'Bulevardi Zogu i pare','Tirana','Tirana',NULL,'10057','AL','0695855939',NULL,0,0,NULL,NULL,0.0000,2000.0000,18.0200,2000.0000,18.0200,0.0000,0.0000,0.0000,0.0000,0.0000,0.0000,0.0000,0.0000,2000.0000,18.0200,NULL,'[]',NULL,0.0000,0.0000,2000.0000,18.0200,0.0000,0.0000,0.0000,NULL,0.0000,0.0000,0,NULL,NULL,NULL,NULL,NULL,NULL,NULL,NULL),(278,90,'2019-03-16 22:58:00','0000-00-00 00:00:00',2,0,NULL,'billing','ndrukajshpresim@gmail.com',NULL,NULL,NULL,NULL,NULL,NULL,NULL,NULL,NULL,NULL,NULL,NULL,NULL,NULL,0,0,NULL,NULL,0.0000,0.0000,0.0000,0.0000,0.0000,0.0000,0.0000,0.0000,0.0000,0.0000,0.0000,0.0000,0.0000,0.0000,0.0000,NULL,'null',NULL,NULL,NULL,0.0000,NULL,0.0000,0.0000,0.0000,NULL,0.0000,0.0000,0,NULL,NULL,NULL,NULL,NULL,NULL,NULL,NULL),(279,90,'2019-03-16 22:58:00','0000-00-00 00:00:00',2,0,NULL,'shipping','ndrukajshpresim@gmail.com',NULL,NULL,NULL,NULL,NULL,NULL,NULL,NULL,NULL,NULL,NULL,NULL,NULL,NULL,1,1,NULL,NULL,0.0000,0.0000,0.0000,0.0000,0.0000,0.0000,0.0000,0.0000,0.0000,0.0000,0.0000,0.0000,0.0000,0.0000,0.0000,NULL,'null',NULL,NULL,NULL,0.0000,NULL,0.0000,0.0000,0.0000,NULL,0.0000,0.0000,0,NULL,NULL,NULL,NULL,NULL,NULL,NULL,NULL),(281,91,'2019-03-16 23:12:46','0000-00-00 00:00:00',4,0,NULL,'shipping','demoomed@demo.com',NULL,NULL,NULL,NULL,NULL,NULL,NULL,NULL,NULL,NULL,NULL,NULL,NULL,NULL,1,1,NULL,NULL,0.0000,0.0000,0.0000,0.0000,0.0000,0.0000,0.0000,0.0000,0.0000,0.0000,0.0000,0.0000,0.0000,0.0000,0.0000,NULL,'null',NULL,NULL,NULL,0.0000,NULL,0.0000,0.0000,0.0000,NULL,0.0000,0.0000,0,NULL,NULL,NULL,NULL,NULL,NULL,NULL,NULL),(297,92,'2019-03-22 15:01:11','0000-00-00 00:00:00',5,0,NULL,'shipping','ndrukajshpresim@gmail.com',NULL,NULL,NULL,NULL,NULL,NULL,NULL,NULL,NULL,NULL,NULL,NULL,NULL,NULL,1,1,NULL,NULL,0.0000,0.0000,0.0000,0.0000,0.0000,0.0000,0.0000,0.0000,0.0000,0.0000,0.0000,0.0000,0.0000,0.0000,0.0000,NULL,'null',NULL,NULL,NULL,0.0000,NULL,0.0000,0.0000,0.0000,NULL,0.0000,0.0000,0,NULL,NULL,NULL,NULL,NULL,NULL,NULL,NULL),(308,93,'2019-03-22 22:32:26','0000-00-00 00:00:00',NULL,0,NULL,'billing',NULL,NULL,NULL,NULL,NULL,NULL,NULL,NULL,NULL,NULL,NULL,NULL,NULL,NULL,NULL,0,0,NULL,NULL,0.0000,2000.0000,1770.9100,2000.0000,1770.9100,0.0000,0.0000,0.0000,0.0000,0.0000,0.0000,0.0000,0.0000,2000.0000,1770.9100,NULL,'[]',NULL,0.0000,0.0000,2000.0000,1770.9100,0.0000,0.0000,0.0000,NULL,0.0000,0.0000,0,NULL,NULL,NULL,NULL,NULL,NULL,NULL,NULL),(309,93,'2019-03-22 22:32:26','0000-00-00 00:00:00',NULL,0,NULL,'shipping',NULL,NULL,NULL,NULL,NULL,NULL,NULL,NULL,NULL,NULL,NULL,NULL,NULL,NULL,NULL,1,1,NULL,NULL,0.0000,0.0000,0.0000,0.0000,0.0000,0.0000,0.0000,0.0000,0.0000,0.0000,0.0000,0.0000,0.0000,0.0000,0.0000,NULL,'null',NULL,NULL,NULL,0.0000,NULL,0.0000,0.0000,0.0000,NULL,0.0000,0.0000,0,NULL,NULL,NULL,NULL,NULL,NULL,NULL,NULL),(312,92,'2019-03-23 17:18:26','0000-00-00 00:00:00',5,NULL,3,'billing','ndrukajshpresim@gmail.com',NULL,'Shpresim',NULL,'Ndrukaj',NULL,NULL,'Bulevardi Zogu i pare\nBulevardi Zogu i pare\nBulevardi Zogu i pare','Tirana','Tirana',NULL,'1005','AL','0695855939',NULL,0,0,NULL,NULL,0.0000,2000.0000,1770.9100,2000.0000,1770.9100,0.0000,0.0000,0.0000,0.0000,0.0000,0.0000,0.0000,0.0000,2000.0000,1770.9100,NULL,'[]',NULL,0.0000,0.0000,2000.0000,1770.9100,0.0000,0.0000,0.0000,NULL,0.0000,0.0000,0,NULL,NULL,NULL,NULL,NULL,NULL,NULL,NULL),(314,95,'2019-03-23 17:19:09','0000-00-00 00:00:00',5,0,NULL,'shipping','ndrukajshpresim@gmail.com',NULL,NULL,NULL,NULL,NULL,NULL,NULL,NULL,NULL,NULL,NULL,NULL,NULL,NULL,1,1,NULL,NULL,0.0000,0.0000,0.0000,0.0000,0.0000,0.0000,0.0000,0.0000,0.0000,0.0000,0.0000,0.0000,0.0000,0.0000,0.0000,NULL,'null',NULL,NULL,NULL,0.0000,NULL,0.0000,0.0000,0.0000,NULL,0.0000,0.0000,0,NULL,NULL,NULL,NULL,NULL,NULL,NULL,NULL),(315,95,'2019-03-23 17:19:54','0000-00-00 00:00:00',5,NULL,3,'billing','ndrukajshpresim@gmail.com',NULL,'Shpresim',NULL,'Ndrukaj',NULL,NULL,'Bulevardi Zogu i pare\nBulevardi Zogu i pare\nBulevardi Zogu i pare','Tirana','Tirana',NULL,'1005','AL','0695855939',NULL,0,0,NULL,NULL,0.0000,2000.0000,1770.9100,2000.0000,1770.9100,0.0000,0.0000,0.0000,0.0000,0.0000,0.0000,0.0000,0.0000,2000.0000,1770.9100,NULL,'[]',NULL,0.0000,0.0000,2000.0000,1770.9100,0.0000,0.0000,0.0000,NULL,0.0000,0.0000,0,NULL,NULL,NULL,NULL,NULL,NULL,NULL,NULL),(343,96,'2019-03-24 10:16:19','0000-00-00 00:00:00',5,0,NULL,'shipping','ndrukajshpresim@gmail.com',NULL,NULL,NULL,NULL,NULL,NULL,NULL,NULL,NULL,NULL,NULL,NULL,NULL,NULL,1,1,NULL,NULL,0.0000,0.0000,0.0000,0.0000,0.0000,0.0000,0.0000,0.0000,0.0000,0.0000,0.0000,0.0000,0.0000,0.0000,0.0000,NULL,'null',NULL,NULL,NULL,0.0000,NULL,0.0000,0.0000,0.0000,NULL,0.0000,0.0000,0,NULL,NULL,NULL,NULL,NULL,NULL,NULL,NULL),(344,96,'2019-03-24 10:50:46','0000-00-00 00:00:00',5,NULL,3,'billing','ndrukajshpresim@gmail.com',NULL,'Shpresim',NULL,'Ndrukaj',NULL,NULL,'Bulevardi Zogu i pare\nBulevardi Zogu i pare\nBulevardi Zogu i pare','Tirana','Tirana',NULL,'1005','AL','0695855939',NULL,0,0,NULL,NULL,0.0000,2258.7300,2000.0000,2258.7300,2000.0000,0.0000,0.0000,0.0000,0.0000,0.0000,0.0000,0.0000,0.0000,2258.7300,2000.0000,NULL,'[]',NULL,0.0000,0.0000,2258.7300,2000.0000,0.0000,0.0000,0.0000,NULL,0.0000,0.0000,0,NULL,NULL,NULL,NULL,NULL,NULL,NULL,NULL),(365,98,'2019-03-24 17:22:48','0000-00-00 00:00:00',NULL,0,NULL,'billing',NULL,NULL,NULL,NULL,NULL,NULL,NULL,NULL,NULL,NULL,NULL,NULL,NULL,NULL,NULL,0,0,NULL,NULL,0.0000,2000.0000,2000.0000,2000.0000,2000.0000,0.0000,0.0000,0.0000,0.0000,0.0000,0.0000,0.0000,0.0000,2000.0000,2000.0000,NULL,'[]',NULL,0.0000,0.0000,2000.0000,2000.0000,0.0000,0.0000,0.0000,NULL,0.0000,0.0000,0,NULL,NULL,NULL,NULL,NULL,NULL,NULL,NULL),(366,98,'2019-03-24 17:22:48','0000-00-00 00:00:00',NULL,0,NULL,'shipping',NULL,NULL,NULL,NULL,NULL,NULL,NULL,NULL,NULL,NULL,NULL,NULL,NULL,NULL,NULL,1,1,NULL,NULL,0.0000,0.0000,0.0000,0.0000,0.0000,0.0000,0.0000,0.0000,0.0000,0.0000,0.0000,0.0000,0.0000,0.0000,0.0000,NULL,'null',NULL,NULL,NULL,0.0000,NULL,0.0000,0.0000,0.0000,NULL,0.0000,0.0000,0,NULL,NULL,NULL,NULL,NULL,NULL,NULL,NULL),(393,99,'2019-03-24 22:14:34','0000-00-00 00:00:00',NULL,0,NULL,'billing',NULL,NULL,NULL,NULL,NULL,NULL,NULL,NULL,NULL,NULL,NULL,NULL,NULL,NULL,NULL,0,0,NULL,NULL,0.0000,1200.0000,1200.0000,1200.0000,1200.0000,0.0000,0.0000,0.0000,0.0000,0.0000,0.0000,0.0000,0.0000,1200.0000,1200.0000,NULL,'[]',NULL,0.0000,0.0000,1200.0000,1200.0000,0.0000,0.0000,0.0000,NULL,0.0000,0.0000,0,NULL,NULL,NULL,NULL,NULL,NULL,NULL,NULL),(394,99,'2019-03-24 22:14:34','0000-00-00 00:00:00',NULL,0,NULL,'shipping',NULL,NULL,NULL,NULL,NULL,NULL,NULL,NULL,NULL,NULL,NULL,NULL,NULL,NULL,NULL,1,1,NULL,NULL,0.0000,0.0000,0.0000,0.0000,0.0000,0.0000,0.0000,0.0000,0.0000,0.0000,0.0000,0.0000,0.0000,0.0000,0.0000,NULL,'null',NULL,NULL,NULL,0.0000,NULL,0.0000,0.0000,0.0000,NULL,0.0000,0.0000,0,NULL,NULL,NULL,NULL,NULL,NULL,NULL,NULL),(403,100,'2019-03-25 16:30:16','0000-00-00 00:00:00',NULL,0,NULL,'billing',NULL,NULL,NULL,NULL,NULL,NULL,NULL,NULL,NULL,NULL,NULL,NULL,NULL,NULL,NULL,0,0,NULL,NULL,0.0000,2000.0000,2000.0000,2000.0000,2000.0000,0.0000,0.0000,0.0000,0.0000,0.0000,0.0000,0.0000,0.0000,2000.0000,2000.0000,NULL,'[]',NULL,0.0000,0.0000,2000.0000,2000.0000,0.0000,0.0000,0.0000,NULL,0.0000,0.0000,0,NULL,NULL,NULL,NULL,NULL,NULL,NULL,NULL),(404,100,'2019-03-25 16:30:16','0000-00-00 00:00:00',NULL,0,NULL,'shipping',NULL,NULL,NULL,NULL,NULL,NULL,NULL,NULL,NULL,NULL,NULL,NULL,NULL,NULL,NULL,1,1,NULL,NULL,0.0000,0.0000,0.0000,0.0000,0.0000,0.0000,0.0000,0.0000,0.0000,0.0000,0.0000,0.0000,0.0000,0.0000,0.0000,NULL,'null',NULL,NULL,NULL,0.0000,NULL,0.0000,0.0000,0.0000,NULL,0.0000,0.0000,0,NULL,NULL,NULL,NULL,NULL,NULL,NULL,NULL),(405,101,'2019-03-26 15:30:00','0000-00-00 00:00:00',NULL,0,NULL,'billing',NULL,NULL,NULL,NULL,NULL,NULL,NULL,NULL,NULL,NULL,NULL,NULL,NULL,NULL,NULL,0,0,NULL,NULL,0.0000,100.0000,88.5500,100.0000,88.5500,0.0000,0.0000,0.0000,0.0000,0.0000,0.0000,0.0000,0.0000,100.0000,88.5500,NULL,'[]',NULL,0.0000,0.0000,100.0000,88.5500,0.0000,0.0000,0.0000,NULL,0.0000,0.0000,0,NULL,NULL,NULL,NULL,NULL,NULL,NULL,NULL),(406,101,'2019-03-26 15:30:00','0000-00-00 00:00:00',NULL,0,NULL,'shipping',NULL,NULL,NULL,NULL,NULL,NULL,NULL,NULL,NULL,NULL,NULL,NULL,NULL,NULL,NULL,1,1,NULL,NULL,0.0000,0.0000,0.0000,0.0000,0.0000,0.0000,0.0000,0.0000,0.0000,0.0000,0.0000,0.0000,0.0000,0.0000,0.0000,NULL,'null',NULL,NULL,NULL,0.0000,NULL,0.0000,0.0000,0.0000,NULL,0.0000,0.0000,0,NULL,NULL,NULL,NULL,NULL,NULL,NULL,NULL),(407,102,'2019-03-26 17:17:08','0000-00-00 00:00:00',NULL,0,NULL,'billing',NULL,NULL,NULL,NULL,NULL,NULL,NULL,NULL,NULL,NULL,NULL,NULL,NULL,NULL,NULL,0,0,NULL,NULL,0.0000,2000.0000,2000.0000,2000.0000,2000.0000,0.0000,0.0000,0.0000,0.0000,0.0000,0.0000,0.0000,0.0000,2000.0000,2000.0000,NULL,'[]',NULL,0.0000,0.0000,2000.0000,2000.0000,0.0000,0.0000,0.0000,NULL,0.0000,0.0000,0,NULL,NULL,NULL,NULL,NULL,NULL,NULL,NULL),(408,102,'2019-03-26 17:17:08','0000-00-00 00:00:00',NULL,0,NULL,'shipping',NULL,NULL,NULL,NULL,NULL,NULL,NULL,NULL,NULL,NULL,NULL,NULL,NULL,NULL,NULL,1,1,NULL,NULL,0.0000,0.0000,0.0000,0.0000,0.0000,0.0000,0.0000,0.0000,0.0000,0.0000,0.0000,0.0000,0.0000,0.0000,0.0000,NULL,'null',NULL,NULL,NULL,0.0000,NULL,0.0000,0.0000,0.0000,NULL,0.0000,0.0000,0,NULL,NULL,NULL,NULL,NULL,NULL,NULL,NULL),(409,103,'2019-03-26 18:49:44','0000-00-00 00:00:00',NULL,0,NULL,'billing',NULL,NULL,NULL,NULL,NULL,NULL,NULL,NULL,NULL,NULL,NULL,NULL,NULL,NULL,NULL,0,0,NULL,NULL,0.0000,2000.0000,2000.0000,2000.0000,2000.0000,0.0000,0.0000,0.0000,0.0000,0.0000,0.0000,0.0000,0.0000,2000.0000,2000.0000,NULL,'[]',NULL,0.0000,0.0000,2000.0000,2000.0000,0.0000,0.0000,0.0000,NULL,0.0000,0.0000,0,NULL,NULL,NULL,NULL,NULL,NULL,NULL,NULL),(410,103,'2019-03-26 18:49:44','0000-00-00 00:00:00',NULL,0,NULL,'shipping',NULL,NULL,NULL,NULL,NULL,NULL,NULL,NULL,NULL,NULL,NULL,NULL,NULL,NULL,NULL,1,1,NULL,NULL,0.0000,0.0000,0.0000,0.0000,0.0000,0.0000,0.0000,0.0000,0.0000,0.0000,0.0000,0.0000,0.0000,0.0000,0.0000,NULL,'null',NULL,NULL,NULL,0.0000,NULL,0.0000,0.0000,0.0000,NULL,0.0000,0.0000,0,NULL,NULL,NULL,NULL,NULL,NULL,NULL,NULL),(412,97,'2019-03-26 22:27:12','0000-00-00 00:00:00',5,0,NULL,'shipping','ndrukajshpresim@gmail.com',NULL,NULL,NULL,NULL,NULL,NULL,NULL,NULL,NULL,NULL,NULL,NULL,NULL,NULL,1,1,NULL,NULL,0.0000,0.0000,0.0000,0.0000,0.0000,0.0000,0.0000,0.0000,0.0000,0.0000,0.0000,0.0000,0.0000,0.0000,0.0000,NULL,'null',NULL,NULL,NULL,0.0000,NULL,0.0000,0.0000,0.0000,NULL,0.0000,0.0000,0,NULL,NULL,NULL,NULL,NULL,NULL,NULL,NULL),(413,97,'2019-03-27 16:01:56','0000-00-00 00:00:00',5,NULL,3,'billing','ndrukajshpresim@gmail.com',NULL,'Shpresim',NULL,'Ndrukaj',NULL,NULL,'Bulevardi Zogu i pare\nBulevardi Zogu i pare\nBulevardi Zogu i pare','Tirana','Tirana',NULL,'1005','AL','0695855939',NULL,0,0,NULL,NULL,0.0000,2000.0000,1770.9100,2000.0000,1770.9100,0.0000,0.0000,0.0000,0.0000,0.0000,0.0000,0.0000,0.0000,2000.0000,1770.9100,NULL,'[]',NULL,0.0000,0.0000,2000.0000,1770.9100,0.0000,0.0000,0.0000,NULL,0.0000,0.0000,0,NULL,NULL,NULL,NULL,NULL,NULL,NULL,NULL),(419,104,'2019-03-27 16:25:55','0000-00-00 00:00:00',5,0,NULL,'shipping','ndrukajshpresim@gmail.com',NULL,NULL,NULL,NULL,NULL,NULL,NULL,NULL,NULL,NULL,NULL,NULL,NULL,NULL,1,1,NULL,NULL,0.0000,0.0000,0.0000,0.0000,0.0000,0.0000,0.0000,0.0000,0.0000,0.0000,0.0000,0.0000,0.0000,0.0000,0.0000,NULL,'null',NULL,NULL,NULL,0.0000,NULL,0.0000,0.0000,0.0000,NULL,0.0000,0.0000,0,NULL,NULL,NULL,NULL,NULL,NULL,NULL,NULL),(420,104,'2019-03-27 16:57:26','0000-00-00 00:00:00',5,NULL,3,'billing','ndrukajshpresim@gmail.com',NULL,'Shpresim',NULL,'Ndrukaj',NULL,NULL,'Bulevardi Zogu i pare\nBulevardi Zogu i pare\nBulevardi Zogu i pare','Tirana','Tirana',NULL,'1005','AL','0695855939',NULL,0,0,NULL,NULL,0.0000,2000.0000,1770.9100,2000.0000,1770.9100,0.0000,0.0000,0.0000,0.0000,0.0000,0.0000,0.0000,0.0000,2000.0000,1770.9100,NULL,'[]',NULL,0.0000,0.0000,2000.0000,1770.9100,0.0000,0.0000,0.0000,NULL,0.0000,0.0000,0,NULL,NULL,NULL,NULL,NULL,NULL,NULL,NULL),(424,105,'2019-03-27 17:00:22','0000-00-00 00:00:00',5,0,NULL,'shipping','ndrukajshpresim@gmail.com',NULL,NULL,NULL,NULL,NULL,NULL,NULL,NULL,NULL,NULL,NULL,NULL,NULL,NULL,1,1,NULL,NULL,0.0000,0.0000,0.0000,0.0000,0.0000,0.0000,0.0000,0.0000,0.0000,0.0000,0.0000,0.0000,0.0000,0.0000,0.0000,NULL,'null',NULL,NULL,NULL,0.0000,NULL,0.0000,0.0000,0.0000,NULL,0.0000,0.0000,0,NULL,NULL,NULL,NULL,NULL,NULL,NULL,NULL),(425,105,'2019-03-27 17:04:34','0000-00-00 00:00:00',5,NULL,3,'billing','ndrukajshpresim@gmail.com',NULL,'Shpresim',NULL,'Ndrukaj',NULL,NULL,'Bulevardi Zogu i pare\nBulevardi Zogu i pare\nBulevardi Zogu i pare','Tirana','Tirana',NULL,'1005','AL','0695855939',NULL,0,0,NULL,NULL,0.0000,2000.0000,2000.0000,2000.0000,2000.0000,0.0000,0.0000,0.0000,0.0000,0.0000,0.0000,0.0000,0.0000,2000.0000,2000.0000,NULL,'[]',NULL,0.0000,0.0000,2000.0000,2000.0000,0.0000,0.0000,0.0000,NULL,0.0000,0.0000,0,NULL,NULL,NULL,NULL,NULL,NULL,NULL,NULL),(427,106,'2019-03-27 17:07:32','0000-00-00 00:00:00',5,0,NULL,'shipping','ndrukajshpresim@gmail.com',NULL,NULL,NULL,NULL,NULL,NULL,NULL,NULL,NULL,NULL,NULL,NULL,NULL,NULL,1,1,NULL,NULL,0.0000,0.0000,0.0000,0.0000,0.0000,0.0000,0.0000,0.0000,0.0000,0.0000,0.0000,0.0000,0.0000,0.0000,0.0000,NULL,'null',NULL,NULL,NULL,0.0000,NULL,0.0000,0.0000,0.0000,NULL,0.0000,0.0000,0,NULL,NULL,NULL,NULL,NULL,NULL,NULL,NULL),(428,106,'2019-03-27 17:28:23','0000-00-00 00:00:00',5,NULL,3,'billing','ndrukajshpresim@gmail.com',NULL,'Shpresim',NULL,'Ndrukaj',NULL,NULL,'Bulevardi Zogu i pare\nBulevardi Zogu i pare\nBulevardi Zogu i pare','Tirana','Tirana',NULL,'1005','AL','0695855939',NULL,0,0,NULL,NULL,0.0000,2000.0000,1770.9100,2000.0000,1770.9100,0.0000,0.0000,0.0000,0.0000,0.0000,0.0000,0.0000,0.0000,2000.0000,1770.9100,NULL,'[]',NULL,0.0000,0.0000,2000.0000,1770.9100,0.0000,0.0000,0.0000,NULL,0.0000,0.0000,0,NULL,NULL,NULL,NULL,NULL,NULL,NULL,NULL),(430,107,'2019-03-27 17:30:19','0000-00-00 00:00:00',5,0,NULL,'shipping','ndrukajshpresim@gmail.com',NULL,NULL,NULL,NULL,NULL,NULL,NULL,NULL,NULL,NULL,NULL,NULL,NULL,NULL,1,1,NULL,NULL,0.0000,0.0000,0.0000,0.0000,0.0000,0.0000,0.0000,0.0000,0.0000,0.0000,0.0000,0.0000,0.0000,0.0000,0.0000,NULL,'null',NULL,NULL,NULL,0.0000,NULL,0.0000,0.0000,0.0000,NULL,0.0000,0.0000,0,NULL,NULL,NULL,NULL,NULL,NULL,NULL,NULL),(431,107,'2019-03-27 18:01:50','0000-00-00 00:00:00',5,NULL,3,'billing','ndrukajshpresim@gmail.com',NULL,'Shpresim',NULL,'Ndrukaj',NULL,NULL,'Bulevardi Zogu i pare\nBulevardi Zogu i pare\nBulevardi Zogu i pare','Tirana','Tirana',NULL,'1005','AL','0695855939',NULL,0,0,NULL,NULL,0.0000,2000.0000,1770.9100,2000.0000,1770.9100,0.0000,0.0000,0.0000,0.0000,0.0000,0.0000,0.0000,0.0000,2000.0000,1770.9100,NULL,'[]',NULL,0.0000,0.0000,2000.0000,1770.9100,0.0000,0.0000,0.0000,NULL,0.0000,0.0000,0,NULL,NULL,NULL,NULL,NULL,NULL,NULL,NULL),(433,108,'2019-03-27 18:22:19','0000-00-00 00:00:00',5,0,NULL,'shipping','ndrukajshpresim@gmail.com',NULL,NULL,NULL,NULL,NULL,NULL,NULL,NULL,NULL,NULL,NULL,NULL,NULL,NULL,1,1,NULL,NULL,0.0000,0.0000,0.0000,0.0000,0.0000,0.0000,0.0000,0.0000,0.0000,0.0000,0.0000,0.0000,0.0000,0.0000,0.0000,NULL,'null',NULL,NULL,NULL,0.0000,NULL,0.0000,0.0000,0.0000,NULL,0.0000,0.0000,0,NULL,NULL,NULL,NULL,NULL,NULL,NULL,NULL),(434,108,'2019-03-27 18:23:26','0000-00-00 00:00:00',5,NULL,3,'billing','ndrukajshpresim@gmail.com',NULL,'Shpresim',NULL,'Ndrukaj',NULL,NULL,'Bulevardi Zogu i pare\nBulevardi Zogu i pare\nBulevardi Zogu i pare','Tirana','Tirana',NULL,'1005','AL','0695855939',NULL,0,0,NULL,NULL,0.0000,2000.0000,1770.9100,2000.0000,1770.9100,0.0000,0.0000,0.0000,0.0000,0.0000,0.0000,0.0000,0.0000,2000.0000,1770.9100,NULL,'[]',NULL,0.0000,0.0000,2000.0000,1770.9100,0.0000,0.0000,0.0000,NULL,0.0000,0.0000,0,NULL,NULL,NULL,NULL,NULL,NULL,NULL,NULL),(437,110,'2019-03-28 20:33:37','0000-00-00 00:00:00',NULL,0,NULL,'billing',NULL,NULL,NULL,NULL,NULL,NULL,NULL,NULL,NULL,NULL,NULL,NULL,NULL,NULL,NULL,0,0,NULL,NULL,0.0000,2000.0000,2000.0000,2000.0000,2000.0000,0.0000,0.0000,0.0000,0.0000,0.0000,0.0000,0.0000,0.0000,2000.0000,2000.0000,NULL,'[]',NULL,0.0000,0.0000,2000.0000,2000.0000,0.0000,0.0000,0.0000,NULL,0.0000,0.0000,0,NULL,NULL,NULL,NULL,NULL,NULL,NULL,NULL),(438,110,'2019-03-28 20:33:37','0000-00-00 00:00:00',NULL,0,NULL,'shipping',NULL,NULL,NULL,NULL,NULL,NULL,NULL,NULL,NULL,NULL,NULL,NULL,NULL,NULL,NULL,1,1,NULL,NULL,0.0000,0.0000,0.0000,0.0000,0.0000,0.0000,0.0000,0.0000,0.0000,0.0000,0.0000,0.0000,0.0000,0.0000,0.0000,NULL,'null',NULL,NULL,NULL,0.0000,NULL,0.0000,0.0000,0.0000,NULL,0.0000,0.0000,0,NULL,NULL,NULL,NULL,NULL,NULL,NULL,NULL),(445,111,'2019-03-29 18:38:54','0000-00-00 00:00:00',NULL,0,NULL,'billing',NULL,NULL,NULL,NULL,NULL,NULL,NULL,NULL,NULL,NULL,NULL,NULL,NULL,NULL,NULL,0,0,NULL,NULL,0.0000,16000.0000,16000.0000,16000.0000,16000.0000,0.0000,0.0000,0.0000,0.0000,0.0000,0.0000,0.0000,0.0000,16000.0000,16000.0000,NULL,'[]',NULL,0.0000,0.0000,16000.0000,16000.0000,0.0000,0.0000,0.0000,NULL,0.0000,0.0000,0,NULL,NULL,NULL,NULL,NULL,NULL,NULL,NULL),(446,111,'2019-03-29 18:38:54','0000-00-00 00:00:00',NULL,0,NULL,'shipping',NULL,NULL,NULL,NULL,NULL,NULL,NULL,NULL,NULL,NULL,NULL,NULL,NULL,NULL,NULL,1,1,NULL,NULL,0.0000,0.0000,0.0000,0.0000,0.0000,0.0000,0.0000,0.0000,0.0000,0.0000,0.0000,0.0000,0.0000,0.0000,0.0000,NULL,'null',NULL,NULL,NULL,0.0000,NULL,0.0000,0.0000,0.0000,NULL,0.0000,0.0000,0,NULL,NULL,NULL,NULL,NULL,NULL,NULL,NULL),(462,109,'2019-04-01 17:27:02','0000-00-00 00:00:00',5,0,NULL,'shipping','ndrukajshpresim@gmail.com',NULL,NULL,NULL,NULL,NULL,NULL,NULL,NULL,NULL,NULL,NULL,NULL,NULL,NULL,1,1,NULL,NULL,0.0000,0.0000,0.0000,0.0000,0.0000,0.0000,0.0000,0.0000,0.0000,0.0000,0.0000,0.0000,0.0000,0.0000,0.0000,NULL,'null',NULL,NULL,NULL,0.0000,NULL,0.0000,0.0000,0.0000,NULL,0.0000,0.0000,0,NULL,NULL,NULL,NULL,NULL,NULL,NULL,NULL),(463,109,'2019-04-01 17:28:12','0000-00-00 00:00:00',5,NULL,3,'billing','ndrukajshpresim@gmail.com',NULL,'Shpresim',NULL,'Ndrukaj',NULL,NULL,'Bulevardi Zogu i pare\nBulevardi Zogu i pare\nBulevardi Zogu i pare','Tirana','Tirana',NULL,'1005','AL','0695855939',NULL,0,0,NULL,NULL,0.0000,3600.0000,3600.0000,3600.0000,3600.0000,0.0000,0.0000,0.0000,0.0000,0.0000,0.0000,0.0000,0.0000,3600.0000,3600.0000,NULL,'[]',NULL,0.0000,0.0000,3600.0000,3600.0000,0.0000,0.0000,0.0000,NULL,0.0000,0.0000,0,NULL,NULL,NULL,NULL,NULL,NULL,NULL,NULL),(464,113,'2019-04-02 09:22:12','0000-00-00 00:00:00',NULL,0,NULL,'billing',NULL,NULL,NULL,NULL,NULL,NULL,NULL,NULL,NULL,NULL,NULL,NULL,NULL,NULL,NULL,0,0,NULL,NULL,0.0000,1355.2400,1200.0000,1355.2400,1200.0000,0.0000,0.0000,0.0000,0.0000,0.0000,0.0000,0.0000,0.0000,1355.2400,1200.0000,NULL,'[]',NULL,0.0000,0.0000,1355.2400,1200.0000,0.0000,0.0000,0.0000,NULL,0.0000,0.0000,0,NULL,NULL,NULL,NULL,NULL,NULL,NULL,NULL),(465,113,'2019-04-02 09:22:12','0000-00-00 00:00:00',NULL,0,NULL,'shipping',NULL,NULL,NULL,NULL,NULL,NULL,NULL,NULL,NULL,NULL,NULL,NULL,NULL,NULL,NULL,1,1,NULL,NULL,0.0000,0.0000,0.0000,0.0000,0.0000,0.0000,0.0000,0.0000,0.0000,0.0000,0.0000,0.0000,0.0000,0.0000,0.0000,NULL,'null',NULL,NULL,NULL,0.0000,NULL,0.0000,0.0000,0.0000,NULL,0.0000,0.0000,0,NULL,NULL,NULL,NULL,NULL,NULL,NULL,NULL),(467,114,'2019-04-03 08:54:58','0000-00-00 00:00:00',5,0,NULL,'shipping','ndrukajshpresim@gmail.com',NULL,NULL,NULL,NULL,NULL,NULL,NULL,NULL,NULL,NULL,NULL,NULL,NULL,NULL,1,0,NULL,NULL,0.0000,0.0000,0.0000,0.0000,0.0000,0.0000,0.0000,0.0000,0.0000,0.0000,0.0000,0.0000,0.0000,0.0000,0.0000,NULL,'null',NULL,NULL,NULL,0.0000,NULL,0.0000,0.0000,0.0000,NULL,0.0000,0.0000,0,NULL,NULL,NULL,NULL,NULL,NULL,NULL,NULL),(470,114,'2019-04-04 09:31:05','0000-00-00 00:00:00',5,NULL,3,'billing','ndrukajshpresim@gmail.com',NULL,'Shpresim',NULL,'Ndrukaj',NULL,NULL,'Bulevardi Zogu i pare\nBulevardi Zogu i pare\nBulevardi Zogu i pare','Tirana','Tirana',NULL,'1005','AL','0695855939',NULL,0,0,NULL,NULL,0.0000,3600.0000,3600.0000,3600.0000,3600.0000,0.0000,0.0000,0.0000,0.0000,0.0000,0.0000,0.0000,0.0000,3600.0000,3600.0000,NULL,'[]',NULL,0.0000,0.0000,3600.0000,3600.0000,0.0000,0.0000,0.0000,NULL,0.0000,0.0000,0,NULL,NULL,NULL,NULL,NULL,NULL,NULL,NULL),(476,116,'2019-04-04 10:44:31','0000-00-00 00:00:00',5,0,NULL,'shipping','ndrukajshpresim@gmail.com',NULL,NULL,NULL,NULL,NULL,NULL,NULL,NULL,NULL,NULL,NULL,NULL,NULL,NULL,1,1,NULL,NULL,0.0000,0.0000,0.0000,0.0000,0.0000,0.0000,0.0000,0.0000,0.0000,0.0000,0.0000,0.0000,0.0000,0.0000,0.0000,NULL,'null',NULL,NULL,NULL,0.0000,NULL,0.0000,0.0000,0.0000,NULL,0.0000,0.0000,0,NULL,NULL,NULL,NULL,NULL,NULL,NULL,NULL),(477,116,'2019-04-04 10:49:16','0000-00-00 00:00:00',5,NULL,3,'billing','ndrukajshpresim@gmail.com',NULL,'Shpresim',NULL,'Ndrukaj',NULL,NULL,'Bulevardi Zogu i pare\nBulevardi Zogu i pare\nBulevardi Zogu i pare','Tirana','Tirana',NULL,'1005','AL','0695855939',NULL,0,0,NULL,NULL,0.0000,3600.0000,3600.0000,3600.0000,3600.0000,0.0000,0.0000,0.0000,0.0000,0.0000,0.0000,0.0000,0.0000,3600.0000,3600.0000,NULL,'[]',NULL,0.0000,0.0000,3600.0000,3600.0000,0.0000,0.0000,0.0000,NULL,0.0000,0.0000,0,NULL,NULL,NULL,NULL,NULL,NULL,NULL,NULL),(479,117,'2019-04-08 11:19:54','0000-00-00 00:00:00',5,0,NULL,'shipping','ndrukajshpresim@gmail.com',NULL,NULL,NULL,NULL,NULL,NULL,NULL,NULL,NULL,NULL,NULL,NULL,NULL,NULL,1,1,NULL,NULL,0.0000,0.0000,0.0000,0.0000,0.0000,0.0000,0.0000,0.0000,0.0000,0.0000,0.0000,0.0000,0.0000,0.0000,0.0000,NULL,'null',NULL,NULL,NULL,0.0000,NULL,0.0000,0.0000,0.0000,NULL,0.0000,0.0000,0,NULL,NULL,NULL,NULL,NULL,NULL,NULL,NULL),(480,117,'2019-04-15 13:32:29','0000-00-00 00:00:00',5,NULL,3,'billing','ndrukajshpresim@gmail.com',NULL,'Shpresim',NULL,'Ndrukaj',NULL,NULL,'Bulevardi Zogu i pare\nBulevardi Zogu i pare\nBulevardi Zogu i pare','Tirana','Tirana',NULL,'1005','AL','0695855939',NULL,0,0,NULL,NULL,0.0000,3600.0000,3600.0000,3600.0000,3600.0000,0.0000,0.0000,0.0000,0.0000,0.0000,0.0000,0.0000,0.0000,3600.0000,3600.0000,NULL,'[]',NULL,0.0000,0.0000,3600.0000,3600.0000,0.0000,0.0000,0.0000,NULL,0.0000,0.0000,0,NULL,NULL,NULL,NULL,NULL,NULL,NULL,NULL),(482,118,'2019-04-25 10:58:22','0000-00-00 00:00:00',5,0,NULL,'shipping','ndrukajshpresim@gmail.com',NULL,NULL,NULL,NULL,NULL,NULL,NULL,NULL,NULL,NULL,NULL,NULL,NULL,NULL,1,1,NULL,NULL,0.0000,0.0000,0.0000,0.0000,0.0000,0.0000,0.0000,0.0000,0.0000,0.0000,0.0000,0.0000,0.0000,0.0000,0.0000,NULL,'null',NULL,NULL,NULL,0.0000,NULL,0.0000,0.0000,0.0000,NULL,0.0000,0.0000,0,NULL,NULL,NULL,NULL,NULL,NULL,NULL,NULL),(483,119,'2019-04-30 11:45:12','0000-00-00 00:00:00',NULL,0,NULL,'billing',NULL,NULL,NULL,NULL,NULL,NULL,NULL,NULL,NULL,NULL,NULL,NULL,NULL,NULL,NULL,0,0,NULL,NULL,0.0000,3600.0000,3600.0000,3600.0000,3600.0000,0.0000,0.0000,0.0000,0.0000,0.0000,0.0000,0.0000,0.0000,3600.0000,3600.0000,NULL,'[]',NULL,0.0000,0.0000,3600.0000,3600.0000,0.0000,0.0000,0.0000,NULL,0.0000,0.0000,0,NULL,NULL,NULL,NULL,NULL,NULL,NULL,NULL),(484,119,'2019-04-30 11:45:12','0000-00-00 00:00:00',NULL,0,NULL,'shipping',NULL,NULL,NULL,NULL,NULL,NULL,NULL,NULL,NULL,NULL,NULL,NULL,NULL,NULL,NULL,1,1,NULL,NULL,0.0000,0.0000,0.0000,0.0000,0.0000,0.0000,0.0000,0.0000,0.0000,0.0000,0.0000,0.0000,0.0000,0.0000,0.0000,NULL,'null',NULL,NULL,NULL,0.0000,NULL,0.0000,0.0000,0.0000,NULL,0.0000,0.0000,0,NULL,NULL,NULL,NULL,NULL,NULL,NULL,NULL),(486,120,'2019-05-07 10:43:22','0000-00-00 00:00:00',NULL,0,NULL,'shipping',NULL,NULL,NULL,NULL,NULL,NULL,NULL,NULL,NULL,NULL,NULL,NULL,NULL,NULL,NULL,0,1,NULL,NULL,0.0000,0.0000,0.0000,0.0000,0.0000,0.0000,0.0000,0.0000,0.0000,0.0000,0.0000,0.0000,0.0000,0.0000,0.0000,NULL,'null',NULL,NULL,NULL,0.0000,NULL,0.0000,0.0000,0.0000,NULL,0.0000,0.0000,0,NULL,NULL,NULL,NULL,NULL,NULL,NULL,NULL),(489,120,'2019-05-07 10:57:26','0000-00-00 00:00:00',NULL,1,NULL,'billing','ndrukajshpresim@gmail.com',NULL,'Shpresim',NULL,'Ndrukaj',NULL,NULL,'Bulevardi Zogu i pare','Tirana','Tirana',NULL,'10057','AL','0695855939',NULL,0,0,NULL,NULL,0.0000,4800.0000,4800.0000,4800.0000,4800.0000,0.0000,0.0000,0.0000,0.0000,0.0000,0.0000,0.0000,0.0000,4800.0000,4800.0000,NULL,'[]',NULL,0.0000,0.0000,4800.0000,4800.0000,0.0000,0.0000,0.0000,NULL,0.0000,0.0000,0,NULL,NULL,NULL,NULL,NULL,NULL,NULL,NULL),(494,118,'2019-05-07 11:11:09','0000-00-00 00:00:00',5,NULL,3,'billing','ndrukajshpresim@gmail.com',NULL,'Shpresim',NULL,'Ndrukaj',NULL,NULL,'Bulevardi Zogu i pare\nBulevardi Zogu i pare\nBulevardi Zogu i pare','Tirana','Tirana',NULL,'1005','AL','0695855939',NULL,0,0,NULL,NULL,0.0000,8400.0000,8400.0000,8400.0000,8400.0000,0.0000,0.0000,0.0000,0.0000,0.0000,0.0000,0.0000,0.0000,8400.0000,8400.0000,NULL,'[]',NULL,0.0000,0.0000,8400.0000,8400.0000,0.0000,0.0000,0.0000,NULL,0.0000,0.0000,0,NULL,NULL,NULL,NULL,NULL,NULL,NULL,NULL),(495,122,'2019-05-24 14:47:22','0000-00-00 00:00:00',NULL,0,NULL,'billing',NULL,NULL,NULL,NULL,NULL,NULL,NULL,NULL,NULL,NULL,NULL,NULL,NULL,NULL,NULL,0,0,NULL,NULL,0.0000,4500.0000,4500.0000,4500.0000,4500.0000,0.0000,0.0000,0.0000,0.0000,0.0000,0.0000,0.0000,0.0000,4500.0000,4500.0000,NULL,'[]',NULL,0.0000,0.0000,4500.0000,4500.0000,0.0000,0.0000,0.0000,NULL,0.0000,0.0000,0,NULL,NULL,NULL,NULL,NULL,NULL,NULL,NULL),(496,122,'2019-05-24 14:47:22','0000-00-00 00:00:00',NULL,0,NULL,'shipping',NULL,NULL,NULL,NULL,NULL,NULL,NULL,NULL,NULL,NULL,NULL,NULL,NULL,NULL,NULL,1,1,NULL,NULL,0.0000,0.0000,0.0000,0.0000,0.0000,0.0000,0.0000,0.0000,0.0000,0.0000,0.0000,0.0000,0.0000,0.0000,0.0000,NULL,'null',NULL,NULL,NULL,0.0000,NULL,0.0000,0.0000,0.0000,NULL,0.0000,0.0000,0,NULL,NULL,NULL,NULL,NULL,NULL,NULL,NULL),(497,123,'2019-05-29 12:41:57','0000-00-00 00:00:00',NULL,0,NULL,'billing',NULL,NULL,NULL,NULL,NULL,NULL,NULL,NULL,NULL,NULL,NULL,NULL,NULL,NULL,NULL,0,0,NULL,NULL,0.0000,3794.6720,3360.0000,3794.6720,3360.0000,0.0000,0.0000,0.0000,0.0000,0.0000,0.0000,0.0000,0.0000,3794.6720,3360.0000,NULL,'[]',NULL,0.0000,0.0000,3794.6720,3360.0000,0.0000,0.0000,0.0000,NULL,0.0000,0.0000,0,NULL,NULL,NULL,NULL,NULL,NULL,NULL,NULL),(498,123,'2019-05-29 12:41:57','0000-00-00 00:00:00',NULL,0,NULL,'shipping',NULL,NULL,NULL,NULL,NULL,NULL,NULL,NULL,NULL,NULL,NULL,NULL,NULL,NULL,NULL,1,1,NULL,NULL,0.0000,0.0000,0.0000,0.0000,0.0000,0.0000,0.0000,0.0000,0.0000,0.0000,0.0000,0.0000,0.0000,0.0000,0.0000,NULL,'null',NULL,NULL,NULL,0.0000,NULL,0.0000,0.0000,0.0000,NULL,0.0000,0.0000,0,NULL,NULL,NULL,NULL,NULL,NULL,NULL,NULL),(499,124,'2019-07-04 09:26:27','0000-00-00 00:00:00',5,0,3,'billing','ndrukajshpresim@gmail.com',NULL,'Shpresim',NULL,'Ndrukaj',NULL,NULL,'Bulevardi Zogu i pare\nBulevardi Zogu i pare\nBulevardi Zogu i pare','Tirana','Tirana',0,'1005','AL','0695855939',NULL,0,0,NULL,NULL,0.0000,8400.0000,8400.0000,8400.0000,8400.0000,0.0000,0.0000,0.0000,0.0000,0.0000,0.0000,0.0000,0.0000,8400.0000,8400.0000,NULL,'[]',NULL,0.0000,0.0000,8400.0000,8400.0000,0.0000,0.0000,0.0000,NULL,0.0000,0.0000,0,NULL,NULL,NULL,NULL,NULL,NULL,NULL,NULL),(500,124,'2019-07-04 09:26:27','2019-07-04 09:26:27',5,0,0,'shipping','ndrukajshpresim@gmail.com',NULL,'Shpresim',NULL,'Ndrukaj',NULL,NULL,'Bulevardi Zogu i pare\nBulevardi Zogu i pare\nBulevardi Zogu i pare','Tirana','Tirana',0,'1005','AL','0695855939',NULL,0,1,NULL,NULL,0.0000,0.0000,0.0000,0.0000,0.0000,0.0000,0.0000,0.0000,0.0000,0.0000,0.0000,0.0000,0.0000,0.0000,0.0000,NULL,'null',NULL,NULL,NULL,0.0000,NULL,0.0000,0.0000,0.0000,NULL,0.0000,0.0000,0,NULL,NULL,NULL,NULL,NULL,NULL,NULL,NULL),(501,125,'2019-07-04 09:26:29','0000-00-00 00:00:00',5,0,3,'billing','ndrukajshpresim@gmail.com',NULL,'Shpresim',NULL,'Ndrukaj',NULL,NULL,'Bulevardi Zogu i pare\nBulevardi Zogu i pare\nBulevardi Zogu i pare','Tirana','Tirana',0,'1005','AL','0695855939',NULL,0,0,NULL,NULL,0.0000,0.0000,0.0000,0.0000,0.0000,0.0000,0.0000,0.0000,0.0000,0.0000,0.0000,0.0000,0.0000,0.0000,0.0000,NULL,'null',NULL,NULL,NULL,0.0000,NULL,0.0000,0.0000,0.0000,NULL,0.0000,0.0000,0,NULL,NULL,NULL,NULL,NULL,NULL,NULL,NULL),(502,125,'2019-07-04 09:26:29','0000-00-00 00:00:00',5,0,3,'shipping','ndrukajshpresim@gmail.com',NULL,'Shpresim',NULL,'Ndrukaj',NULL,NULL,'Bulevardi Zogu i pare\nBulevardi Zogu i pare\nBulevardi Zogu i pare','Tirana','Tirana',0,'1005','AL','0695855939',NULL,1,0,NULL,NULL,0.0000,0.0000,0.0000,0.0000,0.0000,0.0000,0.0000,0.0000,0.0000,0.0000,0.0000,0.0000,0.0000,0.0000,0.0000,NULL,'null',NULL,NULL,NULL,0.0000,NULL,0.0000,0.0000,0.0000,NULL,0.0000,0.0000,0,NULL,NULL,NULL,NULL,NULL,NULL,NULL,NULL),(503,91,'2019-07-04 09:30:56','0000-00-00 00:00:00',4,NULL,2,'billing','demoomed@demo.com',NULL,'Demo',NULL,'Omed',NULL,NULL,'Bulevardi Zogu i pare\nBulevardi Zogu i pare\nBulevardi Zogu i pare','Tirana','Tirana',NULL,'10057','AL','0695855939',NULL,0,0,NULL,NULL,0.0000,2880.0000,2880.0000,2880.0000,2880.0000,0.0000,0.0000,0.0000,0.0000,0.0000,0.0000,0.0000,0.0000,2880.0000,2880.0000,NULL,'[]',NULL,0.0000,0.0000,2880.0000,2880.0000,0.0000,0.0000,0.0000,NULL,0.0000,0.0000,0,NULL,NULL,NULL,NULL,NULL,NULL,NULL,NULL),(505,126,'2019-07-04 09:44:57','0000-00-00 00:00:00',4,0,NULL,'shipping','demoomed@demo.com',NULL,NULL,NULL,NULL,NULL,NULL,NULL,NULL,NULL,NULL,NULL,NULL,NULL,NULL,1,1,NULL,NULL,0.0000,0.0000,0.0000,0.0000,0.0000,0.0000,0.0000,0.0000,0.0000,0.0000,0.0000,0.0000,0.0000,0.0000,0.0000,NULL,'null',NULL,NULL,NULL,0.0000,NULL,0.0000,0.0000,0.0000,NULL,0.0000,0.0000,0,NULL,NULL,NULL,NULL,NULL,NULL,NULL,NULL),(506,126,'2019-07-04 09:45:24','0000-00-00 00:00:00',4,NULL,2,'billing','demoomed@demo.com',NULL,'Demo',NULL,'Omed',NULL,NULL,'Bulevardi Zogu i pare\nBulevardi Zogu i pare\nBulevardi Zogu i pare','Tirana','Tirana',NULL,'10057','AL','0695855939',NULL,0,0,NULL,NULL,0.0000,1200.0000,1200.0000,1200.0000,1200.0000,0.0000,0.0000,0.0000,0.0000,0.0000,0.0000,0.0000,0.0000,1200.0000,1200.0000,NULL,'[]',NULL,0.0000,0.0000,1200.0000,1200.0000,0.0000,0.0000,0.0000,NULL,0.0000,0.0000,0,NULL,NULL,NULL,NULL,NULL,NULL,NULL,NULL),(508,127,'2019-07-04 09:51:26','0000-00-00 00:00:00',4,0,NULL,'shipping','demoomed@demo.com',NULL,NULL,NULL,NULL,NULL,NULL,NULL,NULL,NULL,NULL,NULL,NULL,NULL,NULL,1,1,NULL,NULL,0.0000,0.0000,0.0000,0.0000,0.0000,0.0000,0.0000,0.0000,0.0000,0.0000,0.0000,0.0000,0.0000,0.0000,0.0000,NULL,'null',NULL,NULL,NULL,0.0000,NULL,0.0000,0.0000,0.0000,NULL,0.0000,0.0000,0,NULL,NULL,NULL,NULL,NULL,NULL,NULL,NULL),(509,127,'2019-07-04 09:51:44','0000-00-00 00:00:00',4,NULL,2,'billing','demoomed@demo.com',NULL,'Demo',NULL,'Omed',NULL,NULL,'Bulevardi Zogu i pare\nBulevardi Zogu i pare\nBulevardi Zogu i pare','Tirana','Tirana',NULL,'10057','AL','0695855939',NULL,0,0,NULL,NULL,0.0000,2400.0000,2400.0000,2400.0000,2400.0000,0.0000,0.0000,0.0000,0.0000,0.0000,0.0000,0.0000,0.0000,2400.0000,2400.0000,NULL,'[]',NULL,0.0000,0.0000,2400.0000,2400.0000,0.0000,0.0000,0.0000,NULL,0.0000,0.0000,0,NULL,NULL,NULL,NULL,NULL,NULL,NULL,NULL),(511,128,'2019-07-04 10:00:14','0000-00-00 00:00:00',4,0,NULL,'shipping','demoomed@demo.com',NULL,NULL,NULL,NULL,NULL,NULL,NULL,NULL,NULL,NULL,NULL,NULL,NULL,NULL,1,1,NULL,NULL,0.0000,0.0000,0.0000,0.0000,0.0000,0.0000,0.0000,0.0000,0.0000,0.0000,0.0000,0.0000,0.0000,0.0000,0.0000,NULL,'null',NULL,NULL,NULL,0.0000,NULL,0.0000,0.0000,0.0000,NULL,0.0000,0.0000,0,NULL,NULL,NULL,NULL,NULL,NULL,NULL,NULL),(512,128,'2019-07-04 10:00:34','0000-00-00 00:00:00',4,NULL,2,'billing','demoomed@demo.com',NULL,'Demo',NULL,'Omed',NULL,NULL,'Bulevardi Zogu i pare\nBulevardi Zogu i pare\nBulevardi Zogu i pare','Tirana','Tirana',NULL,'10057','AL','0695855939',NULL,0,0,NULL,NULL,0.0000,1200.0000,1200.0000,1200.0000,1200.0000,0.0000,0.0000,0.0000,0.0000,0.0000,0.0000,0.0000,0.0000,1200.0000,1200.0000,NULL,'[]',NULL,0.0000,0.0000,1200.0000,1200.0000,0.0000,0.0000,0.0000,NULL,0.0000,0.0000,0,NULL,NULL,NULL,NULL,NULL,NULL,NULL,NULL),(514,129,'2019-07-04 10:04:14','0000-00-00 00:00:00',4,0,NULL,'shipping','demoomed@demo.com',NULL,NULL,NULL,NULL,NULL,NULL,NULL,NULL,NULL,NULL,NULL,NULL,NULL,NULL,1,1,NULL,NULL,0.0000,0.0000,0.0000,0.0000,0.0000,0.0000,0.0000,0.0000,0.0000,0.0000,0.0000,0.0000,0.0000,0.0000,0.0000,NULL,'null',NULL,NULL,NULL,0.0000,NULL,0.0000,0.0000,0.0000,NULL,0.0000,0.0000,0,NULL,NULL,NULL,NULL,NULL,NULL,NULL,NULL),(515,129,'2019-07-04 10:04:40','0000-00-00 00:00:00',4,NULL,2,'billing','demoomed@demo.com',NULL,'Demo',NULL,'Omed',NULL,NULL,'Bulevardi Zogu i pare\nBulevardi Zogu i pare\nBulevardi Zogu i pare','Tirana','Tirana',NULL,'10057','AL','0695855939',NULL,0,0,NULL,NULL,0.0000,2880.0000,2880.0000,2880.0000,2880.0000,0.0000,0.0000,0.0000,0.0000,0.0000,0.0000,0.0000,0.0000,2880.0000,2880.0000,NULL,'[]',NULL,0.0000,0.0000,2880.0000,2880.0000,0.0000,0.0000,0.0000,NULL,0.0000,0.0000,0,NULL,NULL,NULL,NULL,NULL,NULL,NULL,NULL),(517,130,'2019-07-04 10:25:31','0000-00-00 00:00:00',4,0,NULL,'shipping','demoomed@demo.com',NULL,NULL,NULL,NULL,NULL,NULL,NULL,NULL,NULL,NULL,NULL,NULL,NULL,NULL,1,1,NULL,NULL,0.0000,0.0000,0.0000,0.0000,0.0000,0.0000,0.0000,0.0000,0.0000,0.0000,0.0000,0.0000,0.0000,0.0000,0.0000,NULL,'null',NULL,NULL,NULL,0.0000,NULL,0.0000,0.0000,0.0000,NULL,0.0000,0.0000,0,NULL,NULL,NULL,NULL,NULL,NULL,NULL,NULL),(518,130,'2019-07-04 10:25:51','0000-00-00 00:00:00',4,NULL,2,'billing','demoomed@demo.com',NULL,'Demo',NULL,'Omed',NULL,NULL,'Bulevardi Zogu i pare\nBulevardi Zogu i pare\nBulevardi Zogu i pare','Tirana','Tirana',NULL,'10057','AL','0695855939',NULL,0,0,NULL,NULL,0.0000,1200.0000,1200.0000,1200.0000,1200.0000,0.0000,0.0000,0.0000,0.0000,0.0000,0.0000,0.0000,0.0000,1200.0000,1200.0000,NULL,'[]',NULL,0.0000,0.0000,1200.0000,1200.0000,0.0000,0.0000,0.0000,NULL,0.0000,0.0000,0,NULL,NULL,NULL,NULL,NULL,NULL,NULL,NULL),(519,131,'2019-07-08 10:41:50','0000-00-00 00:00:00',4,0,NULL,'billing','demoomed@demo.com',NULL,NULL,NULL,NULL,NULL,NULL,NULL,NULL,NULL,NULL,NULL,NULL,NULL,NULL,0,0,NULL,NULL,0.0000,0.0000,0.0000,0.0000,0.0000,0.0000,0.0000,0.0000,0.0000,0.0000,0.0000,0.0000,0.0000,0.0000,0.0000,NULL,'null',NULL,NULL,NULL,0.0000,NULL,0.0000,0.0000,0.0000,NULL,0.0000,0.0000,0,NULL,NULL,NULL,NULL,NULL,NULL,NULL,NULL),(520,131,'2019-07-08 10:41:50','0000-00-00 00:00:00',4,0,NULL,'shipping','demoomed@demo.com',NULL,NULL,NULL,NULL,NULL,NULL,NULL,NULL,NULL,NULL,NULL,NULL,NULL,NULL,1,0,NULL,NULL,0.0000,0.0000,0.0000,0.0000,0.0000,0.0000,0.0000,0.0000,0.0000,0.0000,0.0000,0.0000,0.0000,0.0000,0.0000,NULL,'null',NULL,NULL,NULL,0.0000,NULL,0.0000,0.0000,0.0000,NULL,0.0000,0.0000,0,NULL,NULL,NULL,NULL,NULL,NULL,NULL,NULL),(521,132,'2019-08-09 19:13:06','0000-00-00 00:00:00',NULL,0,NULL,'billing',NULL,NULL,NULL,NULL,NULL,NULL,NULL,NULL,NULL,NULL,NULL,NULL,NULL,NULL,NULL,0,0,NULL,NULL,0.0000,3360.0000,3360.0000,3360.0000,3360.0000,0.0000,0.0000,0.0000,0.0000,0.0000,0.0000,0.0000,0.0000,3360.0000,3360.0000,NULL,'[]',NULL,0.0000,0.0000,3360.0000,3360.0000,0.0000,0.0000,0.0000,NULL,0.0000,0.0000,0,NULL,NULL,NULL,NULL,NULL,NULL,NULL,NULL),(522,132,'2019-08-09 19:13:06','0000-00-00 00:00:00',NULL,0,NULL,'shipping',NULL,NULL,NULL,NULL,NULL,NULL,NULL,NULL,NULL,NULL,NULL,NULL,NULL,NULL,NULL,1,1,NULL,NULL,0.0000,0.0000,0.0000,0.0000,0.0000,0.0000,0.0000,0.0000,0.0000,0.0000,0.0000,0.0000,0.0000,0.0000,0.0000,NULL,'null',NULL,NULL,NULL,0.0000,NULL,0.0000,0.0000,0.0000,NULL,0.0000,0.0000,0,NULL,NULL,NULL,NULL,NULL,NULL,NULL,NULL),(523,133,'2019-08-22 13:09:28','0000-00-00 00:00:00',NULL,0,NULL,'billing',NULL,NULL,NULL,NULL,NULL,NULL,NULL,NULL,NULL,NULL,NULL,NULL,NULL,NULL,NULL,0,0,NULL,NULL,0.0000,917.7000,917.7000,917.7000,917.7000,0.0000,0.0000,0.0000,0.0000,0.0000,0.0000,0.0000,0.0000,917.7000,917.7000,NULL,'[]',NULL,0.0000,0.0000,917.7000,917.7000,0.0000,0.0000,0.0000,NULL,0.0000,0.0000,0,NULL,NULL,NULL,NULL,NULL,NULL,NULL,NULL),(524,133,'2019-08-22 13:09:28','0000-00-00 00:00:00',NULL,0,NULL,'shipping',NULL,NULL,NULL,NULL,NULL,NULL,NULL,NULL,NULL,NULL,NULL,NULL,NULL,NULL,NULL,1,1,NULL,NULL,0.0000,0.0000,0.0000,0.0000,0.0000,0.0000,0.0000,0.0000,0.0000,0.0000,0.0000,0.0000,0.0000,0.0000,0.0000,NULL,'null',NULL,NULL,NULL,0.0000,NULL,0.0000,0.0000,0.0000,NULL,0.0000,0.0000,0,NULL,NULL,NULL,NULL,NULL,NULL,NULL,NULL),(525,134,'2020-03-04 12:42:29','2020-03-04 12:42:29',NULL,0,NULL,'billing',NULL,NULL,NULL,NULL,NULL,NULL,NULL,NULL,NULL,NULL,NULL,NULL,NULL,NULL,NULL,0,0,NULL,NULL,0.0000,5980.0000,5980.0000,5980.0000,5980.0000,0.0000,0.0000,0.0000,0.0000,0.0000,0.0000,0.0000,0.0000,5980.0000,5980.0000,NULL,'[]',NULL,0.0000,0.0000,5980.0000,5980.0000,0.0000,0.0000,0.0000,NULL,0.0000,0.0000,0,NULL,NULL,NULL,NULL,NULL,NULL,NULL,NULL),(526,134,'2020-03-04 12:42:29','2020-03-04 12:42:29',NULL,0,NULL,'shipping',NULL,NULL,NULL,NULL,NULL,NULL,NULL,NULL,NULL,NULL,NULL,NULL,NULL,NULL,NULL,1,1,NULL,NULL,0.0000,0.0000,0.0000,0.0000,0.0000,0.0000,0.0000,0.0000,0.0000,0.0000,0.0000,0.0000,0.0000,0.0000,0.0000,NULL,'null',NULL,0.0000,0.0000,0.0000,NULL,0.0000,0.0000,0.0000,NULL,0.0000,0.0000,0,NULL,NULL,NULL,NULL,NULL,NULL,NULL,NULL),(527,135,'2020-03-05 14:12:50','2020-03-05 14:12:50',6,0,NULL,'billing','demo@demo123.com',NULL,NULL,NULL,NULL,NULL,NULL,NULL,NULL,NULL,NULL,NULL,NULL,NULL,NULL,0,0,NULL,NULL,0.0000,0.0000,0.0000,0.0000,0.0000,0.0000,0.0000,0.0000,0.0000,0.0000,0.0000,0.0000,0.0000,0.0000,0.0000,NULL,'null',NULL,0.0000,0.0000,0.0000,NULL,0.0000,0.0000,0.0000,NULL,0.0000,0.0000,0,NULL,NULL,NULL,NULL,NULL,NULL,NULL,NULL),(528,135,'2020-03-05 14:12:50','2020-03-05 14:12:50',6,0,NULL,'shipping','demo@demo123.com',NULL,NULL,NULL,NULL,NULL,NULL,NULL,NULL,NULL,NULL,NULL,NULL,NULL,NULL,1,0,NULL,NULL,0.0000,0.0000,0.0000,0.0000,0.0000,0.0000,0.0000,0.0000,0.0000,0.0000,0.0000,0.0000,0.0000,0.0000,0.0000,NULL,'null',NULL,0.0000,0.0000,0.0000,NULL,0.0000,0.0000,0.0000,NULL,0.0000,0.0000,0,NULL,NULL,NULL,NULL,NULL,NULL,NULL,NULL),(529,136,'2020-03-14 14:17:12','2020-03-14 14:17:12',7,0,NULL,'billing','khaled@koolaago.com',NULL,NULL,NULL,NULL,NULL,NULL,NULL,NULL,NULL,NULL,NULL,NULL,NULL,NULL,0,0,NULL,NULL,0.0000,0.0000,0.0000,0.0000,0.0000,0.0000,0.0000,0.0000,0.0000,0.0000,0.0000,0.0000,0.0000,0.0000,0.0000,NULL,'null',NULL,0.0000,0.0000,0.0000,NULL,0.0000,0.0000,0.0000,NULL,0.0000,0.0000,0,NULL,NULL,NULL,NULL,NULL,NULL,NULL,NULL),(530,136,'2020-03-14 14:17:12','2020-03-14 14:17:12',7,0,NULL,'shipping','khaled@koolaago.com',NULL,NULL,NULL,NULL,NULL,NULL,NULL,NULL,NULL,NULL,NULL,NULL,NULL,NULL,1,0,NULL,NULL,0.0000,0.0000,0.0000,0.0000,0.0000,0.0000,0.0000,0.0000,0.0000,0.0000,0.0000,0.0000,0.0000,0.0000,0.0000,NULL,'null',NULL,0.0000,0.0000,0.0000,NULL,0.0000,0.0000,0.0000,NULL,0.0000,0.0000,0,NULL,NULL,NULL,NULL,NULL,NULL,NULL,NULL),(531,137,'2020-05-18 09:03:08','2020-05-18 09:03:08',NULL,0,NULL,'billing',NULL,NULL,NULL,NULL,NULL,NULL,NULL,NULL,NULL,NULL,NULL,NULL,NULL,NULL,NULL,0,0,NULL,NULL,0.0000,572.0000,572.0000,572.0000,572.0000,0.0000,0.0000,0.0000,0.0000,0.0000,0.0000,0.0000,0.0000,572.0000,572.0000,NULL,'[]',NULL,0.0000,0.0000,572.0000,572.0000,0.0000,0.0000,0.0000,NULL,0.0000,0.0000,0,NULL,NULL,NULL,NULL,NULL,NULL,NULL,NULL),(532,137,'2020-05-18 09:03:08','2020-05-18 09:03:08',NULL,0,NULL,'shipping',NULL,NULL,NULL,NULL,NULL,NULL,NULL,NULL,NULL,NULL,NULL,NULL,NULL,NULL,NULL,1,1,NULL,NULL,0.0000,0.0000,0.0000,0.0000,0.0000,0.0000,0.0000,0.0000,0.0000,0.0000,0.0000,0.0000,0.0000,0.0000,0.0000,NULL,'null',NULL,0.0000,0.0000,0.0000,NULL,0.0000,0.0000,0.0000,NULL,0.0000,0.0000,0,NULL,NULL,NULL,NULL,NULL,NULL,NULL,NULL),(533,138,'2020-05-18 10:24:21','2020-05-18 10:24:21',NULL,0,NULL,'billing',NULL,NULL,NULL,NULL,NULL,NULL,NULL,NULL,NULL,NULL,NULL,NULL,NULL,NULL,NULL,0,0,NULL,NULL,0.0000,858.0000,858.0000,858.0000,858.0000,0.0000,0.0000,0.0000,0.0000,0.0000,0.0000,0.0000,0.0000,858.0000,858.0000,NULL,'[]',NULL,0.0000,0.0000,858.0000,858.0000,0.0000,0.0000,0.0000,NULL,0.0000,0.0000,0,NULL,NULL,NULL,NULL,NULL,NULL,NULL,NULL),(534,138,'2020-05-18 10:24:21','2020-05-18 10:24:21',NULL,0,NULL,'shipping',NULL,NULL,NULL,NULL,NULL,NULL,NULL,NULL,NULL,NULL,NULL,NULL,NULL,NULL,NULL,1,1,NULL,NULL,0.0000,0.0000,0.0000,0.0000,0.0000,0.0000,0.0000,0.0000,0.0000,0.0000,0.0000,0.0000,0.0000,0.0000,0.0000,NULL,'null',NULL,0.0000,0.0000,0.0000,NULL,0.0000,0.0000,0.0000,NULL,0.0000,0.0000,0,NULL,NULL,NULL,NULL,NULL,NULL,NULL,NULL),(535,139,'2020-06-04 21:01:59','2020-06-04 21:01:59',8,0,NULL,'billing','recelik@gmail.com',NULL,NULL,NULL,NULL,NULL,NULL,NULL,NULL,NULL,NULL,NULL,NULL,NULL,NULL,0,0,NULL,NULL,0.0000,1194.0000,1194.0000,1194.0000,1194.0000,0.0000,0.0000,0.0000,0.0000,0.0000,0.0000,0.0000,0.0000,1194.0000,1194.0000,NULL,'[]',NULL,0.0000,0.0000,1194.0000,1194.0000,0.0000,0.0000,0.0000,NULL,0.0000,0.0000,0,NULL,NULL,NULL,NULL,NULL,NULL,NULL,NULL),(536,139,'2020-06-04 21:01:59','2020-06-04 21:01:59',8,0,NULL,'shipping','recelik@gmail.com',NULL,NULL,NULL,NULL,NULL,NULL,NULL,NULL,NULL,NULL,NULL,NULL,NULL,NULL,1,1,NULL,NULL,0.0000,0.0000,0.0000,0.0000,0.0000,0.0000,0.0000,0.0000,0.0000,0.0000,0.0000,0.0000,0.0000,0.0000,0.0000,NULL,'null',NULL,0.0000,0.0000,0.0000,NULL,0.0000,0.0000,0.0000,NULL,0.0000,0.0000,0,NULL,NULL,NULL,NULL,NULL,NULL,NULL,NULL),(537,140,'2020-06-17 20:14:43','2020-06-17 20:14:43',NULL,0,NULL,'billing',NULL,NULL,NULL,NULL,NULL,NULL,NULL,NULL,NULL,NULL,NULL,NULL,NULL,NULL,NULL,0,0,NULL,NULL,0.0000,1644.0000,1644.0000,1644.0000,1644.0000,0.0000,0.0000,0.0000,0.0000,0.0000,0.0000,0.0000,0.0000,1644.0000,1644.0000,NULL,'[]',NULL,0.0000,0.0000,1644.0000,1644.0000,0.0000,0.0000,0.0000,NULL,0.0000,0.0000,0,NULL,NULL,NULL,NULL,NULL,NULL,NULL,NULL),(538,140,'2020-06-17 20:14:43','2020-06-17 20:14:43',NULL,0,NULL,'shipping',NULL,NULL,NULL,NULL,NULL,NULL,NULL,NULL,NULL,NULL,NULL,NULL,NULL,NULL,NULL,1,1,NULL,NULL,0.0000,0.0000,0.0000,0.0000,0.0000,0.0000,0.0000,0.0000,0.0000,0.0000,0.0000,0.0000,0.0000,0.0000,0.0000,NULL,'null',NULL,0.0000,0.0000,0.0000,NULL,0.0000,0.0000,0.0000,NULL,0.0000,0.0000,0,NULL,NULL,NULL,NULL,NULL,NULL,NULL,NULL);

--
